Oct 28 09:35:11.083352 dv-neutron-zed-2-hyperv devstack@keystone.service[88565]: DEBUG keystone.server.flask.request_processing.middleware.auth_context [None req-afffe39b-b0d1-4226-975b-faae7dd66f97 None admin] RBAC: auth_context: {'token': , 'domain_id': None, 'trust_id': None, 'trustor_id': None, 'trustee_id': None, 'domain_name': None, 'group_ids': [], 'user_id': '6fcd63f0bb4e43ce8c0c41898fafca96', 'user_domain_id': 'default', 'system_scope': 'all', 'project_id': None, 'project_domain_id': None, 'roles': ['admin', 'member', 'reader'], 'is_admin_project': True, 'service_user_id': None, 'service_user_domain_id': None, 'service_project_id': None, 'service_project_domain_id': None, 'service_roles': []} {{(pid=88565) fill_context /opt/stack/keystone/keystone/server/flask/request_processing/middleware/auth_context.py:478}}
Oct 28 09:35:11.085241 dv-neutron-zed-2-hyperv devstack@keystone.service[88565]: DEBUG keystone.server.flask.request_processing.req_logging [None req-afffe39b-b0d1-4226-975b-faae7dd66f97 None admin] REQUEST_METHOD: `GET` {{(pid=88565) log_request_info /opt/stack/keystone/keystone/server/flask/request_processing/req_logging.py:27}}
Oct 28 09:35:11.085941 dv-neutron-zed-2-hyperv devstack@keystone.service[88565]: DEBUG keystone.server.flask.request_processing.req_logging [None req-afffe39b-b0d1-4226-975b-faae7dd66f97 None admin] SCRIPT_NAME: `/identity` {{(pid=88565) log_request_info /opt/stack/keystone/keystone/server/flask/request_processing/req_logging.py:28}}
Oct 28 09:35:11.087398 dv-neutron-zed-2-hyperv devstack@keystone.service[88565]: DEBUG keystone.server.flask.request_processing.req_logging [None req-afffe39b-b0d1-4226-975b-faae7dd66f97 None admin] PATH_INFO: `/v3/roles` {{(pid=88565) log_request_info /opt/stack/keystone/keystone/server/flask/request_processing/req_logging.py:29}}
Oct 28 09:35:11.088277 dv-neutron-zed-2-hyperv devstack@keystone.service[88565]: DEBUG keystone.common.rbac_enforcer.enforcer [None req-afffe39b-b0d1-4226-975b-faae7dd66f97 None admin] RBAC: Adding query filter params (name=admin) {{(pid=88565) _extract_filter_values /opt/stack/keystone/keystone/common/rbac_enforcer/enforcer.py:167}}
Oct 28 09:35:11.088951 dv-neutron-zed-2-hyperv devstack@keystone.service[88565]: DEBUG keystone.common.rbac_enforcer.enforcer [None req-afffe39b-b0d1-4226-975b-faae7dd66f97 None admin] RBAC: Authorizing `identity:list_roles()` {{(pid=88565) enforce_call /opt/stack/keystone/keystone/common/rbac_enforcer/enforcer.py:449}}
Oct 28 09:35:11.091307 dv-neutron-zed-2-hyperv devstack@keystone.service[88565]: DEBUG keystone.common.rbac_enforcer.enforcer [None req-afffe39b-b0d1-4226-975b-faae7dd66f97 None admin] RBAC: Authorization granted {{(pid=88565) enforce_call /opt/stack/keystone/keystone/common/rbac_enforcer/enforcer.py:457}}
Oct 28 09:35:11.103373 dv-neutron-zed-2-hyperv devstack@keystone.service[88564]: DEBUG keystone.server.flask.request_processing.middleware.auth_context [None req-baedc928-4f1b-4b67-a5bb-fbfb1c52e3f8 None admin] Validating token access rules against request {{(pid=88564) validate_allowed_request /usr/local/lib/python3.8/dist-packages/keystonemiddleware/auth_token/__init__.py:545}}
Oct 28 09:35:11.109145 dv-neutron-zed-2-hyperv devstack@keystone.service[88565]: [pid: 88565|app: 0|req: 89/165] 10.222.0.49 () {56 vars in 1099 bytes} [Fri Oct 28 09:35:10 2022] GET /identity/v3/roles?name=admin => generated 339 bytes in 234 msecs (HTTP/1.1 200) 5 headers in 177 bytes (2 switches on core 0)
Oct 28 09:35:11.110565 dv-neutron-zed-2-hyperv devstack@keystone.service[88565]: DEBUG keystone.server.flask.request_processing.middleware.auth_context [None req-afffe39b-b0d1-4226-975b-faae7dd66f97 None admin] Authenticating user token {{(pid=88565) process_request /usr/local/lib/python3.8/dist-packages/keystonemiddleware/auth_token/__init__.py:407}}
Oct 28 09:35:11.174105 dv-neutron-zed-2-hyperv devstack@keystone.service[88564]: DEBUG keystone.server.flask.request_processing.middleware.auth_context [None req-9094cb80-ed9c-4430-9edf-d0c16b9a7f11 None admin] RBAC: auth_context: {'token': , 'domain_id': None, 'trust_id': None, 'trustor_id': None, 'trustee_id': None, 'domain_name': None, 'group_ids': [], 'user_id': '6fcd63f0bb4e43ce8c0c41898fafca96', 'user_domain_id': 'default', 'system_scope': 'all', 'project_id': None, 'project_domain_id': None, 'roles': ['admin', 'member', 'reader'], 'is_admin_project': True, 'service_user_id': None, 'service_user_domain_id': None, 'service_project_id': None, 'service_project_domain_id': None, 'service_roles': []} {{(pid=88564) fill_context /opt/stack/keystone/keystone/server/flask/request_processing/middleware/auth_context.py:478}}
Oct 28 09:35:11.176239 dv-neutron-zed-2-hyperv devstack@keystone.service[88564]: DEBUG keystone.server.flask.request_processing.req_logging [None req-9094cb80-ed9c-4430-9edf-d0c16b9a7f11 None admin] REQUEST_METHOD: `GET` {{(pid=88564) log_request_info /opt/stack/keystone/keystone/server/flask/request_processing/req_logging.py:27}}
Oct 28 09:35:11.177271 dv-neutron-zed-2-hyperv devstack@keystone.service[88564]: DEBUG keystone.server.flask.request_processing.req_logging [None req-9094cb80-ed9c-4430-9edf-d0c16b9a7f11 None admin] SCRIPT_NAME: `/identity` {{(pid=88564) log_request_info /opt/stack/keystone/keystone/server/flask/request_processing/req_logging.py:28}}
Oct 28 09:35:11.177894 dv-neutron-zed-2-hyperv devstack@keystone.service[88564]: DEBUG keystone.server.flask.request_processing.req_logging [None req-9094cb80-ed9c-4430-9edf-d0c16b9a7f11 None admin] PATH_INFO: `/v3/roles` {{(pid=88564) log_request_info /opt/stack/keystone/keystone/server/flask/request_processing/req_logging.py:29}}
Oct 28 09:35:11.180565 dv-neutron-zed-2-hyperv devstack@keystone.service[88564]: DEBUG keystone.common.rbac_enforcer.enforcer [None req-9094cb80-ed9c-4430-9edf-d0c16b9a7f11 None admin] RBAC: Adding query filter params (name=anotherrole) {{(pid=88564) _extract_filter_values /opt/stack/keystone/keystone/common/rbac_enforcer/enforcer.py:167}}
Oct 28 09:35:11.181071 dv-neutron-zed-2-hyperv devstack@keystone.service[88564]: DEBUG keystone.common.rbac_enforcer.enforcer [None req-9094cb80-ed9c-4430-9edf-d0c16b9a7f11 None admin] RBAC: Authorizing `identity:list_roles()` {{(pid=88564) enforce_call /opt/stack/keystone/keystone/common/rbac_enforcer/enforcer.py:449}}
Oct 28 09:35:11.182651 dv-neutron-zed-2-hyperv devstack@keystone.service[88564]: DEBUG keystone.common.rbac_enforcer.enforcer [None req-9094cb80-ed9c-4430-9edf-d0c16b9a7f11 None admin] RBAC: Authorization granted {{(pid=88564) enforce_call /opt/stack/keystone/keystone/common/rbac_enforcer/enforcer.py:457}}
Oct 28 09:35:11.196491 dv-neutron-zed-2-hyperv devstack@keystone.service[88564]: [pid: 88564|app: 0|req: 77/166] 10.222.0.49 () {56 vars in 1111 bytes} [Fri Oct 28 09:35:10 2022] GET /identity/v3/roles?name=anotherrole => generated 334 bytes in 283 msecs (HTTP/1.1 200) 5 headers in 177 bytes (1 switches on core 0)
Oct 28 09:35:11.197708 dv-neutron-zed-2-hyperv devstack@keystone.service[88564]: DEBUG keystone.server.flask.request_processing.middleware.auth_context [None req-9094cb80-ed9c-4430-9edf-d0c16b9a7f11 None admin] Authenticating user token {{(pid=88564) process_request /usr/local/lib/python3.8/dist-packages/keystonemiddleware/auth_token/__init__.py:407}}
Oct 28 09:35:11.218416 dv-neutron-zed-2-hyperv devstack@keystone.service[88564]: DEBUG dbcounter [-] [88564] Writing DB stats keystone:SELECT=100 {{(pid=88564) stat_writer /usr/local/lib/python3.8/dist-packages/dbcounter.py:114}}
Oct 28 09:35:11.312220 dv-neutron-zed-2-hyperv devstack@keystone.service[88565]: DEBUG dbcounter [-] [88565] Writing DB stats keystone:SELECT=100 {{(pid=88565) stat_writer /usr/local/lib/python3.8/dist-packages/dbcounter.py:114}}
Oct 28 09:35:11.342811 dv-neutron-zed-2-hyperv devstack@keystone.service[88565]: DEBUG keystone.server.flask.request_processing.middleware.auth_context [None req-afffe39b-b0d1-4226-975b-faae7dd66f97 None admin] Validating token access rules against request {{(pid=88565) validate_allowed_request /usr/local/lib/python3.8/dist-packages/keystonemiddleware/auth_token/__init__.py:545}}
Oct 28 09:35:11.400824 dv-neutron-zed-2-hyperv devstack@keystone.service[88564]: DEBUG keystone.server.flask.request_processing.middleware.auth_context [None req-9094cb80-ed9c-4430-9edf-d0c16b9a7f11 None admin] Validating token access rules against request {{(pid=88564) validate_allowed_request /usr/local/lib/python3.8/dist-packages/keystonemiddleware/auth_token/__init__.py:545}}
Oct 28 09:35:11.435937 dv-neutron-zed-2-hyperv devstack@keystone.service[88565]: DEBUG keystone.server.flask.request_processing.middleware.auth_context [None req-5b3a40ff-d3d9-4722-b869-a83363b39ada None admin] RBAC: auth_context: {'token': , 'domain_id': None, 'trust_id': None, 'trustor_id': None, 'trustee_id': None, 'domain_name': None, 'group_ids': [], 'user_id': '6fcd63f0bb4e43ce8c0c41898fafca96', 'user_domain_id': 'default', 'system_scope': 'all', 'project_id': None, 'project_domain_id': None, 'roles': ['admin', 'member', 'reader'], 'is_admin_project': True, 'service_user_id': None, 'service_user_domain_id': None, 'service_project_id': None, 'service_project_domain_id': None, 'service_roles': []} {{(pid=88565) fill_context /opt/stack/keystone/keystone/server/flask/request_processing/middleware/auth_context.py:478}}
Oct 28 09:35:11.436927 dv-neutron-zed-2-hyperv devstack@keystone.service[88565]: DEBUG keystone.server.flask.request_processing.req_logging [None req-5b3a40ff-d3d9-4722-b869-a83363b39ada None admin] REQUEST_METHOD: `GET` {{(pid=88565) log_request_info /opt/stack/keystone/keystone/server/flask/request_processing/req_logging.py:27}}
Oct 28 09:35:11.437464 dv-neutron-zed-2-hyperv devstack@keystone.service[88565]: DEBUG keystone.server.flask.request_processing.req_logging [None req-5b3a40ff-d3d9-4722-b869-a83363b39ada None admin] SCRIPT_NAME: `/identity` {{(pid=88565) log_request_info /opt/stack/keystone/keystone/server/flask/request_processing/req_logging.py:28}}
Oct 28 09:35:11.437951 dv-neutron-zed-2-hyperv devstack@keystone.service[88565]: DEBUG keystone.server.flask.request_processing.req_logging [None req-5b3a40ff-d3d9-4722-b869-a83363b39ada None admin] PATH_INFO: `/v3/roles/member` {{(pid=88565) log_request_info /opt/stack/keystone/keystone/server/flask/request_processing/req_logging.py:29}}
Oct 28 09:35:11.458696 dv-neutron-zed-2-hyperv devstack@keystone.service[88564]: DEBUG keystone.server.flask.request_processing.middleware.auth_context [None req-0e739d67-558b-46e4-9ae7-072ddfbef3de None admin] RBAC: auth_context: {'token': , 'domain_id': None, 'trust_id': None, 'trustor_id': None, 'trustee_id': None, 'domain_name': None, 'group_ids': [], 'user_id': '6fcd63f0bb4e43ce8c0c41898fafca96', 'user_domain_id': 'default', 'system_scope': 'all', 'project_id': None, 'project_domain_id': None, 'roles': ['admin', 'member', 'reader'], 'is_admin_project': True, 'service_user_id': None, 'service_user_domain_id': None, 'service_project_id': None, 'service_project_domain_id': None, 'service_roles': []} {{(pid=88564) fill_context /opt/stack/keystone/keystone/server/flask/request_processing/middleware/auth_context.py:478}}
Oct 28 09:35:11.459409 dv-neutron-zed-2-hyperv devstack@keystone.service[88564]: DEBUG keystone.server.flask.request_processing.req_logging [None req-0e739d67-558b-46e4-9ae7-072ddfbef3de None admin] REQUEST_METHOD: `GET` {{(pid=88564) log_request_info /opt/stack/keystone/keystone/server/flask/request_processing/req_logging.py:27}}
Oct 28 09:35:11.459685 dv-neutron-zed-2-hyperv devstack@keystone.service[88564]: DEBUG keystone.server.flask.request_processing.req_logging [None req-0e739d67-558b-46e4-9ae7-072ddfbef3de None admin] SCRIPT_NAME: `/identity` {{(pid=88564) log_request_info /opt/stack/keystone/keystone/server/flask/request_processing/req_logging.py:28}}
Oct 28 09:35:11.459953 dv-neutron-zed-2-hyperv devstack@keystone.service[88564]: DEBUG keystone.server.flask.request_processing.req_logging [None req-0e739d67-558b-46e4-9ae7-072ddfbef3de None admin] PATH_INFO: `/v3/users/6fcd63f0bb4e43ce8c0c41898fafca96` {{(pid=88564) log_request_info /opt/stack/keystone/keystone/server/flask/request_processing/req_logging.py:29}}
Oct 28 09:35:11.461365 dv-neutron-zed-2-hyperv devstack@keystone.service[88564]: DEBUG keystone.common.rbac_enforcer.enforcer [None req-0e739d67-558b-46e4-9ae7-072ddfbef3de None admin] RBAC: Authorizing `identity:get_user(user_id=6fcd63f0bb4e43ce8c0c41898fafca96)` {{(pid=88564) enforce_call /opt/stack/keystone/keystone/common/rbac_enforcer/enforcer.py:449}}
Oct 28 09:35:11.461492 dv-neutron-zed-2-hyperv devstack@keystone.service[88565]: DEBUG keystone.common.rbac_enforcer.enforcer [None req-5b3a40ff-d3d9-4722-b869-a83363b39ada None admin] Extracting inferred target data resulted in "NOT FOUND (404)". {{(pid=88565) enforce_call /opt/stack/keystone/keystone/common/rbac_enforcer/enforcer.py:409}}
Oct 28 09:35:11.470926 dv-neutron-zed-2-hyperv devstack@keystone.service[88564]: DEBUG keystone.common.rbac_enforcer.enforcer [None req-0e739d67-558b-46e4-9ae7-072ddfbef3de None admin] RBAC: Authorization granted {{(pid=88564) enforce_call /opt/stack/keystone/keystone/common/rbac_enforcer/enforcer.py:457}}
Oct 28 09:35:11.473167 dv-neutron-zed-2-hyperv devstack@keystone.service[88564]: [pid: 88564|app: 0|req: 78/167] 10.222.0.49 () {56 vars in 1177 bytes} [Fri Oct 28 09:35:11 2022] GET /identity/v3/users/6fcd63f0bb4e43ce8c0c41898fafca96 => generated 247 bytes in 276 msecs (HTTP/1.1 200) 5 headers in 177 bytes (1 switches on core 0)
Oct 28 09:35:11.473348 dv-neutron-zed-2-hyperv devstack@keystone.service[88565]: ERROR keystone.server.flask.application [None req-5b3a40ff-d3d9-4722-b869-a83363b39ada None admin] Could not find role: member.: keystone.exception.RoleNotFound: Could not find role: member.
Oct 28 09:35:11.473348 dv-neutron-zed-2-hyperv devstack@keystone.service[88565]: ERROR keystone.server.flask.application
Traceback (most recent call last):
Oct 28 09:35:11.473348 dv-neutron-zed-2-hyperv devstack@keystone.service[88565]: ERROR keystone.server.flask.application
File "/usr/local/lib/python3.8/dist-packages/flask/app.py", line 1820, in full_dispatch_request
Oct 28 09:35:11.473348 dv-neutron-zed-2-hyperv devstack@keystone.service[88565]: ERROR keystone.server.flask.application rv = self.dispatch_request()
Oct 28 09:35:11.473348 dv-neutron-zed-2-hyperv devstack@keystone.service[88565]: ERROR keystone.server.flask.application
File "/usr/local/lib/python3.8/dist-packages/flask/app.py", line 1796, in dispatch_request
Oct 28 09:35:11.473348 dv-neutron-zed-2-hyperv devstack@keystone.service[88565]: ERROR keystone.server.flask.application return self.ensure_sync(self.view_functions[rule.endpoint])(**view_args)
Oct 28 09:35:11.473348 dv-neutron-zed-2-hyperv devstack@keystone.service[88565]: ERROR keystone.server.flask.application
File "/usr/local/lib/python3.8/dist-packages/flask_restful/__init__.py", line 467, in wrapper
Oct 28 09:35:11.473348 dv-neutron-zed-2-hyperv devstack@keystone.service[88565]: ERROR keystone.server.flask.application resp = resource(*args, **kwargs)
Oct 28 09:35:11.473348 dv-neutron-zed-2-hyperv devstack@keystone.service[88565]: ERROR keystone.server.flask.application
File "/usr/local/lib/python3.8/dist-packages/flask/views.py", line 107, in view
Oct 28 09:35:11.473348 dv-neutron-zed-2-hyperv devstack@keystone.service[88565]: ERROR keystone.server.flask.application return current_app.ensure_sync(self.dispatch_request)(**kwargs)
Oct 28 09:35:11.473348 dv-neutron-zed-2-hyperv devstack@keystone.service[88565]: ERROR keystone.server.flask.application
File "/usr/local/lib/python3.8/dist-packages/flask_restful/__init__.py", line 582, in dispatch_request
Oct 28 09:35:11.473348 dv-neutron-zed-2-hyperv devstack@keystone.service[88565]: ERROR keystone.server.flask.application resp = meth(*args, **kwargs)
Oct 28 09:35:11.473348 dv-neutron-zed-2-hyperv devstack@keystone.service[88565]: ERROR keystone.server.flask.application
File "/opt/stack/keystone/keystone/api/roles.py", line 50, in get
Oct 28 09:35:11.473348 dv-neutron-zed-2-hyperv devstack@keystone.service[88565]: ERROR keystone.server.flask.application return self._get_role(role_id)
Oct 28 09:35:11.473348 dv-neutron-zed-2-hyperv devstack@keystone.service[88565]: ERROR keystone.server.flask.application
File "/opt/stack/keystone/keystone/api/roles.py", line 70, in _get_role
Oct 28 09:35:11.473348 dv-neutron-zed-2-hyperv devstack@keystone.service[88565]: ERROR keystone.server.flask.application ENFORCER.enforce_call(action='identity:get_role')
Oct 28 09:35:11.474273 dv-neutron-zed-2-hyperv devstack@keystone.service[88565]: ERROR keystone.server.flask.application
File "/opt/stack/keystone/keystone/common/rbac_enforcer/enforcer.py", line 402, in enforce_call
Oct 28 09:35:11.474273 dv-neutron-zed-2-hyperv devstack@keystone.service[88565]: ERROR keystone.server.flask.application policy_dict.update(cls._extract_member_target_data(
Oct 28 09:35:11.474273 dv-neutron-zed-2-hyperv devstack@keystone.service[88565]: ERROR keystone.server.flask.application
File "/opt/stack/keystone/keystone/common/rbac_enforcer/enforcer.py", line 234, in _extract_member_target_data
Oct 28 09:35:11.474273 dv-neutron-zed-2-hyperv devstack@keystone.service[88565]: ERROR keystone.server.flask.application member_name: func(flask.request.view_args[key])
Oct 28 09:35:11.474273 dv-neutron-zed-2-hyperv devstack@keystone.service[88565]: ERROR keystone.server.flask.application
File "/opt/stack/keystone/keystone/common/manager.py", line 115, in wrapped
Oct 28 09:35:11.474273 dv-neutron-zed-2-hyperv devstack@keystone.service[88565]: ERROR keystone.server.flask.application __ret_val = __f(*args, **kwargs)
Oct 28 09:35:11.474273 dv-neutron-zed-2-hyperv devstack@keystone.service[88565]: ERROR keystone.server.flask.application
File "/usr/local/lib/python3.8/dist-packages/decorator.py", line 232, in fun
Oct 28 09:35:11.474273 dv-neutron-zed-2-hyperv devstack@keystone.service[88565]: ERROR keystone.server.flask.application return caller(func, *(extras + args), **kw)
Oct 28 09:35:11.474273 dv-neutron-zed-2-hyperv devstack@keystone.service[88565]: ERROR keystone.server.flask.application
File "/usr/local/lib/python3.8/dist-packages/dogpile/cache/region.py", line 1577, in get_or_create_for_user_func
Oct 28 09:35:11.474273 dv-neutron-zed-2-hyperv devstack@keystone.service[88565]: ERROR keystone.server.flask.application return self.get_or_create(
Oct 28 09:35:11.474273 dv-neutron-zed-2-hyperv devstack@keystone.service[88565]: ERROR keystone.server.flask.application
File "/usr/local/lib/python3.8/dist-packages/dogpile/cache/region.py", line 1042, in get_or_create
Oct 28 09:35:11.474273 dv-neutron-zed-2-hyperv devstack@keystone.service[88565]: ERROR keystone.server.flask.application with Lock(
Oct 28 09:35:11.474273 dv-neutron-zed-2-hyperv devstack@keystone.service[88565]: ERROR keystone.server.flask.application
File "/usr/local/lib/python3.8/dist-packages/dogpile/lock.py", line 185, in __enter__
Oct 28 09:35:11.474273 dv-neutron-zed-2-hyperv devstack@keystone.service[88565]: ERROR keystone.server.flask.application return self._enter()
Oct 28 09:35:11.474273 dv-neutron-zed-2-hyperv devstack@keystone.service[88565]: ERROR keystone.server.flask.application
File "/usr/local/lib/python3.8/dist-packages/dogpile/lock.py", line 94, in _enter
Oct 28 09:35:11.474273 dv-neutron-zed-2-hyperv devstack@keystone.service[88565]: ERROR keystone.server.flask.application generated = self._enter_create(value, createdtime)
Oct 28 09:35:11.475066 dv-neutron-zed-2-hyperv devstack@keystone.service[88565]: ERROR keystone.server.flask.application
File "/usr/local/lib/python3.8/dist-packages/dogpile/lock.py", line 178, in _enter_create
Oct 28 09:35:11.475066 dv-neutron-zed-2-hyperv devstack@keystone.service[88565]: ERROR keystone.server.flask.application return self.creator()
Oct 28 09:35:11.475066 dv-neutron-zed-2-hyperv devstack@keystone.service[88565]: ERROR keystone.server.flask.application
File "/usr/local/lib/python3.8/dist-packages/dogpile/cache/region.py", line 995, in gen_value
Oct 28 09:35:11.475066 dv-neutron-zed-2-hyperv devstack@keystone.service[88565]: ERROR keystone.server.flask.application created_value = creator(
Oct 28 09:35:11.475066 dv-neutron-zed-2-hyperv devstack@keystone.service[88565]: ERROR keystone.server.flask.application
File "/opt/stack/keystone/keystone/assignment/core.py", line 1276, in get_role
Oct 28 09:35:11.475066 dv-neutron-zed-2-hyperv devstack@keystone.service[88565]: ERROR keystone.server.flask.application return self.driver.get_role(role_id)
Oct 28 09:35:11.475066 dv-neutron-zed-2-hyperv devstack@keystone.service[88565]: ERROR keystone.server.flask.application
File "/opt/stack/keystone/keystone/assignment/role_backends/sql.py", line 70, in get_role
Oct 28 09:35:11.475066 dv-neutron-zed-2-hyperv devstack@keystone.service[88565]: ERROR keystone.server.flask.application return self._get_role(session, role_id).to_dict()
Oct 28 09:35:11.475066 dv-neutron-zed-2-hyperv devstack@keystone.service[88565]: ERROR keystone.server.flask.application
File "/opt/stack/keystone/keystone/assignment/role_backends/sql.py", line 65, in _get_role
Oct 28 09:35:11.475066 dv-neutron-zed-2-hyperv devstack@keystone.service[88565]: ERROR keystone.server.flask.application raise exception.RoleNotFound(role_id=role_id)
Oct 28 09:35:11.475066 dv-neutron-zed-2-hyperv devstack@keystone.service[88565]: ERROR keystone.server.flask.application keystone.exception.RoleNotFound: Could not find role: member.
Oct 28 09:35:11.475066 dv-neutron-zed-2-hyperv devstack@keystone.service[88565]: ERROR keystone.server.flask.application
Oct 28 09:35:11.475660 dv-neutron-zed-2-hyperv devstack@keystone.service[88564]: DEBUG keystone.server.flask.request_processing.middleware.auth_context [None req-0e739d67-558b-46e4-9ae7-072ddfbef3de None admin] Authenticating user token {{(pid=88564) process_request /usr/local/lib/python3.8/dist-packages/keystonemiddleware/auth_token/__init__.py:407}}
Oct 28 09:35:11.475728 dv-neutron-zed-2-hyperv devstack@keystone.service[88565]: [pid: 88565|app: 0|req: 90/168] 10.222.0.49 () {56 vars in 1099 bytes} [Fri Oct 28 09:35:11 2022] GET /identity/v3/roles/member => generated 84 bytes in 364 msecs (HTTP/1.1 404) 5 headers in 183 bytes (1 switches on core 0)
Oct 28 09:35:11.480960 dv-neutron-zed-2-hyperv devstack@keystone.service[88565]: DEBUG keystone.server.flask.request_processing.middleware.auth_context [None req-5b3a40ff-d3d9-4722-b869-a83363b39ada None admin] Authenticating user token {{(pid=88565) process_request /usr/local/lib/python3.8/dist-packages/keystonemiddleware/auth_token/__init__.py:407}}
Oct 28 09:35:11.653099 dv-neutron-zed-2-hyperv devstack@keystone.service[88564]: DEBUG dbcounter [-] [88564] Writing DB stats keystone:SELECT=100 {{(pid=88564) stat_writer /usr/local/lib/python3.8/dist-packages/dbcounter.py:114}}
Oct 28 09:35:11.692125 dv-neutron-zed-2-hyperv devstack@keystone.service[88564]: DEBUG keystone.server.flask.request_processing.middleware.auth_context [None req-0e739d67-558b-46e4-9ae7-072ddfbef3de None admin] Validating token access rules against request {{(pid=88564) validate_allowed_request /usr/local/lib/python3.8/dist-packages/keystonemiddleware/auth_token/__init__.py:545}}
Oct 28 09:35:11.704755 dv-neutron-zed-2-hyperv devstack@keystone.service[88565]: DEBUG keystone.server.flask.request_processing.middleware.auth_context [None req-5b3a40ff-d3d9-4722-b869-a83363b39ada None admin] Validating token access rules against request {{(pid=88565) validate_allowed_request /usr/local/lib/python3.8/dist-packages/keystonemiddleware/auth_token/__init__.py:545}}
Oct 28 09:35:11.746435 dv-neutron-zed-2-hyperv devstack@keystone.service[88564]: DEBUG keystone.server.flask.request_processing.middleware.auth_context [None req-b121d13c-f901-4fa1-b425-5d98e3dc8ac5 None admin] RBAC: auth_context: {'token': , 'domain_id': None, 'trust_id': None, 'trustor_id': None, 'trustee_id': None, 'domain_name': None, 'group_ids': [], 'user_id': '6fcd63f0bb4e43ce8c0c41898fafca96', 'user_domain_id': 'default', 'system_scope': 'all', 'project_id': None, 'project_domain_id': None, 'roles': ['admin', 'member', 'reader'], 'is_admin_project': True, 'service_user_id': None, 'service_user_domain_id': None, 'service_project_id': None, 'service_project_domain_id': None, 'service_roles': []} {{(pid=88564) fill_context /opt/stack/keystone/keystone/server/flask/request_processing/middleware/auth_context.py:478}}
Oct 28 09:35:11.747096 dv-neutron-zed-2-hyperv devstack@keystone.service[88564]: DEBUG keystone.server.flask.request_processing.req_logging [None req-b121d13c-f901-4fa1-b425-5d98e3dc8ac5 None admin] REQUEST_METHOD: `GET` {{(pid=88564) log_request_info /opt/stack/keystone/keystone/server/flask/request_processing/req_logging.py:27}}
Oct 28 09:35:11.747369 dv-neutron-zed-2-hyperv devstack@keystone.service[88564]: DEBUG keystone.server.flask.request_processing.req_logging [None req-b121d13c-f901-4fa1-b425-5d98e3dc8ac5 None admin] SCRIPT_NAME: `/identity` {{(pid=88564) log_request_info /opt/stack/keystone/keystone/server/flask/request_processing/req_logging.py:28}}
Oct 28 09:35:11.747637 dv-neutron-zed-2-hyperv devstack@keystone.service[88564]: DEBUG keystone.server.flask.request_processing.req_logging [None req-b121d13c-f901-4fa1-b425-5d98e3dc8ac5 None admin] PATH_INFO: `/v3/users/ca2aa7b49753487fba927538fa939afc` {{(pid=88564) log_request_info /opt/stack/keystone/keystone/server/flask/request_processing/req_logging.py:29}}
Oct 28 09:35:11.749045 dv-neutron-zed-2-hyperv devstack@keystone.service[88564]: DEBUG keystone.common.rbac_enforcer.enforcer [None req-b121d13c-f901-4fa1-b425-5d98e3dc8ac5 None admin] RBAC: Authorizing `identity:get_user(user_id=ca2aa7b49753487fba927538fa939afc)` {{(pid=88564) enforce_call /opt/stack/keystone/keystone/common/rbac_enforcer/enforcer.py:449}}
Oct 28 09:35:11.750661 dv-neutron-zed-2-hyperv devstack@keystone.service[88564]: DEBUG keystone.common.rbac_enforcer.enforcer [None req-b121d13c-f901-4fa1-b425-5d98e3dc8ac5 None admin] RBAC: Authorization granted {{(pid=88564) enforce_call /opt/stack/keystone/keystone/common/rbac_enforcer/enforcer.py:457}}
Oct 28 09:35:11.758284 dv-neutron-zed-2-hyperv devstack@keystone.service[88564]: [pid: 88564|app: 0|req: 79/169] 10.222.0.49 () {56 vars in 1177 bytes} [Fri Oct 28 09:35:11 2022] GET /identity/v3/users/ca2aa7b49753487fba927538fa939afc => generated 275 bytes in 284 msecs (HTTP/1.1 200) 5 headers in 177 bytes (1 switches on core 0)
Oct 28 09:35:11.763475 dv-neutron-zed-2-hyperv devstack@keystone.service[88564]: DEBUG keystone.server.flask.request_processing.middleware.auth_context [None req-b121d13c-f901-4fa1-b425-5d98e3dc8ac5 None admin] Authenticating user token {{(pid=88564) process_request /usr/local/lib/python3.8/dist-packages/keystonemiddleware/auth_token/__init__.py:407}}
Oct 28 09:35:11.787204 dv-neutron-zed-2-hyperv devstack@keystone.service[88565]: DEBUG keystone.server.flask.request_processing.middleware.auth_context [None req-9c5781b3-9fba-4cb7-a24e-6699e5653419 None admin] RBAC: auth_context: {'token': , 'domain_id': None, 'trust_id': None, 'trustor_id': None, 'trustee_id': None, 'domain_name': None, 'group_ids': [], 'user_id': '6fcd63f0bb4e43ce8c0c41898fafca96', 'user_domain_id': 'default', 'system_scope': 'all', 'project_id': None, 'project_domain_id': None, 'roles': ['admin', 'member', 'reader'], 'is_admin_project': True, 'service_user_id': None, 'service_user_domain_id': None, 'service_project_id': None, 'service_project_domain_id': None, 'service_roles': []} {{(pid=88565) fill_context /opt/stack/keystone/keystone/server/flask/request_processing/middleware/auth_context.py:478}}
Oct 28 09:35:11.787824 dv-neutron-zed-2-hyperv devstack@keystone.service[88565]: DEBUG keystone.server.flask.request_processing.req_logging [None req-9c5781b3-9fba-4cb7-a24e-6699e5653419 None admin] REQUEST_METHOD: `GET` {{(pid=88565) log_request_info /opt/stack/keystone/keystone/server/flask/request_processing/req_logging.py:27}}
Oct 28 09:35:11.788102 dv-neutron-zed-2-hyperv devstack@keystone.service[88565]: DEBUG keystone.server.flask.request_processing.req_logging [None req-9c5781b3-9fba-4cb7-a24e-6699e5653419 None admin] SCRIPT_NAME: `/identity` {{(pid=88565) log_request_info /opt/stack/keystone/keystone/server/flask/request_processing/req_logging.py:28}}
Oct 28 09:35:11.788374 dv-neutron-zed-2-hyperv devstack@keystone.service[88565]: DEBUG keystone.server.flask.request_processing.req_logging [None req-9c5781b3-9fba-4cb7-a24e-6699e5653419 None admin] PATH_INFO: `/v3/auth/tokens` {{(pid=88565) log_request_info /opt/stack/keystone/keystone/server/flask/request_processing/req_logging.py:29}}
Oct 28 09:35:11.831049 dv-neutron-zed-2-hyperv devstack@keystone.service[88565]: DEBUG dbcounter [-] [88565] Writing DB stats keystone:SELECT=100 {{(pid=88565) stat_writer /usr/local/lib/python3.8/dist-packages/dbcounter.py:114}}
Oct 28 09:35:11.908905 dv-neutron-zed-2-hyperv devstack@keystone.service[88565]: DEBUG keystone.common.rbac_enforcer.enforcer [None req-9c5781b3-9fba-4cb7-a24e-6699e5653419 None admin] RBAC: Authorizing `identity:validate_token()` {{(pid=88565) enforce_call /opt/stack/keystone/keystone/common/rbac_enforcer/enforcer.py:449}}
Oct 28 09:35:11.910374 dv-neutron-zed-2-hyperv devstack@keystone.service[88565]: DEBUG keystone.common.rbac_enforcer.enforcer [None req-9c5781b3-9fba-4cb7-a24e-6699e5653419 None admin] RBAC: Authorization granted {{(pid=88565) enforce_call /opt/stack/keystone/keystone/common/rbac_enforcer/enforcer.py:457}}
Oct 28 09:35:11.947119 dv-neutron-zed-2-hyperv devstack@keystone.service[88564]: DEBUG keystone.server.flask.request_processing.middleware.auth_context [None req-b121d13c-f901-4fa1-b425-5d98e3dc8ac5 None admin] Validating token access rules against request {{(pid=88564) validate_allowed_request /usr/local/lib/python3.8/dist-packages/keystonemiddleware/auth_token/__init__.py:545}}
Oct 28 09:35:12.003381 dv-neutron-zed-2-hyperv devstack@keystone.service[88564]: DEBUG keystone.server.flask.request_processing.middleware.auth_context [None req-3779946c-f617-4329-b46e-9555e4d6bcd4 None admin] RBAC: auth_context: {'token': , 'domain_id': None, 'trust_id': None, 'trustor_id': None, 'trustee_id': None, 'domain_name': None, 'group_ids': [], 'user_id': '6fcd63f0bb4e43ce8c0c41898fafca96', 'user_domain_id': 'default', 'system_scope': 'all', 'project_id': None, 'project_domain_id': None, 'roles': ['admin', 'member', 'reader'], 'is_admin_project': True, 'service_user_id': None, 'service_user_domain_id': None, 'service_project_id': None, 'service_project_domain_id': None, 'service_roles': []} {{(pid=88564) fill_context /opt/stack/keystone/keystone/server/flask/request_processing/middleware/auth_context.py:478}}
Oct 28 09:35:12.004544 dv-neutron-zed-2-hyperv devstack@keystone.service[88564]: DEBUG keystone.server.flask.request_processing.req_logging [None req-3779946c-f617-4329-b46e-9555e4d6bcd4 None admin] REQUEST_METHOD: `GET` {{(pid=88564) log_request_info /opt/stack/keystone/keystone/server/flask/request_processing/req_logging.py:27}}
Oct 28 09:35:12.004823 dv-neutron-zed-2-hyperv devstack@keystone.service[88564]: DEBUG keystone.server.flask.request_processing.req_logging [None req-3779946c-f617-4329-b46e-9555e4d6bcd4 None admin] SCRIPT_NAME: `/identity` {{(pid=88564) log_request_info /opt/stack/keystone/keystone/server/flask/request_processing/req_logging.py:28}}
Oct 28 09:35:12.005084 dv-neutron-zed-2-hyperv devstack@keystone.service[88564]: DEBUG keystone.server.flask.request_processing.req_logging [None req-3779946c-f617-4329-b46e-9555e4d6bcd4 None admin] PATH_INFO: `/v3/roles` {{(pid=88564) log_request_info /opt/stack/keystone/keystone/server/flask/request_processing/req_logging.py:29}}
Oct 28 09:35:12.005742 dv-neutron-zed-2-hyperv devstack@keystone.service[88564]: DEBUG keystone.common.rbac_enforcer.enforcer [None req-3779946c-f617-4329-b46e-9555e4d6bcd4 None admin] RBAC: Adding query filter params (name=member) {{(pid=88564) _extract_filter_values /opt/stack/keystone/keystone/common/rbac_enforcer/enforcer.py:167}}
Oct 28 09:35:12.006037 dv-neutron-zed-2-hyperv devstack@keystone.service[88564]: DEBUG keystone.common.rbac_enforcer.enforcer [None req-3779946c-f617-4329-b46e-9555e4d6bcd4 None admin] RBAC: Authorizing `identity:list_roles()` {{(pid=88564) enforce_call /opt/stack/keystone/keystone/common/rbac_enforcer/enforcer.py:449}}
Oct 28 09:35:12.007636 dv-neutron-zed-2-hyperv devstack@keystone.service[88564]: DEBUG keystone.common.rbac_enforcer.enforcer [None req-3779946c-f617-4329-b46e-9555e4d6bcd4 None admin] RBAC: Authorization granted {{(pid=88564) enforce_call /opt/stack/keystone/keystone/common/rbac_enforcer/enforcer.py:457}}
Oct 28 09:35:12.024231 dv-neutron-zed-2-hyperv devstack@keystone.service[88564]: [pid: 88564|app: 0|req: 80/170] 10.222.0.49 () {56 vars in 1101 bytes} [Fri Oct 28 09:35:11 2022] GET /identity/v3/roles?name=member => generated 341 bytes in 265 msecs (HTTP/1.1 200) 5 headers in 177 bytes (1 switches on core 0)
Oct 28 09:35:12.025228 dv-neutron-zed-2-hyperv devstack@keystone.service[88564]: DEBUG keystone.server.flask.request_processing.middleware.auth_context [None req-3779946c-f617-4329-b46e-9555e4d6bcd4 None admin] Authenticating user token {{(pid=88564) process_request /usr/local/lib/python3.8/dist-packages/keystonemiddleware/auth_token/__init__.py:407}}
Oct 28 09:35:12.039924 dv-neutron-zed-2-hyperv devstack@keystone.service[88565]: [pid: 88565|app: 0|req: 91/171] 10.222.0.49 () {58 vars in 1282 bytes} [Fri Oct 28 09:35:11 2022] GET /identity/v3/auth/tokens => generated 799 bytes in 559 msecs (HTTP/1.1 200) 6 headers in 358 bytes (1 switches on core 0)
Oct 28 09:35:12.040937 dv-neutron-zed-2-hyperv devstack@keystone.service[88565]: DEBUG keystone.server.flask.request_processing.middleware.auth_context [None req-9c5781b3-9fba-4cb7-a24e-6699e5653419 None admin] Authenticating user token {{(pid=88565) process_request /usr/local/lib/python3.8/dist-packages/keystonemiddleware/auth_token/__init__.py:407}}
Oct 28 09:35:12.046532 dv-neutron-zed-2-hyperv devstack@keystone.service[88564]: DEBUG dbcounter [-] [88564] Writing DB stats keystone:SELECT=100 {{(pid=88564) stat_writer /usr/local/lib/python3.8/dist-packages/dbcounter.py:114}}
Oct 28 09:35:12.094182 dv-neutron-zed-2-hyperv devstack@keystone.service[88565]: DEBUG dbcounter [-] [88565] Writing DB stats keystone:SELECT=100 {{(pid=88565) stat_writer /usr/local/lib/python3.8/dist-packages/dbcounter.py:114}}
Oct 28 09:35:12.145635 dv-neutron-zed-2-hyperv devstack@keystone.service[88565]: DEBUG keystone.server.flask.request_processing.middleware.auth_context [None req-9c5781b3-9fba-4cb7-a24e-6699e5653419 None admin] Validating token access rules against request {{(pid=88565) validate_allowed_request /usr/local/lib/python3.8/dist-packages/keystonemiddleware/auth_token/__init__.py:545}}
Oct 28 09:35:12.204060 dv-neutron-zed-2-hyperv devstack@keystone.service[88564]: DEBUG keystone.server.flask.request_processing.middleware.auth_context [None req-3779946c-f617-4329-b46e-9555e4d6bcd4 None admin] Validating token access rules against request {{(pid=88564) validate_allowed_request /usr/local/lib/python3.8/dist-packages/keystonemiddleware/auth_token/__init__.py:545}}
Oct 28 09:35:12.246008 dv-neutron-zed-2-hyperv devstack@keystone.service[88565]: DEBUG keystone.server.flask.request_processing.middleware.auth_context [None req-5a7acf8b-e52d-4921-8842-757696d07a23 None admin] RBAC: auth_context: {'token': , 'domain_id': None, 'trust_id': None, 'trustor_id': None, 'trustee_id': None, 'domain_name': None, 'group_ids': [], 'user_id': '6fcd63f0bb4e43ce8c0c41898fafca96', 'user_domain_id': 'default', 'system_scope': 'all', 'project_id': None, 'project_domain_id': None, 'roles': ['admin', 'member', 'reader'], 'is_admin_project': True, 'service_user_id': None, 'service_user_domain_id': None, 'service_project_id': None, 'service_project_domain_id': None, 'service_roles': []} {{(pid=88565) fill_context /opt/stack/keystone/keystone/server/flask/request_processing/middleware/auth_context.py:478}}
Oct 28 09:35:12.246644 dv-neutron-zed-2-hyperv devstack@keystone.service[88565]: DEBUG keystone.server.flask.request_processing.req_logging [None req-5a7acf8b-e52d-4921-8842-757696d07a23 None admin] REQUEST_METHOD: `GET` {{(pid=88565) log_request_info /opt/stack/keystone/keystone/server/flask/request_processing/req_logging.py:27}}
Oct 28 09:35:12.246949 dv-neutron-zed-2-hyperv devstack@keystone.service[88565]: DEBUG keystone.server.flask.request_processing.req_logging [None req-5a7acf8b-e52d-4921-8842-757696d07a23 None admin] SCRIPT_NAME: `/identity` {{(pid=88565) log_request_info /opt/stack/keystone/keystone/server/flask/request_processing/req_logging.py:28}}
Oct 28 09:35:12.247282 dv-neutron-zed-2-hyperv devstack@keystone.service[88565]: DEBUG keystone.server.flask.request_processing.req_logging [None req-5a7acf8b-e52d-4921-8842-757696d07a23 None admin] PATH_INFO: `/v3/users/ca2aa7b49753487fba927538fa939afc` {{(pid=88565) log_request_info /opt/stack/keystone/keystone/server/flask/request_processing/req_logging.py:29}}
Oct 28 09:35:12.249096 dv-neutron-zed-2-hyperv devstack@keystone.service[88565]: DEBUG keystone.common.rbac_enforcer.enforcer [None req-5a7acf8b-e52d-4921-8842-757696d07a23 None admin] RBAC: Authorizing `identity:get_user(user_id=ca2aa7b49753487fba927538fa939afc)` {{(pid=88565) enforce_call /opt/stack/keystone/keystone/common/rbac_enforcer/enforcer.py:449}}
Oct 28 09:35:12.250556 dv-neutron-zed-2-hyperv devstack@keystone.service[88565]: DEBUG keystone.common.rbac_enforcer.enforcer [None req-5a7acf8b-e52d-4921-8842-757696d07a23 None admin] RBAC: Authorization granted {{(pid=88565) enforce_call /opt/stack/keystone/keystone/common/rbac_enforcer/enforcer.py:457}}
Oct 28 09:35:12.252190 dv-neutron-zed-2-hyperv devstack@keystone.service[88565]: [pid: 88565|app: 0|req: 92/172] 10.222.0.49 () {56 vars in 1177 bytes} [Fri Oct 28 09:35:12 2022] GET /identity/v3/users/ca2aa7b49753487fba927538fa939afc => generated 275 bytes in 212 msecs (HTTP/1.1 200) 5 headers in 177 bytes (1 switches on core 0)
Oct 28 09:35:12.252956 dv-neutron-zed-2-hyperv devstack@keystone.service[88565]: DEBUG keystone.server.flask.request_processing.middleware.auth_context [None req-5a7acf8b-e52d-4921-8842-757696d07a23 None admin] Authenticating user token {{(pid=88565) process_request /usr/local/lib/python3.8/dist-packages/keystonemiddleware/auth_token/__init__.py:407}}
Oct 28 09:35:12.270355 dv-neutron-zed-2-hyperv devstack@keystone.service[88564]: DEBUG keystone.server.flask.request_processing.middleware.auth_context [None req-89a171f8-e599-45c6-96ea-cda0e7cbc949 None admin] RBAC: auth_context: {'token': , 'domain_id': None, 'trust_id': None, 'trustor_id': None, 'trustee_id': None, 'domain_name': None, 'group_ids': [], 'user_id': '6fcd63f0bb4e43ce8c0c41898fafca96', 'user_domain_id': 'default', 'system_scope': 'all', 'project_id': None, 'project_domain_id': None, 'roles': ['admin', 'member', 'reader'], 'is_admin_project': True, 'service_user_id': None, 'service_user_domain_id': None, 'service_project_id': None, 'service_project_domain_id': None, 'service_roles': []} {{(pid=88564) fill_context /opt/stack/keystone/keystone/server/flask/request_processing/middleware/auth_context.py:478}}
Oct 28 09:35:12.271013 dv-neutron-zed-2-hyperv devstack@keystone.service[88564]: DEBUG keystone.server.flask.request_processing.req_logging [None req-89a171f8-e599-45c6-96ea-cda0e7cbc949 None admin] REQUEST_METHOD: `GET` {{(pid=88564) log_request_info /opt/stack/keystone/keystone/server/flask/request_processing/req_logging.py:27}}
Oct 28 09:35:12.271291 dv-neutron-zed-2-hyperv devstack@keystone.service[88564]: DEBUG keystone.server.flask.request_processing.req_logging [None req-89a171f8-e599-45c6-96ea-cda0e7cbc949 None admin] SCRIPT_NAME: `/identity` {{(pid=88564) log_request_info /opt/stack/keystone/keystone/server/flask/request_processing/req_logging.py:28}}
Oct 28 09:35:12.271563 dv-neutron-zed-2-hyperv devstack@keystone.service[88564]: DEBUG keystone.server.flask.request_processing.req_logging [None req-89a171f8-e599-45c6-96ea-cda0e7cbc949 None admin] PATH_INFO: `/v3/auth/tokens` {{(pid=88564) log_request_info /opt/stack/keystone/keystone/server/flask/request_processing/req_logging.py:29}}
Oct 28 09:35:12.376832 dv-neutron-zed-2-hyperv devstack@keystone.service[88564]: DEBUG keystone.common.rbac_enforcer.enforcer [None req-89a171f8-e599-45c6-96ea-cda0e7cbc949 None admin] RBAC: Authorizing `identity:validate_token()` {{(pid=88564) enforce_call /opt/stack/keystone/keystone/common/rbac_enforcer/enforcer.py:449}}
Oct 28 09:35:12.378758 dv-neutron-zed-2-hyperv devstack@keystone.service[88564]: DEBUG keystone.common.rbac_enforcer.enforcer [None req-89a171f8-e599-45c6-96ea-cda0e7cbc949 None admin] RBAC: Authorization granted {{(pid=88564) enforce_call /opt/stack/keystone/keystone/common/rbac_enforcer/enforcer.py:457}}
Oct 28 09:35:12.423115 dv-neutron-zed-2-hyperv devstack@keystone.service[88564]: DEBUG dbcounter [-] [88564] Writing DB stats keystone:SELECT=100 {{(pid=88564) stat_writer /usr/local/lib/python3.8/dist-packages/dbcounter.py:114}}
Oct 28 09:35:12.470515 dv-neutron-zed-2-hyperv devstack@keystone.service[88565]: DEBUG keystone.server.flask.request_processing.middleware.auth_context [None req-5a7acf8b-e52d-4921-8842-757696d07a23 None admin] Validating token access rules against request {{(pid=88565) validate_allowed_request /usr/local/lib/python3.8/dist-packages/keystonemiddleware/auth_token/__init__.py:545}}
Oct 28 09:35:12.488931 dv-neutron-zed-2-hyperv devstack@keystone.service[88564]: [pid: 88564|app: 0|req: 81/173] 10.222.0.49 () {58 vars in 1282 bytes} [Fri Oct 28 09:35:12 2022] GET /identity/v3/auth/tokens => generated 799 bytes in 464 msecs (HTTP/1.1 200) 6 headers in 358 bytes (1 switches on core 0)
Oct 28 09:35:12.494889 dv-neutron-zed-2-hyperv devstack@keystone.service[88564]: DEBUG keystone.server.flask.request_processing.req_logging [None req-c9c3c6cf-4361-4ad9-a7e8-c3960ccd987e None None] REQUEST_METHOD: `GET` {{(pid=88564) log_request_info /opt/stack/keystone/keystone/server/flask/request_processing/req_logging.py:27}}
Oct 28 09:35:12.495492 dv-neutron-zed-2-hyperv devstack@keystone.service[88564]: DEBUG keystone.server.flask.request_processing.req_logging [None req-c9c3c6cf-4361-4ad9-a7e8-c3960ccd987e None None] SCRIPT_NAME: `/identity` {{(pid=88564) log_request_info /opt/stack/keystone/keystone/server/flask/request_processing/req_logging.py:28}}
Oct 28 09:35:12.495964 dv-neutron-zed-2-hyperv devstack@keystone.service[88565]: DEBUG dbcounter [-] [88565] Writing DB stats keystone:SELECT=100 {{(pid=88565) stat_writer /usr/local/lib/python3.8/dist-packages/dbcounter.py:114}}
Oct 28 09:35:12.496997 dv-neutron-zed-2-hyperv devstack@keystone.service[88564]: DEBUG keystone.server.flask.request_processing.req_logging [None req-c9c3c6cf-4361-4ad9-a7e8-c3960ccd987e None None] PATH_INFO: `/` {{(pid=88564) log_request_info /opt/stack/keystone/keystone/server/flask/request_processing/req_logging.py:29}}
Oct 28 09:35:12.498630 dv-neutron-zed-2-hyperv devstack@keystone.service[88564]: [pid: 88564|app: 0|req: 82/174] 10.222.0.49 () {54 vars in 927 bytes} [Fri Oct 28 09:35:12 2022] GET /identity => generated 270 bytes in 9 msecs (HTTP/1.1 300) 6 headers in 234 bytes (1 switches on core 0)
Oct 28 09:35:12.499582 dv-neutron-zed-2-hyperv devstack@keystone.service[88564]: DEBUG keystone.server.flask.request_processing.middleware.auth_context [None req-c9c3c6cf-4361-4ad9-a7e8-c3960ccd987e None None] Authenticating user token {{(pid=88564) process_request /usr/local/lib/python3.8/dist-packages/keystonemiddleware/auth_token/__init__.py:407}}
Oct 28 09:35:12.509013 dv-neutron-zed-2-hyperv devstack@keystone.service[88565]: DEBUG keystone.server.flask.request_processing.middleware.auth_context [None req-94967420-9c00-41e4-952b-b46d7b4de984 None admin] RBAC: auth_context: {'token': , 'domain_id': None, 'trust_id': None, 'trustor_id': None, 'trustee_id': None, 'domain_name': None, 'group_ids': [], 'user_id': '6fcd63f0bb4e43ce8c0c41898fafca96', 'user_domain_id': 'default', 'system_scope': 'all', 'project_id': None, 'project_domain_id': None, 'roles': ['admin', 'member', 'reader'], 'is_admin_project': True, 'service_user_id': None, 'service_user_domain_id': None, 'service_project_id': None, 'service_project_domain_id': None, 'service_roles': []} {{(pid=88565) fill_context /opt/stack/keystone/keystone/server/flask/request_processing/middleware/auth_context.py:478}}
Oct 28 09:35:12.509654 dv-neutron-zed-2-hyperv devstack@keystone.service[88565]: DEBUG keystone.server.flask.request_processing.req_logging [None req-94967420-9c00-41e4-952b-b46d7b4de984 None admin] REQUEST_METHOD: `GET` {{(pid=88565) log_request_info /opt/stack/keystone/keystone/server/flask/request_processing/req_logging.py:27}}
Oct 28 09:35:12.509930 dv-neutron-zed-2-hyperv devstack@keystone.service[88565]: DEBUG keystone.server.flask.request_processing.req_logging [None req-94967420-9c00-41e4-952b-b46d7b4de984 None admin] SCRIPT_NAME: `/identity` {{(pid=88565) log_request_info /opt/stack/keystone/keystone/server/flask/request_processing/req_logging.py:28}}
Oct 28 09:35:12.510198 dv-neutron-zed-2-hyperv devstack@keystone.service[88565]: DEBUG keystone.server.flask.request_processing.req_logging [None req-94967420-9c00-41e4-952b-b46d7b4de984 None admin] PATH_INFO: `/v3/projects/34c4b4b91bf74ea59cd59644b04803ed` {{(pid=88565) log_request_info /opt/stack/keystone/keystone/server/flask/request_processing/req_logging.py:29}}
Oct 28 09:35:12.515147 dv-neutron-zed-2-hyperv devstack@keystone.service[88565]: DEBUG keystone.common.rbac_enforcer.enforcer [None req-94967420-9c00-41e4-952b-b46d7b4de984 None admin] RBAC: Authorizing `identity:get_project(project_id=34c4b4b91bf74ea59cd59644b04803ed)` {{(pid=88565) enforce_call /opt/stack/keystone/keystone/common/rbac_enforcer/enforcer.py:449}}
Oct 28 09:35:12.516622 dv-neutron-zed-2-hyperv devstack@keystone.service[88565]: DEBUG keystone.common.rbac_enforcer.enforcer [None req-94967420-9c00-41e4-952b-b46d7b4de984 None admin] RBAC: Authorization granted {{(pid=88565) enforce_call /opt/stack/keystone/keystone/common/rbac_enforcer/enforcer.py:457}}
Oct 28 09:35:12.518292 dv-neutron-zed-2-hyperv devstack@keystone.service[88565]: [pid: 88565|app: 0|req: 93/175] 10.222.0.49 () {56 vars in 1186 bytes} [Fri Oct 28 09:35:12 2022] GET /identity/v3/projects/34c4b4b91bf74ea59cd59644b04803ed => generated 298 bytes in 266 msecs (HTTP/1.1 200) 5 headers in 177 bytes (1 switches on core 0)
Oct 28 09:35:12.519103 dv-neutron-zed-2-hyperv devstack@keystone.service[88565]: DEBUG keystone.server.flask.request_processing.middleware.auth_context [None req-94967420-9c00-41e4-952b-b46d7b4de984 None admin] Authenticating user token {{(pid=88565) process_request /usr/local/lib/python3.8/dist-packages/keystonemiddleware/auth_token/__init__.py:407}}
Oct 28 09:35:12.633482 dv-neutron-zed-2-hyperv devstack@keystone.service[88564]: DEBUG keystone.server.flask.request_processing.middleware.auth_context [None req-c9c3c6cf-4361-4ad9-a7e8-c3960ccd987e None None] Validating token access rules against request {{(pid=88564) validate_allowed_request /usr/local/lib/python3.8/dist-packages/keystonemiddleware/auth_token/__init__.py:545}}
Oct 28 09:35:12.690524 dv-neutron-zed-2-hyperv devstack@keystone.service[88565]: DEBUG keystone.server.flask.request_processing.middleware.auth_context [None req-94967420-9c00-41e4-952b-b46d7b4de984 None admin] Validating token access rules against request {{(pid=88565) validate_allowed_request /usr/local/lib/python3.8/dist-packages/keystonemiddleware/auth_token/__init__.py:545}}
Oct 28 09:35:12.699904 dv-neutron-zed-2-hyperv devstack@keystone.service[88564]: DEBUG dbcounter [-] [88564] Writing DB stats keystone:SELECT=100 {{(pid=88564) stat_writer /usr/local/lib/python3.8/dist-packages/dbcounter.py:114}}
Oct 28 09:35:12.728956 dv-neutron-zed-2-hyperv devstack@keystone.service[88564]: DEBUG keystone.server.flask.request_processing.middleware.auth_context [None req-97f89062-90c5-44c8-9acb-aeb11c86e50f None admin] RBAC: auth_context: {'token': , 'domain_id': None, 'trust_id': None, 'trustor_id': None, 'trustee_id': None, 'domain_name': None, 'group_ids': [], 'user_id': '6fcd63f0bb4e43ce8c0c41898fafca96', 'user_domain_id': 'default', 'system_scope': 'all', 'project_id': None, 'project_domain_id': None, 'roles': ['admin', 'member', 'reader'], 'is_admin_project': True, 'service_user_id': None, 'service_user_domain_id': None, 'service_project_id': None, 'service_project_domain_id': None, 'service_roles': []} {{(pid=88564) fill_context /opt/stack/keystone/keystone/server/flask/request_processing/middleware/auth_context.py:478}}
Oct 28 09:35:12.729488 dv-neutron-zed-2-hyperv devstack@keystone.service[88564]: DEBUG keystone.server.flask.request_processing.req_logging [None req-97f89062-90c5-44c8-9acb-aeb11c86e50f None admin] REQUEST_METHOD: `GET` {{(pid=88564) log_request_info /opt/stack/keystone/keystone/server/flask/request_processing/req_logging.py:27}}
Oct 28 09:35:12.729765 dv-neutron-zed-2-hyperv devstack@keystone.service[88564]: DEBUG keystone.server.flask.request_processing.req_logging [None req-97f89062-90c5-44c8-9acb-aeb11c86e50f None admin] SCRIPT_NAME: `/identity` {{(pid=88564) log_request_info /opt/stack/keystone/keystone/server/flask/request_processing/req_logging.py:28}}
Oct 28 09:35:12.730033 dv-neutron-zed-2-hyperv devstack@keystone.service[88564]: DEBUG keystone.server.flask.request_processing.req_logging [None req-97f89062-90c5-44c8-9acb-aeb11c86e50f None admin] PATH_INFO: `/v3/auth/tokens` {{(pid=88564) log_request_info /opt/stack/keystone/keystone/server/flask/request_processing/req_logging.py:29}}
