Oct 02 00:57:04.990759 dv-neutron-master-2-hyperv devstack@placement-api.service[107468]: INFO placement.requestlog [req-160c2eb1-5638-4396-aebf-9dd60987c1dd req-170c4016-22cb-4030-a90f-786c54af7c43 service placement] 10.222.0.33 "GET /placement/resource_providers/890eb26b-2909-4a5e-939d-c1fdae4cfb0d/allocations" status: 200 len: 54 microversion: 1.0
Oct 02 00:57:04.995178 dv-neutron-master-2-hyperv devstack@placement-api.service[107468]: [pid: 107468|app: 0|req: 14/27] 10.222.0.33 () {58 vars in 1390 bytes} [Sun Oct 2 00:57:04 2022] GET /placement/resource_providers/890eb26b-2909-4a5e-939d-c1fdae4cfb0d/allocations => generated 54 bytes in 73 msecs (HTTP/1.1 200) 6 headers in 223 bytes (1 switches on core 0)
Oct 02 00:57:05.096548 dv-neutron-master-2-hyperv devstack@placement-api.service[107469]: DEBUG placement.requestlog [req-160c2eb1-5638-4396-aebf-9dd60987c1dd req-67ba1a67-26be-458d-8690-38880c50d9cd None None] Starting request: 10.222.0.33 "GET /placement/resource_providers/890eb26b-2909-4a5e-939d-c1fdae4cfb0d/allocations" {{(pid=107469) __call__ /opt/stack/placement/placement/requestlog.py:55}}
Oct 02 00:57:05.137316 dv-neutron-master-2-hyperv devstack@placement-api.service[107469]: INFO placement.requestlog [req-160c2eb1-5638-4396-aebf-9dd60987c1dd req-67ba1a67-26be-458d-8690-38880c50d9cd service placement] 10.222.0.33 "GET /placement/resource_providers/890eb26b-2909-4a5e-939d-c1fdae4cfb0d/allocations" status: 200 len: 54 microversion: 1.0
Oct 02 00:57:05.144071 dv-neutron-master-2-hyperv devstack@placement-api.service[107469]: [pid: 107469|app: 0|req: 14/28] 10.222.0.33 () {58 vars in 1390 bytes} [Sun Oct 2 00:57:05 2022] GET /placement/resource_providers/890eb26b-2909-4a5e-939d-c1fdae4cfb0d/allocations => generated 54 bytes in 47 msecs (HTTP/1.1 200) 6 headers in 223 bytes (1 switches on core 0)
Oct 02 00:57:05.746859 dv-neutron-master-2-hyperv devstack@placement-api.service[107468]: DEBUG placement.requestlog [None req-609c76d0-ac49-44aa-be08-d68459097a71 None None] Starting request: 10.222.0.30 "GET /placement/resource_providers/84de0604-9e04-407c-b2f3-d636b26407f5/aggregates" {{(pid=107468) __call__ /opt/stack/placement/placement/requestlog.py:55}}
Oct 02 00:57:05.763248 dv-neutron-master-2-hyperv devstack@placement-api.service[107468]: INFO placement.requestlog [None req-609c76d0-ac49-44aa-be08-d68459097a71 service placement] 10.222.0.30 "GET /placement/resource_providers/84de0604-9e04-407c-b2f3-d636b26407f5/aggregates" status: 404 len: 235 microversion: 1.1
Oct 02 00:57:05.764911 dv-neutron-master-2-hyperv devstack@placement-api.service[107468]: [pid: 107468|app: 0|req: 15/29] 10.222.0.30 () {58 vars in 1362 bytes} [Sun Oct 2 00:57:05 2022] GET /placement/resource_providers/84de0604-9e04-407c-b2f3-d636b26407f5/aggregates => generated 235 bytes in 18 msecs (HTTP/1.1 404) 5 headers in 202 bytes (1 switches on core 0)
Oct 02 00:57:05.800675 dv-neutron-master-2-hyperv devstack@placement-api.service[107469]: DEBUG placement.requestlog [None req-8653ed1e-fd24-4714-9bbf-2cccca365fec None None] Starting request: 10.222.0.30 "DELETE /placement/resource_providers/84de0604-9e04-407c-b2f3-d636b26407f5" {{(pid=107469) __call__ /opt/stack/placement/placement/requestlog.py:55}}
Oct 02 00:57:05.825389 dv-neutron-master-2-hyperv devstack@placement-api.service[107469]: DEBUG placement.wsgi_wrapper [None req-8653ed1e-fd24-4714-9bbf-2cccca365fec service placement] Placement API returning an error response: No resource provider with uuid 84de0604-9e04-407c-b2f3-d636b26407f5 found for delete {{(pid=107469) call_func /opt/stack/placement/placement/wsgi_wrapper.py:31}}
Oct 02 00:57:05.830850 dv-neutron-master-2-hyperv devstack@placement-api.service[107469]: INFO placement.requestlog [None req-8653ed1e-fd24-4714-9bbf-2cccca365fec service placement] 10.222.0.30 "DELETE /placement/resource_providers/84de0604-9e04-407c-b2f3-d636b26407f5" status: 404 len: 246 microversion: 1.1
Oct 02 00:57:05.833256 dv-neutron-master-2-hyperv devstack@placement-api.service[107469]: [pid: 107469|app: 0|req: 15/30] 10.222.0.30 () {60 vars in 1351 bytes} [Sun Oct 2 00:57:05 2022] DELETE /placement/resource_providers/84de0604-9e04-407c-b2f3-d636b26407f5 => generated 246 bytes in 33 msecs (HTTP/1.1 404) 6 headers in 231 bytes (1 switches on core 0)
Oct 02 00:57:06.349909 dv-neutron-master-2-hyperv devstack@placement-api.service[107468]: DEBUG placement.requestlog [req-45d7f1c7-4692-4b68-8269-07686a1be391 req-48a158a6-8dac-40ef-ab0b-56640774d16f None None] Starting request: 10.222.0.30 "GET /placement/allocation_candidates?limit=1000&resources=DISK_GB%3A1%2CMEMORY_MB%3A1024%2CVCPU%3A1&root_required=%21COMPUTE_STATUS_DISABLED" {{(pid=107468) __call__ /opt/stack/placement/placement/requestlog.py:55}}
Oct 02 00:57:06.640959 dv-neutron-master-2-hyperv devstack@placement-api.service[107468]: DEBUG placement.objects.research_context [req-45d7f1c7-4692-4b68-8269-07686a1be391 req-48a158a6-8dac-40ef-ab0b-56640774d16f service placement] getting providers with 1 DISK_GB {{(pid=107468) __init__ /opt/stack/placement/placement/objects/research_context.py:136}}
Oct 02 00:57:06.665338 dv-neutron-master-2-hyperv devstack@placement-api.service[107468]: DEBUG placement.objects.research_context [req-45d7f1c7-4692-4b68-8269-07686a1be391 req-48a158a6-8dac-40ef-ab0b-56640774d16f service placement] getting providers with 1024 MEMORY_MB {{(pid=107468) __init__ /opt/stack/placement/placement/objects/research_context.py:136}}
Oct 02 00:57:06.694635 dv-neutron-master-2-hyperv devstack@placement-api.service[107468]: DEBUG placement.objects.research_context [req-45d7f1c7-4692-4b68-8269-07686a1be391 req-48a158a6-8dac-40ef-ab0b-56640774d16f service placement] getting providers with 1 VCPU {{(pid=107468) __init__ /opt/stack/placement/placement/objects/research_context.py:136}}
Oct 02 00:57:06.724505 dv-neutron-master-2-hyperv devstack@placement-api.service[107468]: DEBUG placement.objects.research_context [req-45d7f1c7-4692-4b68-8269-07686a1be391 req-48a158a6-8dac-40ef-ab0b-56640774d16f service placement] found 1 providers with available 1 DISK_GB {{(pid=107468) get_provider_ids_matching /opt/stack/placement/placement/objects/research_context.py:563}}
Oct 02 00:57:06.724814 dv-neutron-master-2-hyperv devstack@placement-api.service[107468]: DEBUG placement.objects.research_context [req-45d7f1c7-4692-4b68-8269-07686a1be391 req-48a158a6-8dac-40ef-ab0b-56640774d16f service placement] found 1 providers with available 1024 MEMORY_MB {{(pid=107468) get_provider_ids_matching /opt/stack/placement/placement/objects/research_context.py:563}}
Oct 02 00:57:06.725291 dv-neutron-master-2-hyperv devstack@placement-api.service[107468]: DEBUG placement.objects.research_context [req-45d7f1c7-4692-4b68-8269-07686a1be391 req-48a158a6-8dac-40ef-ab0b-56640774d16f service placement] found 1 providers after filtering by previous result {{(pid=107468) get_provider_ids_matching /opt/stack/placement/placement/objects/research_context.py:594}}
Oct 02 00:57:06.725549 dv-neutron-master-2-hyperv devstack@placement-api.service[107468]: DEBUG placement.objects.research_context [req-45d7f1c7-4692-4b68-8269-07686a1be391 req-48a158a6-8dac-40ef-ab0b-56640774d16f service placement] found 1 providers with available 1 VCPU {{(pid=107468) get_provider_ids_matching /opt/stack/placement/placement/objects/research_context.py:563}}
Oct 02 00:57:06.725811 dv-neutron-master-2-hyperv devstack@placement-api.service[107468]: DEBUG placement.objects.research_context [req-45d7f1c7-4692-4b68-8269-07686a1be391 req-48a158a6-8dac-40ef-ab0b-56640774d16f service placement] found 1 providers after filtering by previous result {{(pid=107468) get_provider_ids_matching /opt/stack/placement/placement/objects/research_context.py:594}}
Oct 02 00:57:06.786683 dv-neutron-master-2-hyperv devstack@placement-api.service[107468]: DEBUG placement.objects.allocation_candidate [req-45d7f1c7-4692-4b68-8269-07686a1be391 req-48a158a6-8dac-40ef-ab0b-56640774d16f service placement] RequestGroup(use_same_provider=False, resources={DISK_GB:1, MEMORY_MB:1024, VCPU:1}, traits=(), aggregates=[]) (suffix '') returned 1 matches {{(pid=107468) _get_by_requests /opt/stack/placement/placement/objects/allocation_candidate.py:156}}
Oct 02 00:57:06.787500 dv-neutron-master-2-hyperv devstack@placement-api.service[107468]: DEBUG placement.objects.allocation_candidate [req-45d7f1c7-4692-4b68-8269-07686a1be391 req-48a158a6-8dac-40ef-ab0b-56640774d16f service placement] Merging candidates yields 1 allocation requests and 1 provider summaries {{(pid=107468) _merge_candidates /opt/stack/placement/placement/objects/allocation_candidate.py:809}}
Oct 02 00:57:06.793883 dv-neutron-master-2-hyperv devstack@placement-api.service[107468]: INFO placement.requestlog [req-45d7f1c7-4692-4b68-8269-07686a1be391 req-48a158a6-8dac-40ef-ab0b-56640774d16f service placement] 10.222.0.30 "GET /placement/allocation_candidates?limit=1000&resources=DISK_GB%3A1%2CMEMORY_MB%3A1024%2CVCPU%3A1&root_required=%21COMPUTE_STATUS_DISABLED" status: 200 len: 764 microversion: 1.36
Oct 02 00:57:06.795573 dv-neutron-master-2-hyperv devstack@placement-api.service[107468]: [pid: 107468|app: 0|req: 16/31] 10.222.0.30 () {60 vars in 1506 bytes} [Sun Oct 2 00:57:06 2022] GET /placement/allocation_candidates?limit=1000&resources=DISK_GB%3A1%2CMEMORY_MB%3A1024%2CVCPU%3A1&root_required=%21COMPUTE_STATUS_DISABLED => generated 764 bytes in 446 msecs (HTTP/1.1 200) 8 headers in 296 bytes (1 switches on core 0)
Oct 02 00:57:06.834869 dv-neutron-master-2-hyperv devstack@placement-api.service[107469]: DEBUG placement.requestlog [req-06fb774f-3bc5-4025-acde-bd7b4579d1b6 req-f15b0b2b-ee50-4d71-aa49-42339bb5428e None None] Starting request: 10.222.0.30 "GET /placement/allocation_candidates?limit=1000&resources=DISK_GB%3A1%2CMEMORY_MB%3A1024%2CVCPU%3A1&root_required=%21COMPUTE_STATUS_DISABLED" {{(pid=107469) __call__ /opt/stack/placement/placement/requestlog.py:55}}
Oct 02 00:57:06.909081 dv-neutron-master-2-hyperv devstack@placement-api.service[107469]: DEBUG placement.objects.research_context [req-06fb774f-3bc5-4025-acde-bd7b4579d1b6 req-f15b0b2b-ee50-4d71-aa49-42339bb5428e service placement] getting providers with 1 DISK_GB {{(pid=107469) __init__ /opt/stack/placement/placement/objects/research_context.py:136}}
Oct 02 00:57:06.927274 dv-neutron-master-2-hyperv devstack@placement-api.service[107468]: DEBUG placement.requestlog [req-45d7f1c7-4692-4b68-8269-07686a1be391 req-828d8cfd-adbb-4027-b0de-ffb876401e28 None None] Starting request: 10.222.0.30 "GET /placement/allocations/7afd818e-d424-4a20-9cc0-c07ae4b3301e" {{(pid=107468) __call__ /opt/stack/placement/placement/requestlog.py:55}}
Oct 02 00:57:06.942711 dv-neutron-master-2-hyperv devstack@placement-api.service[107469]: DEBUG placement.objects.research_context [req-06fb774f-3bc5-4025-acde-bd7b4579d1b6 req-f15b0b2b-ee50-4d71-aa49-42339bb5428e service placement] getting providers with 1024 MEMORY_MB {{(pid=107469) __init__ /opt/stack/placement/placement/objects/research_context.py:136}}
Oct 02 00:57:06.943084 dv-neutron-master-2-hyperv devstack@placement-api.service[107468]: INFO placement.requestlog [req-45d7f1c7-4692-4b68-8269-07686a1be391 req-828d8cfd-adbb-4027-b0de-ffb876401e28 service placement] 10.222.0.30 "GET /placement/allocations/7afd818e-d424-4a20-9cc0-c07ae4b3301e" status: 200 len: 19 microversion: 1.28
Oct 02 00:57:06.949615 dv-neutron-master-2-hyperv devstack@placement-api.service[107468]: [pid: 107468|app: 0|req: 17/32] 10.222.0.30 () {60 vars in 1380 bytes} [Sun Oct 2 00:57:06 2022] GET /placement/allocations/7afd818e-d424-4a20-9cc0-c07ae4b3301e => generated 19 bytes in 23 msecs (HTTP/1.1 200) 8 headers in 295 bytes (2 switches on core 0)
Oct 02 00:57:06.950512 dv-neutron-master-2-hyperv devstack@placement-api.service[107469]: DEBUG placement.objects.research_context [req-06fb774f-3bc5-4025-acde-bd7b4579d1b6 req-f15b0b2b-ee50-4d71-aa49-42339bb5428e service placement] getting providers with 1 VCPU {{(pid=107469) __init__ /opt/stack/placement/placement/objects/research_context.py:136}}
Oct 02 00:57:06.950771 dv-neutron-master-2-hyperv devstack@placement-api.service[107468]: DEBUG placement.requestlog [req-45d7f1c7-4692-4b68-8269-07686a1be391 req-f209b562-d129-4b02-a3af-019624629044 None None] Starting request: 10.222.0.30 "PUT /placement/allocations/7afd818e-d424-4a20-9cc0-c07ae4b3301e" {{(pid=107468) __call__ /opt/stack/placement/placement/requestlog.py:55}}
Oct 02 00:57:06.957996 dv-neutron-master-2-hyperv devstack@placement-api.service[107469]: DEBUG placement.objects.research_context [req-06fb774f-3bc5-4025-acde-bd7b4579d1b6 req-f15b0b2b-ee50-4d71-aa49-42339bb5428e service placement] found 1 providers with available 1 DISK_GB {{(pid=107469) get_provider_ids_matching /opt/stack/placement/placement/objects/research_context.py:563}}
Oct 02 00:57:06.958269 dv-neutron-master-2-hyperv devstack@placement-api.service[107469]: DEBUG placement.objects.research_context [req-06fb774f-3bc5-4025-acde-bd7b4579d1b6 req-f15b0b2b-ee50-4d71-aa49-42339bb5428e service placement] found 1 providers with available 1024 MEMORY_MB {{(pid=107469) get_provider_ids_matching /opt/stack/placement/placement/objects/research_context.py:563}}
Oct 02 00:57:06.958742 dv-neutron-master-2-hyperv devstack@placement-api.service[107469]: DEBUG placement.objects.research_context [req-06fb774f-3bc5-4025-acde-bd7b4579d1b6 req-f15b0b2b-ee50-4d71-aa49-42339bb5428e service placement] found 1 providers after filtering by previous result {{(pid=107469) get_provider_ids_matching /opt/stack/placement/placement/objects/research_context.py:594}}
Oct 02 00:57:06.959002 dv-neutron-master-2-hyperv devstack@placement-api.service[107469]: DEBUG placement.objects.research_context [req-06fb774f-3bc5-4025-acde-bd7b4579d1b6 req-f15b0b2b-ee50-4d71-aa49-42339bb5428e service placement] found 1 providers with available 1 VCPU {{(pid=107469) get_provider_ids_matching /opt/stack/placement/placement/objects/research_context.py:563}}
Oct 02 00:57:06.959262 dv-neutron-master-2-hyperv devstack@placement-api.service[107469]: DEBUG placement.objects.research_context [req-06fb774f-3bc5-4025-acde-bd7b4579d1b6 req-f15b0b2b-ee50-4d71-aa49-42339bb5428e service placement] found 1 providers after filtering by previous result {{(pid=107469) get_provider_ids_matching /opt/stack/placement/placement/objects/research_context.py:594}}
Oct 02 00:57:06.978123 dv-neutron-master-2-hyperv devstack@placement-api.service[107469]: DEBUG placement.objects.allocation_candidate [req-06fb774f-3bc5-4025-acde-bd7b4579d1b6 req-f15b0b2b-ee50-4d71-aa49-42339bb5428e service placement] RequestGroup(use_same_provider=False, resources={DISK_GB:1, MEMORY_MB:1024, VCPU:1}, traits=(), aggregates=[]) (suffix '') returned 1 matches {{(pid=107469) _get_by_requests /opt/stack/placement/placement/objects/allocation_candidate.py:156}}
Oct 02 00:57:06.978474 dv-neutron-master-2-hyperv devstack@placement-api.service[107469]: DEBUG placement.objects.allocation_candidate [req-06fb774f-3bc5-4025-acde-bd7b4579d1b6 req-f15b0b2b-ee50-4d71-aa49-42339bb5428e service placement] Merging candidates yields 1 allocation requests and 1 provider summaries {{(pid=107469) _merge_candidates /opt/stack/placement/placement/objects/allocation_candidate.py:809}}
Oct 02 00:57:06.981893 dv-neutron-master-2-hyperv devstack@placement-api.service[107469]: INFO placement.requestlog [req-06fb774f-3bc5-4025-acde-bd7b4579d1b6 req-f15b0b2b-ee50-4d71-aa49-42339bb5428e service placement] 10.222.0.30 "GET /placement/allocation_candidates?limit=1000&resources=DISK_GB%3A1%2CMEMORY_MB%3A1024%2CVCPU%3A1&root_required=%21COMPUTE_STATUS_DISABLED" status: 200 len: 764 microversion: 1.36
Oct 02 00:57:06.983169 dv-neutron-master-2-hyperv devstack@placement-api.service[107469]: [pid: 107469|app: 0|req: 16/33] 10.222.0.30 () {60 vars in 1506 bytes} [Sun Oct 2 00:57:06 2022] GET /placement/allocation_candidates?limit=1000&resources=DISK_GB%3A1%2CMEMORY_MB%3A1024%2CVCPU%3A1&root_required=%21COMPUTE_STATUS_DISABLED => generated 764 bytes in 148 msecs (HTTP/1.1 200) 8 headers in 296 bytes (1 switches on core 0)
Oct 02 00:57:07.079019 dv-neutron-master-2-hyperv devstack@placement-api.service[107468]: DEBUG placement.handlers.allocation [req-45d7f1c7-4692-4b68-8269-07686a1be391 req-f209b562-d129-4b02-a3af-019624629044 service placement] Successfully wrote allocations [, , ] {{(pid=107468) _update_consumers_and_create_allocations /opt/stack/placement/placement/handlers/allocation.py:462}}
Oct 02 00:57:07.083706 dv-neutron-master-2-hyperv devstack@placement-api.service[107468]: INFO placement.requestlog [req-45d7f1c7-4692-4b68-8269-07686a1be391 req-f209b562-d129-4b02-a3af-019624629044 service placement] 10.222.0.30 "PUT /placement/allocations/7afd818e-d424-4a20-9cc0-c07ae4b3301e" status: 204 len: 0 microversion: 1.36
Oct 02 00:57:07.095141 dv-neutron-master-2-hyperv devstack@placement-api.service[107468]: [pid: 107468|app: 0|req: 18/34] 10.222.0.30 () {64 vars in 1433 bytes} [Sun Oct 2 00:57:06 2022] PUT /placement/allocations/7afd818e-d424-4a20-9cc0-c07ae4b3301e => generated 0 bytes in 134 msecs (HTTP/1.1 204) 5 headers in 199 bytes (1 switches on core 0)
Oct 02 00:57:07.145912 dv-neutron-master-2-hyperv devstack@placement-api.service[107469]: DEBUG placement.requestlog [req-06fb774f-3bc5-4025-acde-bd7b4579d1b6 req-a7887ade-29d0-4868-a262-254945282402 None None] Starting request: 10.222.0.30 "GET /placement/allocations/6bc99250-22db-44c6-b1e1-f57e5120b686" {{(pid=107469) __call__ /opt/stack/placement/placement/requestlog.py:55}}
Oct 02 00:57:07.164382 dv-neutron-master-2-hyperv devstack@placement-api.service[107469]: INFO placement.requestlog [req-06fb774f-3bc5-4025-acde-bd7b4579d1b6 req-a7887ade-29d0-4868-a262-254945282402 service placement] 10.222.0.30 "GET /placement/allocations/6bc99250-22db-44c6-b1e1-f57e5120b686" status: 200 len: 19 microversion: 1.28
Oct 02 00:57:07.170651 dv-neutron-master-2-hyperv devstack@placement-api.service[107469]: [pid: 107469|app: 0|req: 17/35] 10.222.0.30 () {60 vars in 1380 bytes} [Sun Oct 2 00:57:07 2022] GET /placement/allocations/6bc99250-22db-44c6-b1e1-f57e5120b686 => generated 19 bytes in 25 msecs (HTTP/1.1 200) 8 headers in 295 bytes (1 switches on core 0)
Oct 02 00:57:07.173770 dv-neutron-master-2-hyperv devstack@placement-api.service[107468]: DEBUG placement.requestlog [req-06fb774f-3bc5-4025-acde-bd7b4579d1b6 req-6e837ef0-a060-40c1-8a10-c4ec9dc84241 None None] Starting request: 10.222.0.30 "PUT /placement/allocations/6bc99250-22db-44c6-b1e1-f57e5120b686" {{(pid=107468) __call__ /opt/stack/placement/placement/requestlog.py:55}}
Oct 02 00:57:07.326873 dv-neutron-master-2-hyperv devstack@placement-api.service[107468]: DEBUG placement.handlers.allocation [req-06fb774f-3bc5-4025-acde-bd7b4579d1b6 req-6e837ef0-a060-40c1-8a10-c4ec9dc84241 service placement] Successfully wrote allocations [, , ] {{(pid=107468) _update_consumers_and_create_allocations /opt/stack/placement/placement/handlers/allocation.py:462}}
Oct 02 00:57:07.336508 dv-neutron-master-2-hyperv devstack@placement-api.service[107468]: INFO placement.requestlog [req-06fb774f-3bc5-4025-acde-bd7b4579d1b6 req-6e837ef0-a060-40c1-8a10-c4ec9dc84241 service placement] 10.222.0.30 "PUT /placement/allocations/6bc99250-22db-44c6-b1e1-f57e5120b686" status: 204 len: 0 microversion: 1.36
Oct 02 00:57:07.349769 dv-neutron-master-2-hyperv devstack@placement-api.service[107468]: [pid: 107468|app: 0|req: 19/36] 10.222.0.30 () {64 vars in 1433 bytes} [Sun Oct 2 00:57:07 2022] PUT /placement/allocations/6bc99250-22db-44c6-b1e1-f57e5120b686 => generated 0 bytes in 164 msecs (HTTP/1.1 204) 5 headers in 199 bytes (1 switches on core 0)
Oct 02 00:57:07.871457 dv-neutron-master-2-hyperv devstack@placement-api.service[107469]: DEBUG placement.requestlog [None req-a91a95b6-61d0-4459-803b-467d5e2759d3 None None] Starting request: 10.222.0.30 "GET /placement/resource_providers/bf23d435-da1e-4d4e-a196-cb264bd4e201/aggregates" {{(pid=107469) __call__ /opt/stack/placement/placement/requestlog.py:55}}
Oct 02 00:57:07.888138 dv-neutron-master-2-hyperv devstack@placement-api.service[107469]: INFO placement.requestlog [None req-a91a95b6-61d0-4459-803b-467d5e2759d3 service placement] 10.222.0.30 "GET /placement/resource_providers/bf23d435-da1e-4d4e-a196-cb264bd4e201/aggregates" status: 404 len: 235 microversion: 1.1
Oct 02 00:57:07.891462 dv-neutron-master-2-hyperv devstack@placement-api.service[107469]: [pid: 107469|app: 0|req: 18/37] 10.222.0.30 () {58 vars in 1362 bytes} [Sun Oct 2 00:57:07 2022] GET /placement/resource_providers/bf23d435-da1e-4d4e-a196-cb264bd4e201/aggregates => generated 235 bytes in 20 msecs (HTTP/1.1 404) 5 headers in 202 bytes (1 switches on core 0)
Oct 02 00:57:07.930781 dv-neutron-master-2-hyperv devstack@placement-api.service[107468]: DEBUG placement.requestlog [None req-853f1a0b-f21e-4b5f-b1f2-71b449fe203c None None] Starting request: 10.222.0.30 "DELETE /placement/resource_providers/bf23d435-da1e-4d4e-a196-cb264bd4e201" {{(pid=107468) __call__ /opt/stack/placement/placement/requestlog.py:55}}
Oct 02 00:57:07.947717 dv-neutron-master-2-hyperv devstack@placement-api.service[107468]: DEBUG placement.wsgi_wrapper [None req-853f1a0b-f21e-4b5f-b1f2-71b449fe203c service placement] Placement API returning an error response: No resource provider with uuid bf23d435-da1e-4d4e-a196-cb264bd4e201 found for delete {{(pid=107468) call_func /opt/stack/placement/placement/wsgi_wrapper.py:31}}
Oct 02 00:57:07.948462 dv-neutron-master-2-hyperv devstack@placement-api.service[107468]: INFO placement.requestlog [None req-853f1a0b-f21e-4b5f-b1f2-71b449fe203c service placement] 10.222.0.30 "DELETE /placement/resource_providers/bf23d435-da1e-4d4e-a196-cb264bd4e201" status: 404 len: 246 microversion: 1.1
Oct 02 00:57:07.948856 dv-neutron-master-2-hyperv devstack@placement-api.service[107468]: [pid: 107468|app: 0|req: 20/38] 10.222.0.30 () {60 vars in 1351 bytes} [Sun Oct 2 00:57:07 2022] DELETE /placement/resource_providers/bf23d435-da1e-4d4e-a196-cb264bd4e201 => generated 246 bytes in 18 msecs (HTTP/1.1 404) 6 headers in 231 bytes (2 switches on core 0)
Oct 02 00:57:08.181709 dv-neutron-master-2-hyperv devstack@placement-api.service[107469]: DEBUG placement.requestlog [req-45d7f1c7-4692-4b68-8269-07686a1be391 req-2501f7c3-4895-4bf5-bc90-aa795bb7d2a5 None None] Starting request: 10.222.0.33 "GET /placement/allocations/7afd818e-d424-4a20-9cc0-c07ae4b3301e" {{(pid=107469) __call__ /opt/stack/placement/placement/requestlog.py:55}}
Oct 02 00:57:08.226013 dv-neutron-master-2-hyperv devstack@placement-api.service[107469]: INFO placement.requestlog [req-45d7f1c7-4692-4b68-8269-07686a1be391 req-2501f7c3-4895-4bf5-bc90-aa795bb7d2a5 service placement] 10.222.0.33 "GET /placement/allocations/7afd818e-d424-4a20-9cc0-c07ae4b3301e" status: 200 len: 258 microversion: 1.28
Oct 02 00:57:08.226412 dv-neutron-master-2-hyperv devstack@placement-api.service[107469]: [pid: 107469|app: 0|req: 19/39] 10.222.0.33 () {60 vars in 1377 bytes} [Sun Oct 2 00:57:08 2022] GET /placement/allocations/7afd818e-d424-4a20-9cc0-c07ae4b3301e => generated 258 bytes in 45 msecs (HTTP/1.1 200) 8 headers in 296 bytes (1 switches on core 0)
Oct 02 00:57:08.252721 dv-neutron-master-2-hyperv devstack@placement-api.service[107468]: DEBUG placement.requestlog [req-06fb774f-3bc5-4025-acde-bd7b4579d1b6 req-433226b7-ab8e-47c2-8cb8-175f73af2934 None None] Starting request: 10.222.0.33 "GET /placement/allocations/6bc99250-22db-44c6-b1e1-f57e5120b686" {{(pid=107468) __call__ /opt/stack/placement/placement/requestlog.py:55}}
Oct 02 00:57:08.278414 dv-neutron-master-2-hyperv devstack@placement-api.service[107468]: INFO placement.requestlog [req-06fb774f-3bc5-4025-acde-bd7b4579d1b6 req-433226b7-ab8e-47c2-8cb8-175f73af2934 service placement] 10.222.0.33 "GET /placement/allocations/6bc99250-22db-44c6-b1e1-f57e5120b686" status: 200 len: 258 microversion: 1.28
Oct 02 00:57:08.279897 dv-neutron-master-2-hyperv devstack@placement-api.service[107468]: [pid: 107468|app: 0|req: 21/40] 10.222.0.33 () {60 vars in 1377 bytes} [Sun Oct 2 00:57:08 2022] GET /placement/allocations/6bc99250-22db-44c6-b1e1-f57e5120b686 => generated 258 bytes in 27 msecs (HTTP/1.1 200) 8 headers in 296 bytes (1 switches on core 0)
Oct 02 00:57:08.494663 dv-neutron-master-2-hyperv devstack@placement-api.service[107469]: DEBUG placement.requestlog [req-45d7f1c7-4692-4b68-8269-07686a1be391 req-982c941b-24d9-41af-97c1-e30014590656 None None] Starting request: 10.222.0.33 "GET /placement/resource_providers/890eb26b-2909-4a5e-939d-c1fdae4cfb0d/allocations" {{(pid=107469) __call__ /opt/stack/placement/placement/requestlog.py:55}}
Oct 02 00:57:08.526193 dv-neutron-master-2-hyperv devstack@placement-api.service[107469]: INFO placement.requestlog [req-45d7f1c7-4692-4b68-8269-07686a1be391 req-982c941b-24d9-41af-97c1-e30014590656 service placement] 10.222.0.33 "GET /placement/resource_providers/890eb26b-2909-4a5e-939d-c1fdae4cfb0d/allocations" status: 200 len: 254 microversion: 1.0
Oct 02 00:57:08.534715 dv-neutron-master-2-hyperv devstack@placement-api.service[107468]: DEBUG placement.requestlog [req-45d7f1c7-4692-4b68-8269-07686a1be391 req-1998a8b9-73fa-425f-952b-25fa6451d251 None None] Starting request: 10.222.0.33 "GET /placement/allocations/7afd818e-d424-4a20-9cc0-c07ae4b3301e" {{(pid=107468) __call__ /opt/stack/placement/placement/requestlog.py:55}}
Oct 02 00:57:08.549727 dv-neutron-master-2-hyperv devstack@placement-api.service[107469]: [pid: 107469|app: 0|req: 20/41] 10.222.0.33 () {58 vars in 1390 bytes} [Sun Oct 2 00:57:08 2022] GET /placement/resource_providers/890eb26b-2909-4a5e-939d-c1fdae4cfb0d/allocations => generated 254 bytes in 55 msecs (HTTP/1.1 200) 6 headers in 224 bytes (2 switches on core 0)
Oct 02 00:57:08.556142 dv-neutron-master-2-hyperv devstack@placement-api.service[107468]: INFO placement.requestlog [req-45d7f1c7-4692-4b68-8269-07686a1be391 req-1998a8b9-73fa-425f-952b-25fa6451d251 service placement] 10.222.0.33 "GET /placement/allocations/7afd818e-d424-4a20-9cc0-c07ae4b3301e" status: 200 len: 258 microversion: 1.28
Oct 02 00:57:08.557051 dv-neutron-master-2-hyperv devstack@placement-api.service[107468]: [pid: 107468|app: 0|req: 22/42] 10.222.0.33 () {60 vars in 1377 bytes} [Sun Oct 2 00:57:08 2022] GET /placement/allocations/7afd818e-d424-4a20-9cc0-c07ae4b3301e => generated 258 bytes in 22 msecs (HTTP/1.1 200) 8 headers in 296 bytes (1 switches on core 0)
Oct 02 00:57:08.577462 dv-neutron-master-2-hyperv devstack@placement-api.service[107469]: DEBUG placement.requestlog [req-45d7f1c7-4692-4b68-8269-07686a1be391 req-132071e7-e953-461f-98d6-8dcf29458349 None None] Starting request: 10.222.0.33 "GET /placement/allocations/6bc99250-22db-44c6-b1e1-f57e5120b686" {{(pid=107469) __call__ /opt/stack/placement/placement/requestlog.py:55}}
Oct 02 00:57:08.614236 dv-neutron-master-2-hyperv devstack@placement-api.service[107469]: INFO placement.requestlog [req-45d7f1c7-4692-4b68-8269-07686a1be391 req-132071e7-e953-461f-98d6-8dcf29458349 service placement] 10.222.0.33 "GET /placement/allocations/6bc99250-22db-44c6-b1e1-f57e5120b686" status: 200 len: 258 microversion: 1.28
Oct 02 00:57:08.614650 dv-neutron-master-2-hyperv devstack@placement-api.service[107469]: [pid: 107469|app: 0|req: 21/43] 10.222.0.33 () {60 vars in 1377 bytes} [Sun Oct 2 00:57:08 2022] GET /placement/allocations/6bc99250-22db-44c6-b1e1-f57e5120b686 => generated 258 bytes in 38 msecs (HTTP/1.1 200) 8 headers in 296 bytes (1 switches on core 0)
Oct 02 00:57:09.223490 dv-neutron-master-2-hyperv devstack@placement-api.service[107468]: DEBUG placement.requestlog [req-fb496d0c-3b11-4a2a-add4-5b24826da52e req-28191261-cde6-4b13-a355-7149515ad627 None None] Starting request: 10.222.0.30 "GET /placement/allocation_candidates?limit=1000&resources=DISK_GB%3A1%2CMEMORY_MB%3A1024%2CVCPU%3A1&root_required=%21COMPUTE_STATUS_DISABLED" {{(pid=107468) __call__ /opt/stack/placement/placement/requestlog.py:55}}
Oct 02 00:57:09.246845 dv-neutron-master-2-hyperv devstack@placement-api.service[107469]: DEBUG placement.requestlog [req-06fb774f-3bc5-4025-acde-bd7b4579d1b6 req-a2fca3df-aefc-4b6d-95c8-3ac96a983b55 None None] Starting request: 10.222.0.33 "GET /placement/resource_providers/890eb26b-2909-4a5e-939d-c1fdae4cfb0d/allocations" {{(pid=107469) __call__ /opt/stack/placement/placement/requestlog.py:55}}
Oct 02 00:57:09.277130 dv-neutron-master-2-hyperv devstack@placement-api.service[107469]: INFO placement.requestlog [req-06fb774f-3bc5-4025-acde-bd7b4579d1b6 req-a2fca3df-aefc-4b6d-95c8-3ac96a983b55 service placement] 10.222.0.33 "GET /placement/resource_providers/890eb26b-2909-4a5e-939d-c1fdae4cfb0d/allocations" status: 200 len: 254 microversion: 1.0
Oct 02 00:57:09.278101 dv-neutron-master-2-hyperv devstack@placement-api.service[107469]: [pid: 107469|app: 0|req: 22/44] 10.222.0.33 () {58 vars in 1390 bytes} [Sun Oct 2 00:57:09 2022] GET /placement/resource_providers/890eb26b-2909-4a5e-939d-c1fdae4cfb0d/allocations => generated 254 bytes in 31 msecs (HTTP/1.1 200) 6 headers in 224 bytes (1 switches on core 0)
Oct 02 00:57:09.293318 dv-neutron-master-2-hyperv devstack@placement-api.service[107469]: DEBUG placement.requestlog [req-06fb774f-3bc5-4025-acde-bd7b4579d1b6 req-1e3d6466-8b49-4d46-a734-d7e5ca2ba829 None None] Starting request: 10.222.0.33 "GET /placement/allocations/7afd818e-d424-4a20-9cc0-c07ae4b3301e" {{(pid=107469) __call__ /opt/stack/placement/placement/requestlog.py:55}}
Oct 02 00:57:09.325717 dv-neutron-master-2-hyperv devstack@placement-api.service[107468]: DEBUG placement.objects.research_context [req-fb496d0c-3b11-4a2a-add4-5b24826da52e req-28191261-cde6-4b13-a355-7149515ad627 service placement] getting providers with 1 DISK_GB {{(pid=107468) __init__ /opt/stack/placement/placement/objects/research_context.py:136}}
Oct 02 00:57:09.333892 dv-neutron-master-2-hyperv devstack@placement-api.service[107469]: INFO placement.requestlog [req-06fb774f-3bc5-4025-acde-bd7b4579d1b6 req-1e3d6466-8b49-4d46-a734-d7e5ca2ba829 service placement] 10.222.0.33 "GET /placement/allocations/7afd818e-d424-4a20-9cc0-c07ae4b3301e" status: 200 len: 258 microversion: 1.28
Oct 02 00:57:09.335032 dv-neutron-master-2-hyperv devstack@placement-api.service[107469]: [pid: 107469|app: 0|req: 23/45] 10.222.0.33 () {60 vars in 1377 bytes} [Sun Oct 2 00:57:09 2022] GET /placement/allocations/7afd818e-d424-4a20-9cc0-c07ae4b3301e => generated 258 bytes in 44 msecs (HTTP/1.1 200) 8 headers in 296 bytes (2 switches on core 0)
Oct 02 00:57:09.339645 dv-neutron-master-2-hyperv devstack@placement-api.service[107468]: DEBUG placement.objects.research_context [req-fb496d0c-3b11-4a2a-add4-5b24826da52e req-28191261-cde6-4b13-a355-7149515ad627 service placement] getting providers with 1024 MEMORY_MB {{(pid=107468) __init__ /opt/stack/placement/placement/objects/research_context.py:136}}
Oct 02 00:57:09.341373 dv-neutron-master-2-hyperv devstack@placement-api.service[107469]: DEBUG placement.requestlog [req-06fb774f-3bc5-4025-acde-bd7b4579d1b6 req-fb7d8a47-ba50-4ad4-9b3e-77912c222c9e None None] Starting request: 10.222.0.33 "GET /placement/allocations/6bc99250-22db-44c6-b1e1-f57e5120b686" {{(pid=107469) __call__ /opt/stack/placement/placement/requestlog.py:55}}
Oct 02 00:57:09.354472 dv-neutron-master-2-hyperv devstack@placement-api.service[107468]: DEBUG placement.objects.research_context [req-fb496d0c-3b11-4a2a-add4-5b24826da52e req-28191261-cde6-4b13-a355-7149515ad627 service placement] getting providers with 1 VCPU {{(pid=107468) __init__ /opt/stack/placement/placement/objects/research_context.py:136}}
Oct 02 00:57:09.366816 dv-neutron-master-2-hyperv devstack@placement-api.service[107468]: DEBUG placement.objects.research_context [req-fb496d0c-3b11-4a2a-add4-5b24826da52e req-28191261-cde6-4b13-a355-7149515ad627 service placement] found 1 providers with available 1 DISK_GB {{(pid=107468) get_provider_ids_matching /opt/stack/placement/placement/objects/research_context.py:563}}
Oct 02 00:57:09.369523 dv-neutron-master-2-hyperv devstack@placement-api.service[107468]: DEBUG placement.objects.research_context [req-fb496d0c-3b11-4a2a-add4-5b24826da52e req-28191261-cde6-4b13-a355-7149515ad627 service placement] found 1 providers with available 1024 MEMORY_MB {{(pid=107468) get_provider_ids_matching /opt/stack/placement/placement/objects/research_context.py:563}}
Oct 02 00:57:09.370836 dv-neutron-master-2-hyperv devstack@placement-api.service[107468]: DEBUG placement.objects.research_context [req-fb496d0c-3b11-4a2a-add4-5b24826da52e req-28191261-cde6-4b13-a355-7149515ad627 service placement] found 1 providers after filtering by previous result {{(pid=107468) get_provider_ids_matching /opt/stack/placement/placement/objects/research_context.py:594}}
Oct 02 00:57:09.371387 dv-neutron-master-2-hyperv devstack@placement-api.service[107468]: DEBUG placement.objects.research_context [req-fb496d0c-3b11-4a2a-add4-5b24826da52e req-28191261-cde6-4b13-a355-7149515ad627 service placement] found 1 providers with available 1 VCPU {{(pid=107468) get_provider_ids_matching /opt/stack/placement/placement/objects/research_context.py:563}}
Oct 02 00:57:09.372719 dv-neutron-master-2-hyperv devstack@placement-api.service[107468]: DEBUG placement.objects.research_context [req-fb496d0c-3b11-4a2a-add4-5b24826da52e req-28191261-cde6-4b13-a355-7149515ad627 service placement] found 1 providers after filtering by previous result {{(pid=107468) get_provider_ids_matching /opt/stack/placement/placement/objects/research_context.py:594}}
Oct 02 00:57:09.380344 dv-neutron-master-2-hyperv devstack@placement-api.service[107468]: DEBUG dbcounter [-] [107468] Writing DB stats placement:SELECT=80,placement:INSERT=12,placement:DELETE=4,placement:UPDATE=4 {{(pid=107468) stat_writer /usr/local/lib/python3.8/dist-packages/dbcounter.py:114}}
Oct 02 00:57:09.417061 dv-neutron-master-2-hyperv devstack@placement-api.service[107468]: DEBUG placement.objects.allocation_candidate [req-fb496d0c-3b11-4a2a-add4-5b24826da52e req-28191261-cde6-4b13-a355-7149515ad627 service placement] RequestGroup(use_same_provider=False, resources={DISK_GB:1, MEMORY_MB:1024, VCPU:1}, traits=(), aggregates=[]) (suffix '') returned 1 matches {{(pid=107468) _get_by_requests /opt/stack/placement/placement/objects/allocation_candidate.py:156}}
Oct 02 00:57:09.417564 dv-neutron-master-2-hyperv devstack@placement-api.service[107468]: DEBUG placement.objects.allocation_candidate [req-fb496d0c-3b11-4a2a-add4-5b24826da52e req-28191261-cde6-4b13-a355-7149515ad627 service placement] Merging candidates yields 1 allocation requests and 1 provider summaries {{(pid=107468) _merge_candidates /opt/stack/placement/placement/objects/allocation_candidate.py:809}}
Oct 02 00:57:09.418057 dv-neutron-master-2-hyperv devstack@placement-api.service[107469]: INFO placement.requestlog [req-06fb774f-3bc5-4025-acde-bd7b4579d1b6 req-fb7d8a47-ba50-4ad4-9b3e-77912c222c9e service placement] 10.222.0.33 "GET /placement/allocations/6bc99250-22db-44c6-b1e1-f57e5120b686" status: 200 len: 258 microversion: 1.28
Oct 02 00:57:09.418720 dv-neutron-master-2-hyperv devstack@placement-api.service[107469]: [pid: 107469|app: 0|req: 24/46] 10.222.0.33 () {60 vars in 1377 bytes} [Sun Oct 2 00:57:09 2022] GET /placement/allocations/6bc99250-22db-44c6-b1e1-f57e5120b686 => generated 258 bytes in 78 msecs (HTTP/1.1 200) 8 headers in 296 bytes (1 switches on core 0)
Oct 02 00:57:09.421279 dv-neutron-master-2-hyperv devstack@placement-api.service[107468]: INFO placement.requestlog [req-fb496d0c-3b11-4a2a-add4-5b24826da52e req-28191261-cde6-4b13-a355-7149515ad627 service placement] 10.222.0.30 "GET /placement/allocation_candidates?limit=1000&resources=DISK_GB%3A1%2CMEMORY_MB%3A1024%2CVCPU%3A1&root_required=%21COMPUTE_STATUS_DISABLED" status: 200 len: 767 microversion: 1.36
Oct 02 00:57:09.421925 dv-neutron-master-2-hyperv devstack@placement-api.service[107468]: [pid: 107468|app: 0|req: 23/47] 10.222.0.30 () {60 vars in 1506 bytes} [Sun Oct 2 00:57:09 2022] GET /placement/allocation_candidates?limit=1000&resources=DISK_GB%3A1%2CMEMORY_MB%3A1024%2CVCPU%3A1&root_required=%21COMPUTE_STATUS_DISABLED => generated 767 bytes in 199 msecs (HTTP/1.1 200) 8 headers in 296 bytes (1 switches on core 0)
Oct 02 00:57:09.479898 dv-neutron-master-2-hyperv devstack@placement-api.service[107469]: DEBUG placement.requestlog [req-fb496d0c-3b11-4a2a-add4-5b24826da52e req-2c8431ff-acd3-46ac-bb33-a5a6a6b97550 None None] Starting request: 10.222.0.30 "GET /placement/allocations/6e53fce9-2846-4089-85b2-56bba1581292" {{(pid=107469) __call__ /opt/stack/placement/placement/requestlog.py:55}}
Oct 02 00:57:09.497489 dv-neutron-master-2-hyperv devstack@placement-api.service[107469]: INFO placement.requestlog [req-fb496d0c-3b11-4a2a-add4-5b24826da52e req-2c8431ff-acd3-46ac-bb33-a5a6a6b97550 service placement] 10.222.0.30 "GET /placement/allocations/6e53fce9-2846-4089-85b2-56bba1581292" status: 200 len: 19 microversion: 1.28
Oct 02 00:57:09.500361 dv-neutron-master-2-hyperv devstack@placement-api.service[107469]: [pid: 107469|app: 0|req: 25/48] 10.222.0.30 () {60 vars in 1380 bytes} [Sun Oct 2 00:57:09 2022] GET /placement/allocations/6e53fce9-2846-4089-85b2-56bba1581292 => generated 19 bytes in 21 msecs (HTTP/1.1 200) 8 headers in 295 bytes (1 switches on core 0)
Oct 02 00:57:09.509175 dv-neutron-master-2-hyperv devstack@placement-api.service[107468]: DEBUG placement.requestlog [req-fb496d0c-3b11-4a2a-add4-5b24826da52e req-8b4aaa45-4ddb-4137-a867-d0d37fa28776 None None] Starting request: 10.222.0.30 "PUT /placement/allocations/6e53fce9-2846-4089-85b2-56bba1581292" {{(pid=107468) __call__ /opt/stack/placement/placement/requestlog.py:55}}
Oct 02 00:57:09.693259 dv-neutron-master-2-hyperv devstack@placement-api.service[107468]: DEBUG placement.handlers.allocation [req-fb496d0c-3b11-4a2a-add4-5b24826da52e req-8b4aaa45-4ddb-4137-a867-d0d37fa28776 service placement] Successfully wrote allocations [, , ] {{(pid=107468) _update_consumers_and_create_allocations /opt/stack/placement/placement/handlers/allocation.py:462}}
Oct 02 00:57:09.701739 dv-neutron-master-2-hyperv devstack@placement-api.service[107468]: INFO placement.requestlog [req-fb496d0c-3b11-4a2a-add4-5b24826da52e req-8b4aaa45-4ddb-4137-a867-d0d37fa28776 service placement] 10.222.0.30 "PUT /placement/allocations/6e53fce9-2846-4089-85b2-56bba1581292" status: 204 len: 0 microversion: 1.36
Oct 02 00:57:09.702137 dv-neutron-master-2-hyperv devstack@placement-api.service[107468]: [pid: 107468|app: 0|req: 24/49] 10.222.0.30 () {64 vars in 1433 bytes} [Sun Oct 2 00:57:09 2022] PUT /placement/allocations/6e53fce9-2846-4089-85b2-56bba1581292 => generated 0 bytes in 193 msecs (HTTP/1.1 204) 5 headers in 199 bytes (1 switches on core 0)
Oct 02 00:57:10.007262 dv-neutron-master-2-hyperv devstack@placement-api.service[107469]: DEBUG placement.requestlog [None req-894172b2-958d-4ccf-839a-8c4dd890782f None None] Starting request: 10.222.0.30 "GET /placement/resource_providers/12985fcd-f1ef-49b3-b518-90762658d56f/aggregates" {{(pid=107469) __call__ /opt/stack/placement/placement/requestlog.py:55}}
Oct 02 00:57:10.025760 dv-neutron-master-2-hyperv devstack@placement-api.service[107469]: INFO placement.requestlog [None req-894172b2-958d-4ccf-839a-8c4dd890782f service placement] 10.222.0.30 "GET /placement/resource_providers/12985fcd-f1ef-49b3-b518-90762658d56f/aggregates" status: 404 len: 235 microversion: 1.1
Oct 02 00:57:10.026609 dv-neutron-master-2-hyperv devstack@placement-api.service[107469]: [pid: 107469|app: 0|req: 26/50] 10.222.0.30 () {58 vars in 1362 bytes} [Sun Oct 2 00:57:10 2022] GET /placement/resource_providers/12985fcd-f1ef-49b3-b518-90762658d56f/aggregates => generated 235 bytes in 20 msecs (HTTP/1.1 404) 5 headers in 202 bytes (1 switches on core 0)
Oct 02 00:57:10.081793 dv-neutron-master-2-hyperv devstack@placement-api.service[107468]: DEBUG placement.requestlog [None req-96fd181b-1a73-4352-a29d-80ec1399c6e2 None None] Starting request: 10.222.0.30 "DELETE /placement/resource_providers/12985fcd-f1ef-49b3-b518-90762658d56f" {{(pid=107468) __call__ /opt/stack/placement/placement/requestlog.py:55}}
Oct 02 00:57:10.097512 dv-neutron-master-2-hyperv devstack@placement-api.service[107468]: DEBUG placement.wsgi_wrapper [None req-96fd181b-1a73-4352-a29d-80ec1399c6e2 service placement] Placement API returning an error response: No resource provider with uuid 12985fcd-f1ef-49b3-b518-90762658d56f found for delete {{(pid=107468) call_func /opt/stack/placement/placement/wsgi_wrapper.py:31}}
Oct 02 00:57:10.099741 dv-neutron-master-2-hyperv devstack@placement-api.service[107468]: INFO placement.requestlog [None req-96fd181b-1a73-4352-a29d-80ec1399c6e2 service placement] 10.222.0.30 "DELETE /placement/resource_providers/12985fcd-f1ef-49b3-b518-90762658d56f" status: 404 len: 246 microversion: 1.1
Oct 02 00:57:10.101183 dv-neutron-master-2-hyperv devstack@placement-api.service[107468]: [pid: 107468|app: 0|req: 25/51] 10.222.0.30 () {60 vars in 1351 bytes} [Sun Oct 2 00:57:10 2022] DELETE /placement/resource_providers/12985fcd-f1ef-49b3-b518-90762658d56f => generated 246 bytes in 20 msecs (HTTP/1.1 404) 6 headers in 231 bytes (1 switches on core 0)
Oct 02 00:57:10.242195 dv-neutron-master-2-hyperv devstack@placement-api.service[107469]: DEBUG placement.requestlog [req-fb496d0c-3b11-4a2a-add4-5b24826da52e req-bb104a72-ff55-4b32-985f-a6fc45b58ae4 None None] Starting request: 10.222.0.33 "GET /placement/allocations/6e53fce9-2846-4089-85b2-56bba1581292" {{(pid=107469) __call__ /opt/stack/placement/placement/requestlog.py:55}}
Oct 02 00:57:10.266740 dv-neutron-master-2-hyperv devstack@placement-api.service[107469]: INFO placement.requestlog [req-fb496d0c-3b11-4a2a-add4-5b24826da52e req-bb104a72-ff55-4b32-985f-a6fc45b58ae4 service placement] 10.222.0.33 "GET /placement/allocations/6e53fce9-2846-4089-85b2-56bba1581292" status: 200 len: 258 microversion: 1.28
Oct 02 00:57:10.270596 dv-neutron-master-2-hyperv devstack@placement-api.service[107469]: [pid: 107469|app: 0|req: 27/52] 10.222.0.33 () {60 vars in 1377 bytes} [Sun Oct 2 00:57:10 2022] GET /placement/allocations/6e53fce9-2846-4089-85b2-56bba1581292 => generated 258 bytes in 29 msecs (HTTP/1.1 200) 8 headers in 296 bytes (1 switches on core 0)
Oct 02 00:57:10.472375 dv-neutron-master-2-hyperv devstack@placement-api.service[107468]: DEBUG placement.requestlog [req-fb496d0c-3b11-4a2a-add4-5b24826da52e req-7fe4ea22-f0c6-4fec-8418-3c6ea9334adf None None] Starting request: 10.222.0.33 "GET /placement/resource_providers/890eb26b-2909-4a5e-939d-c1fdae4cfb0d/allocations" {{(pid=107468) __call__ /opt/stack/placement/placement/requestlog.py:55}}
Oct 02 00:57:10.517441 dv-neutron-master-2-hyperv devstack@placement-api.service[107468]: INFO placement.requestlog [req-fb496d0c-3b11-4a2a-add4-5b24826da52e req-7fe4ea22-f0c6-4fec-8418-3c6ea9334adf service placement] 10.222.0.33 "GET /placement/resource_providers/890eb26b-2909-4a5e-939d-c1fdae4cfb0d/allocations" status: 200 len: 355 microversion: 1.0
Oct 02 00:57:10.517810 dv-neutron-master-2-hyperv devstack@placement-api.service[107468]: [pid: 107468|app: 0|req: 26/53] 10.222.0.33 () {58 vars in 1390 bytes} [Sun Oct 2 00:57:10 2022] GET /placement/resource_providers/890eb26b-2909-4a5e-939d-c1fdae4cfb0d/allocations => generated 355 bytes in 46 msecs (HTTP/1.1 200) 6 headers in 224 bytes (1 switches on core 0)
Oct 02 00:57:10.524715 dv-neutron-master-2-hyperv devstack@placement-api.service[107469]: DEBUG placement.requestlog [req-fb496d0c-3b11-4a2a-add4-5b24826da52e req-5e2a49f9-d772-4a2e-9df9-3f552453fc9a None None] Starting request: 10.222.0.33 "GET /placement/allocations/6e53fce9-2846-4089-85b2-56bba1581292" {{(pid=107469) __call__ /opt/stack/placement/placement/requestlog.py:55}}
Oct 02 00:57:10.546704 dv-neutron-master-2-hyperv devstack@placement-api.service[107469]: INFO placement.requestlog [req-fb496d0c-3b11-4a2a-add4-5b24826da52e req-5e2a49f9-d772-4a2e-9df9-3f552453fc9a service placement] 10.222.0.33 "GET /placement/allocations/6e53fce9-2846-4089-85b2-56bba1581292" status: 200 len: 258 microversion: 1.28
Oct 02 00:57:10.548129 dv-neutron-master-2-hyperv devstack@placement-api.service[107469]: [pid: 107469|app: 0|req: 28/54] 10.222.0.33 () {60 vars in 1377 bytes} [Sun Oct 2 00:57:10 2022] GET /placement/allocations/6e53fce9-2846-4089-85b2-56bba1581292 => generated 258 bytes in 24 msecs (HTTP/1.1 200) 8 headers in 296 bytes (1 switches on core 0)
Oct 02 00:57:10.555869 dv-neutron-master-2-hyperv devstack@placement-api.service[107468]: DEBUG placement.requestlog [req-fb496d0c-3b11-4a2a-add4-5b24826da52e req-616b342d-a806-469e-94cf-dcafa33ad4b1 None None] Starting request: 10.222.0.33 "GET /placement/allocations/7afd818e-d424-4a20-9cc0-c07ae4b3301e" {{(pid=107468) __call__ /opt/stack/placement/placement/requestlog.py:55}}
Oct 02 00:57:10.572772 dv-neutron-master-2-hyperv devstack@placement-api.service[107468]: INFO placement.requestlog [req-fb496d0c-3b11-4a2a-add4-5b24826da52e req-616b342d-a806-469e-94cf-dcafa33ad4b1 service placement] 10.222.0.33 "GET /placement/allocations/7afd818e-d424-4a20-9cc0-c07ae4b3301e" status: 200 len: 258 microversion: 1.28
Oct 02 00:57:10.574425 dv-neutron-master-2-hyperv devstack@placement-api.service[107468]: [pid: 107468|app: 0|req: 27/55] 10.222.0.33 () {60 vars in 1377 bytes} [Sun Oct 2 00:57:10 2022] GET /placement/allocations/7afd818e-d424-4a20-9cc0-c07ae4b3301e => generated 258 bytes in 19 msecs (HTTP/1.1 200) 8 headers in 296 bytes (1 switches on core 0)
Oct 02 00:57:10.582351 dv-neutron-master-2-hyperv devstack@placement-api.service[107469]: DEBUG placement.requestlog [req-fb496d0c-3b11-4a2a-add4-5b24826da52e req-681ec877-073c-4329-ab0c-439baa7ec136 None None] Starting request: 10.222.0.33 "GET /placement/allocations/6bc99250-22db-44c6-b1e1-f57e5120b686" {{(pid=107469) __call__ /opt/stack/placement/placement/requestlog.py:55}}
Oct 02 00:57:10.604070 dv-neutron-master-2-hyperv devstack@placement-api.service[107469]: INFO placement.requestlog [req-fb496d0c-3b11-4a2a-add4-5b24826da52e req-681ec877-073c-4329-ab0c-439baa7ec136 service placement] 10.222.0.33 "GET /placement/allocations/6bc99250-22db-44c6-b1e1-f57e5120b686" status: 200 len: 258 microversion: 1.28
Oct 02 00:57:10.604374 dv-neutron-master-2-hyperv devstack@placement-api.service[107469]: [pid: 107469|app: 0|req: 29/56] 10.222.0.33 () {60 vars in 1377 bytes} [Sun Oct 2 00:57:10 2022] GET /placement/allocations/6bc99250-22db-44c6-b1e1-f57e5120b686 => generated 258 bytes in 22 msecs (HTTP/1.1 200) 8 headers in 296 bytes (1 switches on core 0)
Oct 02 00:57:12.158483 dv-neutron-master-2-hyperv devstack@placement-api.service[107468]: DEBUG placement.requestlog [None req-a45ea8fa-de86-41fe-ad4e-6ec323244148 None None] Starting request: 10.222.0.30 "GET /placement/resource_providers/450fcc37-9db3-4686-a050-e861ea056e52/aggregates" {{(pid=107468) __call__ /opt/stack/placement/placement/requestlog.py:55}}
Oct 02 00:57:12.171949 dv-neutron-master-2-hyperv devstack@placement-api.service[107468]: INFO placement.requestlog [None req-a45ea8fa-de86-41fe-ad4e-6ec323244148 service placement] 10.222.0.30 "GET /placement/resource_providers/450fcc37-9db3-4686-a050-e861ea056e52/aggregates" status: 404 len: 235 microversion: 1.1
Oct 02 00:57:12.172325 dv-neutron-master-2-hyperv devstack@placement-api.service[107468]: [pid: 107468|app: 0|req: 28/57] 10.222.0.30 () {58 vars in 1362 bytes} [Sun Oct 2 00:57:12 2022] GET /placement/resource_providers/450fcc37-9db3-4686-a050-e861ea056e52/aggregates => generated 235 bytes in 15 msecs (HTTP/1.1 404) 5 headers in 202 bytes (1 switches on core 0)
Oct 02 00:57:12.377970 dv-neutron-master-2-hyperv devstack@placement-api.service[107469]: DEBUG placement.requestlog [None req-a5388a98-04ad-464b-8c9d-103f6539dcff None None] Starting request: 10.222.0.30 "DELETE /placement/resource_providers/450fcc37-9db3-4686-a050-e861ea056e52" {{(pid=107469) __call__ /opt/stack/placement/placement/requestlog.py:55}}
Oct 02 00:57:12.398817 dv-neutron-master-2-hyperv devstack@placement-api.service[107469]: DEBUG placement.wsgi_wrapper [None req-a5388a98-04ad-464b-8c9d-103f6539dcff service placement] Placement API returning an error response: No resource provider with uuid 450fcc37-9db3-4686-a050-e861ea056e52 found for delete {{(pid=107469) call_func /opt/stack/placement/placement/wsgi_wrapper.py:31}}
Oct 02 00:57:12.399874 dv-neutron-master-2-hyperv devstack@placement-api.service[107469]: INFO placement.requestlog [None req-a5388a98-04ad-464b-8c9d-103f6539dcff service placement] 10.222.0.30 "DELETE /placement/resource_providers/450fcc37-9db3-4686-a050-e861ea056e52" status: 404 len: 246 microversion: 1.1
Oct 02 00:57:12.400572 dv-neutron-master-2-hyperv devstack@placement-api.service[107469]: [pid: 107469|app: 0|req: 30/58] 10.222.0.30 () {60 vars in 1351 bytes} [Sun Oct 2 00:57:12 2022] DELETE /placement/resource_providers/450fcc37-9db3-4686-a050-e861ea056e52 => generated 246 bytes in 23 msecs (HTTP/1.1 404) 6 headers in 231 bytes (1 switches on core 0)
Oct 02 00:57:22.168639 dv-neutron-master-2-hyperv devstack@placement-api.service[107468]: DEBUG dbcounter [-] [107468] Writing DB stats placement:SELECT=31,placement:INSERT=6,placement:DELETE=2,placement:UPDATE=2 {{(pid=107468) stat_writer /usr/local/lib/python3.8/dist-packages/dbcounter.py:114}}
Oct 02 00:57:22.396723 dv-neutron-master-2-hyperv devstack@placement-api.service[107469]: DEBUG dbcounter [-] [107469] Writing DB stats placement:SELECT=78 {{(pid=107469) stat_writer /usr/local/lib/python3.8/dist-packages/dbcounter.py:114}}
Oct 02 00:57:38.096795 dv-neutron-master-2-hyperv devstack@placement-api.service[107468]: DEBUG placement.requestlog [None req-366e8443-f6d0-4454-b6c9-83cbac5cde10 None None] Starting request: 10.222.0.30 "GET /placement/resource_providers/9382845e-0ab7-441c-8a80-f443136e30a8/aggregates" {{(pid=107468) __call__ /opt/stack/placement/placement/requestlog.py:55}}
