Sep 04 00:53:54.174980 dv-neutron-master-2-hyperv neutron-server[107053]: DEBUG neutron_lib.callbacks.manager [None req-d0da7b27-dab1-4cda-b954-90a46c0cfec4 None None] Publish callbacks [] for ovs_bridge_name (None), before_read {{(pid=107053) _notify_loop /usr/local/lib/python3.8/dist-packages/neutron_lib/callbacks/manager.py:176}}
Sep 04 00:53:54.175377 dv-neutron-master-2-hyperv neutron-server[107053]: DEBUG neutron.plugins.ml2.drivers.mech_agent [None req-d0da7b27-dab1-4cda-b954-90a46c0cfec4 None None] Bound using segment: {'id': 'ca9c3d6c-e597-470d-9c2a-3c716dc385fd', 'network_type': 'vlan', 'physical_network': 'physnet1', 'segmentation_id': 307, 'network_id': '99864de8-2662-49f4-8fbe-cb538163b37c'} {{(pid=107053) bind_port /opt/stack/neutron/neutron/plugins/ml2/drivers/mech_agent.py:120}}
Sep 04 00:53:54.175844 dv-neutron-master-2-hyperv neutron-server[107053]: DEBUG neutron.plugins.ml2.managers [None req-d0da7b27-dab1-4cda-b954-90a46c0cfec4 None None] Bound port: 56311aea-a358-4a16-9e94-0cb58d6a0d12, host: dv-neutron-master-2-hyperv, vif_type: ovs, vif_details: {"connectivity": "l2", "port_filter": true, "ovs_hybrid_plug": false, "datapath_type": "system", "bridge_name": "br-int"}, binding_levels: [{'bound_driver': 'openvswitch', 'bound_segment': {'id': 'ca9c3d6c-e597-470d-9c2a-3c716dc385fd', 'network_type': 'vlan', 'physical_network': 'physnet1', 'segmentation_id': 307, 'network_id': '99864de8-2662-49f4-8fbe-cb538163b37c'}}] {{(pid=107053) _bind_port_level /opt/stack/neutron/neutron/plugins/ml2/managers.py:947}}
Sep 04 00:53:54.176215 dv-neutron-master-2-hyperv neutron-server[107053]: DEBUG neutron_lib.callbacks.manager [None req-d0da7b27-dab1-4cda-b954-90a46c0cfec4 None None] Publish callbacks ['neutron.plugins.ml2.plugin.SecurityGroupDbMixin._ensure_default_security_group_handler-1731504'] for port (56311aea-a358-4a16-9e94-0cb58d6a0d12), before_update {{(pid=107053) _notify_loop /usr/local/lib/python3.8/dist-packages/neutron_lib/callbacks/manager.py:176}}
Sep 04 00:53:54.210779 dv-neutron-master-2-hyperv neutron-server[107053]: DEBUG neutron.plugins.ml2.db [None req-a4d2340c-2fe5-4976-9a09-94005b88ddd0 None None] For port 941a7b4c-8c9e-466d-b33c-b60b6d754c22, host dv-neutron-master-2-hyperv, got binding levels [PortBindingLevel(driver='openvswitch',host='dv-neutron-master-2-hyperv',level=0,port_id=941a7b4c-8c9e-466d-b33c-b60b6d754c22,segment=NetworkSegment(39728cee-fd03-4338-9d5f-5c7fc8db6a0e),segment_id=39728cee-fd03-4338-9d5f-5c7fc8db6a0e)] {{(pid=107053) get_binding_level_objs /opt/stack/neutron/neutron/plugins/ml2/db.py:74}}
Sep 04 00:53:54.227163 dv-neutron-master-2-hyperv neutron-server[107053]: DEBUG neutron_lib.callbacks.manager [None req-a4d2340c-2fe5-4976-9a09-94005b88ddd0 None None] Publish callbacks ['neutron.plugins.ml2.plugin.SecurityGroupServerNotifierRpcMixin._notify_sg_on_port_change-1731571', 'neutron.plugins.ml2.ovo_rpc._ObjectChangeHandler.handle_event-951181', 'neutron.api.rpc.agentnotifiers.dhcp_rpc_agent_api.DhcpAgentNotifyAPI._native_event_send_dhcp_notification-530085', 'neutron.db.l3_db.L3RpcNotifierMixin._notify_gateway_port_ip_changed-8770824995970', 'neutron.db.l3_dvrscheduler_db._notify_l3_agent_port_update-8770824550777', 'neutron.db.l3_hascheduler_db._notify_l3_agent_ha_port_update-8770824550795'] for port (941a7b4c-8c9e-466d-b33c-b60b6d754c22), after_update {{(pid=107053) _notify_loop /usr/local/lib/python3.8/dist-packages/neutron_lib/callbacks/manager.py:176}}
Sep 04 00:53:54.241032 dv-neutron-master-2-hyperv neutron-server[107051]: DEBUG neutron_lib.callbacks.manager [None req-346a2018-fb24-4d58-8087-dfee093b9652 tempest-DHCPAgentSchedulersTestJSON-195487524 tempest-DHCPAgentSchedulersTestJSON-195487524-project] Publish callbacks [] for security_group (013c8b99-3b23-42c3-ae8d-56b8f66052b1), precommit_create {{(pid=107051) _notify_loop /usr/local/lib/python3.8/dist-packages/neutron_lib/callbacks/manager.py:176}}
Sep 04 00:53:54.244950 dv-neutron-master-2-hyperv neutron-server[107051]: DEBUG neutron.pecan_wsgi.hooks.quota_enforcement [None req-776f3ff8-61ae-438e-b302-8e8fa79f5c10 tempest-PortsAdminExtendedAttrsIpV6TestJSON-1733498729 tempest-PortsAdminExtendedAttrsIpV6TestJSON-1733498729-project-admin] Made reservation on behalf of 6d5d4b92ed0b495d96e7f00975d29a9c for: {'port': 1} {{(pid=107051) before /opt/stack/neutron/neutron/pecan_wsgi/hooks/quota_enforcement.py:53}}
Sep 04 00:53:54.246662 dv-neutron-master-2-hyperv neutron-server[107051]: DEBUG neutron_lib.callbacks.manager [None req-776f3ff8-61ae-438e-b302-8e8fa79f5c10 tempest-PortsAdminExtendedAttrsIpV6TestJSON-1733498729 tempest-PortsAdminExtendedAttrsIpV6TestJSON-1733498729-project-admin] Publish callbacks ['neutron.plugins.ml2.plugin.SecurityGroupDbMixin._ensure_default_security_group_handler-1731504'] for port (None), before_create {{(pid=107051) _notify_loop /usr/local/lib/python3.8/dist-packages/neutron_lib/callbacks/manager.py:176}}
Sep 04 00:53:54.274784 dv-neutron-master-2-hyperv neutron-server[107051]: DEBUG neutron_lib.callbacks.manager [None req-346a2018-fb24-4d58-8087-dfee093b9652 tempest-DHCPAgentSchedulersTestJSON-195487524 tempest-DHCPAgentSchedulersTestJSON-195487524-project] Publish callbacks ['neutron.plugins.ml2.ovo_rpc._ObjectChangeHandler.handle_event-643221'] for security_group (013c8b99-3b23-42c3-ae8d-56b8f66052b1), after_create {{(pid=107051) _notify_loop /usr/local/lib/python3.8/dist-packages/neutron_lib/callbacks/manager.py:176}}
Sep 04 00:53:54.277007 dv-neutron-master-2-hyperv neutron-server[107052]: DEBUG neutron_lib.callbacks.manager [None req-33c294ea-584d-40bc-8f89-0332a15bae8d tempest-QuotasNegativeTest-1929218435 tempest-QuotasNegativeTest-1929218435-project-admin] Publish callbacks ['neutron.plugins.ml2.plugin.Ml2Plugin._handle_segment_change-1393584'] for segment (f9560f9b-cd11-4db1-92c2-e1dc3373e634), precommit_create {{(pid=107052) _notify_loop /usr/local/lib/python3.8/dist-packages/neutron_lib/callbacks/manager.py:176}}
Sep 04 00:53:54.277418 dv-neutron-master-2-hyperv neutron-server[107052]: INFO neutron.db.segments_db [None req-33c294ea-584d-40bc-8f89-0332a15bae8d tempest-QuotasNegativeTest-1929218435 tempest-QuotasNegativeTest-1929218435-project-admin] Added segment f9560f9b-cd11-4db1-92c2-e1dc3373e634 of type vlan for network 855edf09-e799-4103-8da9-4bd87864a103
Sep 04 00:53:54.299359 dv-neutron-master-2-hyperv neutron-server[107051]: DEBUG neutron_lib.callbacks.manager [None req-785d7379-d9ef-4c66-8630-2a55b985ff24 tempest-FloatingIPAdminTestJSON-411810993 tempest-FloatingIPAdminTestJSON-411810993-project] Publish callbacks ['neutron.plugins.ml2.plugin.SecurityGroupDbMixin._ensure_default_security_group_handler-1731504'] for port (None), before_create {{(pid=107051) _notify_loop /usr/local/lib/python3.8/dist-packages/neutron_lib/callbacks/manager.py:176}}
Sep 04 00:53:54.309973 dv-neutron-master-2-hyperv neutron-server[107051]: DEBUG neutron_lib.callbacks.manager [None req-776f3ff8-61ae-438e-b302-8e8fa79f5c10 tempest-PortsAdminExtendedAttrsIpV6TestJSON-1733498729 tempest-PortsAdminExtendedAttrsIpV6TestJSON-1733498729-project-admin] Publish callbacks [] for security_group (None), before_create {{(pid=107051) _notify_loop /usr/local/lib/python3.8/dist-packages/neutron_lib/callbacks/manager.py:176}}
Sep 04 00:53:54.313723 dv-neutron-master-2-hyperv neutron-server[107053]: DEBUG neutron_lib.callbacks.manager [None req-bf883a14-b1fb-4456-82cd-7515daf65e20 None None] Publish callbacks [] for port (f48efb05-10ae-4a49-808e-39e2b8aeac02), precommit_create {{(pid=107053) _notify_loop /usr/local/lib/python3.8/dist-packages/neutron_lib/callbacks/manager.py:176}}
Sep 04 00:53:54.360972 dv-neutron-master-2-hyperv neutron-server[107051]: DEBUG neutron.plugins.ml2.drivers.helpers [None req-346a2018-fb24-4d58-8087-dfee093b9652 tempest-DHCPAgentSchedulersTestJSON-195487524 tempest-DHCPAgentSchedulersTestJSON-195487524-project] vlan segment allocate from pool success with {'vlan_id': 312, 'physical_network': 'physnet1'} {{(pid=107051) allocate_partially_specified_segment /opt/stack/neutron/neutron/plugins/ml2/drivers/helpers.py:153}}
Sep 04 00:53:54.364845 dv-neutron-master-2-hyperv neutron-server[107053]: DEBUG neutron_lib.callbacks.manager [None req-bf883a14-b1fb-4456-82cd-7515daf65e20 None None] Publish callbacks ['neutron.plugins.ml2.plugin.SecurityGroupServerNotifierRpcMixin._notify_sg_on_port_change-1731571', 'neutron.plugins.ml2.ovo_rpc._ObjectChangeHandler.handle_event-951181', 'neutron.api.rpc.agentnotifiers.dhcp_rpc_agent_api.DhcpAgentNotifyAPI._native_event_send_dhcp_notification-530085', 'neutron.db.l3_dvrscheduler_db._notify_l3_agent_new_port-8770824550759'] for port (f48efb05-10ae-4a49-808e-39e2b8aeac02), after_create {{(pid=107053) _notify_loop /usr/local/lib/python3.8/dist-packages/neutron_lib/callbacks/manager.py:176}}
Sep 04 00:53:54.376417 dv-neutron-master-2-hyperv neutron-server[107051]: DEBUG neutron_lib.callbacks.manager [None req-346a2018-fb24-4d58-8087-dfee093b9652 tempest-DHCPAgentSchedulersTestJSON-195487524 tempest-DHCPAgentSchedulersTestJSON-195487524-project] Publish callbacks ['neutron.plugins.ml2.plugin.Ml2Plugin._handle_segment_change-1393584'] for segment (661f5697-5e7a-4771-9dd2-0b8beed1da84), precommit_create {{(pid=107051) _notify_loop /usr/local/lib/python3.8/dist-packages/neutron_lib/callbacks/manager.py:176}}
Sep 04 00:53:54.376762 dv-neutron-master-2-hyperv neutron-server[107051]: INFO neutron.db.segments_db [None req-346a2018-fb24-4d58-8087-dfee093b9652 tempest-DHCPAgentSchedulersTestJSON-195487524 tempest-DHCPAgentSchedulersTestJSON-195487524-project] Added segment 661f5697-5e7a-4771-9dd2-0b8beed1da84 of type vlan for network a0fcc3de-2d2b-4702-b424-d12ab638afd4
Sep 04 00:53:54.403497 dv-neutron-master-2-hyperv neutron-server[107053]: DEBUG neutron.api.rpc.handlers.resources_rpc [None req-a4d2340c-2fe5-4976-9a09-94005b88ddd0 None None] Pushing event updated for resources: {'Port': ['ID=941a7b4c-8c9e-466d-b33c-b60b6d754c22,revision_number=3']} {{(pid=107053) push /opt/stack/neutron/neutron/api/rpc/handlers/resources_rpc.py:237}}
Sep 04 00:53:54.428254 dv-neutron-master-2-hyperv neutron-server[107053]: DEBUG neutron.plugins.ml2.plugin [None req-5f88194d-57bc-4b80-bf97-91c9f06c820c None None] Current status of the port 941a7b4c-8c9e-466d-b33c-b60b6d754c22 is: ACTIVE; New status is: ACTIVE {{(pid=107053) _update_individual_port_db_status /opt/stack/neutron/neutron/plugins/ml2/plugin.py:2302}}
Sep 04 00:53:54.447102 dv-neutron-master-2-hyperv neutron-server[107053]: DEBUG neutron.scheduler.dhcp_agent_scheduler [None req-bf883a14-b1fb-4456-82cd-7515daf65e20 None None] Network ea37a2b7-181d-45d4-af5a-77a50d56d487 is already hosted by enough agents. {{(pid=107053) _get_dhcp_agents_hosting_network /opt/stack/neutron/neutron/scheduler/dhcp_agent_scheduler.py:275}}
Sep 04 00:53:54.470814 dv-neutron-master-2-hyperv neutron-server[107053]: DEBUG neutron.plugins.ml2.db [None req-d0da7b27-dab1-4cda-b954-90a46c0cfec4 None None] For port 56311aea-a358-4a16-9e94-0cb58d6a0d12, host dv-neutron-master-2-hyperv, cleared binding levels {{(pid=107053) clear_binding_levels /opt/stack/neutron/neutron/plugins/ml2/db.py:87}}
Sep 04 00:53:54.478646 dv-neutron-master-2-hyperv neutron-server[107053]: DEBUG neutron.scheduler.base_scheduler [None req-bf883a14-b1fb-4456-82cd-7515daf65e20 None None] Resources bound (agent type, host, resource id): {{(pid=107053) schedule /opt/stack/neutron/neutron/scheduler/base_scheduler.py:57}}
Sep 04 00:53:54.494224 dv-neutron-master-2-hyperv neutron-server[107053]: DEBUG neutron.db.l3_dvrscheduler_db [None req-bf883a14-b1fb-4456-82cd-7515daf65e20 None None] Received port after_create {{(pid=107053) _notify_l3_agent_new_port /opt/stack/neutron/neutron/db/l3_dvrscheduler_db.py:538}}
Sep 04 00:53:54.500075 dv-neutron-master-2-hyperv neutron-server[107053]: DEBUG neutron.plugins.ml2.db [None req-d0da7b27-dab1-4cda-b954-90a46c0cfec4 None None] For port 56311aea-a358-4a16-9e94-0cb58d6a0d12, host dv-neutron-master-2-hyperv, set binding levels [PortBindingLevel(driver='openvswitch',host='dv-neutron-master-2-hyperv',level=0,port_id=56311aea-a358-4a16-9e94-0cb58d6a0d12,segment=NetworkSegment(ca9c3d6c-e597-470d-9c2a-3c716dc385fd),segment_id=ca9c3d6c-e597-470d-9c2a-3c716dc385fd)] {{(pid=107053) set_binding_levels /opt/stack/neutron/neutron/plugins/ml2/db.py:59}}
Sep 04 00:53:54.520979 dv-neutron-master-2-hyperv neutron-server[107052]: DEBUG neutron_lib.callbacks.manager [None req-d42077c4-afc1-46df-ad1f-d092428fe7f5 tempest-MeteringIpV6TestJSON-1027860822 tempest-MeteringIpV6TestJSON-1027860822-project-admin] Publish callbacks [] for metering_label (None), before_response {{(pid=107052) _notify_loop /usr/local/lib/python3.8/dist-packages/neutron_lib/callbacks/manager.py:176}}
Sep 04 00:53:54.524679 dv-neutron-master-2-hyperv neutron-server[107052]: INFO neutron.wsgi [None req-d42077c4-afc1-46df-ad1f-d092428fe7f5 tempest-MeteringIpV6TestJSON-1027860822 tempest-MeteringIpV6TestJSON-1027860822-project-admin] 10.222.0.13 "DELETE /networking/v2.0/metering/metering-labels/c9c17ef4-9d40-43fc-87cd-307366764f2a HTTP/1.1" status: 204 len: 168 time: 0.5581973
Sep 04 00:53:54.524679 dv-neutron-master-2-hyperv neutron-server[107052]: DEBUG neutron_lib.callbacks.manager [None req-33c294ea-584d-40bc-8f89-0332a15bae8d tempest-QuotasNegativeTest-1929218435 tempest-QuotasNegativeTest-1929218435-project-admin] Publish callbacks ['neutron.services.auto_allocate.db._ensure_external_network_default_value_callback-8770824507046'] for network (855edf09-e799-4103-8da9-4bd87864a103), precommit_create {{(pid=107052) _notify_loop /usr/local/lib/python3.8/dist-packages/neutron_lib/callbacks/manager.py:176}}
Sep 04 00:53:54.528120 dv-neutron-master-2-hyperv neutron-server[107051]: DEBUG neutron.api.rpc.handlers.resources_rpc [None req-346a2018-fb24-4d58-8087-dfee093b9652 tempest-DHCPAgentSchedulersTestJSON-195487524 tempest-DHCPAgentSchedulersTestJSON-195487524-project] Pushing event updated for resources: {'SecurityGroup': ['ID=013c8b99-3b23-42c3-ae8d-56b8f66052b1,revision_number=1']} {{(pid=107051) push /opt/stack/neutron/neutron/api/rpc/handlers/resources_rpc.py:237}}
Sep 04 00:53:54.530490 dv-neutron-master-2-hyperv neutron-server[107051]: DEBUG neutron.wsgi [-] (107051) accepted ('10.222.0.13', 50116) {{(pid=107051) server /usr/local/lib/python3.8/dist-packages/eventlet/wsgi.py:1004}}
Sep 04 00:53:54.534855 dv-neutron-master-2-hyperv neutron-server[107053]: DEBUG dbcounter [-] [107053] Writing DB stats neutron:SELECT=96,neutron:UPDATE=3,neutron:INSERT=1 {{(pid=107053) stat_writer /usr/local/lib/python3.8/dist-packages/dbcounter.py:114}}
Sep 04 00:53:54.537295 dv-neutron-master-2-hyperv neutron-server[107053]: DEBUG neutron.api.rpc.handlers.resources_rpc [None req-bf883a14-b1fb-4456-82cd-7515daf65e20 None None] Pushing event updated for resources: {'Port': ['ID=f48efb05-10ae-4a49-808e-39e2b8aeac02,revision_number=1']} {{(pid=107053) push /opt/stack/neutron/neutron/api/rpc/handlers/resources_rpc.py:237}}
Sep 04 00:53:54.540254 dv-neutron-master-2-hyperv neutron-server[107053]: DEBUG neutron_lib.callbacks.manager [None req-d0da7b27-dab1-4cda-b954-90a46c0cfec4 None None] Publish callbacks ['neutron.plugins.ml2.plugin.SecurityGroupServerNotifierRpcMixin._notify_sg_on_port_change-1731571', 'neutron.plugins.ml2.ovo_rpc._ObjectChangeHandler.handle_event-951181', 'neutron.api.rpc.agentnotifiers.dhcp_rpc_agent_api.DhcpAgentNotifyAPI._native_event_send_dhcp_notification-530085', 'neutron.db.l3_db.L3RpcNotifierMixin._notify_gateway_port_ip_changed-8770824995970', 'neutron.db.l3_dvrscheduler_db._notify_l3_agent_port_update-8770824550777', 'neutron.db.l3_hascheduler_db._notify_l3_agent_ha_port_update-8770824550795'] for port (56311aea-a358-4a16-9e94-0cb58d6a0d12), after_update {{(pid=107053) _notify_loop /usr/local/lib/python3.8/dist-packages/neutron_lib/callbacks/manager.py:176}}
Sep 04 00:53:54.552779 dv-neutron-master-2-hyperv neutron-server[107052]: DEBUG dbcounter [-] [107052] Writing DB stats neutron:SELECT=86,neutron:INSERT=8,neutron:UPDATE=5,neutron:DELETE=1 {{(pid=107052) stat_writer /usr/local/lib/python3.8/dist-packages/dbcounter.py:114}}
Sep 04 00:53:54.580556 dv-neutron-master-2-hyperv neutron-server[107051]: INFO neutron.wsgi [None req-0ca3d94f-5c3c-469e-92c3-bb87dd3ab35d tempest-MeteringIpV6TestJSON-1027860822 tempest-MeteringIpV6TestJSON-1027860822-project-admin] 10.222.0.13 "GET /networking/v2.0/metering/metering-labels?id=c9c17ef4-9d40-43fc-87cd-307366764f2a HTTP/1.1" status: 200 len: 216 time: 0.0374756
Sep 04 00:53:54.581629 dv-neutron-master-2-hyperv neutron-server[107051]: DEBUG dbcounter [-] [107051] Writing DB stats neutron:INSERT=12,neutron:SELECT=84,neutron:UPDATE=4 {{(pid=107051) stat_writer /usr/local/lib/python3.8/dist-packages/dbcounter.py:114}}
Sep 04 00:53:54.586076 dv-neutron-master-2-hyperv neutron-server[107052]: DEBUG neutron.wsgi [-] (107052) accepted ('10.222.0.13', 50118) {{(pid=107052) server /usr/local/lib/python3.8/dist-packages/eventlet/wsgi.py:1004}}
Sep 04 00:53:54.587286 dv-neutron-master-2-hyperv neutron-server[107052]: DEBUG neutron_lib.callbacks.manager [None req-02a89614-246e-4d86-a34b-2a1363c68372 admin admin] Publish callbacks [] for router_gateway (2aacde28-96f3-42b2-8aee-2bc1eec61159), before_create {{(pid=107052) _notify_loop /usr/local/lib/python3.8/dist-packages/neutron_lib/callbacks/manager.py:176}}
Sep 04 00:53:54.589669 dv-neutron-master-2-hyperv neutron-server[107053]: DEBUG neutron.plugins.ml2.managers [None req-bf883a14-b1fb-4456-82cd-7515daf65e20 None None] Attempting to bind port f48efb05-10ae-4a49-808e-39e2b8aeac02 on host dv-neutron-master-2-hyperv for vnic_type normal with profile {{(pid=107053) bind_port /opt/stack/neutron/neutron/plugins/ml2/managers.py:810}}
Sep 04 00:53:54.590243 dv-neutron-master-2-hyperv neutron-server[107053]: DEBUG neutron.plugins.ml2.managers [None req-bf883a14-b1fb-4456-82cd-7515daf65e20 None None] Attempting to bind port f48efb05-10ae-4a49-808e-39e2b8aeac02 by drivers openvswitch,hyperv on host dv-neutron-master-2-hyperv at level 0 using segments [{'id': '4886137c-989f-4e91-90a4-ee4514f78dec', 'network_type': 'vlan', 'physical_network': 'physnet1', 'segmentation_id': 317, 'network_id': 'ea37a2b7-181d-45d4-af5a-77a50d56d487'}] {{(pid=107053) _bind_port_level /opt/stack/neutron/neutron/plugins/ml2/managers.py:835}}
Sep 04 00:53:54.590720 dv-neutron-master-2-hyperv neutron-server[107053]: DEBUG neutron.plugins.ml2.drivers.mech_agent [None req-bf883a14-b1fb-4456-82cd-7515daf65e20 None None] Attempting to bind port f48efb05-10ae-4a49-808e-39e2b8aeac02 on network ea37a2b7-181d-45d4-af5a-77a50d56d487 {{(pid=107053) bind_port /opt/stack/neutron/neutron/plugins/ml2/drivers/mech_agent.py:91}}
Sep 04 00:53:54.622634 dv-neutron-master-2-hyperv neutron-server[107053]: DEBUG neutron.plugins.ml2.drivers.mech_agent [None req-bf883a14-b1fb-4456-82cd-7515daf65e20 None None] Checking agent: {'id': '95e1dc09-a689-4705-aa1d-03964669e588', 'agent_type': 'Open vSwitch agent', 'binary': 'neutron-openvswitch-agent', 'topic': 'N/A', 'host': 'dv-neutron-master-2-hyperv', 'admin_state_up': True, 'created_at': datetime.datetime(2022, 9, 4, 0, 46, 35), 'started_at': datetime.datetime(2022, 9, 4, 0, 47, 5), 'heartbeat_timestamp': datetime.datetime(2022, 9, 4, 0, 53, 35), 'description': None, 'resources_synced': None, 'availability_zone': None, 'alive': True, 'configurations': {'arp_responder_enabled': False, 'baremetal_smartnic': False, 'bridge_mappings': {'physnet1': 'br-data'}, 'datapath_type': 'system', 'devices': 0, 'enable_distributed_routing': False, 'extensions': [], 'in_distributed_mode': False, 'integration_bridge': 'br-int', 'l2_population': False, 'log_agent_heartbeats': False, 'ovs_capabilities': {'datapath_types': ['netdev', 'system'], 'iface_types': ['erspan', 'geneve', 'gre', 'internal', 'ip6erspan', 'ip6gre', 'lisp', 'patch', 'stt', 'system', 'tap', 'vxlan']}, 'ovs_hybrid_plug': False, 'resource_provider_bandwidths': {}, 'resource_provider_hypervisors': {'br-data': 'dv-neutron-master-2-hyperv'}, 'resource_provider_inventory_defaults': {'allocation_ratio': 1.0, 'min_unit': 1, 'step_size': 1, 'reserved': 0}, 'resource_provider_packet_processing_inventory_defaults': {'allocation_ratio': 1.0, 'min_unit': 1, 'step_size': 1, 'reserved': 0}, 'resource_provider_packet_processing_with_direction': {}, 'resource_provider_packet_processing_without_direction': {}, 'tunnel_types': [], 'tunneling_ip': None, 'vhostuser_socket_dir': '/var/run/openvswitch'}, 'resource_versions': {'AddressGroup': '1.2', 'Agent': '1.1', 'ConntrackHelper': '1.0', 'LocalIPAssociation': '1.0', 'Log': '1.0', 'NDPProxy': '1.0', 'Network': '1.1', 'Port': '1.7', 'PortForwarding': '1.3', 'QosPolicy': '1.10', 'SecurityGroup': '1.5', 'SecurityGroupRule': '1.2', 'SubPort': '1.0', 'Subnet': '1.1', 'Trunk': '1.1'}} {{(pid=107053) bind_port /opt/stack/neutron/neutron/plugins/ml2/drivers/mech_agent.py:110}}
Sep 04 00:53:54.623670 dv-neutron-master-2-hyperv neutron-server[107053]: DEBUG neutron.plugins.ml2.drivers.mech_agent [None req-bf883a14-b1fb-4456-82cd-7515daf65e20 None None] Checking segment: {'id': '4886137c-989f-4e91-90a4-ee4514f78dec', 'network_type': 'vlan', 'physical_network': 'physnet1', 'segmentation_id': 317, 'network_id': 'ea37a2b7-181d-45d4-af5a-77a50d56d487'} for mappings: {'physnet1': 'br-data'} with network types: ['local', 'flat', 'vlan'] {{(pid=107053) check_segment_for_agent /opt/stack/neutron/neutron/plugins/ml2/drivers/mech_agent.py:373}}
Sep 04 00:53:54.623810 dv-neutron-master-2-hyperv neutron-server[107053]: DEBUG neutron_lib.callbacks.manager [None req-bf883a14-b1fb-4456-82cd-7515daf65e20 None None] Publish callbacks [] for ovs_bridge_name (None), before_read {{(pid=107053) _notify_loop /usr/local/lib/python3.8/dist-packages/neutron_lib/callbacks/manager.py:176}}
Sep 04 00:53:54.624327 dv-neutron-master-2-hyperv neutron-server[107053]: DEBUG neutron.plugins.ml2.drivers.mech_agent [None req-bf883a14-b1fb-4456-82cd-7515daf65e20 None None] Bound using segment: {'id': '4886137c-989f-4e91-90a4-ee4514f78dec', 'network_type': 'vlan', 'physical_network': 'physnet1', 'segmentation_id': 317, 'network_id': 'ea37a2b7-181d-45d4-af5a-77a50d56d487'} {{(pid=107053) bind_port /opt/stack/neutron/neutron/plugins/ml2/drivers/mech_agent.py:120}}
Sep 04 00:53:54.624898 dv-neutron-master-2-hyperv neutron-server[107053]: DEBUG neutron.plugins.ml2.managers [None req-bf883a14-b1fb-4456-82cd-7515daf65e20 None None] Bound port: f48efb05-10ae-4a49-808e-39e2b8aeac02, host: dv-neutron-master-2-hyperv, vif_type: ovs, vif_details: {"connectivity": "l2", "port_filter": true, "ovs_hybrid_plug": false, "datapath_type": "system", "bridge_name": "br-int"}, binding_levels: [{'bound_driver': 'openvswitch', 'bound_segment': {'id': '4886137c-989f-4e91-90a4-ee4514f78dec', 'network_type': 'vlan', 'physical_network': 'physnet1', 'segmentation_id': 317, 'network_id': 'ea37a2b7-181d-45d4-af5a-77a50d56d487'}}] {{(pid=107053) _bind_port_level /opt/stack/neutron/neutron/plugins/ml2/managers.py:947}}
Sep 04 00:53:54.625358 dv-neutron-master-2-hyperv neutron-server[107053]: DEBUG neutron_lib.callbacks.manager [None req-bf883a14-b1fb-4456-82cd-7515daf65e20 None None] Publish callbacks ['neutron.plugins.ml2.plugin.SecurityGroupDbMixin._ensure_default_security_group_handler-1731504'] for port (f48efb05-10ae-4a49-808e-39e2b8aeac02), before_update {{(pid=107053) _notify_loop /usr/local/lib/python3.8/dist-packages/neutron_lib/callbacks/manager.py:176}}
Sep 04 00:53:54.637333 dv-neutron-master-2-hyperv neutron-server[107052]: DEBUG neutron_lib.callbacks.manager [None req-33c294ea-584d-40bc-8f89-0332a15bae8d tempest-QuotasNegativeTest-1929218435 tempest-QuotasNegativeTest-1929218435-project-admin] Publish callbacks ['neutron.plugins.ml2.ovo_rpc._ObjectChangeHandler.handle_event-645706', 'neutron.api.rpc.agentnotifiers.dhcp_rpc_agent_api.DhcpAgentNotifyAPI._native_event_send_dhcp_notification-530085'] for network (855edf09-e799-4103-8da9-4bd87864a103), after_create {{(pid=107052) _notify_loop /usr/local/lib/python3.8/dist-packages/neutron_lib/callbacks/manager.py:176}}
Sep 04 00:53:54.639061 dv-neutron-master-2-hyperv neutron-server[107052]: DEBUG neutron.pecan_wsgi.hooks.policy_enforcement [None req-33c294ea-584d-40bc-8f89-0332a15bae8d tempest-QuotasNegativeTest-1929218435 tempest-QuotasNegativeTest-1929218435-project-admin] Attributes excluded by policy engine: ['standard_attr_id', 'vlan_transparent'] {{(pid=107052) _exclude_attributes_by_policy /opt/stack/neutron/neutron/pecan_wsgi/hooks/policy_enforcement.py:259}}
Sep 04 00:53:54.639654 dv-neutron-master-2-hyperv neutron-server[107052]: DEBUG neutron_lib.callbacks.manager [None req-33c294ea-584d-40bc-8f89-0332a15bae8d tempest-QuotasNegativeTest-1929218435 tempest-QuotasNegativeTest-1929218435-project-admin] Publish callbacks ['neutron.api.rpc.agentnotifiers.dhcp_rpc_agent_api.DhcpAgentNotifyAPI._send_dhcp_notification-531807'] for network (None), before_response {{(pid=107052) _notify_loop /usr/local/lib/python3.8/dist-packages/neutron_lib/callbacks/manager.py:176}}
Sep 04 00:53:54.645640 dv-neutron-master-2-hyperv neutron-server[107052]: DEBUG neutron_lib.callbacks.manager [None req-02a89614-246e-4d86-a34b-2a1363c68372 admin admin] Publish callbacks ['neutron.plugins.ml2.plugin.SecurityGroupDbMixin._ensure_default_security_group_handler-1731504'] for port (None), before_create {{(pid=107052) _notify_loop /usr/local/lib/python3.8/dist-packages/neutron_lib/callbacks/manager.py:176}}
Sep 04 00:53:54.664687 dv-neutron-master-2-hyperv neutron-server[107052]: INFO neutron.wsgi [None req-6836788e-b6de-4721-9f6d-05f2aea2bebf tempest-MeteringIpV6TestJSON-1027860822 tempest-MeteringIpV6TestJSON-1027860822-project-admin] 10.222.0.13 "GET /networking/v2.0/metering/metering-label-rules?id=33 HTTP/1.1" status: 200 len: 221 time: 0.0737288
Sep 04 00:53:54.675897 dv-neutron-master-2-hyperv neutron-server[107051]: DEBUG neutron.wsgi [-] (107051) accepted ('10.222.0.13', 50120) {{(pid=107051) server /usr/local/lib/python3.8/dist-packages/eventlet/wsgi.py:1004}}
Sep 04 00:53:54.697459 dv-neutron-master-2-hyperv neutron-server[107053]: DEBUG dbcounter [-] [107053] Writing DB stats neutron:SELECT=94,neutron:UPDATE=4,neutron:INSERT=2 {{(pid=107053) stat_writer /usr/local/lib/python3.8/dist-packages/dbcounter.py:114}}
Sep 04 00:53:54.706727 dv-neutron-master-2-hyperv neutron-server[107051]: DEBUG neutron_lib.callbacks.manager [None req-346a2018-fb24-4d58-8087-dfee093b9652 tempest-DHCPAgentSchedulersTestJSON-195487524 tempest-DHCPAgentSchedulersTestJSON-195487524-project] Publish callbacks ['neutron.services.auto_allocate.db._ensure_external_network_default_value_callback-8770824507046'] for network (a0fcc3de-2d2b-4702-b424-d12ab638afd4), precommit_create {{(pid=107051) _notify_loop /usr/local/lib/python3.8/dist-packages/neutron_lib/callbacks/manager.py:176}}
Sep 04 00:53:54.711096 dv-neutron-master-2-hyperv neutron-server[107053]: DEBUG neutron.api.rpc.handlers.resources_rpc [None req-d0da7b27-dab1-4cda-b954-90a46c0cfec4 None None] Pushing event updated for resources: {'Port': ['ID=56311aea-a358-4a16-9e94-0cb58d6a0d12,revision_number=2']} {{(pid=107053) push /opt/stack/neutron/neutron/api/rpc/handlers/resources_rpc.py:237}}
Sep 04 00:53:54.727881 dv-neutron-master-2-hyperv neutron-server[107053]: DEBUG neutron.db.provisioning_blocks [None req-44530881-6045-49a4-82d5-1fd3e766370f None None] Provisioning complete for port 941a7b4c-8c9e-466d-b33c-b60b6d754c22 triggered by entity DHCP. {{(pid=107053) provisioning_complete /opt/stack/neutron/neutron/db/provisioning_blocks.py:144}}
Sep 04 00:53:54.728270 dv-neutron-master-2-hyperv neutron-server[107053]: DEBUG neutron_lib.callbacks.manager [None req-44530881-6045-49a4-82d5-1fd3e766370f None None] Publish callbacks ['neutron.plugins.ml2.plugin.Ml2Plugin._port_provisioned-1405723'] for port (941a7b4c-8c9e-466d-b33c-b60b6d754c22), provisioning_complete {{(pid=107053) _notify_loop /usr/local/lib/python3.8/dist-packages/neutron_lib/callbacks/manager.py:176}}
Sep 04 00:53:54.737014 dv-neutron-master-2-hyperv neutron-server[107051]: DEBUG neutron_lib.callbacks.manager [None req-d72a042b-468d-4f5a-898e-b836399e8257 admin admin] Publish callbacks ['neutron.services.l3_router.l3_router_plugin.L3_HA_NAT_db_mixin._after_router_create-618008', 'neutron.services.l3_router.l3_router_plugin.DVRResourceOperationHandler._create_snat_interfaces_after_change-619754'] for router (cf7cc8b9-6ac3-4260-b6ae-afbc8c391690), after_create {{(pid=107051) _notify_loop /usr/local/lib/python3.8/dist-packages/neutron_lib/callbacks/manager.py:176}}
Sep 04 00:53:54.749204 dv-neutron-master-2-hyperv neutron-server[107051]: INFO neutron.wsgi [None req-074095b3-9849-49cf-bce1-576cfefa8e27 tempest-MeteringIpV6TestJSON-1027860822 tempest-MeteringIpV6TestJSON-1027860822-project-admin] 10.222.0.13 "GET /networking/v2.0/metering/metering-labels?id=33 HTTP/1.1" status: 200 len: 216 time: 0.0710227
Sep 04 00:53:54.761187 dv-neutron-master-2-hyperv neutron-server[107051]: DEBUG neutron.wsgi [-] (107051) accepted ('10.222.0.13', 50122) {{(pid=107051) server /usr/local/lib/python3.8/dist-packages/eventlet/wsgi.py:1004}}
Sep 04 00:53:54.780770 dv-neutron-master-2-hyperv neutron-server[107051]: DEBUG dbcounter [-] [107051] Writing DB stats neutron:UPDATE=2,neutron:INSERT=8,neutron:SELECT=90 {{(pid=107051) stat_writer /usr/local/lib/python3.8/dist-packages/dbcounter.py:114}}
Sep 04 00:53:54.788268 dv-neutron-master-2-hyperv neutron-server[107053]: DEBUG neutron.plugins.ml2.db [None req-bf883a14-b1fb-4456-82cd-7515daf65e20 None None] For port f48efb05-10ae-4a49-808e-39e2b8aeac02, host dv-neutron-master-2-hyperv, cleared binding levels {{(pid=107053) clear_binding_levels /opt/stack/neutron/neutron/plugins/ml2/db.py:87}}
Sep 04 00:53:54.792285 dv-neutron-master-2-hyperv neutron-server[107053]: DEBUG neutron.plugins.ml2.db [None req-bf883a14-b1fb-4456-82cd-7515daf65e20 None None] For port f48efb05-10ae-4a49-808e-39e2b8aeac02, host dv-neutron-master-2-hyperv, set binding levels [PortBindingLevel(driver='openvswitch',host='dv-neutron-master-2-hyperv',level=0,port_id=f48efb05-10ae-4a49-808e-39e2b8aeac02,segment=NetworkSegment(4886137c-989f-4e91-90a4-ee4514f78dec),segment_id=4886137c-989f-4e91-90a4-ee4514f78dec)] {{(pid=107053) set_binding_levels /opt/stack/neutron/neutron/plugins/ml2/db.py:59}}
Sep 04 00:53:54.828738 dv-neutron-master-2-hyperv neutron-server[107052]: INFO neutron.wsgi [None req-33c294ea-584d-40bc-8f89-0332a15bae8d tempest-QuotasNegativeTest-1929218435 tempest-QuotasNegativeTest-1929218435-project-admin] 10.222.0.13 "POST /networking/v2.0/networks HTTP/1.1" status: 201 len: 837 time: 1.1426830
Sep 04 00:53:54.839261 dv-neutron-master-2-hyperv neutron-server[107053]: DEBUG neutron.plugins.ml2.rpc [None req-a4d2340c-2fe5-4976-9a09-94005b88ddd0 None None] Device 941a7b4c-8c9e-466d-b33c-b60b6d754c22 up at agent ovs-agent-dv-neutron-master-2-hyperv {{(pid=107053) update_device_up /opt/stack/neutron/neutron/plugins/ml2/rpc.py:296}}
Sep 04 00:53:54.842407 dv-neutron-master-2-hyperv neutron-server[107053]: DEBUG neutron_lib.callbacks.manager [None req-bf883a14-b1fb-4456-82cd-7515daf65e20 None None] Publish callbacks ['neutron.plugins.ml2.plugin.SecurityGroupServerNotifierRpcMixin._notify_sg_on_port_change-1731571', 'neutron.plugins.ml2.ovo_rpc._ObjectChangeHandler.handle_event-951181', 'neutron.api.rpc.agentnotifiers.dhcp_rpc_agent_api.DhcpAgentNotifyAPI._native_event_send_dhcp_notification-530085', 'neutron.db.l3_db.L3RpcNotifierMixin._notify_gateway_port_ip_changed-8770824995970', 'neutron.db.l3_dvrscheduler_db._notify_l3_agent_port_update-8770824550777', 'neutron.db.l3_hascheduler_db._notify_l3_agent_ha_port_update-8770824550795'] for port (f48efb05-10ae-4a49-808e-39e2b8aeac02), after_update {{(pid=107053) _notify_loop /usr/local/lib/python3.8/dist-packages/neutron_lib/callbacks/manager.py:176}}
Sep 04 00:53:54.846397 dv-neutron-master-2-hyperv neutron-server[107052]: DEBUG neutron.wsgi [-] (107052) accepted ('10.222.0.13', 50124) {{(pid=107052) server /usr/local/lib/python3.8/dist-packages/eventlet/wsgi.py:1004}}
Sep 04 00:53:54.856398 dv-neutron-master-2-hyperv neutron-server[107052]: DEBUG neutron.api.v2.base [None req-8795a6f6-5097-4fed-b49f-3021df869a7c tempest-QuotasNegativeTest-1929218435 tempest-QuotasNegativeTest-1929218435-project-admin] Request body: {'network': {'project_id': '020d5105ca244d589ef7c03060cea671'}} {{(pid=107052) prepare_request_body /opt/stack/neutron/neutron/api/v2/base.py:730}}
Sep 04 00:53:54.874915 dv-neutron-master-2-hyperv neutron-server[107052]: DEBUG neutron.api.rpc.handlers.resources_rpc [None req-33c294ea-584d-40bc-8f89-0332a15bae8d tempest-QuotasNegativeTest-1929218435 tempest-QuotasNegativeTest-1929218435-project-admin] Pushing event updated for resources: {'Network': ['ID=855edf09-e799-4103-8da9-4bd87864a103,revision_number=1']} {{(pid=107052) push /opt/stack/neutron/neutron/api/rpc/handlers/resources_rpc.py:237}}
Sep 04 00:53:54.889889 dv-neutron-master-2-hyperv neutron-server[107051]: DEBUG neutron.db.db_base_plugin_common [None req-785d7379-d9ef-4c66-8630-2a55b985ff24 tempest-FloatingIPAdminTestJSON-411810993 tempest-FloatingIPAdminTestJSON-411810993-project] Allocated IP 172.36.3.176 (a1066482-787f-40b9-b844-fd3487bdf18e/1bca576e-3c17-4378-a071-072ffc891484/ee183f2d-76f2-4aa5-b671-92507b72fc9b) {{(pid=107051) _store_ip_allocation /opt/stack/neutron/neutron/db/db_base_plugin_common.py:131}}
Sep 04 00:53:54.904262 dv-neutron-master-2-hyperv neutron-server[107051]: INFO neutron.wsgi [None req-8bda85bc-793c-4c1d-90c2-1f84f8c05107 tempest-MeteringIpV6TestJSON-1027860822 tempest-MeteringIpV6TestJSON-1027860822-project-admin] 10.222.0.13 "GET /networking/v2.0/metering/metering-labels/5a6d532e-f52c-41df-97b6-04abc7a08710 HTTP/1.1" status: 200 len: 473 time: 0.1386096
Sep 04 00:53:54.909760 dv-neutron-master-2-hyperv neutron-server[107052]: INFO neutron.pecan_wsgi.hooks.translation [None req-8795a6f6-5097-4fed-b49f-3021df869a7c tempest-QuotasNegativeTest-1929218435 tempest-QuotasNegativeTest-1929218435-project-admin] POST failed (client error): There was a conflict when trying to complete your request.
Sep 04 00:53:54.910328 dv-neutron-master-2-hyperv neutron-server[107052]: DEBUG neutron.pecan_wsgi.hooks.notifier [None req-8795a6f6-5097-4fed-b49f-3021df869a7c tempest-QuotasNegativeTest-1929218435 tempest-QuotasNegativeTest-1929218435-project-admin] No notification will be sent due to unsuccessful status code: 409 {{(pid=107052) after /opt/stack/neutron/neutron/pecan_wsgi/hooks/notifier.py:78}}
Sep 04 00:53:54.911553 dv-neutron-master-2-hyperv neutron-server[107052]: INFO neutron.wsgi [None req-8795a6f6-5097-4fed-b49f-3021df869a7c tempest-QuotasNegativeTest-1929218435 tempest-QuotasNegativeTest-1929218435-project-admin] 10.222.0.13 "POST /networking/v2.0/networks HTTP/1.1" status: 409 len: 310 time: 0.0649402
Sep 04 00:53:54.912433 dv-neutron-master-2-hyperv neutron-server[107052]: DEBUG neutron.wsgi [-] (107052) accepted ('10.222.0.13', 50126) {{(pid=107052) server /usr/local/lib/python3.8/dist-packages/eventlet/wsgi.py:1004}}
Sep 04 00:53:54.915154 dv-neutron-master-2-hyperv neutron-server[107052]: DEBUG neutron.wsgi [-] (107052) accepted ('10.222.0.13', 50128) {{(pid=107052) server /usr/local/lib/python3.8/dist-packages/eventlet/wsgi.py:1004}}
Sep 04 00:53:54.921029 dv-neutron-master-2-hyperv neutron-server[107051]: DEBUG neutron_lib.callbacks.manager [None req-f317ebc1-181f-4019-97da-c63c6b57b775 admin admin] Publish callbacks [] for router_gateway (bee64806-c60c-4cd5-b710-4df7b598d2a3), before_create {{(pid=107051) _notify_loop /usr/local/lib/python3.8/dist-packages/neutron_lib/callbacks/manager.py:176}}
Sep 04 00:53:54.930800 dv-neutron-master-2-hyperv neutron-server[107051]: DEBUG neutron_lib.callbacks.manager [None req-346a2018-fb24-4d58-8087-dfee093b9652 tempest-DHCPAgentSchedulersTestJSON-195487524 tempest-DHCPAgentSchedulersTestJSON-195487524-project] Publish callbacks ['neutron.plugins.ml2.ovo_rpc._ObjectChangeHandler.handle_event-645706', 'neutron.api.rpc.agentnotifiers.dhcp_rpc_agent_api.DhcpAgentNotifyAPI._native_event_send_dhcp_notification-530085'] for network (a0fcc3de-2d2b-4702-b424-d12ab638afd4), after_create {{(pid=107051) _notify_loop /usr/local/lib/python3.8/dist-packages/neutron_lib/callbacks/manager.py:176}}
Sep 04 00:53:54.959279 dv-neutron-master-2-hyperv neutron-server[107051]: DEBUG neutron.pecan_wsgi.hooks.policy_enforcement [None req-346a2018-fb24-4d58-8087-dfee093b9652 tempest-DHCPAgentSchedulersTestJSON-195487524 tempest-DHCPAgentSchedulersTestJSON-195487524-project] Attributes excluded by policy engine: ['standard_attr_id', 'provider:network_type', 'provider:physical_network', 'provider:segmentation_id', 'vlan_transparent'] {{(pid=107051) _exclude_attributes_by_policy /opt/stack/neutron/neutron/pecan_wsgi/hooks/policy_enforcement.py:259}}
Sep 04 00:53:54.960439 dv-neutron-master-2-hyperv neutron-server[107051]: DEBUG neutron_lib.callbacks.manager [None req-346a2018-fb24-4d58-8087-dfee093b9652 tempest-DHCPAgentSchedulersTestJSON-195487524 tempest-DHCPAgentSchedulersTestJSON-195487524-project] Publish callbacks ['neutron.api.rpc.agentnotifiers.dhcp_rpc_agent_api.DhcpAgentNotifyAPI._send_dhcp_notification-531807'] for network (None), before_response {{(pid=107051) _notify_loop /usr/local/lib/python3.8/dist-packages/neutron_lib/callbacks/manager.py:176}}
Sep 04 00:53:54.967287 dv-neutron-master-2-hyperv neutron-server[107053]: DEBUG neutron.plugins.ml2.rpc [None req-a4d2340c-2fe5-4976-9a09-94005b88ddd0 None None] Network 855edf09-e799-4103-8da9-4bd87864a103 details requested by agent ovs-agent-dv-neutron-master-2-hyperv with host dv-neutron-master-2-hyperv {{(pid=107053) get_network_details /opt/stack/neutron/neutron/plugins/ml2/rpc.py:248}}
Sep 04 00:53:54.970177 dv-neutron-master-2-hyperv neutron-server[107052]: INFO neutron.wsgi [None req-119b02e0-2447-4b8e-8020-c9b7f8e796cd tempest-MeteringIpV6TestJSON-1027860822 tempest-MeteringIpV6TestJSON-1027860822-project-admin] 10.222.0.13 "GET /networking/v2.0/metering/metering-label-rules/43a795ed-1427-46bc-b109-a0eb493bc437 HTTP/1.1" status: 200 len: 459 time: 0.0433784
Sep 04 00:53:54.972688 dv-neutron-master-2-hyperv neutron-server[107052]: DEBUG neutron.wsgi [-] (107052) accepted ('10.222.0.13', 50132) {{(pid=107052) server /usr/local/lib/python3.8/dist-packages/eventlet/wsgi.py:1004}}
Sep 04 00:53:55.041350 dv-neutron-master-2-hyperv neutron-server[107051]: DEBUG neutron_lib.callbacks.manager [None req-f317ebc1-181f-4019-97da-c63c6b57b775 admin admin] Publish callbacks ['neutron.plugins.ml2.plugin.SecurityGroupDbMixin._ensure_default_security_group_handler-1731504'] for port (None), before_create {{(pid=107051) _notify_loop /usr/local/lib/python3.8/dist-packages/neutron_lib/callbacks/manager.py:176}}
Sep 04 00:53:55.045441 dv-neutron-master-2-hyperv neutron-server[107052]: INFO neutron.wsgi [None req-f1b1f982-4cb4-49a1-8a14-80f36f2d7729 tempest-QuotasNegativeTest-1929218435 tempest-QuotasNegativeTest-1929218435-project-admin] 10.222.0.13 "GET /networking/v2.0/security-groups?tenant_id=020d5105ca244d589ef7c03060cea671&name=default HTTP/1.1" status: 200 len: 2992 time: 0.1296945
Sep 04 00:53:55.048735 dv-neutron-master-2-hyperv neutron-server[107052]: DEBUG neutron.wsgi [-] (107052) accepted ('10.222.0.13', 50134) {{(pid=107052) server /usr/local/lib/python3.8/dist-packages/eventlet/wsgi.py:1004}}
Sep 04 00:53:55.065431 dv-neutron-master-2-hyperv neutron-server[107053]: DEBUG neutron.plugins.ml2.plugin [None req-44530881-6045-49a4-82d5-1fd3e766370f None None] Current status of the port 941a7b4c-8c9e-466d-b33c-b60b6d754c22 is: ACTIVE; New status is: ACTIVE {{(pid=107053) _update_individual_port_db_status /opt/stack/neutron/neutron/plugins/ml2/plugin.py:2302}}
Sep 04 00:53:55.115412 dv-neutron-master-2-hyperv neutron-server[107053]: DEBUG neutron.api.rpc.handlers.resources_rpc [None req-bf883a14-b1fb-4456-82cd-7515daf65e20 None None] Pushing event updated for resources: {'Port': ['ID=f48efb05-10ae-4a49-808e-39e2b8aeac02,revision_number=2']} {{(pid=107053) push /opt/stack/neutron/neutron/api/rpc/handlers/resources_rpc.py:237}}
Sep 04 00:53:55.144944 dv-neutron-master-2-hyperv neutron-server[107053]: DEBUG neutron.db.provisioning_blocks [None req-a4d2340c-2fe5-4976-9a09-94005b88ddd0 None None] Provisioning complete for port 941a7b4c-8c9e-466d-b33c-b60b6d754c22 triggered by entity L2. {{(pid=107053) provisioning_complete /opt/stack/neutron/neutron/db/provisioning_blocks.py:144}}
Sep 04 00:53:55.145595 dv-neutron-master-2-hyperv neutron-server[107053]: DEBUG neutron_lib.callbacks.manager [None req-a4d2340c-2fe5-4976-9a09-94005b88ddd0 None None] Publish callbacks ['neutron.plugins.ml2.plugin.Ml2Plugin._port_provisioned-1405723'] for port (941a7b4c-8c9e-466d-b33c-b60b6d754c22), provisioning_complete {{(pid=107053) _notify_loop /usr/local/lib/python3.8/dist-packages/neutron_lib/callbacks/manager.py:176}}
Sep 04 00:53:55.187523 dv-neutron-master-2-hyperv neutron-server[107052]: DEBUG neutron_lib.callbacks.manager [None req-d3bfc795-7356-4d49-8465-f07f234e5171 tempest-MeteringIpV6TestJSON-1027860822 tempest-MeteringIpV6TestJSON-1027860822-project-admin] Publish callbacks [] for metering_label_rule (None), before_response {{(pid=107052) _notify_loop /usr/local/lib/python3.8/dist-packages/neutron_lib/callbacks/manager.py:176}}
Sep 04 00:53:55.191795 dv-neutron-master-2-hyperv neutron-server[107052]: INFO neutron.wsgi [None req-d3bfc795-7356-4d49-8465-f07f234e5171 tempest-MeteringIpV6TestJSON-1027860822 tempest-MeteringIpV6TestJSON-1027860822-project-admin] 10.222.0.13 "DELETE /networking/v2.0/metering/metering-label-rules/43a795ed-1427-46bc-b109-a0eb493bc437 HTTP/1.1" status: 204 len: 168 time: 0.2184258
Sep 04 00:53:55.194154 dv-neutron-master-2-hyperv neutron-server[107052]: DEBUG neutron.wsgi [-] (107052) accepted ('10.222.0.13', 50136) {{(pid=107052) server /usr/local/lib/python3.8/dist-packages/eventlet/wsgi.py:1004}}
Sep 04 00:53:55.297366 dv-neutron-master-2-hyperv neutron-server[107052]: DEBUG neutron_lib.callbacks.manager [None req-25b71517-3208-49e3-9125-61cf887a99f9 tempest-QuotasNegativeTest-1929218435 tempest-QuotasNegativeTest-1929218435-project-admin] Publish callbacks [] for security_group (dc5be56f-728e-4456-9bea-e8dbf9b91fb9), before_delete {{(pid=107052) _notify_loop /usr/local/lib/python3.8/dist-packages/neutron_lib/callbacks/manager.py:176}}
Sep 04 00:53:55.298486 dv-neutron-master-2-hyperv neutron-server[107053]: DEBUG neutron.plugins.ml2.plugin [None req-a4d2340c-2fe5-4976-9a09-94005b88ddd0 None None] Current status of the port 941a7b4c-8c9e-466d-b33c-b60b6d754c22 is: ACTIVE; New status is: ACTIVE {{(pid=107053) _update_individual_port_db_status /opt/stack/neutron/neutron/plugins/ml2/plugin.py:2302}}
Sep 04 00:53:55.369882 dv-neutron-master-2-hyperv neutron-server[107051]: INFO neutron.wsgi [None req-346a2018-fb24-4d58-8087-dfee093b9652 tempest-DHCPAgentSchedulersTestJSON-195487524 tempest-DHCPAgentSchedulersTestJSON-195487524-project] 10.222.0.13 "POST /networking/v2.0/networks HTTP/1.1" status: 201 len: 795 time: 3.4306409
Sep 04 00:53:55.389520 dv-neutron-master-2-hyperv neutron-server[107051]: DEBUG neutron.wsgi [-] (107051) accepted ('10.222.0.13', 50138) {{(pid=107051) server /usr/local/lib/python3.8/dist-packages/eventlet/wsgi.py:1004}}
Sep 04 00:53:55.400167 dv-neutron-master-2-hyperv neutron-server[107052]: DEBUG neutron_lib.callbacks.manager [None req-25b71517-3208-49e3-9125-61cf887a99f9 tempest-QuotasNegativeTest-1929218435 tempest-QuotasNegativeTest-1929218435-project-admin] Publish callbacks [] for security_group (dc5be56f-728e-4456-9bea-e8dbf9b91fb9), precommit_delete {{(pid=107052) _notify_loop /usr/local/lib/python3.8/dist-packages/neutron_lib/callbacks/manager.py:176}}
Sep 04 00:53:55.443845 dv-neutron-master-2-hyperv neutron-server[107051]: DEBUG neutron.api.v2.base [None req-3153482d-cb5a-4b58-90c6-763c705538c3 tempest-DHCPAgentSchedulersTestJSON-195487524 tempest-DHCPAgentSchedulersTestJSON-195487524-project] Request body: {'subnet': {'network_id': 'a0fcc3de-2d2b-4702-b424-d12ab638afd4', 'cidr': '172.20.0.0/28', 'ip_version': 4, 'gateway_ip': '172.20.0.1'}} {{(pid=107051) prepare_request_body /opt/stack/neutron/neutron/api/v2/base.py:730}}
Sep 04 00:53:55.471156 dv-neutron-master-2-hyperv neutron-server[107052]: DEBUG neutron_lib.callbacks.manager [None req-aa43d84d-0801-4468-a40a-e43cc9a006f1 tempest-MeteringIpV6TestJSON-1027860822 tempest-MeteringIpV6TestJSON-1027860822-project-admin] Publish callbacks [] for metering_label (None), before_response {{(pid=107052) _notify_loop /usr/local/lib/python3.8/dist-packages/neutron_lib/callbacks/manager.py:176}}
Sep 04 00:53:55.474704 dv-neutron-master-2-hyperv neutron-server[107052]: INFO neutron.wsgi [None req-aa43d84d-0801-4468-a40a-e43cc9a006f1 tempest-MeteringIpV6TestJSON-1027860822 tempest-MeteringIpV6TestJSON-1027860822-project-admin] 10.222.0.13 "DELETE /networking/v2.0/metering/metering-labels/5a6d532e-f52c-41df-97b6-04abc7a08710 HTTP/1.1" status: 204 len: 168 time: 0.2769718
Sep 04 00:53:55.495073 dv-neutron-master-2-hyperv neutron-server[107051]: DEBUG neutron_lib.callbacks.manager [None req-776f3ff8-61ae-438e-b302-8e8fa79f5c10 tempest-PortsAdminExtendedAttrsIpV6TestJSON-1733498729 tempest-PortsAdminExtendedAttrsIpV6TestJSON-1733498729-project-admin] Publish callbacks [] for security_group (cf779ca9-86ab-47e3-b4b3-a68c54d1976c), precommit_create {{(pid=107051) _notify_loop /usr/local/lib/python3.8/dist-packages/neutron_lib/callbacks/manager.py:176}}
Sep 04 00:53:55.498169 dv-neutron-master-2-hyperv neutron-server[107051]: DEBUG neutron.api.rpc.handlers.resources_rpc [None req-346a2018-fb24-4d58-8087-dfee093b9652 tempest-DHCPAgentSchedulersTestJSON-195487524 tempest-DHCPAgentSchedulersTestJSON-195487524-project] Pushing event updated for resources: {'Network': ['ID=a0fcc3de-2d2b-4702-b424-d12ab638afd4,revision_number=1']} {{(pid=107051) push /opt/stack/neutron/neutron/api/rpc/handlers/resources_rpc.py:237}}
Sep 04 00:53:55.500856 dv-neutron-master-2-hyperv neutron-server[107052]: DEBUG neutron_lib.callbacks.manager [None req-25b71517-3208-49e3-9125-61cf887a99f9 tempest-QuotasNegativeTest-1929218435 tempest-QuotasNegativeTest-1929218435-project-admin] Publish callbacks ['neutron.plugins.ml2.ovo_rpc._ObjectChangeHandler.handle_event-643221'] for security_group (dc5be56f-728e-4456-9bea-e8dbf9b91fb9), after_delete {{(pid=107052) _notify_loop /usr/local/lib/python3.8/dist-packages/neutron_lib/callbacks/manager.py:176}}
Sep 04 00:53:55.503457 dv-neutron-master-2-hyperv neutron-server[107052]: DEBUG neutron_lib.callbacks.manager [None req-25b71517-3208-49e3-9125-61cf887a99f9 tempest-QuotasNegativeTest-1929218435 tempest-QuotasNegativeTest-1929218435-project-admin] Publish callbacks [] for security_group (None), before_response {{(pid=107052) _notify_loop /usr/local/lib/python3.8/dist-packages/neutron_lib/callbacks/manager.py:176}}
Sep 04 00:53:55.504592 dv-neutron-master-2-hyperv neutron-server[107052]: INFO neutron.wsgi [None req-25b71517-3208-49e3-9125-61cf887a99f9 tempest-QuotasNegativeTest-1929218435 tempest-QuotasNegativeTest-1929218435-project-admin] 10.222.0.13 "DELETE /networking/v2.0/security-groups/dc5be56f-728e-4456-9bea-e8dbf9b91fb9 HTTP/1.1" status: 204 len: 168 time: 0.4548812
Sep 04 00:53:55.508378 dv-neutron-master-2-hyperv neutron-server[107052]: DEBUG neutron.wsgi [-] (107052) accepted ('10.222.0.13', 50142) {{(pid=107052) server /usr/local/lib/python3.8/dist-packages/eventlet/wsgi.py:1004}}
Sep 04 00:53:55.511204 dv-neutron-master-2-hyperv neutron-server[107053]: DEBUG neutron.plugins.ml2.rpc [None req-a4d2340c-2fe5-4976-9a09-94005b88ddd0 None None] Network a0fcc3de-2d2b-4702-b424-d12ab638afd4 details requested by agent ovs-agent-dv-neutron-master-2-hyperv with host dv-neutron-master-2-hyperv {{(pid=107053) get_network_details /opt/stack/neutron/neutron/plugins/ml2/rpc.py:248}}
Sep 04 00:53:55.530841 dv-neutron-master-2-hyperv neutron-server[107052]: DEBUG neutron.api.rpc.handlers.resources_rpc [None req-25b71517-3208-49e3-9125-61cf887a99f9 tempest-QuotasNegativeTest-1929218435 tempest-QuotasNegativeTest-1929218435-project-admin] Pushing event deleted for resources: {'SecurityGroup': ['ID=dc5be56f-728e-4456-9bea-e8dbf9b91fb9,revision_number=None']} {{(pid=107052) push /opt/stack/neutron/neutron/api/rpc/handlers/resources_rpc.py:237}}
Sep 04 00:53:55.539791 dv-neutron-master-2-hyperv neutron-server[107051]: DEBUG neutron_lib.callbacks.manager [None req-776f3ff8-61ae-438e-b302-8e8fa79f5c10 tempest-PortsAdminExtendedAttrsIpV6TestJSON-1733498729 tempest-PortsAdminExtendedAttrsIpV6TestJSON-1733498729-project-admin] Publish callbacks ['neutron.plugins.ml2.ovo_rpc._ObjectChangeHandler.handle_event-643221'] for security_group (cf779ca9-86ab-47e3-b4b3-a68c54d1976c), after_create {{(pid=107051) _notify_loop /usr/local/lib/python3.8/dist-packages/neutron_lib/callbacks/manager.py:176}}
Sep 04 00:53:55.558058 dv-neutron-master-2-hyperv neutron-server[107051]: DEBUG neutron.notifiers.nova [None req-776f3ff8-61ae-438e-b302-8e8fa79f5c10 tempest-PortsAdminExtendedAttrsIpV6TestJSON-1733498729 tempest-PortsAdminExtendedAttrsIpV6TestJSON-1733498729-project-admin] device_id is not set on port 18243a4c-d32c-48d4-bdb4-3246a997d1fc yet. {{(pid=107051) _can_notify /opt/stack/neutron/neutron/notifiers/nova.py:199}}
