Jul 31 01:02:44.528928 dv-neutron-master-2-hyperv devstack@keystone.service[80703]: ERROR keystone.server.flask.application policy_dict.update(cls._extract_member_target_data(
Jul 31 01:02:44.528928 dv-neutron-master-2-hyperv devstack@keystone.service[80703]: ERROR keystone.server.flask.application
File "/opt/stack/keystone/keystone/common/rbac_enforcer/enforcer.py", line 234, in _extract_member_target_data
Jul 31 01:02:44.528928 dv-neutron-master-2-hyperv devstack@keystone.service[80703]: ERROR keystone.server.flask.application member_name: func(flask.request.view_args[key])
Jul 31 01:02:44.528928 dv-neutron-master-2-hyperv devstack@keystone.service[80703]: ERROR keystone.server.flask.application
File "/opt/stack/keystone/keystone/common/manager.py", line 115, in wrapped
Jul 31 01:02:44.528928 dv-neutron-master-2-hyperv devstack@keystone.service[80703]: ERROR keystone.server.flask.application __ret_val = __f(*args, **kwargs)
Jul 31 01:02:44.528928 dv-neutron-master-2-hyperv devstack@keystone.service[80703]: ERROR keystone.server.flask.application
File "/usr/local/lib/python3.8/dist-packages/decorator.py", line 232, in fun
Jul 31 01:02:44.528928 dv-neutron-master-2-hyperv devstack@keystone.service[80703]: ERROR keystone.server.flask.application return caller(func, *(extras + args), **kw)
Jul 31 01:02:44.528928 dv-neutron-master-2-hyperv devstack@keystone.service[80703]: ERROR keystone.server.flask.application
File "/usr/local/lib/python3.8/dist-packages/dogpile/cache/region.py", line 1577, in get_or_create_for_user_func
Jul 31 01:02:44.528928 dv-neutron-master-2-hyperv devstack@keystone.service[80703]: ERROR keystone.server.flask.application return self.get_or_create(
Jul 31 01:02:44.528928 dv-neutron-master-2-hyperv devstack@keystone.service[80703]: ERROR keystone.server.flask.application
File "/usr/local/lib/python3.8/dist-packages/dogpile/cache/region.py", line 1042, in get_or_create
Jul 31 01:02:44.528928 dv-neutron-master-2-hyperv devstack@keystone.service[80703]: ERROR keystone.server.flask.application with Lock(
Jul 31 01:02:44.528928 dv-neutron-master-2-hyperv devstack@keystone.service[80703]: ERROR keystone.server.flask.application
File "/usr/local/lib/python3.8/dist-packages/dogpile/lock.py", line 185, in __enter__
Jul 31 01:02:44.528928 dv-neutron-master-2-hyperv devstack@keystone.service[80703]: ERROR keystone.server.flask.application return self._enter()
Jul 31 01:02:44.528928 dv-neutron-master-2-hyperv devstack@keystone.service[80703]: ERROR keystone.server.flask.application
File "/usr/local/lib/python3.8/dist-packages/dogpile/lock.py", line 94, in _enter
Jul 31 01:02:44.528928 dv-neutron-master-2-hyperv devstack@keystone.service[80703]: ERROR keystone.server.flask.application generated = self._enter_create(value, createdtime)
Jul 31 01:02:44.529718 dv-neutron-master-2-hyperv devstack@keystone.service[80703]: ERROR keystone.server.flask.application
File "/usr/local/lib/python3.8/dist-packages/dogpile/lock.py", line 178, in _enter_create
Jul 31 01:02:44.529718 dv-neutron-master-2-hyperv devstack@keystone.service[80703]: ERROR keystone.server.flask.application return self.creator()
Jul 31 01:02:44.529718 dv-neutron-master-2-hyperv devstack@keystone.service[80703]: ERROR keystone.server.flask.application
File "/usr/local/lib/python3.8/dist-packages/dogpile/cache/region.py", line 995, in gen_value
Jul 31 01:02:44.529718 dv-neutron-master-2-hyperv devstack@keystone.service[80703]: ERROR keystone.server.flask.application created_value = creator(
Jul 31 01:02:44.529718 dv-neutron-master-2-hyperv devstack@keystone.service[80703]: ERROR keystone.server.flask.application
File "/opt/stack/keystone/keystone/assignment/core.py", line 1276, in get_role
Jul 31 01:02:44.529718 dv-neutron-master-2-hyperv devstack@keystone.service[80703]: ERROR keystone.server.flask.application return self.driver.get_role(role_id)
Jul 31 01:02:44.529718 dv-neutron-master-2-hyperv devstack@keystone.service[80703]: ERROR keystone.server.flask.application
File "/opt/stack/keystone/keystone/assignment/role_backends/sql.py", line 70, in get_role
Jul 31 01:02:44.529718 dv-neutron-master-2-hyperv devstack@keystone.service[80703]: ERROR keystone.server.flask.application return self._get_role(session, role_id).to_dict()
Jul 31 01:02:44.529718 dv-neutron-master-2-hyperv devstack@keystone.service[80703]: ERROR keystone.server.flask.application
File "/opt/stack/keystone/keystone/assignment/role_backends/sql.py", line 65, in _get_role
Jul 31 01:02:44.529718 dv-neutron-master-2-hyperv devstack@keystone.service[80703]: ERROR keystone.server.flask.application raise exception.RoleNotFound(role_id=role_id)
Jul 31 01:02:44.529718 dv-neutron-master-2-hyperv devstack@keystone.service[80703]: ERROR keystone.server.flask.application keystone.exception.RoleNotFound: Could not find role: anotherrole.
Jul 31 01:02:44.529718 dv-neutron-master-2-hyperv devstack@keystone.service[80703]: ERROR keystone.server.flask.application
Jul 31 01:02:44.529718 dv-neutron-master-2-hyperv devstack@keystone.service[80703]: [pid: 80703|app: 0|req: 195/409] 10.222.0.60 () {56 vars in 1114 bytes} [Sun Jul 31 01:02:44 2022] GET /identity/v3/roles/anotherrole => generated 89 bytes in 189 msecs (HTTP/1.1 404) 5 headers in 183 bytes (1 switches on core 0)
Jul 31 01:02:44.530435 dv-neutron-master-2-hyperv devstack@keystone.service[80703]: DEBUG keystone.server.flask.request_processing.middleware.auth_context [None req-0de7bae8-6a46-4d05-a756-c0e165e08203 None admin] Authenticating user token {{(pid=80703) process_request /usr/local/lib/python3.8/dist-packages/keystonemiddleware/auth_token/__init__.py:407}}
Jul 31 01:02:44.537545 dv-neutron-master-2-hyperv devstack@keystone.service[80702]: [pid: 80702|app: 0|req: 215/410] 10.222.0.60 () {56 vars in 1099 bytes} [Sun Jul 31 01:02:44 2022] GET /identity/v3/roles?name=admin => generated 339 bytes in 179 msecs (HTTP/1.1 200) 5 headers in 177 bytes (1 switches on core 0)
Jul 31 01:02:44.538616 dv-neutron-master-2-hyperv devstack@keystone.service[80702]: DEBUG keystone.server.flask.request_processing.middleware.auth_context [None req-7c25c66f-891e-43eb-9b4e-49d630177b0c None admin] Authenticating user token {{(pid=80702) process_request /usr/local/lib/python3.8/dist-packages/keystonemiddleware/auth_token/__init__.py:407}}
Jul 31 01:02:44.578007 dv-neutron-master-2-hyperv devstack@keystone.service[80702]: DEBUG dbcounter [-] [80702] Writing DB stats keystone:SELECT=100 {{(pid=80702) stat_writer /usr/local/lib/python3.8/dist-packages/dbcounter.py:114}}
Jul 31 01:02:44.651695 dv-neutron-master-2-hyperv devstack@keystone.service[80703]: DEBUG keystone.server.flask.request_processing.middleware.auth_context [None req-0de7bae8-6a46-4d05-a756-c0e165e08203 None admin] Validating token access rules against request {{(pid=80703) validate_allowed_request /usr/local/lib/python3.8/dist-packages/keystonemiddleware/auth_token/__init__.py:545}}
Jul 31 01:02:44.653462 dv-neutron-master-2-hyperv devstack@keystone.service[80703]: DEBUG dbcounter [-] [80703] Writing DB stats keystone:SELECT=100 {{(pid=80703) stat_writer /usr/local/lib/python3.8/dist-packages/dbcounter.py:114}}
Jul 31 01:02:44.669486 dv-neutron-master-2-hyperv devstack@keystone.service[80702]: DEBUG keystone.server.flask.request_processing.middleware.auth_context [None req-7c25c66f-891e-43eb-9b4e-49d630177b0c None admin] Validating token access rules against request {{(pid=80702) validate_allowed_request /usr/local/lib/python3.8/dist-packages/keystonemiddleware/auth_token/__init__.py:545}}
Jul 31 01:02:44.690518 dv-neutron-master-2-hyperv devstack@keystone.service[80703]: DEBUG keystone.server.flask.request_processing.middleware.auth_context [None req-77c7319d-c831-4d39-ab85-d28b4ad1829e None admin] RBAC: auth_context: {'token': , 'domain_id': None, 'trust_id': None, 'trustor_id': None, 'trustee_id': None, 'domain_name': None, 'group_ids': [], 'user_id': '652828201b9e47a5b54a3c3110e80fd8', 'user_domain_id': 'default', 'system_scope': 'all', 'project_id': None, 'project_domain_id': None, 'roles': ['admin', 'member', 'reader'], 'is_admin_project': True, 'service_user_id': None, 'service_user_domain_id': None, 'service_project_id': None, 'service_project_domain_id': None, 'service_roles': []} {{(pid=80703) fill_context /opt/stack/keystone/keystone/server/flask/request_processing/middleware/auth_context.py:478}}
Jul 31 01:02:44.691312 dv-neutron-master-2-hyperv devstack@keystone.service[80703]: DEBUG keystone.server.flask.request_processing.req_logging [None req-77c7319d-c831-4d39-ab85-d28b4ad1829e None admin] REQUEST_METHOD: `GET` {{(pid=80703) log_request_info /opt/stack/keystone/keystone/server/flask/request_processing/req_logging.py:27}}
Jul 31 01:02:44.691841 dv-neutron-master-2-hyperv devstack@keystone.service[80703]: DEBUG keystone.server.flask.request_processing.req_logging [None req-77c7319d-c831-4d39-ab85-d28b4ad1829e None admin] SCRIPT_NAME: `/identity` {{(pid=80703) log_request_info /opt/stack/keystone/keystone/server/flask/request_processing/req_logging.py:28}}
Jul 31 01:02:44.692223 dv-neutron-master-2-hyperv devstack@keystone.service[80703]: DEBUG keystone.server.flask.request_processing.req_logging [None req-77c7319d-c831-4d39-ab85-d28b4ad1829e None admin] PATH_INFO: `/v3/roles/member` {{(pid=80703) log_request_info /opt/stack/keystone/keystone/server/flask/request_processing/req_logging.py:29}}
Jul 31 01:02:44.703925 dv-neutron-master-2-hyperv devstack@keystone.service[80703]: DEBUG keystone.common.rbac_enforcer.enforcer [None req-77c7319d-c831-4d39-ab85-d28b4ad1829e None admin] Extracting inferred target data resulted in "NOT FOUND (404)". {{(pid=80703) enforce_call /opt/stack/keystone/keystone/common/rbac_enforcer/enforcer.py:409}}
Jul 31 01:02:44.710178 dv-neutron-master-2-hyperv devstack@keystone.service[80703]: ERROR keystone.server.flask.application [None req-77c7319d-c831-4d39-ab85-d28b4ad1829e None admin] Could not find role: member.: keystone.exception.RoleNotFound: Could not find role: member.
Jul 31 01:02:44.710178 dv-neutron-master-2-hyperv devstack@keystone.service[80703]: ERROR keystone.server.flask.application
Traceback (most recent call last):
Jul 31 01:02:44.710178 dv-neutron-master-2-hyperv devstack@keystone.service[80703]: ERROR keystone.server.flask.application
File "/usr/local/lib/python3.8/dist-packages/flask/app.py", line 1517, in full_dispatch_request
Jul 31 01:02:44.710178 dv-neutron-master-2-hyperv devstack@keystone.service[80703]: ERROR keystone.server.flask.application rv = self.dispatch_request()
Jul 31 01:02:44.710178 dv-neutron-master-2-hyperv devstack@keystone.service[80703]: ERROR keystone.server.flask.application
File "/usr/local/lib/python3.8/dist-packages/flask/app.py", line 1503, in dispatch_request
Jul 31 01:02:44.710178 dv-neutron-master-2-hyperv devstack@keystone.service[80703]: ERROR keystone.server.flask.application return self.ensure_sync(self.view_functions[rule.endpoint])(**req.view_args)
Jul 31 01:02:44.710178 dv-neutron-master-2-hyperv devstack@keystone.service[80703]: ERROR keystone.server.flask.application
File "/usr/local/lib/python3.8/dist-packages/flask_restful/__init__.py", line 467, in wrapper
Jul 31 01:02:44.710178 dv-neutron-master-2-hyperv devstack@keystone.service[80703]: ERROR keystone.server.flask.application resp = resource(*args, **kwargs)
Jul 31 01:02:44.710178 dv-neutron-master-2-hyperv devstack@keystone.service[80703]: ERROR keystone.server.flask.application
File "/usr/local/lib/python3.8/dist-packages/flask/views.py", line 84, in view
Jul 31 01:02:44.710178 dv-neutron-master-2-hyperv devstack@keystone.service[80703]: ERROR keystone.server.flask.application return current_app.ensure_sync(self.dispatch_request)(*args, **kwargs)
Jul 31 01:02:44.710178 dv-neutron-master-2-hyperv devstack@keystone.service[80703]: ERROR keystone.server.flask.application
File "/usr/local/lib/python3.8/dist-packages/flask_restful/__init__.py", line 582, in dispatch_request
Jul 31 01:02:44.710178 dv-neutron-master-2-hyperv devstack@keystone.service[80703]: ERROR keystone.server.flask.application resp = meth(*args, **kwargs)
Jul 31 01:02:44.710178 dv-neutron-master-2-hyperv devstack@keystone.service[80703]: ERROR keystone.server.flask.application
File "/opt/stack/keystone/keystone/api/roles.py", line 50, in get
Jul 31 01:02:44.710178 dv-neutron-master-2-hyperv devstack@keystone.service[80703]: ERROR keystone.server.flask.application return self._get_role(role_id)
Jul 31 01:02:44.710178 dv-neutron-master-2-hyperv devstack@keystone.service[80703]: ERROR keystone.server.flask.application
File "/opt/stack/keystone/keystone/api/roles.py", line 70, in _get_role
Jul 31 01:02:44.710178 dv-neutron-master-2-hyperv devstack@keystone.service[80703]: ERROR keystone.server.flask.application ENFORCER.enforce_call(action='identity:get_role')
Jul 31 01:02:44.711190 dv-neutron-master-2-hyperv devstack@keystone.service[80703]: ERROR keystone.server.flask.application
File "/opt/stack/keystone/keystone/common/rbac_enforcer/enforcer.py", line 402, in enforce_call
Jul 31 01:02:44.711190 dv-neutron-master-2-hyperv devstack@keystone.service[80703]: ERROR keystone.server.flask.application policy_dict.update(cls._extract_member_target_data(
Jul 31 01:02:44.711190 dv-neutron-master-2-hyperv devstack@keystone.service[80703]: ERROR keystone.server.flask.application
File "/opt/stack/keystone/keystone/common/rbac_enforcer/enforcer.py", line 234, in _extract_member_target_data
Jul 31 01:02:44.711190 dv-neutron-master-2-hyperv devstack@keystone.service[80703]: ERROR keystone.server.flask.application member_name: func(flask.request.view_args[key])
Jul 31 01:02:44.711190 dv-neutron-master-2-hyperv devstack@keystone.service[80703]: ERROR keystone.server.flask.application
File "/opt/stack/keystone/keystone/common/manager.py", line 115, in wrapped
Jul 31 01:02:44.711190 dv-neutron-master-2-hyperv devstack@keystone.service[80703]: ERROR keystone.server.flask.application __ret_val = __f(*args, **kwargs)
Jul 31 01:02:44.711190 dv-neutron-master-2-hyperv devstack@keystone.service[80703]: ERROR keystone.server.flask.application
File "/usr/local/lib/python3.8/dist-packages/decorator.py", line 232, in fun
Jul 31 01:02:44.711190 dv-neutron-master-2-hyperv devstack@keystone.service[80703]: ERROR keystone.server.flask.application return caller(func, *(extras + args), **kw)
Jul 31 01:02:44.711190 dv-neutron-master-2-hyperv devstack@keystone.service[80703]: ERROR keystone.server.flask.application
File "/usr/local/lib/python3.8/dist-packages/dogpile/cache/region.py", line 1577, in get_or_create_for_user_func
Jul 31 01:02:44.711190 dv-neutron-master-2-hyperv devstack@keystone.service[80703]: ERROR keystone.server.flask.application return self.get_or_create(
Jul 31 01:02:44.711190 dv-neutron-master-2-hyperv devstack@keystone.service[80703]: ERROR keystone.server.flask.application
File "/usr/local/lib/python3.8/dist-packages/dogpile/cache/region.py", line 1042, in get_or_create
Jul 31 01:02:44.711190 dv-neutron-master-2-hyperv devstack@keystone.service[80703]: ERROR keystone.server.flask.application with Lock(
Jul 31 01:02:44.711190 dv-neutron-master-2-hyperv devstack@keystone.service[80703]: ERROR keystone.server.flask.application
File "/usr/local/lib/python3.8/dist-packages/dogpile/lock.py", line 185, in __enter__
Jul 31 01:02:44.711190 dv-neutron-master-2-hyperv devstack@keystone.service[80703]: ERROR keystone.server.flask.application return self._enter()
Jul 31 01:02:44.711190 dv-neutron-master-2-hyperv devstack@keystone.service[80703]: ERROR keystone.server.flask.application
File "/usr/local/lib/python3.8/dist-packages/dogpile/lock.py", line 94, in _enter
Jul 31 01:02:44.711190 dv-neutron-master-2-hyperv devstack@keystone.service[80703]: ERROR keystone.server.flask.application generated = self._enter_create(value, createdtime)
Jul 31 01:02:44.712048 dv-neutron-master-2-hyperv devstack@keystone.service[80703]: ERROR keystone.server.flask.application
File "/usr/local/lib/python3.8/dist-packages/dogpile/lock.py", line 178, in _enter_create
Jul 31 01:02:44.712048 dv-neutron-master-2-hyperv devstack@keystone.service[80703]: ERROR keystone.server.flask.application return self.creator()
Jul 31 01:02:44.712048 dv-neutron-master-2-hyperv devstack@keystone.service[80703]: ERROR keystone.server.flask.application
File "/usr/local/lib/python3.8/dist-packages/dogpile/cache/region.py", line 995, in gen_value
Jul 31 01:02:44.712048 dv-neutron-master-2-hyperv devstack@keystone.service[80703]: ERROR keystone.server.flask.application created_value = creator(
Jul 31 01:02:44.712048 dv-neutron-master-2-hyperv devstack@keystone.service[80703]: ERROR keystone.server.flask.application
File "/opt/stack/keystone/keystone/assignment/core.py", line 1276, in get_role
Jul 31 01:02:44.712048 dv-neutron-master-2-hyperv devstack@keystone.service[80703]: ERROR keystone.server.flask.application return self.driver.get_role(role_id)
Jul 31 01:02:44.712048 dv-neutron-master-2-hyperv devstack@keystone.service[80703]: ERROR keystone.server.flask.application
File "/opt/stack/keystone/keystone/assignment/role_backends/sql.py", line 70, in get_role
Jul 31 01:02:44.712048 dv-neutron-master-2-hyperv devstack@keystone.service[80703]: ERROR keystone.server.flask.application return self._get_role(session, role_id).to_dict()
Jul 31 01:02:44.712048 dv-neutron-master-2-hyperv devstack@keystone.service[80703]: ERROR keystone.server.flask.application
File "/opt/stack/keystone/keystone/assignment/role_backends/sql.py", line 65, in _get_role
Jul 31 01:02:44.712048 dv-neutron-master-2-hyperv devstack@keystone.service[80703]: ERROR keystone.server.flask.application raise exception.RoleNotFound(role_id=role_id)
Jul 31 01:02:44.712048 dv-neutron-master-2-hyperv devstack@keystone.service[80703]: ERROR keystone.server.flask.application keystone.exception.RoleNotFound: Could not find role: member.
Jul 31 01:02:44.712048 dv-neutron-master-2-hyperv devstack@keystone.service[80703]: ERROR keystone.server.flask.application
Jul 31 01:02:44.712640 dv-neutron-master-2-hyperv devstack@keystone.service[80703]: [pid: 80703|app: 0|req: 196/411] 10.222.0.60 () {56 vars in 1099 bytes} [Sun Jul 31 01:02:44 2022] GET /identity/v3/roles/member => generated 84 bytes in 182 msecs (HTTP/1.1 404) 5 headers in 183 bytes (1 switches on core 0)
Jul 31 01:02:44.713490 dv-neutron-master-2-hyperv devstack@keystone.service[80703]: DEBUG keystone.server.flask.request_processing.middleware.auth_context [None req-77c7319d-c831-4d39-ab85-d28b4ad1829e None admin] Authenticating user token {{(pid=80703) process_request /usr/local/lib/python3.8/dist-packages/keystonemiddleware/auth_token/__init__.py:407}}
Jul 31 01:02:44.715000 dv-neutron-master-2-hyperv devstack@keystone.service[80702]: DEBUG keystone.server.flask.request_processing.middleware.auth_context [None req-bfeac560-ff61-404f-9664-bdaf5d86d6ec None admin] RBAC: auth_context: {'token': , 'domain_id': None, 'trust_id': None, 'trustor_id': None, 'trustee_id': None, 'domain_name': None, 'group_ids': [], 'user_id': '652828201b9e47a5b54a3c3110e80fd8', 'user_domain_id': 'default', 'system_scope': 'all', 'project_id': None, 'project_domain_id': None, 'roles': ['admin', 'member', 'reader'], 'is_admin_project': True, 'service_user_id': None, 'service_user_domain_id': None, 'service_project_id': None, 'service_project_domain_id': None, 'service_roles': []} {{(pid=80702) fill_context /opt/stack/keystone/keystone/server/flask/request_processing/middleware/auth_context.py:478}}
Jul 31 01:02:44.715823 dv-neutron-master-2-hyperv devstack@keystone.service[80702]: DEBUG keystone.server.flask.request_processing.req_logging [None req-bfeac560-ff61-404f-9664-bdaf5d86d6ec None admin] REQUEST_METHOD: `GET` {{(pid=80702) log_request_info /opt/stack/keystone/keystone/server/flask/request_processing/req_logging.py:27}}
Jul 31 01:02:44.716278 dv-neutron-master-2-hyperv devstack@keystone.service[80702]: DEBUG keystone.server.flask.request_processing.req_logging [None req-bfeac560-ff61-404f-9664-bdaf5d86d6ec None admin] SCRIPT_NAME: `/identity` {{(pid=80702) log_request_info /opt/stack/keystone/keystone/server/flask/request_processing/req_logging.py:28}}
Jul 31 01:02:44.716935 dv-neutron-master-2-hyperv devstack@keystone.service[80702]: DEBUG keystone.server.flask.request_processing.req_logging [None req-bfeac560-ff61-404f-9664-bdaf5d86d6ec None admin] PATH_INFO: `/v3/roles` {{(pid=80702) log_request_info /opt/stack/keystone/keystone/server/flask/request_processing/req_logging.py:29}}
Jul 31 01:02:44.718858 dv-neutron-master-2-hyperv devstack@keystone.service[80702]: DEBUG keystone.common.rbac_enforcer.enforcer [None req-bfeac560-ff61-404f-9664-bdaf5d86d6ec None admin] RBAC: Adding query filter params (name=anotherrole) {{(pid=80702) _extract_filter_values /opt/stack/keystone/keystone/common/rbac_enforcer/enforcer.py:167}}
Jul 31 01:02:44.719314 dv-neutron-master-2-hyperv devstack@keystone.service[80702]: DEBUG keystone.common.rbac_enforcer.enforcer [None req-bfeac560-ff61-404f-9664-bdaf5d86d6ec None admin] RBAC: Authorizing `identity:list_roles()` {{(pid=80702) enforce_call /opt/stack/keystone/keystone/common/rbac_enforcer/enforcer.py:449}}
Jul 31 01:02:44.720865 dv-neutron-master-2-hyperv devstack@keystone.service[80702]: DEBUG keystone.common.rbac_enforcer.enforcer [None req-bfeac560-ff61-404f-9664-bdaf5d86d6ec None admin] RBAC: Authorization granted {{(pid=80702) enforce_call /opt/stack/keystone/keystone/common/rbac_enforcer/enforcer.py:457}}
Jul 31 01:02:44.732112 dv-neutron-master-2-hyperv devstack@keystone.service[80702]: [pid: 80702|app: 0|req: 216/412] 10.222.0.60 () {56 vars in 1111 bytes} [Sun Jul 31 01:02:44 2022] GET /identity/v3/roles?name=anotherrole => generated 334 bytes in 194 msecs (HTTP/1.1 200) 5 headers in 177 bytes (1 switches on core 0)
Jul 31 01:02:44.733151 dv-neutron-master-2-hyperv devstack@keystone.service[80702]: DEBUG keystone.server.flask.request_processing.middleware.auth_context [None req-bfeac560-ff61-404f-9664-bdaf5d86d6ec None admin] Authenticating user token {{(pid=80702) process_request /usr/local/lib/python3.8/dist-packages/keystonemiddleware/auth_token/__init__.py:407}}
Jul 31 01:02:44.830292 dv-neutron-master-2-hyperv devstack@keystone.service[80702]: DEBUG dbcounter [-] [80702] Writing DB stats keystone:SELECT=100 {{(pid=80702) stat_writer /usr/local/lib/python3.8/dist-packages/dbcounter.py:114}}
Jul 31 01:02:44.832109 dv-neutron-master-2-hyperv devstack@keystone.service[80703]: DEBUG keystone.server.flask.request_processing.middleware.auth_context [None req-77c7319d-c831-4d39-ab85-d28b4ad1829e None admin] Validating token access rules against request {{(pid=80703) validate_allowed_request /usr/local/lib/python3.8/dist-packages/keystonemiddleware/auth_token/__init__.py:545}}
Jul 31 01:02:44.839561 dv-neutron-master-2-hyperv devstack@keystone.service[80702]: DEBUG keystone.server.flask.request_processing.middleware.auth_context [None req-bfeac560-ff61-404f-9664-bdaf5d86d6ec None admin] Validating token access rules against request {{(pid=80702) validate_allowed_request /usr/local/lib/python3.8/dist-packages/keystonemiddleware/auth_token/__init__.py:545}}
Jul 31 01:02:44.869612 dv-neutron-master-2-hyperv devstack@keystone.service[80703]: DEBUG keystone.server.flask.request_processing.middleware.auth_context [None req-0dd99b02-49bc-4abe-b8ed-94f457eab57e None admin] RBAC: auth_context: {'token': , 'domain_id': None, 'trust_id': None, 'trustor_id': None, 'trustee_id': None, 'domain_name': None, 'group_ids': [], 'user_id': '652828201b9e47a5b54a3c3110e80fd8', 'user_domain_id': 'default', 'system_scope': 'all', 'project_id': None, 'project_domain_id': None, 'roles': ['admin', 'member', 'reader'], 'is_admin_project': True, 'service_user_id': None, 'service_user_domain_id': None, 'service_project_id': None, 'service_project_domain_id': None, 'service_roles': []} {{(pid=80703) fill_context /opt/stack/keystone/keystone/server/flask/request_processing/middleware/auth_context.py:478}}
Jul 31 01:02:44.870591 dv-neutron-master-2-hyperv devstack@keystone.service[80703]: DEBUG keystone.server.flask.request_processing.req_logging [None req-0dd99b02-49bc-4abe-b8ed-94f457eab57e None admin] REQUEST_METHOD: `GET` {{(pid=80703) log_request_info /opt/stack/keystone/keystone/server/flask/request_processing/req_logging.py:27}}
Jul 31 01:02:44.871157 dv-neutron-master-2-hyperv devstack@keystone.service[80703]: DEBUG keystone.server.flask.request_processing.req_logging [None req-0dd99b02-49bc-4abe-b8ed-94f457eab57e None admin] SCRIPT_NAME: `/identity` {{(pid=80703) log_request_info /opt/stack/keystone/keystone/server/flask/request_processing/req_logging.py:28}}
Jul 31 01:02:44.871647 dv-neutron-master-2-hyperv devstack@keystone.service[80703]: DEBUG keystone.server.flask.request_processing.req_logging [None req-0dd99b02-49bc-4abe-b8ed-94f457eab57e None admin] PATH_INFO: `/v3/groups/f47fb0a3cf534ea78d6946e5426cf1ce` {{(pid=80703) log_request_info /opt/stack/keystone/keystone/server/flask/request_processing/req_logging.py:29}}
Jul 31 01:02:44.873194 dv-neutron-master-2-hyperv devstack@keystone.service[80703]: DEBUG keystone.common.rbac_enforcer.enforcer [None req-0dd99b02-49bc-4abe-b8ed-94f457eab57e None admin] RBAC: Authorizing `identity:get_group(group_id=f47fb0a3cf534ea78d6946e5426cf1ce)` {{(pid=80703) enforce_call /opt/stack/keystone/keystone/common/rbac_enforcer/enforcer.py:449}}
Jul 31 01:02:44.874477 dv-neutron-master-2-hyperv devstack@keystone.service[80702]: DEBUG keystone.server.flask.request_processing.middleware.auth_context [None req-696b9d65-a8d0-4c6c-8d2d-cf15d9e8d973 None admin] RBAC: auth_context: {'token': , 'domain_id': None, 'trust_id': None, 'trustor_id': None, 'trustee_id': None, 'domain_name': None, 'group_ids': [], 'user_id': '652828201b9e47a5b54a3c3110e80fd8', 'user_domain_id': 'default', 'system_scope': 'all', 'project_id': None, 'project_domain_id': None, 'roles': ['admin', 'member', 'reader'], 'is_admin_project': True, 'service_user_id': None, 'service_user_domain_id': None, 'service_project_id': None, 'service_project_domain_id': None, 'service_roles': []} {{(pid=80702) fill_context /opt/stack/keystone/keystone/server/flask/request_processing/middleware/auth_context.py:478}}
Jul 31 01:02:44.875173 dv-neutron-master-2-hyperv devstack@keystone.service[80702]: DEBUG keystone.server.flask.request_processing.req_logging [None req-696b9d65-a8d0-4c6c-8d2d-cf15d9e8d973 None admin] REQUEST_METHOD: `GET` {{(pid=80702) log_request_info /opt/stack/keystone/keystone/server/flask/request_processing/req_logging.py:27}}
Jul 31 01:02:44.875425 dv-neutron-master-2-hyperv devstack@keystone.service[80703]: DEBUG keystone.common.rbac_enforcer.enforcer [None req-0dd99b02-49bc-4abe-b8ed-94f457eab57e None admin] RBAC: Authorization granted {{(pid=80703) enforce_call /opt/stack/keystone/keystone/common/rbac_enforcer/enforcer.py:457}}
Jul 31 01:02:44.875595 dv-neutron-master-2-hyperv devstack@keystone.service[80702]: DEBUG keystone.server.flask.request_processing.req_logging [None req-696b9d65-a8d0-4c6c-8d2d-cf15d9e8d973 None admin] SCRIPT_NAME: `/identity` {{(pid=80702) log_request_info /opt/stack/keystone/keystone/server/flask/request_processing/req_logging.py:28}}
Jul 31 01:02:44.875981 dv-neutron-master-2-hyperv devstack@keystone.service[80702]: DEBUG keystone.server.flask.request_processing.req_logging [None req-696b9d65-a8d0-4c6c-8d2d-cf15d9e8d973 None admin] PATH_INFO: `/v3/roles` {{(pid=80702) log_request_info /opt/stack/keystone/keystone/server/flask/request_processing/req_logging.py:29}}
Jul 31 01:02:44.876767 dv-neutron-master-2-hyperv devstack@keystone.service[80702]: DEBUG keystone.common.rbac_enforcer.enforcer [None req-696b9d65-a8d0-4c6c-8d2d-cf15d9e8d973 None admin] RBAC: Adding query filter params (name=member) {{(pid=80702) _extract_filter_values /opt/stack/keystone/keystone/common/rbac_enforcer/enforcer.py:167}}
Jul 31 01:02:44.877143 dv-neutron-master-2-hyperv devstack@keystone.service[80702]: DEBUG keystone.common.rbac_enforcer.enforcer [None req-696b9d65-a8d0-4c6c-8d2d-cf15d9e8d973 None admin] RBAC: Authorizing `identity:list_roles()` {{(pid=80702) enforce_call /opt/stack/keystone/keystone/common/rbac_enforcer/enforcer.py:449}}
Jul 31 01:02:44.882940 dv-neutron-master-2-hyperv devstack@keystone.service[80702]: DEBUG keystone.common.rbac_enforcer.enforcer [None req-696b9d65-a8d0-4c6c-8d2d-cf15d9e8d973 None admin] RBAC: Authorization granted {{(pid=80702) enforce_call /opt/stack/keystone/keystone/common/rbac_enforcer/enforcer.py:457}}
Jul 31 01:02:44.883226 dv-neutron-master-2-hyperv devstack@keystone.service[80703]: [pid: 80703|app: 0|req: 197/413] 10.222.0.60 () {56 vars in 1180 bytes} [Sun Jul 31 01:02:44 2022] GET /identity/v3/groups/f47fb0a3cf534ea78d6946e5426cf1ce => generated 229 bytes in 166 msecs (HTTP/1.1 200) 5 headers in 177 bytes (1 switches on core 0)
Jul 31 01:02:44.884312 dv-neutron-master-2-hyperv devstack@keystone.service[80703]: DEBUG keystone.server.flask.request_processing.middleware.auth_context [None req-0dd99b02-49bc-4abe-b8ed-94f457eab57e None admin] Authenticating user token {{(pid=80703) process_request /usr/local/lib/python3.8/dist-packages/keystonemiddleware/auth_token/__init__.py:407}}
Jul 31 01:02:44.888990 dv-neutron-master-2-hyperv devstack@keystone.service[80702]: [pid: 80702|app: 0|req: 217/414] 10.222.0.60 () {56 vars in 1101 bytes} [Sun Jul 31 01:02:44 2022] GET /identity/v3/roles?name=member => generated 341 bytes in 155 msecs (HTTP/1.1 200) 5 headers in 177 bytes (1 switches on core 0)
Jul 31 01:02:44.889159 dv-neutron-master-2-hyperv devstack@keystone.service[80702]: DEBUG keystone.server.flask.request_processing.middleware.auth_context [None req-696b9d65-a8d0-4c6c-8d2d-cf15d9e8d973 None admin] Authenticating user token {{(pid=80702) process_request /usr/local/lib/python3.8/dist-packages/keystonemiddleware/auth_token/__init__.py:407}}
Jul 31 01:02:44.914975 dv-neutron-master-2-hyperv devstack@keystone.service[80703]: DEBUG dbcounter [-] [80703] Writing DB stats keystone:SELECT=100 {{(pid=80703) stat_writer /usr/local/lib/python3.8/dist-packages/dbcounter.py:114}}
Jul 31 01:02:44.993837 dv-neutron-master-2-hyperv devstack@keystone.service[80703]: DEBUG keystone.server.flask.request_processing.middleware.auth_context [None req-0dd99b02-49bc-4abe-b8ed-94f457eab57e None admin] Validating token access rules against request {{(pid=80703) validate_allowed_request /usr/local/lib/python3.8/dist-packages/keystonemiddleware/auth_token/__init__.py:545}}
Jul 31 01:02:44.997565 dv-neutron-master-2-hyperv devstack@keystone.service[80702]: DEBUG keystone.server.flask.request_processing.middleware.auth_context [None req-696b9d65-a8d0-4c6c-8d2d-cf15d9e8d973 None admin] Validating token access rules against request {{(pid=80702) validate_allowed_request /usr/local/lib/python3.8/dist-packages/keystonemiddleware/auth_token/__init__.py:545}}
Jul 31 01:02:45.033070 dv-neutron-master-2-hyperv devstack@keystone.service[80703]: DEBUG keystone.server.flask.request_processing.middleware.auth_context [None req-1eea48d3-a427-4126-8252-894f8412af57 None admin] RBAC: auth_context: {'token': , 'domain_id': None, 'trust_id': None, 'trustor_id': None, 'trustee_id': None, 'domain_name': None, 'group_ids': [], 'user_id': '652828201b9e47a5b54a3c3110e80fd8', 'user_domain_id': 'default', 'system_scope': 'all', 'project_id': None, 'project_domain_id': None, 'roles': ['admin', 'member', 'reader'], 'is_admin_project': True, 'service_user_id': None, 'service_user_domain_id': None, 'service_project_id': None, 'service_project_domain_id': None, 'service_roles': []} {{(pid=80703) fill_context /opt/stack/keystone/keystone/server/flask/request_processing/middleware/auth_context.py:478}}
Jul 31 01:02:45.034128 dv-neutron-master-2-hyperv devstack@keystone.service[80703]: DEBUG keystone.server.flask.request_processing.req_logging [None req-1eea48d3-a427-4126-8252-894f8412af57 None admin] REQUEST_METHOD: `GET` {{(pid=80703) log_request_info /opt/stack/keystone/keystone/server/flask/request_processing/req_logging.py:27}}
Jul 31 01:02:45.034651 dv-neutron-master-2-hyperv devstack@keystone.service[80703]: DEBUG keystone.server.flask.request_processing.req_logging [None req-1eea48d3-a427-4126-8252-894f8412af57 None admin] SCRIPT_NAME: `/identity` {{(pid=80703) log_request_info /opt/stack/keystone/keystone/server/flask/request_processing/req_logging.py:28}}
Jul 31 01:02:45.035198 dv-neutron-master-2-hyperv devstack@keystone.service[80702]: DEBUG keystone.server.flask.request_processing.middleware.auth_context [None req-6763ee94-e522-4641-9d6f-7044368adfcd None admin] RBAC: auth_context: {'token': , 'domain_id': None, 'trust_id': None, 'trustor_id': None, 'trustee_id': None, 'domain_name': None, 'group_ids': [], 'user_id': '652828201b9e47a5b54a3c3110e80fd8', 'user_domain_id': 'default', 'system_scope': 'all', 'project_id': None, 'project_domain_id': None, 'roles': ['admin', 'member', 'reader'], 'is_admin_project': True, 'service_user_id': None, 'service_user_domain_id': None, 'service_project_id': None, 'service_project_domain_id': None, 'service_roles': []} {{(pid=80702) fill_context /opt/stack/keystone/keystone/server/flask/request_processing/middleware/auth_context.py:478}}
Jul 31 01:02:45.035359 dv-neutron-master-2-hyperv devstack@keystone.service[80702]: DEBUG keystone.server.flask.request_processing.req_logging [None req-6763ee94-e522-4641-9d6f-7044368adfcd None admin] REQUEST_METHOD: `GET` {{(pid=80702) log_request_info /opt/stack/keystone/keystone/server/flask/request_processing/req_logging.py:27}}
Jul 31 01:02:45.035833 dv-neutron-master-2-hyperv devstack@keystone.service[80702]: DEBUG keystone.server.flask.request_processing.req_logging [None req-6763ee94-e522-4641-9d6f-7044368adfcd None admin] SCRIPT_NAME: `/identity` {{(pid=80702) log_request_info /opt/stack/keystone/keystone/server/flask/request_processing/req_logging.py:28}}
Jul 31 01:02:45.036007 dv-neutron-master-2-hyperv devstack@keystone.service[80703]: DEBUG keystone.server.flask.request_processing.req_logging [None req-1eea48d3-a427-4126-8252-894f8412af57 None admin] PATH_INFO: `/v3/groups/a5bf2cfd89604dff83c7fdae945e6b5c` {{(pid=80703) log_request_info /opt/stack/keystone/keystone/server/flask/request_processing/req_logging.py:29}}
Jul 31 01:02:45.036133 dv-neutron-master-2-hyperv devstack@keystone.service[80702]: DEBUG keystone.server.flask.request_processing.req_logging [None req-6763ee94-e522-4641-9d6f-7044368adfcd None admin] PATH_INFO: `/v3/projects/9b95aba7aab1442a9b3944b9e1f7019a` {{(pid=80702) log_request_info /opt/stack/keystone/keystone/server/flask/request_processing/req_logging.py:29}}
Jul 31 01:02:45.037325 dv-neutron-master-2-hyperv devstack@keystone.service[80702]: DEBUG keystone.common.rbac_enforcer.enforcer [None req-6763ee94-e522-4641-9d6f-7044368adfcd None admin] RBAC: Authorizing `identity:get_project(project_id=9b95aba7aab1442a9b3944b9e1f7019a)` {{(pid=80702) enforce_call /opt/stack/keystone/keystone/common/rbac_enforcer/enforcer.py:449}}
Jul 31 01:02:45.037781 dv-neutron-master-2-hyperv devstack@keystone.service[80703]: DEBUG keystone.common.rbac_enforcer.enforcer [None req-1eea48d3-a427-4126-8252-894f8412af57 None admin] RBAC: Authorizing `identity:get_group(group_id=a5bf2cfd89604dff83c7fdae945e6b5c)` {{(pid=80703) enforce_call /opt/stack/keystone/keystone/common/rbac_enforcer/enforcer.py:449}}
Jul 31 01:02:45.038977 dv-neutron-master-2-hyperv devstack@keystone.service[80702]: DEBUG keystone.common.rbac_enforcer.enforcer [None req-6763ee94-e522-4641-9d6f-7044368adfcd None admin] RBAC: Authorization granted {{(pid=80702) enforce_call /opt/stack/keystone/keystone/common/rbac_enforcer/enforcer.py:457}}
Jul 31 01:02:45.039622 dv-neutron-master-2-hyperv devstack@keystone.service[80703]: DEBUG keystone.common.rbac_enforcer.enforcer [None req-1eea48d3-a427-4126-8252-894f8412af57 None admin] RBAC: Authorization granted {{(pid=80703) enforce_call /opt/stack/keystone/keystone/common/rbac_enforcer/enforcer.py:457}}
Jul 31 01:02:45.040818 dv-neutron-master-2-hyperv devstack@keystone.service[80702]: [pid: 80702|app: 0|req: 218/415] 10.222.0.60 () {56 vars in 1186 bytes} [Sun Jul 31 01:02:44 2022] GET /identity/v3/projects/9b95aba7aab1442a9b3944b9e1f7019a => generated 344 bytes in 152 msecs (HTTP/1.1 200) 5 headers in 177 bytes (1 switches on core 0)
Jul 31 01:02:45.041661 dv-neutron-master-2-hyperv devstack@keystone.service[80702]: DEBUG keystone.server.flask.request_processing.middleware.auth_context [None req-6763ee94-e522-4641-9d6f-7044368adfcd None admin] Authenticating user token {{(pid=80702) process_request /usr/local/lib/python3.8/dist-packages/keystonemiddleware/auth_token/__init__.py:407}}
Jul 31 01:02:45.042100 dv-neutron-master-2-hyperv devstack@keystone.service[80703]: [pid: 80703|app: 0|req: 198/416] 10.222.0.60 () {56 vars in 1180 bytes} [Sun Jul 31 01:02:44 2022] GET /identity/v3/groups/a5bf2cfd89604dff83c7fdae945e6b5c => generated 226 bytes in 158 msecs (HTTP/1.1 200) 5 headers in 177 bytes (1 switches on core 0)
Jul 31 01:02:45.052170 dv-neutron-master-2-hyperv devstack@keystone.service[80703]: DEBUG keystone.server.flask.request_processing.middleware.auth_context [None req-1eea48d3-a427-4126-8252-894f8412af57 None admin] Authenticating user token {{(pid=80703) process_request /usr/local/lib/python3.8/dist-packages/keystonemiddleware/auth_token/__init__.py:407}}
Jul 31 01:02:45.064788 dv-neutron-master-2-hyperv devstack@keystone.service[80702]: DEBUG dbcounter [-] [80702] Writing DB stats keystone:SELECT=100 {{(pid=80702) stat_writer /usr/local/lib/python3.8/dist-packages/dbcounter.py:114}}
Jul 31 01:02:45.146243 dv-neutron-master-2-hyperv devstack@keystone.service[80702]: DEBUG keystone.server.flask.request_processing.middleware.auth_context [None req-6763ee94-e522-4641-9d6f-7044368adfcd None admin] Validating token access rules against request {{(pid=80702) validate_allowed_request /usr/local/lib/python3.8/dist-packages/keystonemiddleware/auth_token/__init__.py:545}}
Jul 31 01:02:45.156928 dv-neutron-master-2-hyperv devstack@keystone.service[80703]: DEBUG dbcounter [-] [80703] Writing DB stats keystone:SELECT=100 {{(pid=80703) stat_writer /usr/local/lib/python3.8/dist-packages/dbcounter.py:114}}
Jul 31 01:02:45.164316 dv-neutron-master-2-hyperv devstack@keystone.service[80703]: DEBUG keystone.server.flask.request_processing.middleware.auth_context [None req-1eea48d3-a427-4126-8252-894f8412af57 None admin] Validating token access rules against request {{(pid=80703) validate_allowed_request /usr/local/lib/python3.8/dist-packages/keystonemiddleware/auth_token/__init__.py:545}}
Jul 31 01:02:45.183873 dv-neutron-master-2-hyperv devstack@keystone.service[80702]: DEBUG keystone.server.flask.request_processing.middleware.auth_context [None req-8735e61a-87fd-493b-90fb-aa4b7ff2c07b None admin] RBAC: auth_context: {'token': , 'domain_id': None, 'trust_id': None, 'trustor_id': None, 'trustee_id': None, 'domain_name': None, 'group_ids': [], 'user_id': '652828201b9e47a5b54a3c3110e80fd8', 'user_domain_id': 'default', 'system_scope': 'all', 'project_id': None, 'project_domain_id': None, 'roles': ['admin', 'member', 'reader'], 'is_admin_project': True, 'service_user_id': None, 'service_user_domain_id': None, 'service_project_id': None, 'service_project_domain_id': None, 'service_roles': []} {{(pid=80702) fill_context /opt/stack/keystone/keystone/server/flask/request_processing/middleware/auth_context.py:478}}
Jul 31 01:02:45.184732 dv-neutron-master-2-hyperv devstack@keystone.service[80702]: DEBUG keystone.server.flask.request_processing.req_logging [None req-8735e61a-87fd-493b-90fb-aa4b7ff2c07b None admin] REQUEST_METHOD: `GET` {{(pid=80702) log_request_info /opt/stack/keystone/keystone/server/flask/request_processing/req_logging.py:27}}
Jul 31 01:02:45.185160 dv-neutron-master-2-hyperv devstack@keystone.service[80702]: DEBUG keystone.server.flask.request_processing.req_logging [None req-8735e61a-87fd-493b-90fb-aa4b7ff2c07b None admin] SCRIPT_NAME: `/identity` {{(pid=80702) log_request_info /opt/stack/keystone/keystone/server/flask/request_processing/req_logging.py:28}}
Jul 31 01:02:45.185571 dv-neutron-master-2-hyperv devstack@keystone.service[80702]: DEBUG keystone.server.flask.request_processing.req_logging [None req-8735e61a-87fd-493b-90fb-aa4b7ff2c07b None admin] PATH_INFO: `/v3/auth/tokens` {{(pid=80702) log_request_info /opt/stack/keystone/keystone/server/flask/request_processing/req_logging.py:29}}
Jul 31 01:02:45.201381 dv-neutron-master-2-hyperv devstack@keystone.service[80703]: DEBUG keystone.server.flask.request_processing.middleware.auth_context [None req-46bb820d-7234-482b-9710-0d4afe6d3813 None admin] RBAC: auth_context: {'token': , 'domain_id': None, 'trust_id': None, 'trustor_id': None, 'trustee_id': None, 'domain_name': None, 'group_ids': [], 'user_id': '652828201b9e47a5b54a3c3110e80fd8', 'user_domain_id': 'default', 'system_scope': 'all', 'project_id': None, 'project_domain_id': None, 'roles': ['admin', 'member', 'reader'], 'is_admin_project': True, 'service_user_id': None, 'service_user_domain_id': None, 'service_project_id': None, 'service_project_domain_id': None, 'service_roles': []} {{(pid=80703) fill_context /opt/stack/keystone/keystone/server/flask/request_processing/middleware/auth_context.py:478}}
Jul 31 01:02:45.202337 dv-neutron-master-2-hyperv devstack@keystone.service[80703]: DEBUG keystone.server.flask.request_processing.req_logging [None req-46bb820d-7234-482b-9710-0d4afe6d3813 None admin] REQUEST_METHOD: `GET` {{(pid=80703) log_request_info /opt/stack/keystone/keystone/server/flask/request_processing/req_logging.py:27}}
Jul 31 01:02:45.202712 dv-neutron-master-2-hyperv devstack@keystone.service[80703]: DEBUG keystone.server.flask.request_processing.req_logging [None req-46bb820d-7234-482b-9710-0d4afe6d3813 None admin] SCRIPT_NAME: `/identity` {{(pid=80703) log_request_info /opt/stack/keystone/keystone/server/flask/request_processing/req_logging.py:28}}
Jul 31 01:02:45.203113 dv-neutron-master-2-hyperv devstack@keystone.service[80703]: DEBUG keystone.server.flask.request_processing.req_logging [None req-46bb820d-7234-482b-9710-0d4afe6d3813 None admin] PATH_INFO: `/v3/projects/7c49b7e2947f42c096eb6b5a5fca321a` {{(pid=80703) log_request_info /opt/stack/keystone/keystone/server/flask/request_processing/req_logging.py:29}}
Jul 31 01:02:45.204516 dv-neutron-master-2-hyperv devstack@keystone.service[80703]: DEBUG keystone.common.rbac_enforcer.enforcer [None req-46bb820d-7234-482b-9710-0d4afe6d3813 None admin] RBAC: Authorizing `identity:get_project(project_id=7c49b7e2947f42c096eb6b5a5fca321a)` {{(pid=80703) enforce_call /opt/stack/keystone/keystone/common/rbac_enforcer/enforcer.py:449}}
Jul 31 01:02:45.206162 dv-neutron-master-2-hyperv devstack@keystone.service[80703]: DEBUG keystone.common.rbac_enforcer.enforcer [None req-46bb820d-7234-482b-9710-0d4afe6d3813 None admin] RBAC: Authorization granted {{(pid=80703) enforce_call /opt/stack/keystone/keystone/common/rbac_enforcer/enforcer.py:457}}
Jul 31 01:02:45.208088 dv-neutron-master-2-hyperv devstack@keystone.service[80703]: [pid: 80703|app: 0|req: 199/417] 10.222.0.60 () {56 vars in 1186 bytes} [Sun Jul 31 01:02:45 2022] GET /identity/v3/projects/7c49b7e2947f42c096eb6b5a5fca321a => generated 302 bytes in 156 msecs (HTTP/1.1 200) 5 headers in 177 bytes (1 switches on core 0)
Jul 31 01:02:45.208914 dv-neutron-master-2-hyperv devstack@keystone.service[80703]: DEBUG keystone.server.flask.request_processing.middleware.auth_context [None req-46bb820d-7234-482b-9710-0d4afe6d3813 None admin] Authenticating user token {{(pid=80703) process_request /usr/local/lib/python3.8/dist-packages/keystonemiddleware/auth_token/__init__.py:407}}
Jul 31 01:02:45.258790 dv-neutron-master-2-hyperv devstack@keystone.service[80702]: DEBUG keystone.common.rbac_enforcer.enforcer [None req-8735e61a-87fd-493b-90fb-aa4b7ff2c07b None admin] RBAC: Authorizing `identity:validate_token()` {{(pid=80702) enforce_call /opt/stack/keystone/keystone/common/rbac_enforcer/enforcer.py:449}}
Jul 31 01:02:45.260671 dv-neutron-master-2-hyperv devstack@keystone.service[80702]: DEBUG keystone.common.rbac_enforcer.enforcer [None req-8735e61a-87fd-493b-90fb-aa4b7ff2c07b None admin] RBAC: Authorization granted {{(pid=80702) enforce_call /opt/stack/keystone/keystone/common/rbac_enforcer/enforcer.py:457}}
Jul 31 01:02:45.282591 dv-neutron-master-2-hyperv devstack@keystone.service[80702]: DEBUG dbcounter [-] [80702] Writing DB stats keystone:SELECT=100 {{(pid=80702) stat_writer /usr/local/lib/python3.8/dist-packages/dbcounter.py:114}}
Jul 31 01:02:45.318524 dv-neutron-master-2-hyperv devstack@keystone.service[80703]: DEBUG keystone.server.flask.request_processing.middleware.auth_context [None req-46bb820d-7234-482b-9710-0d4afe6d3813 None admin] Validating token access rules against request {{(pid=80703) validate_allowed_request /usr/local/lib/python3.8/dist-packages/keystonemiddleware/auth_token/__init__.py:545}}
Jul 31 01:02:45.358201 dv-neutron-master-2-hyperv devstack@keystone.service[80703]: DEBUG keystone.server.flask.request_processing.middleware.auth_context [None req-938ed270-0304-4320-a5c0-9bb75fa668a1 None admin] RBAC: auth_context: {'token': , 'domain_id': None, 'trust_id': None, 'trustor_id': None, 'trustee_id': None, 'domain_name': None, 'group_ids': [], 'user_id': '652828201b9e47a5b54a3c3110e80fd8', 'user_domain_id': 'default', 'system_scope': 'all', 'project_id': None, 'project_domain_id': None, 'roles': ['admin', 'member', 'reader'], 'is_admin_project': True, 'service_user_id': None, 'service_user_domain_id': None, 'service_project_id': None, 'service_project_domain_id': None, 'service_roles': []} {{(pid=80703) fill_context /opt/stack/keystone/keystone/server/flask/request_processing/middleware/auth_context.py:478}}
Jul 31 01:02:45.359011 dv-neutron-master-2-hyperv devstack@keystone.service[80703]: DEBUG keystone.server.flask.request_processing.req_logging [None req-938ed270-0304-4320-a5c0-9bb75fa668a1 None admin] REQUEST_METHOD: `PUT` {{(pid=80703) log_request_info /opt/stack/keystone/keystone/server/flask/request_processing/req_logging.py:27}}
Jul 31 01:02:45.359288 dv-neutron-master-2-hyperv devstack@keystone.service[80703]: DEBUG keystone.server.flask.request_processing.req_logging [None req-938ed270-0304-4320-a5c0-9bb75fa668a1 None admin] SCRIPT_NAME: `/identity` {{(pid=80703) log_request_info /opt/stack/keystone/keystone/server/flask/request_processing/req_logging.py:28}}
Jul 31 01:02:45.359608 dv-neutron-master-2-hyperv devstack@keystone.service[80703]: DEBUG keystone.server.flask.request_processing.req_logging [None req-938ed270-0304-4320-a5c0-9bb75fa668a1 None admin] PATH_INFO: `/v3/projects/9b95aba7aab1442a9b3944b9e1f7019a/groups/f47fb0a3cf534ea78d6946e5426cf1ce/roles/fef526a7d2e741ce995d107f3ac934ae` {{(pid=80703) log_request_info /opt/stack/keystone/keystone/server/flask/request_processing/req_logging.py:29}}
Jul 31 01:02:45.362894 dv-neutron-master-2-hyperv devstack@keystone.service[80703]: DEBUG keystone.common.rbac_enforcer.enforcer [None req-938ed270-0304-4320-a5c0-9bb75fa668a1 None admin] RBAC: Authorizing `identity:create_grant(project_id=9b95aba7aab1442a9b3944b9e1f7019a, group_id=f47fb0a3cf534ea78d6946e5426cf1ce, role_id=fef526a7d2e741ce995d107f3ac934ae)` {{(pid=80703) enforce_call /opt/stack/keystone/keystone/common/rbac_enforcer/enforcer.py:449}}
Jul 31 01:02:45.363028 dv-neutron-master-2-hyperv devstack@keystone.service[80703]: DEBUG keystone.common.rbac_enforcer.enforcer [None req-938ed270-0304-4320-a5c0-9bb75fa668a1 None admin] RBAC: Authorization granted {{(pid=80703) enforce_call /opt/stack/keystone/keystone/common/rbac_enforcer/enforcer.py:457}}
Jul 31 01:02:45.376273 dv-neutron-master-2-hyperv devstack@keystone.service[80703]: [pid: 80703|app: 0|req: 200/418] 10.222.0.60 () {58 vars in 1442 bytes} [Sun Jul 31 01:02:45 2022] PUT /identity/v3/projects/9b95aba7aab1442a9b3944b9e1f7019a/groups/f47fb0a3cf534ea78d6946e5426cf1ce/roles/fef526a7d2e741ce995d107f3ac934ae => generated 0 bytes in 168 msecs (HTTP/1.1 204) 3 headers in 132 bytes (0 switches on core 0)
Jul 31 01:02:45.377159 dv-neutron-master-2-hyperv devstack@keystone.service[80703]: DEBUG keystone.server.flask.request_processing.middleware.auth_context [None req-938ed270-0304-4320-a5c0-9bb75fa668a1 None admin] Authenticating user token {{(pid=80703) process_request /usr/local/lib/python3.8/dist-packages/keystonemiddleware/auth_token/__init__.py:407}}
Jul 31 01:02:45.397449 dv-neutron-master-2-hyperv devstack@keystone.service[80702]: [pid: 80702|app: 0|req: 219/419] 10.222.0.60 () {58 vars in 1282 bytes} [Sun Jul 31 01:02:45 2022] GET /identity/v3/auth/tokens => generated 799 bytes in 356 msecs (HTTP/1.1 200) 6 headers in 358 bytes (1 switches on core 0)
Jul 31 01:02:45.399469 dv-neutron-master-2-hyperv devstack@keystone.service[80702]: DEBUG keystone.server.flask.request_processing.req_logging [None req-eec3b4c1-589c-4a1d-93f1-9d5251b6c859 None None] REQUEST_METHOD: `GET` {{(pid=80702) log_request_info /opt/stack/keystone/keystone/server/flask/request_processing/req_logging.py:27}}
Jul 31 01:02:45.400254 dv-neutron-master-2-hyperv devstack@keystone.service[80702]: DEBUG keystone.server.flask.request_processing.req_logging [None req-eec3b4c1-589c-4a1d-93f1-9d5251b6c859 None None] SCRIPT_NAME: `/identity` {{(pid=80702) log_request_info /opt/stack/keystone/keystone/server/flask/request_processing/req_logging.py:28}}
Jul 31 01:02:45.401291 dv-neutron-master-2-hyperv devstack@keystone.service[80702]: DEBUG keystone.server.flask.request_processing.req_logging [None req-eec3b4c1-589c-4a1d-93f1-9d5251b6c859 None None] PATH_INFO: `/` {{(pid=80702) log_request_info /opt/stack/keystone/keystone/server/flask/request_processing/req_logging.py:29}}
