Mar 09 17:06:22.014426 dv-neutron-master-2-hyperv neutron-server[104359]: DEBUG neutron.api.rpc.handlers.l3_rpc [None req-529b1907-0b1a-4c89-95e6-d4257b1b2909 None None] The sync data for ids ['990084b5-2e51-4f90-af01-6ed66377dace'] in dv-neutron-master-2-hyperv is: [{'id': '990084b5-2e51-4f90-af01-6ed66377dace', 'name': 'tempest-ServersTestManualDisk-1254565483-router', 'tenant_id': '7402523760324c8884dc4a94d391ccb0', 'admin_state_up': True, 'status': 'ACTIVE', 'external_gateway_info': {'network_id': '8ddff297-9840-4f55-8570-21cc9d0c9cfc', 'external_fixed_ips': [{'subnet_id': '15d10b2f-899e-4949-b7a1-b92d6d4132c7', 'ip_address': '172.36.5.110'}], 'enable_snat': True}, 'gw_port_id': '8ada48fa-9b79-4763-b345-28abb4d9bbd2', 'description': '', 'availability_zones': ['nova'], 'distributed': False, 'ha': False, 'ha_vr_id': 0, 'availability_zone_hints': [], 'routes': [], 'flavor_id': None, 'tags': [], 'created_at': '2022-03-09T17:06:10Z', 'updated_at': '2022-03-09T17:06:14Z', 'revision_number': 3, 'project_id': '7402523760324c8884dc4a94d391ccb0', 'gw_port': {'id': '8ada48fa-9b79-4763-b345-28abb4d9bbd2', 'name': '', 'network_id': '8ddff297-9840-4f55-8570-21cc9d0c9cfc', 'tenant_id': '', 'mac_address': 'fa:16:3e:5a:21:ea', 'admin_state_up': True, 'status': 'DOWN', 'device_id': '990084b5-2e51-4f90-af01-6ed66377dace', 'device_owner': 'network:router_gateway', 'standard_attr_id': 91, 'fixed_ips': [{'subnet_id': '15d10b2f-899e-4949-b7a1-b92d6d4132c7', 'ip_address': '172.36.5.110', 'prefixlen': 24}], 'allowed_address_pairs': [], 'extra_dhcp_opts': [], 'security_groups': [], 'description': '', 'binding:vnic_type': 'normal', 'binding:profile': {}, 'binding:host_id': 'dv-neutron-master-2-hyperv', 'binding:vif_type': 'ovs', 'binding:vif_details': {'connectivity': 'l2', 'port_filter': True, 'ovs_hybrid_plug': False, 'datapath_type': 'system', 'bridge_name': 'br-int', 'bound_drivers': {'0': 'openvswitch'}}, 'port_security_enabled': False, 'tags': [], 'created_at': '2022-03-09T17:06:12Z', 'updated_at': '2022-03-09T17:06:19Z', 'revision_number': 3, 'project_id': '', 'subnets': [{'id': '15d10b2f-899e-4949-b7a1-b92d6d4132c7', 'cidr': '172.36.5.0/24', 'gateway_ip': '172.36.5.1', 'dns_nameservers': [], 'ipv6_ra_mode': None, 'subnetpool_id': None}], 'extra_subnets': [], 'address_scopes': {4: None, 6: None}, 'mtu': 1500}, 'enable_snat': True, 'gw_port_host': 'dv-neutron-master-2-hyperv'}] {{(pid=104359) sync_routers /opt/stack/neutron/neutron/api/rpc/handlers/l3_rpc.py:137}}
Mar 09 17:06:22.024438 dv-neutron-master-2-hyperv neutron-server[104359]: DEBUG neutron_lib.callbacks.manager [None req-bd1d83e8-3bce-4dfd-bfe2-4a6a9fd55b4a None None] Publish callbacks ['neutron.plugins.ml2.plugin.SecurityGroupDbMixin._ensure_default_security_group_handler-1488746'] for port (29e13b86-a98b-4b1c-8d28-533f837591ac), before_update {{(pid=104359) _notify_loop /usr/local/lib/python3.8/dist-packages/neutron_lib/callbacks/manager.py:176}}
Mar 09 17:06:22.052988 dv-neutron-master-2-hyperv neutron-server[104358]: DEBUG neutron.api.rpc.handlers.resources_rpc [None req-5b635dd8-235c-4f22-bd58-28996b57785c tempest-ExternalNetworksTestJSON-396992398 tempest-ExternalNetworksTestJSON-396992398-project-admin] Pushing event updated for resources: {'Port': ['ID=1cbce5a9-4d5f-45f1-a026-5b1b5a8fd5c9,revision_number=1']} {{(pid=104358) push /opt/stack/neutron/neutron/api/rpc/handlers/resources_rpc.py:237}}
Mar 09 17:06:22.078399 dv-neutron-master-2-hyperv neutron-server[104359]: DEBUG neutron.db.provisioning_blocks [None req-64553542-c0f4-42b8-84b2-9a1c79c432a8 None None] Provisioning complete for port 91b2d69f-2607-4dd9-be8f-eab7b8fe3bf9 triggered by entity L2. {{(pid=104359) provisioning_complete /opt/stack/neutron/neutron/db/provisioning_blocks.py:140}}
Mar 09 17:06:22.078783 dv-neutron-master-2-hyperv neutron-server[104359]: DEBUG neutron_lib.callbacks.manager [None req-64553542-c0f4-42b8-84b2-9a1c79c432a8 None None] Publish callbacks ['neutron.plugins.ml2.plugin.Ml2Plugin._port_provisioned-1383972'] for port (91b2d69f-2607-4dd9-be8f-eab7b8fe3bf9), provisioning_complete {{(pid=104359) _notify_loop /usr/local/lib/python3.8/dist-packages/neutron_lib/callbacks/manager.py:176}}
Mar 09 17:06:22.091357 dv-neutron-master-2-hyperv neutron-server[104357]: DEBUG neutron_lib.callbacks.manager [None req-01fb1409-9a84-4b71-a82f-7908d0c8ee64 admin admin] Publish callbacks ['neutron.plugins.ml2.plugin.SecurityGroupServerNotifierRpcMixin._notify_sg_on_port_change-1488838', 'neutron.plugins.ml2.ovo_rpc._ObjectChangeHandler.handle_event-236537', 'neutron.api.rpc.agentnotifiers.dhcp_rpc_agent_api.DhcpAgentNotifyAPI._native_event_send_dhcp_notification-3694724', 'neutron.db.l3_db.L3RpcNotifierMixin._notify_gateway_port_ip_changed-8742827804263', 'neutron.db.l3_dvrscheduler_db._notify_l3_agent_port_update-8742827366777', 'neutron.db.l3_hascheduler_db._notify_l3_agent_ha_port_update-8742827366795'] for port (f7e24f50-6b24-4a47-8b49-e4de71816ed4), after_update {{(pid=104357) _notify_loop /usr/local/lib/python3.8/dist-packages/neutron_lib/callbacks/manager.py:176}}
Mar 09 17:06:22.092101 dv-neutron-master-2-hyperv neutron-server[104357]: DEBUG neutron_lib.callbacks.manager [None req-01fb1409-9a84-4b71-a82f-7908d0c8ee64 admin admin] Publish callbacks ['neutron.api.rpc.agentnotifiers.dhcp_rpc_agent_api.DhcpAgentNotifyAPI._after_router_interface_created-3694774', 'neutron.services.l3_router.l3_router_plugin.DVRResourceOperationHandler._update_snat_v6_addrs_after_intf_update-3825068'] for router_interface (990084b5-2e51-4f90-af01-6ed66377dace), after_create {{(pid=104357) _notify_loop /usr/local/lib/python3.8/dist-packages/neutron_lib/callbacks/manager.py:176}}
Mar 09 17:06:22.142424 dv-neutron-master-2-hyperv neutron-server[104358]: DEBUG neutron_lib.callbacks.manager [None req-66ea99b2-ac68-460c-8bd0-f4acea526270 tempest-DHCPAgentSchedulersTestJSON-1287947158 tempest-DHCPAgentSchedulersTestJSON-1287947158-project] Publish callbacks ['neutron.services.auto_allocate.db._ensure_external_network_default_value_callback-8742827385025'] for network (79c84bd0-e129-429a-b472-0bc821bcd0fa), precommit_create {{(pid=104358) _notify_loop /usr/local/lib/python3.8/dist-packages/neutron_lib/callbacks/manager.py:176}}
Mar 09 17:06:22.156708 dv-neutron-master-2-hyperv neutron-server[104358]: DEBUG neutron_lib.callbacks.manager [None req-44ba6253-525b-4a72-a236-8b80710e9c9d admin admin] Publish callbacks [] for port (6dbdc6ed-3db5-4818-aa17-4b76b260b86d), precommit_create {{(pid=104358) _notify_loop /usr/local/lib/python3.8/dist-packages/neutron_lib/callbacks/manager.py:176}}
Mar 09 17:06:22.208226 dv-neutron-master-2-hyperv neutron-server[104358]: DEBUG neutron.scheduler.dhcp_agent_scheduler [None req-09d94ef6-af1f-430c-8a28-fc8ae01e5454 tempest-RoutersIpV6AdminTest-681024362 tempest-RoutersIpV6AdminTest-681024362-project-admin] Network ed4099c4-f617-4c0e-a9c4-b9a408c7d5ee is already hosted by enough agents. {{(pid=104358) _get_dhcp_agents_hosting_network /opt/stack/neutron/neutron/scheduler/dhcp_agent_scheduler.py:275}}
Mar 09 17:06:22.221808 dv-neutron-master-2-hyperv neutron-server[104357]: DEBUG neutron.api.rpc.handlers.resources_rpc [None req-01fb1409-9a84-4b71-a82f-7908d0c8ee64 admin admin] Pushing event updated for resources: {'Port': ['ID=f7e24f50-6b24-4a47-8b49-e4de71816ed4,revision_number=2']} {{(pid=104357) push /opt/stack/neutron/neutron/api/rpc/handlers/resources_rpc.py:237}}
Mar 09 17:06:22.230895 dv-neutron-master-2-hyperv neutron-server[104358]: DEBUG neutron.scheduler.base_scheduler [None req-09d94ef6-af1f-430c-8a28-fc8ae01e5454 tempest-RoutersIpV6AdminTest-681024362 tempest-RoutersIpV6AdminTest-681024362-project-admin] Resources bound (agent type, host, resource id): {{(pid=104358) schedule /opt/stack/neutron/neutron/scheduler/base_scheduler.py:57}}
Mar 09 17:06:22.265381 dv-neutron-master-2-hyperv neutron-server[104358]: DEBUG neutron.db.l3_dvrscheduler_db [None req-09d94ef6-af1f-430c-8a28-fc8ae01e5454 tempest-RoutersIpV6AdminTest-681024362 tempest-RoutersIpV6AdminTest-681024362-project-admin] Received port after_create {{(pid=104358) _notify_l3_agent_new_port /opt/stack/neutron/neutron/db/l3_dvrscheduler_db.py:536}}
Mar 09 17:06:22.302545 dv-neutron-master-2-hyperv neutron-server[104359]: DEBUG neutron.plugins.ml2.plugin [None req-64553542-c0f4-42b8-84b2-9a1c79c432a8 None None] Current status of the port 91b2d69f-2607-4dd9-be8f-eab7b8fe3bf9 is: ACTIVE; New status is: ACTIVE {{(pid=104359) _update_individual_port_db_status /opt/stack/neutron/neutron/plugins/ml2/plugin.py:2232}}
Mar 09 17:06:22.303664 dv-neutron-master-2-hyperv neutron-server[104359]: DEBUG neutron.plugins.ml2.rpc [None req-64553542-c0f4-42b8-84b2-9a1c79c432a8 None None] Device 2dc5928d-cd44-4f16-9717-1906d9f568c8 up at agent ovs-agent-dv-neutron-master-2-hyperv {{(pid=104359) update_device_up /opt/stack/neutron/neutron/plugins/ml2/rpc.py:296}}
Mar 09 17:06:22.326627 dv-neutron-master-2-hyperv neutron-server[104357]: DEBUG neutron.scheduler.dhcp_agent_scheduler [None req-01fb1409-9a84-4b71-a82f-7908d0c8ee64 admin admin] Network 156d8939-b06a-43f7-992c-2765bd5353db is already hosted by enough agents. {{(pid=104357) _get_dhcp_agents_hosting_network /opt/stack/neutron/neutron/scheduler/dhcp_agent_scheduler.py:275}}
Mar 09 17:06:22.328942 dv-neutron-master-2-hyperv neutron-server[104357]: DEBUG neutron.scheduler.base_scheduler [None req-01fb1409-9a84-4b71-a82f-7908d0c8ee64 admin admin] Resources bound (agent type, host, resource id): {{(pid=104357) schedule /opt/stack/neutron/neutron/scheduler/base_scheduler.py:57}}
Mar 09 17:06:22.579015 dv-neutron-master-2-hyperv neutron-server[104358]: DEBUG neutron_lib.callbacks.manager [None req-d1d7772f-b5b1-4c46-9442-b78fa4509758 admin admin] Publish callbacks [] for security_group (b4f2c8f9-8b33-4f09-8ec8-1119aef3dbfe), before_delete {{(pid=104358) _notify_loop /usr/local/lib/python3.8/dist-packages/neutron_lib/callbacks/manager.py:176}}
Mar 09 17:06:22.588069 dv-neutron-master-2-hyperv neutron-server[104357]: DEBUG neutron.scheduler.l3_agent_scheduler [None req-01fb1409-9a84-4b71-a82f-7908d0c8ee64 admin admin] Router 990084b5-2e51-4f90-af01-6ed66377dace has already been hosted by L3 agent f14924fa-1649-42a8-a5c1-ea53dd16e93a {{(pid=104357) _get_candidates /opt/stack/neutron/neutron/scheduler/l3_agent_scheduler.py:126}}
Mar 09 17:06:22.630215 dv-neutron-master-2-hyperv neutron-server[104358]: DEBUG neutron_lib.callbacks.manager [None req-d1d7772f-b5b1-4c46-9442-b78fa4509758 admin admin] Publish callbacks [] for security_group (b4f2c8f9-8b33-4f09-8ec8-1119aef3dbfe), precommit_delete {{(pid=104358) _notify_loop /usr/local/lib/python3.8/dist-packages/neutron_lib/callbacks/manager.py:176}}
Mar 09 17:06:22.680600 dv-neutron-master-2-hyperv neutron-server[104359]: DEBUG neutron.db.provisioning_blocks [None req-64553542-c0f4-42b8-84b2-9a1c79c432a8 None None] Provisioning complete for port 2dc5928d-cd44-4f16-9717-1906d9f568c8 triggered by entity L2. {{(pid=104359) provisioning_complete /opt/stack/neutron/neutron/db/provisioning_blocks.py:140}}
Mar 09 17:06:22.681155 dv-neutron-master-2-hyperv neutron-server[104359]: DEBUG neutron_lib.callbacks.manager [None req-64553542-c0f4-42b8-84b2-9a1c79c432a8 None None] Publish callbacks ['neutron.plugins.ml2.plugin.Ml2Plugin._port_provisioned-1383972'] for port (2dc5928d-cd44-4f16-9717-1906d9f568c8), provisioning_complete {{(pid=104359) _notify_loop /usr/local/lib/python3.8/dist-packages/neutron_lib/callbacks/manager.py:176}}
Mar 09 17:06:22.690672 dv-neutron-master-2-hyperv neutron-server[104358]: DEBUG neutron_lib.callbacks.manager [None req-16cf2fb7-dc3b-4d98-9d16-5f5a868100f3 admin admin] Publish callbacks [] for security_group (b603fc24-ef1c-48b6-9255-bb38d908270f), before_delete {{(pid=104358) _notify_loop /usr/local/lib/python3.8/dist-packages/neutron_lib/callbacks/manager.py:176}}
Mar 09 17:06:22.722459 dv-neutron-master-2-hyperv neutron-server[104358]: DEBUG neutron_lib.callbacks.manager [None req-16cf2fb7-dc3b-4d98-9d16-5f5a868100f3 admin admin] Publish callbacks [] for security_group (b603fc24-ef1c-48b6-9255-bb38d908270f), precommit_delete {{(pid=104358) _notify_loop /usr/local/lib/python3.8/dist-packages/neutron_lib/callbacks/manager.py:176}}
Mar 09 17:06:22.773174 dv-neutron-master-2-hyperv neutron-server[104358]: DEBUG neutron.api.rpc.handlers.resources_rpc [None req-09d94ef6-af1f-430c-8a28-fc8ae01e5454 tempest-RoutersIpV6AdminTest-681024362 tempest-RoutersIpV6AdminTest-681024362-project-admin] Pushing event updated for resources: {'Port': ['ID=58ef0a23-ea41-456a-afd4-f204f345d38c,revision_number=1']} {{(pid=104358) push /opt/stack/neutron/neutron/api/rpc/handlers/resources_rpc.py:237}}
Mar 09 17:06:22.802845 dv-neutron-master-2-hyperv neutron-server[104357]: DEBUG neutron.api.rpc.agentnotifiers.l3_rpc_agent_api [None req-01fb1409-9a84-4b71-a82f-7908d0c8ee64 admin admin] Notify agent at l3_agent.dv-neutron-master-2-hyperv the message routers_updated {{(pid=104357) _agent_notification /opt/stack/neutron/neutron/api/rpc/agentnotifiers/l3_rpc_agent_api.py:65}}
Mar 09 17:06:22.806224 dv-neutron-master-2-hyperv neutron-server[104359]: DEBUG neutron_lib.callbacks.manager [None req-bd1d83e8-3bce-4dfd-bfe2-4a6a9fd55b4a None None] Publish callbacks [] for port (29e13b86-a98b-4b1c-8d28-533f837591ac), precommit_update {{(pid=104359) _notify_loop /usr/local/lib/python3.8/dist-packages/neutron_lib/callbacks/manager.py:176}}
Mar 09 17:06:22.808525 dv-neutron-master-2-hyperv neutron-server[104359]: DEBUG neutron.db.provisioning_blocks [None req-522923e4-6ed9-403b-af66-4b4bcdcebb20 None None] Provisioning complete for port f7e24f50-6b24-4a47-8b49-e4de71816ed4 triggered by entity DHCP. {{(pid=104359) provisioning_complete /opt/stack/neutron/neutron/db/provisioning_blocks.py:140}}
Mar 09 17:06:22.808902 dv-neutron-master-2-hyperv neutron-server[104359]: DEBUG neutron_lib.callbacks.manager [None req-522923e4-6ed9-403b-af66-4b4bcdcebb20 None None] Publish callbacks ['neutron.plugins.ml2.plugin.Ml2Plugin._port_provisioned-1383972'] for port (f7e24f50-6b24-4a47-8b49-e4de71816ed4), provisioning_complete {{(pid=104359) _notify_loop /usr/local/lib/python3.8/dist-packages/neutron_lib/callbacks/manager.py:176}}
Mar 09 17:06:22.810050 dv-neutron-master-2-hyperv neutron-server[104357]: INFO neutron.wsgi [None req-01fb1409-9a84-4b71-a82f-7908d0c8ee64 admin admin] 10.222.0.16 "PUT /v2.0/routers/990084b5-2e51-4f90-af01-6ed66377dace/add_router_interface HTTP/1.1" status: 200 len: 503 time: 4.5764816
Mar 09 17:06:22.869629 dv-neutron-master-2-hyperv neutron-server[104358]: DEBUG neutron_lib.callbacks.manager [None req-d1d7772f-b5b1-4c46-9442-b78fa4509758 admin admin] Publish callbacks ['neutron.plugins.ml2.ovo_rpc._ObjectChangeHandler.handle_event-3670623'] for security_group (b4f2c8f9-8b33-4f09-8ec8-1119aef3dbfe), after_delete {{(pid=104358) _notify_loop /usr/local/lib/python3.8/dist-packages/neutron_lib/callbacks/manager.py:176}}
Mar 09 17:06:22.876599 dv-neutron-master-2-hyperv neutron-server[104359]: DEBUG neutron.plugins.ml2.plugin [None req-64553542-c0f4-42b8-84b2-9a1c79c432a8 None None] Current status of the port 2dc5928d-cd44-4f16-9717-1906d9f568c8 is: DOWN; New status is: ACTIVE {{(pid=104359) _update_individual_port_db_status /opt/stack/neutron/neutron/plugins/ml2/plugin.py:2232}}
Mar 09 17:06:22.877001 dv-neutron-master-2-hyperv neutron-server[104359]: DEBUG neutron_lib.callbacks.manager [None req-64553542-c0f4-42b8-84b2-9a1c79c432a8 None None] Publish callbacks ['neutron.plugins.ml2.plugin.SecurityGroupDbMixin._ensure_default_security_group_handler-1488746'] for port (2dc5928d-cd44-4f16-9717-1906d9f568c8), before_update {{(pid=104359) _notify_loop /usr/local/lib/python3.8/dist-packages/neutron_lib/callbacks/manager.py:176}}
Mar 09 17:06:22.878412 dv-neutron-master-2-hyperv neutron-server[104358]: DEBUG neutron_lib.callbacks.manager [None req-d1d7772f-b5b1-4c46-9442-b78fa4509758 admin admin] Publish callbacks [] for security_group (None), before_response {{(pid=104358) _notify_loop /usr/local/lib/python3.8/dist-packages/neutron_lib/callbacks/manager.py:176}}
Mar 09 17:06:22.882926 dv-neutron-master-2-hyperv neutron-server[104358]: INFO neutron.wsgi [None req-d1d7772f-b5b1-4c46-9442-b78fa4509758 admin admin] 10.222.0.16 "DELETE /v2.0/security-groups/b4f2c8f9-8b33-4f09-8ec8-1119aef3dbfe HTTP/1.1" status: 204 len: 168 time: 0.9818268
Mar 09 17:06:22.929291 dv-neutron-master-2-hyperv neutron-server[104357]: DEBUG neutron.wsgi [-] (104357) accepted ('10.222.0.16', 57430) {{(pid=104357) server /usr/local/lib/python3.8/dist-packages/eventlet/wsgi.py:1004}}
Mar 09 17:06:22.934910 dv-neutron-master-2-hyperv neutron-server[104357]: DEBUG neutron.api.v2.base [None req-86c3d34b-5be4-4570-8744-589e3b449e42 tempest-ServersTestJSON-474227824 tempest-ServersTestJSON-474227824-project] Request body: {'security_group': {'name': 'tempest-securitygroup--664912478', 'description': 'tempest-description--1924077031'}} {{(pid=104357) prepare_request_body /opt/stack/neutron/neutron/api/v2/base.py:729}}
Mar 09 17:06:22.942351 dv-neutron-master-2-hyperv neutron-server[104359]: DEBUG neutron.plugins.ml2.db [None req-64553542-c0f4-42b8-84b2-9a1c79c432a8 None None] For port 2dc5928d-cd44-4f16-9717-1906d9f568c8, host dv-neutron-master-2-hyperv, got binding levels [PortBindingLevel(driver='openvswitch',host='dv-neutron-master-2-hyperv',level=0,port_id=2dc5928d-cd44-4f16-9717-1906d9f568c8,segment=NetworkSegment(12c9db42-8cff-449b-8a66-4e3f6f34ae0e),segment_id=12c9db42-8cff-449b-8a66-4e3f6f34ae0e)] {{(pid=104359) get_binding_level_objs /opt/stack/neutron/neutron/plugins/ml2/db.py:74}}
Mar 09 17:06:22.943382 dv-neutron-master-2-hyperv neutron-server[104359]: DEBUG neutron_lib.callbacks.manager [None req-bd1d83e8-3bce-4dfd-bfe2-4a6a9fd55b4a None None] Publish callbacks ['neutron.plugins.ml2.plugin.SecurityGroupServerNotifierRpcMixin._notify_sg_on_port_change-1488838', 'neutron.plugins.ml2.ovo_rpc._ObjectChangeHandler.handle_event-236537', 'neutron.api.rpc.agentnotifiers.dhcp_rpc_agent_api.DhcpAgentNotifyAPI._native_event_send_dhcp_notification-3694724', 'neutron.db.l3_db.L3RpcNotifierMixin._notify_gateway_port_ip_changed-8742827804263', 'neutron.db.l3_dvrscheduler_db._notify_l3_agent_port_update-8742827366777', 'neutron.db.l3_hascheduler_db._notify_l3_agent_ha_port_update-8742827366795'] for port (29e13b86-a98b-4b1c-8d28-533f837591ac), after_update {{(pid=104359) _notify_loop /usr/local/lib/python3.8/dist-packages/neutron_lib/callbacks/manager.py:176}}
Mar 09 17:06:22.954555 dv-neutron-master-2-hyperv neutron-server[104359]: DEBUG neutron.plugins.ml2.plugin [None req-522923e4-6ed9-403b-af66-4b4bcdcebb20 None None] Port f7e24f50-6b24-4a47-8b49-e4de71816ed4 cannot update to ACTIVE because it is not bound. {{(pid=104359) _port_provisioned /opt/stack/neutron/neutron/plugins/ml2/plugin.py:343}}
Mar 09 17:06:23.031597 dv-neutron-master-2-hyperv neutron-server[104359]: DEBUG neutron.api.rpc.handlers.resources_rpc [None req-34974352-809e-466f-9315-1234fb642c6b None None] Pushing event updated for resources: {'Port': ['ID=29e13b86-a98b-4b1c-8d28-533f837591ac,revision_number=3']} {{(pid=104359) push /opt/stack/neutron/neutron/api/rpc/handlers/resources_rpc.py:237}}
Mar 09 17:06:23.038380 dv-neutron-master-2-hyperv neutron-server[104359]: DEBUG neutron_lib.callbacks.manager [None req-64553542-c0f4-42b8-84b2-9a1c79c432a8 None None] Publish callbacks ['neutron.plugins.ml2.plugin.SecurityGroupServerNotifierRpcMixin._notify_sg_on_port_change-1488838', 'neutron.plugins.ml2.ovo_rpc._ObjectChangeHandler.handle_event-236537', 'neutron.api.rpc.agentnotifiers.dhcp_rpc_agent_api.DhcpAgentNotifyAPI._native_event_send_dhcp_notification-3694724', 'neutron.db.l3_db.L3RpcNotifierMixin._notify_gateway_port_ip_changed-8742827804263', 'neutron.db.l3_dvrscheduler_db._notify_l3_agent_port_update-8742827366777', 'neutron.db.l3_hascheduler_db._notify_l3_agent_ha_port_update-8742827366795'] for port (2dc5928d-cd44-4f16-9717-1906d9f568c8), after_update {{(pid=104359) _notify_loop /usr/local/lib/python3.8/dist-packages/neutron_lib/callbacks/manager.py:176}}
Mar 09 17:06:23.057576 dv-neutron-master-2-hyperv neutron-server[104357]: DEBUG neutron_lib.callbacks.manager [None req-86c3d34b-5be4-4570-8744-589e3b449e42 tempest-ServersTestJSON-474227824 tempest-ServersTestJSON-474227824-project] Publish callbacks [] for security_group (None), before_create {{(pid=104357) _notify_loop /usr/local/lib/python3.8/dist-packages/neutron_lib/callbacks/manager.py:176}}
Mar 09 17:06:23.095788 dv-neutron-master-2-hyperv neutron-server[104358]: DEBUG neutron_lib.callbacks.manager [None req-5b635dd8-235c-4f22-bd58-28996b57785c tempest-ExternalNetworksTestJSON-396992398 tempest-ExternalNetworksTestJSON-396992398-project-admin] Publish callbacks [] for floatingip (f4bcbf3d-9ab0-4bcc-9948-962f44c13c33), precommit_create {{(pid=104358) _notify_loop /usr/local/lib/python3.8/dist-packages/neutron_lib/callbacks/manager.py:176}}
Mar 09 17:06:23.186532 dv-neutron-master-2-hyperv neutron-server[104358]: DEBUG neutron_lib.callbacks.manager [None req-66ea99b2-ac68-460c-8bd0-f4acea526270 tempest-DHCPAgentSchedulersTestJSON-1287947158 tempest-DHCPAgentSchedulersTestJSON-1287947158-project] Publish callbacks ['neutron.plugins.ml2.ovo_rpc._ObjectChangeHandler.handle_event-3798251', 'neutron.api.rpc.agentnotifiers.dhcp_rpc_agent_api.DhcpAgentNotifyAPI._native_event_send_dhcp_notification-3694724'] for network (79c84bd0-e129-429a-b472-0bc821bcd0fa), after_create {{(pid=104358) _notify_loop /usr/local/lib/python3.8/dist-packages/neutron_lib/callbacks/manager.py:176}}
Mar 09 17:06:23.210533 dv-neutron-master-2-hyperv neutron-server[104358]: DEBUG neutron.pecan_wsgi.hooks.policy_enforcement [None req-66ea99b2-ac68-460c-8bd0-f4acea526270 tempest-DHCPAgentSchedulersTestJSON-1287947158 tempest-DHCPAgentSchedulersTestJSON-1287947158-project] Attributes excluded by policy engine: ['standard_attr_id', 'provider:network_type', 'provider:physical_network', 'provider:segmentation_id', 'vlan_transparent'] {{(pid=104358) _exclude_attributes_by_policy /opt/stack/neutron/neutron/pecan_wsgi/hooks/policy_enforcement.py:255}}
Mar 09 17:06:23.216465 dv-neutron-master-2-hyperv neutron-server[104358]: DEBUG neutron_lib.callbacks.manager [None req-66ea99b2-ac68-460c-8bd0-f4acea526270 tempest-DHCPAgentSchedulersTestJSON-1287947158 tempest-DHCPAgentSchedulersTestJSON-1287947158-project] Publish callbacks ['neutron.api.rpc.agentnotifiers.dhcp_rpc_agent_api.DhcpAgentNotifyAPI._send_dhcp_notification-3694746'] for network (None), before_response {{(pid=104358) _notify_loop /usr/local/lib/python3.8/dist-packages/neutron_lib/callbacks/manager.py:176}}
Mar 09 17:06:23.228171 dv-neutron-master-2-hyperv neutron-server[104359]: DEBUG neutron.plugins.ml2.managers [None req-bd1d83e8-3bce-4dfd-bfe2-4a6a9fd55b4a None None] Attempting to bind port 29e13b86-a98b-4b1c-8d28-533f837591ac on host dv-neutron-master-2-hyperv for vnic_type normal with profile {{(pid=104359) bind_port /opt/stack/neutron/neutron/plugins/ml2/managers.py:795}}
Mar 09 17:06:23.228171 dv-neutron-master-2-hyperv neutron-server[104359]: DEBUG neutron.plugins.ml2.managers [None req-bd1d83e8-3bce-4dfd-bfe2-4a6a9fd55b4a None None] Attempting to bind port 29e13b86-a98b-4b1c-8d28-533f837591ac by drivers openvswitch,hyperv on host dv-neutron-master-2-hyperv at level 0 using segments [{'id': '2cdd7422-297d-4c11-94fd-fe19d1646933', 'network_type': 'vlan', 'physical_network': 'physnet1', 'segmentation_id': 75, 'network_id': '54bd7d51-c503-4f53-b140-5d16e5008e99'}] {{(pid=104359) _bind_port_level /opt/stack/neutron/neutron/plugins/ml2/managers.py:820}}
Mar 09 17:06:23.229521 dv-neutron-master-2-hyperv neutron-server[104359]: DEBUG neutron.plugins.ml2.drivers.mech_agent [None req-bd1d83e8-3bce-4dfd-bfe2-4a6a9fd55b4a None None] Attempting to bind port 29e13b86-a98b-4b1c-8d28-533f837591ac on network 54bd7d51-c503-4f53-b140-5d16e5008e99 {{(pid=104359) bind_port /opt/stack/neutron/neutron/plugins/ml2/drivers/mech_agent.py:91}}
Mar 09 17:06:23.239009 dv-neutron-master-2-hyperv neutron-server[104359]: DEBUG neutron.api.rpc.handlers.resources_rpc [None req-64553542-c0f4-42b8-84b2-9a1c79c432a8 None None] Pushing event updated for resources: {'Port': ['ID=2dc5928d-cd44-4f16-9717-1906d9f568c8,revision_number=4']} {{(pid=104359) push /opt/stack/neutron/neutron/api/rpc/handlers/resources_rpc.py:237}}
Mar 09 17:06:23.251454 dv-neutron-master-2-hyperv neutron-server[104359]: DEBUG neutron.plugins.ml2.drivers.mech_agent [None req-bd1d83e8-3bce-4dfd-bfe2-4a6a9fd55b4a None None] Checking agent: {'id': '8c577748-c3f8-4433-8ff5-f637e3baaed3', 'agent_type': 'Open vSwitch agent', 'binary': 'neutron-openvswitch-agent', 'topic': 'N/A', 'host': 'dv-neutron-master-2-hyperv', 'admin_state_up': True, 'created_at': datetime.datetime(2022, 3, 9, 16, 58, 10), 'started_at': datetime.datetime(2022, 3, 9, 16, 58, 40), 'heartbeat_timestamp': datetime.datetime(2022, 3, 9, 17, 6, 10), 'description': None, 'resources_synced': None, 'availability_zone': None, 'alive': True, 'configurations': {'arp_responder_enabled': False, 'baremetal_smartnic': False, 'bridge_mappings': {'physnet1': 'br-data'}, 'datapath_type': 'system', 'devices': 0, 'enable_distributed_routing': False, 'extensions': [], 'in_distributed_mode': False, 'integration_bridge': 'br-int', 'l2_population': False, 'log_agent_heartbeats': False, 'ovs_capabilities': {'datapath_types': ['netdev', 'system'], 'iface_types': ['erspan', 'geneve', 'gre', 'internal', 'ip6erspan', 'ip6gre', 'lisp', 'patch', 'stt', 'system', 'tap', 'vxlan']}, 'ovs_hybrid_plug': False, 'resource_provider_bandwidths': {}, 'resource_provider_hypervisors': {'br-data': 'dv-neutron-master-2-hyperv'}, 'resource_provider_inventory_defaults': {'allocation_ratio': 1.0, 'min_unit': 1, 'step_size': 1, 'reserved': 0}, 'resource_provider_packet_processing_inventory_defaults': {'allocation_ratio': 1.0, 'min_unit': 1, 'step_size': 1, 'reserved': 0}, 'resource_provider_packet_processing_with_direction': {}, 'resource_provider_packet_processing_without_direction': {}, 'tunnel_types': [], 'tunneling_ip': None, 'vhostuser_socket_dir': '/var/run/openvswitch'}, 'resource_versions': {'AddressGroup': '1.2', 'ConntrackHelper': '1.0', 'LocalIPAssociation': '1.0', 'Log': '1.0', 'Network': '1.1', 'Port': '1.7', 'PortForwarding': '1.2', 'QosPolicy': '1.10', 'SecurityGroup': '1.5', 'SecurityGroupRule': '1.2', 'SubPort': '1.0', 'Subnet': '1.1', 'Trunk': '1.1'}} {{(pid=104359) bind_port /opt/stack/neutron/neutron/plugins/ml2/drivers/mech_agent.py:110}}
Mar 09 17:06:23.251454 dv-neutron-master-2-hyperv neutron-server[104359]: DEBUG neutron.plugins.ml2.drivers.mech_agent [None req-bd1d83e8-3bce-4dfd-bfe2-4a6a9fd55b4a None None] Checking segment: {'id': '2cdd7422-297d-4c11-94fd-fe19d1646933', 'network_type': 'vlan', 'physical_network': 'physnet1', 'segmentation_id': 75, 'network_id': '54bd7d51-c503-4f53-b140-5d16e5008e99'} for mappings: {'physnet1': 'br-data'} with network types: ['local', 'flat', 'vlan'] {{(pid=104359) check_segment_for_agent /opt/stack/neutron/neutron/plugins/ml2/drivers/mech_agent.py:373}}
Mar 09 17:06:23.251843 dv-neutron-master-2-hyperv neutron-server[104359]: DEBUG neutron_lib.callbacks.manager [None req-bd1d83e8-3bce-4dfd-bfe2-4a6a9fd55b4a None None] Publish callbacks [] for ovs_bridge_name (None), before_read {{(pid=104359) _notify_loop /usr/local/lib/python3.8/dist-packages/neutron_lib/callbacks/manager.py:176}}
Mar 09 17:06:23.252231 dv-neutron-master-2-hyperv neutron-server[104359]: DEBUG neutron.plugins.ml2.drivers.mech_agent [None req-bd1d83e8-3bce-4dfd-bfe2-4a6a9fd55b4a None None] Bound using segment: {'id': '2cdd7422-297d-4c11-94fd-fe19d1646933', 'network_type': 'vlan', 'physical_network': 'physnet1', 'segmentation_id': 75, 'network_id': '54bd7d51-c503-4f53-b140-5d16e5008e99'} {{(pid=104359) bind_port /opt/stack/neutron/neutron/plugins/ml2/drivers/mech_agent.py:120}}
Mar 09 17:06:23.252818 dv-neutron-master-2-hyperv neutron-server[104359]: DEBUG neutron.plugins.ml2.managers [None req-bd1d83e8-3bce-4dfd-bfe2-4a6a9fd55b4a None None] Bound port: 29e13b86-a98b-4b1c-8d28-533f837591ac, host: dv-neutron-master-2-hyperv, vif_type: ovs, vif_details: {"connectivity": "l2", "port_filter": true, "ovs_hybrid_plug": false, "datapath_type": "system", "bridge_name": "br-int"}, binding_levels: [{'bound_driver': 'openvswitch', 'bound_segment': {'id': '2cdd7422-297d-4c11-94fd-fe19d1646933', 'network_type': 'vlan', 'physical_network': 'physnet1', 'segmentation_id': 75, 'network_id': '54bd7d51-c503-4f53-b140-5d16e5008e99'}}] {{(pid=104359) _bind_port_level /opt/stack/neutron/neutron/plugins/ml2/managers.py:932}}
Mar 09 17:06:23.253215 dv-neutron-master-2-hyperv neutron-server[104359]: DEBUG neutron_lib.callbacks.manager [None req-bd1d83e8-3bce-4dfd-bfe2-4a6a9fd55b4a None None] Publish callbacks ['neutron.plugins.ml2.plugin.SecurityGroupDbMixin._ensure_default_security_group_handler-1488746'] for port (29e13b86-a98b-4b1c-8d28-533f837591ac), before_update {{(pid=104359) _notify_loop /usr/local/lib/python3.8/dist-packages/neutron_lib/callbacks/manager.py:176}}
Mar 09 17:06:23.268309 dv-neutron-master-2-hyperv neutron-server[104357]: DEBUG neutron_lib.callbacks.manager [None req-86c3d34b-5be4-4570-8744-589e3b449e42 tempest-ServersTestJSON-474227824 tempest-ServersTestJSON-474227824-project] Publish callbacks [] for security_group (05d9c44a-cd67-47d3-984b-98cff2073a28), precommit_create {{(pid=104357) _notify_loop /usr/local/lib/python3.8/dist-packages/neutron_lib/callbacks/manager.py:176}}
Mar 09 17:06:23.317111 dv-neutron-master-2-hyperv neutron-server[104358]: DEBUG neutron_lib.callbacks.manager [None req-16cf2fb7-dc3b-4d98-9d16-5f5a868100f3 admin admin] Publish callbacks ['neutron.plugins.ml2.ovo_rpc._ObjectChangeHandler.handle_event-3670623'] for security_group (b603fc24-ef1c-48b6-9255-bb38d908270f), after_delete {{(pid=104358) _notify_loop /usr/local/lib/python3.8/dist-packages/neutron_lib/callbacks/manager.py:176}}
Mar 09 17:06:23.319655 dv-neutron-master-2-hyperv neutron-server[104358]: DEBUG neutron_lib.callbacks.manager [None req-16cf2fb7-dc3b-4d98-9d16-5f5a868100f3 admin admin] Publish callbacks [] for security_group (None), before_response {{(pid=104358) _notify_loop /usr/local/lib/python3.8/dist-packages/neutron_lib/callbacks/manager.py:176}}
Mar 09 17:06:23.323248 dv-neutron-master-2-hyperv neutron-server[104358]: INFO neutron.wsgi [None req-16cf2fb7-dc3b-4d98-9d16-5f5a868100f3 admin admin] 10.222.0.16 "DELETE /v2.0/security-groups/b603fc24-ef1c-48b6-9255-bb38d908270f HTTP/1.1" status: 204 len: 168 time: 1.5417240
Mar 09 17:06:23.331421 dv-neutron-master-2-hyperv neutron-server[104357]: DEBUG neutron_lib.callbacks.manager [None req-86c3d34b-5be4-4570-8744-589e3b449e42 tempest-ServersTestJSON-474227824 tempest-ServersTestJSON-474227824-project] Publish callbacks ['neutron.plugins.ml2.ovo_rpc._ObjectChangeHandler.handle_event-3670623'] for security_group (05d9c44a-cd67-47d3-984b-98cff2073a28), after_create {{(pid=104357) _notify_loop /usr/local/lib/python3.8/dist-packages/neutron_lib/callbacks/manager.py:176}}
Mar 09 17:06:23.381923 dv-neutron-master-2-hyperv neutron-server[104358]: INFO neutron.wsgi [None req-66ea99b2-ac68-460c-8bd0-f4acea526270 tempest-DHCPAgentSchedulersTestJSON-1287947158 tempest-DHCPAgentSchedulersTestJSON-1287947158-project] 10.222.0.16 "POST /v2.0/networks HTTP/1.1" status: 201 len: 795 time: 2.3270335
Mar 09 17:06:23.386124 dv-neutron-master-2-hyperv neutron-server[104357]: DEBUG neutron.wsgi [-] (104357) accepted ('10.222.0.16', 57444) {{(pid=104357) server /usr/local/lib/python3.8/dist-packages/eventlet/wsgi.py:1004}}
Mar 09 17:06:23.415420 dv-neutron-master-2-hyperv neutron-server[104359]: DEBUG neutron.plugins.ml2.db [None req-bd1d83e8-3bce-4dfd-bfe2-4a6a9fd55b4a None None] For port 29e13b86-a98b-4b1c-8d28-533f837591ac, host dv-neutron-master-2-hyperv, cleared binding levels {{(pid=104359) clear_binding_levels /opt/stack/neutron/neutron/plugins/ml2/db.py:87}}
Mar 09 17:06:23.419837 dv-neutron-master-2-hyperv neutron-server[104359]: DEBUG neutron.plugins.ml2.db [None req-bd1d83e8-3bce-4dfd-bfe2-4a6a9fd55b4a None None] For port 29e13b86-a98b-4b1c-8d28-533f837591ac, host dv-neutron-master-2-hyperv, set binding levels [PortBindingLevel(driver='openvswitch',host='dv-neutron-master-2-hyperv',level=0,port_id=29e13b86-a98b-4b1c-8d28-533f837591ac,segment=NetworkSegment(2cdd7422-297d-4c11-94fd-fe19d1646933),segment_id=2cdd7422-297d-4c11-94fd-fe19d1646933)] {{(pid=104359) set_binding_levels /opt/stack/neutron/neutron/plugins/ml2/db.py:59}}
Mar 09 17:06:23.454195 dv-neutron-master-2-hyperv neutron-server[104357]: DEBUG neutron.api.rpc.handlers.resources_rpc [None req-86c3d34b-5be4-4570-8744-589e3b449e42 tempest-ServersTestJSON-474227824 tempest-ServersTestJSON-474227824-project] Pushing event updated for resources: {'SecurityGroup': ['ID=05d9c44a-cd67-47d3-984b-98cff2073a28,revision_number=1']} {{(pid=104357) push /opt/stack/neutron/neutron/api/rpc/handlers/resources_rpc.py:237}}
Mar 09 17:06:23.467402 dv-neutron-master-2-hyperv neutron-server[104358]: DEBUG neutron.api.rpc.handlers.resources_rpc [None req-d1d7772f-b5b1-4c46-9442-b78fa4509758 admin admin] Pushing event deleted for resources: {'SecurityGroup': ['ID=b4f2c8f9-8b33-4f09-8ec8-1119aef3dbfe,revision_number=None']} {{(pid=104358) push /opt/stack/neutron/neutron/api/rpc/handlers/resources_rpc.py:237}}
Mar 09 17:06:23.484043 dv-neutron-master-2-hyperv neutron-server[104357]: DEBUG neutron_lib.callbacks.manager [None req-86c3d34b-5be4-4570-8744-589e3b449e42 tempest-ServersTestJSON-474227824 tempest-ServersTestJSON-474227824-project] Publish callbacks [] for security_group (None), before_response {{(pid=104357) _notify_loop /usr/local/lib/python3.8/dist-packages/neutron_lib/callbacks/manager.py:176}}
Mar 09 17:06:23.485347 dv-neutron-master-2-hyperv neutron-server[104357]: INFO neutron.wsgi [None req-86c3d34b-5be4-4570-8744-589e3b449e42 tempest-ServersTestJSON-474227824 tempest-ServersTestJSON-474227824-project] 10.222.0.16 "POST /v2.0/security-groups HTTP/1.1" status: 201 len: 1796 time: 0.5548029
Mar 09 17:06:23.492171 dv-neutron-master-2-hyperv neutron-server[104357]: DEBUG neutron.wsgi [-] (104357) accepted ('10.222.0.16', 57446) {{(pid=104357) server /usr/local/lib/python3.8/dist-packages/eventlet/wsgi.py:1004}}
Mar 09 17:06:23.502728 dv-neutron-master-2-hyperv neutron-server[104357]: DEBUG neutron.api.v2.base [None req-30a32c09-9be2-45bd-a4e5-57274586f458 tempest-ServersTestJSON-474227824 tempest-ServersTestJSON-474227824-project] Request body: {'security_group_rule': {'security_group_id': '05d9c44a-cd67-47d3-984b-98cff2073a28', 'protocol': 'tcp', 'ethertype': 'IPv4', 'port_range_min': 22, 'port_range_max': 22, 'direction': 'ingress'}} {{(pid=104357) prepare_request_body /opt/stack/neutron/neutron/api/v2/base.py:729}}
Mar 09 17:06:23.514945 dv-neutron-master-2-hyperv neutron-server[104359]: DEBUG neutron_lib.callbacks.manager [None req-bd1d83e8-3bce-4dfd-bfe2-4a6a9fd55b4a None None] Publish callbacks ['neutron.plugins.ml2.plugin.SecurityGroupServerNotifierRpcMixin._notify_sg_on_port_change-1488838', 'neutron.plugins.ml2.ovo_rpc._ObjectChangeHandler.handle_event-236537', 'neutron.api.rpc.agentnotifiers.dhcp_rpc_agent_api.DhcpAgentNotifyAPI._native_event_send_dhcp_notification-3694724', 'neutron.db.l3_db.L3RpcNotifierMixin._notify_gateway_port_ip_changed-8742827804263', 'neutron.db.l3_dvrscheduler_db._notify_l3_agent_port_update-8742827366777', 'neutron.db.l3_hascheduler_db._notify_l3_agent_ha_port_update-8742827366795'] for port (29e13b86-a98b-4b1c-8d28-533f837591ac), after_update {{(pid=104359) _notify_loop /usr/local/lib/python3.8/dist-packages/neutron_lib/callbacks/manager.py:176}}
Mar 09 17:06:23.527072 dv-neutron-master-2-hyperv neutron-server[104359]: DEBUG neutron.db.provisioning_blocks [None req-263c6ece-7cc6-4136-b4f6-743b20f2b6af None None] Provisioning complete for port 29e13b86-a98b-4b1c-8d28-533f837591ac triggered by entity DHCP. {{(pid=104359) provisioning_complete /opt/stack/neutron/neutron/db/provisioning_blocks.py:140}}
Mar 09 17:06:23.528473 dv-neutron-master-2-hyperv neutron-server[104359]: DEBUG neutron_lib.callbacks.manager [None req-263c6ece-7cc6-4136-b4f6-743b20f2b6af None None] Publish callbacks ['neutron.plugins.ml2.plugin.Ml2Plugin._port_provisioned-1383972'] for port (29e13b86-a98b-4b1c-8d28-533f837591ac), provisioning_complete {{(pid=104359) _notify_loop /usr/local/lib/python3.8/dist-packages/neutron_lib/callbacks/manager.py:176}}
Mar 09 17:06:23.723438 dv-neutron-master-2-hyperv neutron-server[104358]: DEBUG neutron.api.rpc.handlers.resources_rpc [None req-66ea99b2-ac68-460c-8bd0-f4acea526270 tempest-DHCPAgentSchedulersTestJSON-1287947158 tempest-DHCPAgentSchedulersTestJSON-1287947158-project] Pushing event updated for resources: {'Network': ['ID=79c84bd0-e129-429a-b472-0bc821bcd0fa,revision_number=1']} {{(pid=104358) push /opt/stack/neutron/neutron/api/rpc/handlers/resources_rpc.py:237}}
Mar 09 17:06:23.763451 dv-neutron-master-2-hyperv neutron-server[104357]: INFO neutron.wsgi [None req-b39f39cc-d4b1-45e1-a457-d9e4fac23b9c tempest-DHCPAgentSchedulersTestJSON-1642485654 tempest-DHCPAgentSchedulersTestJSON-1642485654-project-admin] 10.222.0.16 "GET /v2.0/agents/6405d102-7135-402d-9b28-bb0403975f76/dhcp-networks HTTP/1.1" status: 200 len: 7244 time: 0.3712306
Mar 09 17:06:23.764111 dv-neutron-master-2-hyperv neutron-server[104357]: DEBUG neutron.wsgi [-] (104357) accepted ('10.222.0.16', 57452) {{(pid=104357) server /usr/local/lib/python3.8/dist-packages/eventlet/wsgi.py:1004}}
Mar 09 17:06:23.776732 dv-neutron-master-2-hyperv neutron-server[104359]: DEBUG neutron.plugins.ml2.rpc [None req-64553542-c0f4-42b8-84b2-9a1c79c432a8 None None] Network 79c84bd0-e129-429a-b472-0bc821bcd0fa details requested by agent ovs-agent-dv-neutron-master-2-hyperv with host dv-neutron-master-2-hyperv {{(pid=104359) get_network_details /opt/stack/neutron/neutron/plugins/ml2/rpc.py:248}}
Mar 09 17:06:23.779689 dv-neutron-master-2-hyperv neutron-server[104358]: DEBUG neutron.api.rpc.handlers.resources_rpc [None req-16cf2fb7-dc3b-4d98-9d16-5f5a868100f3 admin admin] Pushing event deleted for resources: {'SecurityGroup': ['ID=b603fc24-ef1c-48b6-9255-bb38d908270f,revision_number=None']} {{(pid=104358) push /opt/stack/neutron/neutron/api/rpc/handlers/resources_rpc.py:237}}
Mar 09 17:06:23.801652 dv-neutron-master-2-hyperv neutron-server[104358]: DEBUG neutron_lib.callbacks.manager [None req-5b635dd8-235c-4f22-bd58-28996b57785c tempest-ExternalNetworksTestJSON-396992398 tempest-ExternalNetworksTestJSON-396992398-project-admin] Publish callbacks ['neutron.plugins.ml2.plugin.SecurityGroupDbMixin._ensure_default_security_group_handler-1488746'] for port (1cbce5a9-4d5f-45f1-a026-5b1b5a8fd5c9), before_update {{(pid=104358) _notify_loop /usr/local/lib/python3.8/dist-packages/neutron_lib/callbacks/manager.py:176}}
Mar 09 17:06:23.866224 dv-neutron-master-2-hyperv neutron-server[104359]: DEBUG neutron.api.rpc.handlers.resources_rpc [None req-34974352-809e-466f-9315-1234fb642c6b None None] Pushing event updated for resources: {'Port': ['ID=29e13b86-a98b-4b1c-8d28-533f837591ac,revision_number=4']} {{(pid=104359) push /opt/stack/neutron/neutron/api/rpc/handlers/resources_rpc.py:237}}
Mar 09 17:06:23.875926 dv-neutron-master-2-hyperv neutron-server[104359]: DEBUG neutron.db.l3_dvrscheduler_db [None req-bd1d83e8-3bce-4dfd-bfe2-4a6a9fd55b4a None None] Routers {'0960b0ed-bdba-40f8-b75a-cc3a5f559a42'} bound to L3 agent in host dv-neutron-master-2-hyperv {{(pid=104359) _get_router_ids_for_agent /opt/stack/neutron/neutron/db/l3_dvrscheduler_db.py:421}}
Mar 09 17:06:23.880175 dv-neutron-master-2-hyperv neutron-server[104359]: DEBUG neutron.db.l3_hamode_db [None req-bd1d83e8-3bce-4dfd-bfe2-4a6a9fd55b4a None None] neutron.services.l3_router.l3_router_plugin.L3RouterPlugin method get_ha_sync_data_for_host called with arguments (, 'dv-neutron-master-2-hyperv', Agent(admin_state_up=True,agent_type='L3 agent',availability_zone='nova',binary='neutron-l3-agent',configurations={"agent_mode": "legacy", "ex_gw_ports": 1, "extensions": [], "floating_ips": 0, "handle_internal_only_routers": true, "interface_driver": "openvswitch", "interfaces": 1, "log_agent_heartbeats": false, "routers": 1},created_at=2022-03-09T16:58:06Z,description=,heartbeat_timestamp=2022-03-09T17:06:06Z,host='dv-neutron-master-2-hyperv',id=f14924fa-1649-42a8-a5c1-ea53dd16e93a,load=0,resource_versions=,resources_synced=,started_at=2022-03-09T16:58:06Z,topic='l3_agent')) {'router_ids': ['0960b0ed-bdba-40f8-b75a-cc3a5f559a42'], 'active': True} {{(pid=104359) wrapper /usr/local/lib/python3.8/dist-packages/oslo_log/helpers.py:65}}
Mar 09 17:06:23.892055 dv-neutron-master-2-hyperv neutron-server[104358]: DEBUG neutron_lib.callbacks.manager [None req-44ba6253-525b-4a72-a236-8b80710e9c9d admin admin] Publish callbacks ['neutron.plugins.ml2.plugin.SecurityGroupServerNotifierRpcMixin._notify_sg_on_port_change-1488838', 'neutron.plugins.ml2.ovo_rpc._ObjectChangeHandler.handle_event-236537', 'neutron.api.rpc.agentnotifiers.dhcp_rpc_agent_api.DhcpAgentNotifyAPI._native_event_send_dhcp_notification-3694724', 'neutron.db.l3_dvrscheduler_db._notify_l3_agent_new_port-8742827366759', 'neutron.services.segments.plugin.NovaSegmentNotifier._notify_port_created_or_deleted-26537537'] for port (6dbdc6ed-3db5-4818-aa17-4b76b260b86d), after_create {{(pid=104358) _notify_loop /usr/local/lib/python3.8/dist-packages/neutron_lib/callbacks/manager.py:176}}
Mar 09 17:06:23.931320 dv-neutron-master-2-hyperv neutron-server[104358]: DEBUG neutron_lib.callbacks.manager [None req-09d94ef6-af1f-430c-8a28-fc8ae01e5454 tempest-RoutersIpV6AdminTest-681024362 tempest-RoutersIpV6AdminTest-681024362-project-admin] Publish callbacks [] for router_gateway (e962eb91-d2bb-4384-a444-7c21736dfb2d), after_create {{(pid=104358) _notify_loop /usr/local/lib/python3.8/dist-packages/neutron_lib/callbacks/manager.py:176}}
Mar 09 17:06:23.943730 dv-neutron-master-2-hyperv neutron-server[104357]: DEBUG neutron.scheduler.dhcp_agent_scheduler [None req-e35f88f3-444c-4e1e-8e57-f3fa2ed7e3b3 tempest-DHCPAgentSchedulersTestJSON-1642485654 tempest-DHCPAgentSchedulersTestJSON-1642485654-project-admin] Network 79c84bd0-e129-429a-b472-0bc821bcd0fa is scheduled to be hosted by DHCP agent 6405d102-7135-402d-9b28-bb0403975f76 with binding_index 1 {{(pid=104357) bind /opt/stack/neutron/neutron/scheduler/dhcp_agent_scheduler.py:227}}
Mar 09 17:06:23.958350 dv-neutron-master-2-hyperv neutron-server[104357]: DEBUG neutron_lib.callbacks.manager [None req-30a32c09-9be2-45bd-a4e5-57274586f458 tempest-ServersTestJSON-474227824 tempest-ServersTestJSON-474227824-project] Publish callbacks [] for security_group_rule (92e6fc48-7f10-4047-8c19-4549bbbffcc0), before_create {{(pid=104357) _notify_loop /usr/local/lib/python3.8/dist-packages/neutron_lib/callbacks/manager.py:176}}
Mar 09 17:06:23.967925 dv-neutron-master-2-hyperv neutron-server[104358]: DEBUG neutron.scheduler.dhcp_agent_scheduler [None req-44ba6253-525b-4a72-a236-8b80710e9c9d admin admin] Network 781549fa-9da0-4eeb-8336-15685593a054 is already hosted by enough agents. {{(pid=104358) _get_dhcp_agents_hosting_network /opt/stack/neutron/neutron/scheduler/dhcp_agent_scheduler.py:275}}
Mar 09 17:06:24.007396 dv-neutron-master-2-hyperv neutron-server[104359]: DEBUG neutron.plugins.ml2.rpc [None req-64553542-c0f4-42b8-84b2-9a1c79c432a8 None None] Device 8ada48fa-9b79-4763-b345-28abb4d9bbd2 up at agent ovs-agent-dv-neutron-master-2-hyperv {{(pid=104359) update_device_up /opt/stack/neutron/neutron/plugins/ml2/rpc.py:296}}
Mar 09 17:06:24.039599 dv-neutron-master-2-hyperv neutron-server[104358]: DEBUG neutron.scheduler.base_scheduler [None req-44ba6253-525b-4a72-a236-8b80710e9c9d admin admin] Resources bound (agent type, host, resource id): {{(pid=104358) schedule /opt/stack/neutron/neutron/scheduler/base_scheduler.py:57}}
Mar 09 17:06:24.067616 dv-neutron-master-2-hyperv neutron-server[104358]: DEBUG neutron.db.l3_dvrscheduler_db [None req-44ba6253-525b-4a72-a236-8b80710e9c9d admin admin] Received port after_create {{(pid=104358) _notify_l3_agent_new_port /opt/stack/neutron/neutron/db/l3_dvrscheduler_db.py:536}}
Mar 09 17:06:24.069422 dv-neutron-master-2-hyperv neutron-server[104357]: INFO neutron.wsgi [None req-e35f88f3-444c-4e1e-8e57-f3fa2ed7e3b3 tempest-DHCPAgentSchedulersTestJSON-1642485654 tempest-DHCPAgentSchedulersTestJSON-1642485654-project-admin] 10.222.0.16 "POST /v2.0/agents/6405d102-7135-402d-9b28-bb0403975f76/dhcp-networks HTTP/1.1" status: 201 len: 201 time: 0.3032088
Mar 09 17:06:24.077324 dv-neutron-master-2-hyperv neutron-server[104357]: DEBUG neutron.wsgi [-] (104357) accepted ('10.222.0.16', 57466) {{(pid=104357) server /usr/local/lib/python3.8/dist-packages/eventlet/wsgi.py:1004}}
Mar 09 17:06:24.254023 dv-neutron-master-2-hyperv neutron-server[104359]: DEBUG neutron.api.rpc.handlers.dhcp_rpc [None req-9a15fd4e-b1ae-4681-b8ef-6f007986b74b None None] Network 79c84bd0-e129-429a-b472-0bc821bcd0fa requested from dv-neutron-master-2-hyperv {{(pid=104359) get_network_info /opt/stack/neutron/neutron/api/rpc/handlers/dhcp_rpc.py:191}}
Mar 09 17:06:24.272874 dv-neutron-master-2-hyperv neutron-server[104358]: DEBUG neutron.api.rpc.handlers.resources_rpc [None req-44ba6253-525b-4a72-a236-8b80710e9c9d admin admin] Pushing event updated for resources: {'Port': ['ID=6dbdc6ed-3db5-4818-aa17-4b76b260b86d,revision_number=1']} {{(pid=104358) push /opt/stack/neutron/neutron/api/rpc/handlers/resources_rpc.py:237}}
Mar 09 17:06:24.318366 dv-neutron-master-2-hyperv neutron-server[104358]: DEBUG neutron_lib.callbacks.manager [None req-44ba6253-525b-4a72-a236-8b80710e9c9d admin admin] Publish callbacks ['neutron.services.l3_router.l3_router_plugin.DVRResourceOperationHandler._add_csnat_on_interface_create-3824896'] for router_interface (f807fc88-c735-47d8-8b82-2fce094d3b10), before_create {{(pid=104358) _notify_loop /usr/local/lib/python3.8/dist-packages/neutron_lib/callbacks/manager.py:176}}
Mar 09 17:06:24.503937 dv-neutron-master-2-hyperv neutron-server[104359]: DEBUG neutron.plugins.ml2.plugin [None req-263c6ece-7cc6-4136-b4f6-743b20f2b6af None None] Current status of the port 29e13b86-a98b-4b1c-8d28-533f837591ac is: DOWN; New status is: ACTIVE {{(pid=104359) _update_individual_port_db_status /opt/stack/neutron/neutron/plugins/ml2/plugin.py:2232}}
Mar 09 17:06:24.504333 dv-neutron-master-2-hyperv neutron-server[104359]: DEBUG neutron_lib.callbacks.manager [None req-263c6ece-7cc6-4136-b4f6-743b20f2b6af None None] Publish callbacks ['neutron.plugins.ml2.plugin.SecurityGroupDbMixin._ensure_default_security_group_handler-1488746'] for port (29e13b86-a98b-4b1c-8d28-533f837591ac), before_update {{(pid=104359) _notify_loop /usr/local/lib/python3.8/dist-packages/neutron_lib/callbacks/manager.py:176}}
Mar 09 17:06:24.622934 dv-neutron-master-2-hyperv neutron-server[104359]: DEBUG neutron.db.provisioning_blocks [None req-64553542-c0f4-42b8-84b2-9a1c79c432a8 None None] Provisioning complete for port 8ada48fa-9b79-4763-b345-28abb4d9bbd2 triggered by entity L2. {{(pid=104359) provisioning_complete /opt/stack/neutron/neutron/db/provisioning_blocks.py:140}}
Mar 09 17:06:24.623497 dv-neutron-master-2-hyperv neutron-server[104359]: DEBUG neutron_lib.callbacks.manager [None req-64553542-c0f4-42b8-84b2-9a1c79c432a8 None None] Publish callbacks ['neutron.plugins.ml2.plugin.Ml2Plugin._port_provisioned-1383972'] for port (8ada48fa-9b79-4763-b345-28abb4d9bbd2), provisioning_complete {{(pid=104359) _notify_loop /usr/local/lib/python3.8/dist-packages/neutron_lib/callbacks/manager.py:176}}
Mar 09 17:06:24.673296 dv-neutron-master-2-hyperv neutron-server[104357]: DEBUG neutron_lib.callbacks.manager [None req-30a32c09-9be2-45bd-a4e5-57274586f458 tempest-ServersTestJSON-474227824 tempest-ServersTestJSON-474227824-project] Publish callbacks [] for security_group_rule (92e6fc48-7f10-4047-8c19-4549bbbffcc0), precommit_create {{(pid=104357) _notify_loop /usr/local/lib/python3.8/dist-packages/neutron_lib/callbacks/manager.py:176}}
Mar 09 17:06:24.778083 dv-neutron-master-2-hyperv neutron-server[104357]: DEBUG neutron_lib.callbacks.manager [None req-30a32c09-9be2-45bd-a4e5-57274586f458 tempest-ServersTestJSON-474227824 tempest-ServersTestJSON-474227824-project] Publish callbacks ['neutron.plugins.ml2.ovo_rpc._ObjectChangeHandler.handle_event-3670542'] for security_group_rule (92e6fc48-7f10-4047-8c19-4549bbbffcc0), after_create {{(pid=104357) _notify_loop /usr/local/lib/python3.8/dist-packages/neutron_lib/callbacks/manager.py:176}}
Mar 09 17:06:24.783932 dv-neutron-master-2-hyperv neutron-server[104359]: DEBUG neutron.plugins.ml2.db [None req-263c6ece-7cc6-4136-b4f6-743b20f2b6af None None] For port 29e13b86-a98b-4b1c-8d28-533f837591ac, host dv-neutron-master-2-hyperv, got binding levels [PortBindingLevel(driver='openvswitch',host='dv-neutron-master-2-hyperv',level=0,port_id=29e13b86-a98b-4b1c-8d28-533f837591ac,segment=NetworkSegment(2cdd7422-297d-4c11-94fd-fe19d1646933),segment_id=2cdd7422-297d-4c11-94fd-fe19d1646933)] {{(pid=104359) get_binding_level_objs /opt/stack/neutron/neutron/plugins/ml2/db.py:74}}
Mar 09 17:06:24.808921 dv-neutron-master-2-hyperv neutron-server[104357]: DEBUG neutron.api.rpc.handlers.resources_rpc [None req-30a32c09-9be2-45bd-a4e5-57274586f458 tempest-ServersTestJSON-474227824 tempest-ServersTestJSON-474227824-project] Pushing event updated for resources: {'SecurityGroupRule': ['ID=92e6fc48-7f10-4047-8c19-4549bbbffcc0,revision_number=0']} {{(pid=104357) push /opt/stack/neutron/neutron/api/rpc/handlers/resources_rpc.py:237}}
