Jan 03 17:24:45.314431 dv-neutron-master-2-hyperv devstack@n-api.service[118471]: DEBUG oslo_concurrency.lockutils [None req-1b7dd3a5-0430-4b26-8aaa-854e0439f9f6 tempest-TestNetworkBasicOps-1382886990 tempest-TestNetworkBasicOps-1382886990-project] Lock "a7ae405e-9585-494a-ab3b-ec83dfaf1f53" acquired by "nova.context.set_target_cell..get_or_set_cached_cell_and_set_connections" :: waited 0.000s {{(pid=118471) inner /usr/local/lib/python3.8/dist-packages/oslo_concurrency/lockutils.py:386}}
Jan 03 17:24:45.319651 dv-neutron-master-2-hyperv devstack@n-api.service[118471]: DEBUG oslo_concurrency.lockutils [None req-1b7dd3a5-0430-4b26-8aaa-854e0439f9f6 tempest-TestNetworkBasicOps-1382886990 tempest-TestNetworkBasicOps-1382886990-project] Lock "a7ae405e-9585-494a-ab3b-ec83dfaf1f53" "released" by "nova.context.set_target_cell..get_or_set_cached_cell_and_set_connections" :: held 0.001s {{(pid=118471) inner /usr/local/lib/python3.8/dist-packages/oslo_concurrency/lockutils.py:400}}
Jan 03 17:24:45.319651 dv-neutron-master-2-hyperv devstack@n-api.service[118471]: DEBUG oslo_concurrency.lockutils [None req-1b7dd3a5-0430-4b26-8aaa-854e0439f9f6 tempest-TestNetworkBasicOps-1382886990 tempest-TestNetworkBasicOps-1382886990-project] Lock "a7ae405e-9585-494a-ab3b-ec83dfaf1f53" acquired by "nova.context.set_target_cell..get_or_set_cached_cell_and_set_connections" :: waited 0.000s {{(pid=118471) inner /usr/local/lib/python3.8/dist-packages/oslo_concurrency/lockutils.py:386}}
Jan 03 17:24:45.319651 dv-neutron-master-2-hyperv devstack@n-api.service[118471]: DEBUG oslo_concurrency.lockutils [None req-1b7dd3a5-0430-4b26-8aaa-854e0439f9f6 tempest-TestNetworkBasicOps-1382886990 tempest-TestNetworkBasicOps-1382886990-project] Lock "a7ae405e-9585-494a-ab3b-ec83dfaf1f53" "released" by "nova.context.set_target_cell..get_or_set_cached_cell_and_set_connections" :: held 0.000s {{(pid=118471) inner /usr/local/lib/python3.8/dist-packages/oslo_concurrency/lockutils.py:400}}
Jan 03 17:24:45.430281 dv-neutron-master-2-hyperv devstack@n-api.service[118472]: DEBUG nova.policy [None req-4acf5f17-d01b-4f02-ba77-4d9da9244a65 tempest-ServersTestManualDisk-1657854896 tempest-ServersTestManualDisk-1657854896-project] Policy check for os_compute_api:os-extended-server-attributes failed with credentials {'is_admin': False, 'user_id': '89d2ac4973ca43a192e6a810f1d04d1e', 'user_domain_id': 'default', 'system_scope': None, 'domain_id': None, 'project_id': 'eff3188b34714c078efa3207894d7445', 'project_domain_id': 'default', 'roles': ['member', 'reader'], 'is_admin_project': True, 'service_user_id': None, 'service_user_domain_id': None, 'service_project_id': None, 'service_project_domain_id': None, 'service_roles': []} {{(pid=118472) authorize /opt/stack/nova/nova/policy.py:199}}
Jan 03 17:24:45.444507 dv-neutron-master-2-hyperv devstack@n-api.service[118472]: INFO nova.api.openstack.requestlog [None req-4acf5f17-d01b-4f02-ba77-4d9da9244a65 tempest-ServersTestManualDisk-1657854896 tempest-ServersTestManualDisk-1657854896-project] 10.222.0.18 "GET /compute/v2.1/servers/b797e272-99d0-4e3d-8945-434ca3103fe8" status: 200 len: 1403 microversion: 2.1 time: 0.757453
Jan 03 17:24:45.446233 dv-neutron-master-2-hyperv devstack@n-api.service[118472]: [pid: 118472|app: 0|req: 89/182] 10.222.0.18 () {58 vars in 1235 bytes} [Mon Jan 3 17:24:44 2022] GET /compute/v2.1/servers/b797e272-99d0-4e3d-8945-434ca3103fe8 => generated 1403 bytes in 760 msecs (HTTP/1.1 200) 9 headers in 358 bytes (2 switches on core 0)
Jan 03 17:24:45.877689 dv-neutron-master-2-hyperv devstack@n-api.service[118471]: DEBUG nova.policy [None req-1b7dd3a5-0430-4b26-8aaa-854e0439f9f6 tempest-TestNetworkBasicOps-1382886990 tempest-TestNetworkBasicOps-1382886990-project] Policy check for os_compute_api:os-extended-server-attributes failed with credentials {'is_admin': False, 'user_id': 'b11efdf1ae2c416bb545e83ca4674618', 'user_domain_id': 'default', 'system_scope': None, 'domain_id': None, 'project_id': '158453d9431b481686c2e9356ebe20a7', 'project_domain_id': 'default', 'roles': ['member', 'reader'], 'is_admin_project': True, 'service_user_id': None, 'service_user_domain_id': None, 'service_project_id': None, 'service_project_domain_id': None, 'service_roles': []} {{(pid=118471) authorize /opt/stack/nova/nova/policy.py:199}}
Jan 03 17:24:45.899454 dv-neutron-master-2-hyperv devstack@n-api.service[118471]: INFO nova.api.openstack.requestlog [None req-1b7dd3a5-0430-4b26-8aaa-854e0439f9f6 tempest-TestNetworkBasicOps-1382886990 tempest-TestNetworkBasicOps-1382886990-project] 10.222.0.18 "GET /compute/v2.1/servers/ae5b921b-9f38-4e59-ae35-4209d22fc2a8" status: 200 len: 1374 microversion: 2.1 time: 0.602169
Jan 03 17:24:45.903270 dv-neutron-master-2-hyperv devstack@n-api.service[118471]: [pid: 118471|app: 0|req: 94/183] 10.222.0.18 () {58 vars in 1235 bytes} [Mon Jan 3 17:24:45 2022] GET /compute/v2.1/servers/ae5b921b-9f38-4e59-ae35-4209d22fc2a8 => generated 1374 bytes in 608 msecs (HTTP/1.1 200) 9 headers in 358 bytes (2 switches on core 0)
Jan 03 17:24:46.464995 dv-neutron-master-2-hyperv devstack@n-api.service[118472]: DEBUG nova.api.openstack.wsgi [None req-f255e131-20a9-4c99-b686-498ac26e648b tempest-ServersTestManualDisk-1657854896 tempest-ServersTestManualDisk-1657854896-project] Calling method '>' {{(pid=118472) _process_stack /opt/stack/nova/nova/api/openstack/wsgi.py:513}}
Jan 03 17:24:46.467327 dv-neutron-master-2-hyperv devstack@n-api.service[118472]: DEBUG nova.compute.api [None req-f255e131-20a9-4c99-b686-498ac26e648b tempest-ServersTestManualDisk-1657854896 tempest-ServersTestManualDisk-1657854896-project] [instance: b797e272-99d0-4e3d-8945-434ca3103fe8] Fetching instance by UUID {{(pid=118472) get /opt/stack/nova/nova/compute/api.py:2865}}
Jan 03 17:24:46.474555 dv-neutron-master-2-hyperv devstack@n-api.service[118472]: DEBUG oslo_concurrency.lockutils [None req-f255e131-20a9-4c99-b686-498ac26e648b tempest-ServersTestManualDisk-1657854896 tempest-ServersTestManualDisk-1657854896-project] Lock "a7ae405e-9585-494a-ab3b-ec83dfaf1f53" acquired by "nova.context.set_target_cell..get_or_set_cached_cell_and_set_connections" :: waited 0.000s {{(pid=118472) inner /usr/local/lib/python3.8/dist-packages/oslo_concurrency/lockutils.py:386}}
Jan 03 17:24:46.475511 dv-neutron-master-2-hyperv devstack@n-api.service[118472]: DEBUG oslo_concurrency.lockutils [None req-f255e131-20a9-4c99-b686-498ac26e648b tempest-ServersTestManualDisk-1657854896 tempest-ServersTestManualDisk-1657854896-project] Lock "a7ae405e-9585-494a-ab3b-ec83dfaf1f53" "released" by "nova.context.set_target_cell..get_or_set_cached_cell_and_set_connections" :: held 0.001s {{(pid=118472) inner /usr/local/lib/python3.8/dist-packages/oslo_concurrency/lockutils.py:400}}
Jan 03 17:24:46.476522 dv-neutron-master-2-hyperv devstack@n-api.service[118472]: DEBUG oslo_concurrency.lockutils [None req-f255e131-20a9-4c99-b686-498ac26e648b tempest-ServersTestManualDisk-1657854896 tempest-ServersTestManualDisk-1657854896-project] Lock "a7ae405e-9585-494a-ab3b-ec83dfaf1f53" acquired by "nova.context.set_target_cell..get_or_set_cached_cell_and_set_connections" :: waited 0.000s {{(pid=118472) inner /usr/local/lib/python3.8/dist-packages/oslo_concurrency/lockutils.py:386}}
Jan 03 17:24:46.477117 dv-neutron-master-2-hyperv devstack@n-api.service[118472]: DEBUG oslo_concurrency.lockutils [None req-f255e131-20a9-4c99-b686-498ac26e648b tempest-ServersTestManualDisk-1657854896 tempest-ServersTestManualDisk-1657854896-project] Lock "a7ae405e-9585-494a-ab3b-ec83dfaf1f53" "released" by "nova.context.set_target_cell..get_or_set_cached_cell_and_set_connections" :: held 0.001s {{(pid=118472) inner /usr/local/lib/python3.8/dist-packages/oslo_concurrency/lockutils.py:400}}
Jan 03 17:24:46.580008 dv-neutron-master-2-hyperv devstack@n-api.service[118471]: DEBUG nova.api.openstack.wsgi [req-2a759d10-045a-48a3-af60-186de1744c19 req-bde6da0b-6b87-4021-b552-be8df4daf2a9 service nova] Action: 'create', calling method: >, body: {"events": [{"name": "network-changed", "server_uuid": "ae5b921b-9f38-4e59-ae35-4209d22fc2a8", "tag": "55f3a5ba-6b43-4adc-9131-4030796f2b28"}]} {{(pid=118471) _process_stack /opt/stack/nova/nova/api/openstack/wsgi.py:511}}
Jan 03 17:24:46.581709 dv-neutron-master-2-hyperv devstack@n-api.service[118471]: /usr/local/lib/python3.8/dist-packages/oslo_policy/policy.py:1119: UserWarning: Policy "os_compute_api:os-server-external-events:create": "rule:system_admin_api" failed scope check. The token used to make the request was project scoped but the policy requires ['system'] scope. This behavior may change in the future where using the intended scope is required
Jan 03 17:24:46.581709 dv-neutron-master-2-hyperv devstack@n-api.service[118471]: warnings.warn(msg)
Jan 03 17:24:46.603384 dv-neutron-master-2-hyperv devstack@n-api.service[118471]: DEBUG oslo_concurrency.lockutils [req-2a759d10-045a-48a3-af60-186de1744c19 req-bde6da0b-6b87-4021-b552-be8df4daf2a9 service nova] Lock "a7ae405e-9585-494a-ab3b-ec83dfaf1f53" acquired by "nova.context.set_target_cell..get_or_set_cached_cell_and_set_connections" :: waited 0.000s {{(pid=118471) inner /usr/local/lib/python3.8/dist-packages/oslo_concurrency/lockutils.py:386}}
Jan 03 17:24:46.611157 dv-neutron-master-2-hyperv devstack@n-api.service[118471]: DEBUG oslo_concurrency.lockutils [req-2a759d10-045a-48a3-af60-186de1744c19 req-bde6da0b-6b87-4021-b552-be8df4daf2a9 service nova] Lock "a7ae405e-9585-494a-ab3b-ec83dfaf1f53" "released" by "nova.context.set_target_cell..get_or_set_cached_cell_and_set_connections" :: held 0.008s {{(pid=118471) inner /usr/local/lib/python3.8/dist-packages/oslo_concurrency/lockutils.py:400}}
Jan 03 17:24:46.655804 dv-neutron-master-2-hyperv devstack@n-api.service[118471]: INFO nova.api.openstack.compute.server_external_events [req-2a759d10-045a-48a3-af60-186de1744c19 req-bde6da0b-6b87-4021-b552-be8df4daf2a9 service nova] Creating event network-changed:55f3a5ba-6b43-4adc-9131-4030796f2b28 for instance ae5b921b-9f38-4e59-ae35-4209d22fc2a8 on hv-neutron-mast
Jan 03 17:24:46.671582 dv-neutron-master-2-hyperv devstack@n-api.service[118471]: INFO nova.api.openstack.requestlog [req-2a759d10-045a-48a3-af60-186de1744c19 req-bde6da0b-6b87-4021-b552-be8df4daf2a9 service nova] 10.222.0.18 "POST /compute/v2.1/os-server-external-events" status: 200 len: 179 microversion: 2.1 time: 0.095347
Jan 03 17:24:46.672958 dv-neutron-master-2-hyperv devstack@n-api.service[118471]: [pid: 118471|app: 0|req: 95/184] 10.222.0.18 () {64 vars in 1317 bytes} [Mon Jan 3 17:24:46 2022] POST /compute/v2.1/os-server-external-events => generated 179 bytes in 98 msecs (HTTP/1.1 200) 9 headers in 357 bytes (2 switches on core 0)
Jan 03 17:24:46.920721 dv-neutron-master-2-hyperv devstack@n-api.service[118471]: DEBUG nova.api.openstack.wsgi [None req-2f3482d4-620c-487f-a3cf-6900563fca23 tempest-TestNetworkBasicOps-1382886990 tempest-TestNetworkBasicOps-1382886990-project] Calling method '>' {{(pid=118471) _process_stack /opt/stack/nova/nova/api/openstack/wsgi.py:513}}
Jan 03 17:24:46.922410 dv-neutron-master-2-hyperv devstack@n-api.service[118471]: DEBUG nova.compute.api [None req-2f3482d4-620c-487f-a3cf-6900563fca23 tempest-TestNetworkBasicOps-1382886990 tempest-TestNetworkBasicOps-1382886990-project] [instance: ae5b921b-9f38-4e59-ae35-4209d22fc2a8] Fetching instance by UUID {{(pid=118471) get /opt/stack/nova/nova/compute/api.py:2865}}
Jan 03 17:24:46.939859 dv-neutron-master-2-hyperv devstack@n-api.service[118471]: DEBUG oslo_concurrency.lockutils [None req-2f3482d4-620c-487f-a3cf-6900563fca23 tempest-TestNetworkBasicOps-1382886990 tempest-TestNetworkBasicOps-1382886990-project] Lock "a7ae405e-9585-494a-ab3b-ec83dfaf1f53" acquired by "nova.context.set_target_cell..get_or_set_cached_cell_and_set_connections" :: waited 0.000s {{(pid=118471) inner /usr/local/lib/python3.8/dist-packages/oslo_concurrency/lockutils.py:386}}
Jan 03 17:24:46.948057 dv-neutron-master-2-hyperv devstack@n-api.service[118471]: DEBUG oslo_concurrency.lockutils [None req-2f3482d4-620c-487f-a3cf-6900563fca23 tempest-TestNetworkBasicOps-1382886990 tempest-TestNetworkBasicOps-1382886990-project] Lock "a7ae405e-9585-494a-ab3b-ec83dfaf1f53" "released" by "nova.context.set_target_cell..get_or_set_cached_cell_and_set_connections" :: held 0.002s {{(pid=118471) inner /usr/local/lib/python3.8/dist-packages/oslo_concurrency/lockutils.py:400}}
Jan 03 17:24:46.949018 dv-neutron-master-2-hyperv devstack@n-api.service[118471]: DEBUG oslo_concurrency.lockutils [None req-2f3482d4-620c-487f-a3cf-6900563fca23 tempest-TestNetworkBasicOps-1382886990 tempest-TestNetworkBasicOps-1382886990-project] Lock "a7ae405e-9585-494a-ab3b-ec83dfaf1f53" acquired by "nova.context.set_target_cell..get_or_set_cached_cell_and_set_connections" :: waited 0.000s {{(pid=118471) inner /usr/local/lib/python3.8/dist-packages/oslo_concurrency/lockutils.py:386}}
Jan 03 17:24:46.967173 dv-neutron-master-2-hyperv devstack@n-api.service[118471]: DEBUG oslo_concurrency.lockutils [None req-2f3482d4-620c-487f-a3cf-6900563fca23 tempest-TestNetworkBasicOps-1382886990 tempest-TestNetworkBasicOps-1382886990-project] Lock "a7ae405e-9585-494a-ab3b-ec83dfaf1f53" "released" by "nova.context.set_target_cell..get_or_set_cached_cell_and_set_connections" :: held 0.017s {{(pid=118471) inner /usr/local/lib/python3.8/dist-packages/oslo_concurrency/lockutils.py:400}}
Jan 03 17:24:47.339116 dv-neutron-master-2-hyperv devstack@n-api.service[118472]: DEBUG nova.policy [None req-f255e131-20a9-4c99-b686-498ac26e648b tempest-ServersTestManualDisk-1657854896 tempest-ServersTestManualDisk-1657854896-project] Policy check for os_compute_api:os-extended-server-attributes failed with credentials {'is_admin': False, 'user_id': '89d2ac4973ca43a192e6a810f1d04d1e', 'user_domain_id': 'default', 'system_scope': None, 'domain_id': None, 'project_id': 'eff3188b34714c078efa3207894d7445', 'project_domain_id': 'default', 'roles': ['member', 'reader'], 'is_admin_project': True, 'service_user_id': None, 'service_user_domain_id': None, 'service_project_id': None, 'service_project_domain_id': None, 'service_roles': []} {{(pid=118472) authorize /opt/stack/nova/nova/policy.py:199}}
Jan 03 17:24:47.347406 dv-neutron-master-2-hyperv devstack@n-api.service[118472]: INFO nova.api.openstack.requestlog [None req-f255e131-20a9-4c99-b686-498ac26e648b tempest-ServersTestManualDisk-1657854896 tempest-ServersTestManualDisk-1657854896-project] 10.222.0.18 "GET /compute/v2.1/servers/b797e272-99d0-4e3d-8945-434ca3103fe8" status: 200 len: 1403 microversion: 2.1 time: 0.890298
Jan 03 17:24:47.354660 dv-neutron-master-2-hyperv devstack@n-api.service[118472]: [pid: 118472|app: 0|req: 90/185] 10.222.0.18 () {58 vars in 1235 bytes} [Mon Jan 3 17:24:46 2022] GET /compute/v2.1/servers/b797e272-99d0-4e3d-8945-434ca3103fe8 => generated 1403 bytes in 898 msecs (HTTP/1.1 200) 9 headers in 358 bytes (1 switches on core 0)
Jan 03 17:24:48.268716 dv-neutron-master-2-hyperv devstack@n-api.service[118471]: DEBUG nova.policy [None req-2f3482d4-620c-487f-a3cf-6900563fca23 tempest-TestNetworkBasicOps-1382886990 tempest-TestNetworkBasicOps-1382886990-project] Policy check for os_compute_api:os-extended-server-attributes failed with credentials {'is_admin': False, 'user_id': 'b11efdf1ae2c416bb545e83ca4674618', 'user_domain_id': 'default', 'system_scope': None, 'domain_id': None, 'project_id': '158453d9431b481686c2e9356ebe20a7', 'project_domain_id': 'default', 'roles': ['member', 'reader'], 'is_admin_project': True, 'service_user_id': None, 'service_user_domain_id': None, 'service_project_id': None, 'service_project_domain_id': None, 'service_roles': []} {{(pid=118471) authorize /opt/stack/nova/nova/policy.py:199}}
Jan 03 17:24:48.276991 dv-neutron-master-2-hyperv devstack@n-api.service[118471]: INFO nova.api.openstack.requestlog [None req-2f3482d4-620c-487f-a3cf-6900563fca23 tempest-TestNetworkBasicOps-1382886990 tempest-TestNetworkBasicOps-1382886990-project] 10.222.0.18 "GET /compute/v2.1/servers/ae5b921b-9f38-4e59-ae35-4209d22fc2a8" status: 200 len: 1374 microversion: 2.1 time: 1.360373
Jan 03 17:24:48.280042 dv-neutron-master-2-hyperv devstack@n-api.service[118471]: [pid: 118471|app: 0|req: 96/186] 10.222.0.18 () {58 vars in 1235 bytes} [Mon Jan 3 17:24:46 2022] GET /compute/v2.1/servers/ae5b921b-9f38-4e59-ae35-4209d22fc2a8 => generated 1374 bytes in 1364 msecs (HTTP/1.1 200) 9 headers in 358 bytes (2 switches on core 0)
Jan 03 17:24:48.368702 dv-neutron-master-2-hyperv devstack@n-api.service[118472]: DEBUG nova.api.openstack.wsgi [None req-1492a1c2-ed69-4f83-9100-1458a2bda474 tempest-ServersTestManualDisk-1657854896 tempest-ServersTestManualDisk-1657854896-project] Calling method '>' {{(pid=118472) _process_stack /opt/stack/nova/nova/api/openstack/wsgi.py:513}}
Jan 03 17:24:48.369343 dv-neutron-master-2-hyperv devstack@n-api.service[118472]: DEBUG nova.compute.api [None req-1492a1c2-ed69-4f83-9100-1458a2bda474 tempest-ServersTestManualDisk-1657854896 tempest-ServersTestManualDisk-1657854896-project] [instance: b797e272-99d0-4e3d-8945-434ca3103fe8] Fetching instance by UUID {{(pid=118472) get /opt/stack/nova/nova/compute/api.py:2865}}
Jan 03 17:24:48.385727 dv-neutron-master-2-hyperv devstack@n-api.service[118472]: DEBUG oslo_concurrency.lockutils [None req-1492a1c2-ed69-4f83-9100-1458a2bda474 tempest-ServersTestManualDisk-1657854896 tempest-ServersTestManualDisk-1657854896-project] Lock "a7ae405e-9585-494a-ab3b-ec83dfaf1f53" acquired by "nova.context.set_target_cell..get_or_set_cached_cell_and_set_connections" :: waited 0.000s {{(pid=118472) inner /usr/local/lib/python3.8/dist-packages/oslo_concurrency/lockutils.py:386}}
Jan 03 17:24:48.386252 dv-neutron-master-2-hyperv devstack@n-api.service[118472]: DEBUG oslo_concurrency.lockutils [None req-1492a1c2-ed69-4f83-9100-1458a2bda474 tempest-ServersTestManualDisk-1657854896 tempest-ServersTestManualDisk-1657854896-project] Lock "a7ae405e-9585-494a-ab3b-ec83dfaf1f53" "released" by "nova.context.set_target_cell..get_or_set_cached_cell_and_set_connections" :: held 0.001s {{(pid=118472) inner /usr/local/lib/python3.8/dist-packages/oslo_concurrency/lockutils.py:400}}
Jan 03 17:24:48.387071 dv-neutron-master-2-hyperv devstack@n-api.service[118472]: DEBUG oslo_concurrency.lockutils [None req-1492a1c2-ed69-4f83-9100-1458a2bda474 tempest-ServersTestManualDisk-1657854896 tempest-ServersTestManualDisk-1657854896-project] Lock "a7ae405e-9585-494a-ab3b-ec83dfaf1f53" acquired by "nova.context.set_target_cell..get_or_set_cached_cell_and_set_connections" :: waited 0.000s {{(pid=118472) inner /usr/local/lib/python3.8/dist-packages/oslo_concurrency/lockutils.py:386}}
Jan 03 17:24:48.387512 dv-neutron-master-2-hyperv devstack@n-api.service[118472]: DEBUG oslo_concurrency.lockutils [None req-1492a1c2-ed69-4f83-9100-1458a2bda474 tempest-ServersTestManualDisk-1657854896 tempest-ServersTestManualDisk-1657854896-project] Lock "a7ae405e-9585-494a-ab3b-ec83dfaf1f53" "released" by "nova.context.set_target_cell..get_or_set_cached_cell_and_set_connections" :: held 0.000s {{(pid=118472) inner /usr/local/lib/python3.8/dist-packages/oslo_concurrency/lockutils.py:400}}
Jan 03 17:24:49.126266 dv-neutron-master-2-hyperv devstack@n-api.service[118471]: DEBUG nova.api.openstack.wsgi [None req-3e8b315e-a2af-401d-a5aa-b386e0df898a tempest-TestNetworkAdvancedServerOps-318319947 tempest-TestNetworkAdvancedServerOps-318319947-project] Action: 'create', calling method: .version_select at 0x7f78aa037820>, body: {"keypair": {"name": "tempest-TestNetworkAdvancedServerOps-1807573327"}} {{(pid=118471) _process_stack /opt/stack/nova/nova/api/openstack/wsgi.py:511}}
Jan 03 17:24:49.144049 dv-neutron-master-2-hyperv devstack@n-api.service[118471]: DEBUG nova.quota [None req-3e8b315e-a2af-401d-a5aa-b386e0df898a tempest-TestNetworkAdvancedServerOps-318319947 tempest-TestNetworkAdvancedServerOps-318319947-project] Getting quotas for project 1be7a4136aa94960b9d91ae8f7ff9f19. Resources: {'key_pairs'} {{(pid=118471) _get_quotas /opt/stack/nova/nova/quota.py:387}}
Jan 03 17:24:49.150412 dv-neutron-master-2-hyperv devstack@n-api.service[118471]: DEBUG nova.quota [None req-3e8b315e-a2af-401d-a5aa-b386e0df898a tempest-TestNetworkAdvancedServerOps-318319947 tempest-TestNetworkAdvancedServerOps-318319947-project] Getting quotas for user a207111d4a664f2bb4d8fd8532d0671d and project 1be7a4136aa94960b9d91ae8f7ff9f19. Resources: {'key_pairs'} {{(pid=118471) _get_quotas /opt/stack/nova/nova/quota.py:377}}
Jan 03 17:24:49.158218 dv-neutron-master-2-hyperv devstack@n-api.service[118472]: DEBUG nova.policy [None req-1492a1c2-ed69-4f83-9100-1458a2bda474 tempest-ServersTestManualDisk-1657854896 tempest-ServersTestManualDisk-1657854896-project] Policy check for os_compute_api:os-extended-server-attributes failed with credentials {'is_admin': False, 'user_id': '89d2ac4973ca43a192e6a810f1d04d1e', 'user_domain_id': 'default', 'system_scope': None, 'domain_id': None, 'project_id': 'eff3188b34714c078efa3207894d7445', 'project_domain_id': 'default', 'roles': ['member', 'reader'], 'is_admin_project': True, 'service_user_id': None, 'service_user_domain_id': None, 'service_project_id': None, 'service_project_domain_id': None, 'service_roles': []} {{(pid=118472) authorize /opt/stack/nova/nova/policy.py:199}}
Jan 03 17:24:49.170591 dv-neutron-master-2-hyperv devstack@n-api.service[118472]: INFO nova.api.openstack.requestlog [None req-1492a1c2-ed69-4f83-9100-1458a2bda474 tempest-ServersTestManualDisk-1657854896 tempest-ServersTestManualDisk-1657854896-project] 10.222.0.18 "GET /compute/v2.1/servers/b797e272-99d0-4e3d-8945-434ca3103fe8" status: 200 len: 1403 microversion: 2.1 time: 0.805380
Jan 03 17:24:49.171461 dv-neutron-master-2-hyperv devstack@n-api.service[118472]: [pid: 118472|app: 0|req: 91/187] 10.222.0.18 () {58 vars in 1235 bytes} [Mon Jan 3 17:24:48 2022] GET /compute/v2.1/servers/b797e272-99d0-4e3d-8945-434ca3103fe8 => generated 1403 bytes in 807 msecs (HTTP/1.1 200) 9 headers in 358 bytes (1 switches on core 0)
Jan 03 17:24:49.296245 dv-neutron-master-2-hyperv devstack@n-api.service[118472]: DEBUG nova.api.openstack.wsgi [None req-2f3b7f8d-34c5-4bef-8fe5-830db8d29c99 tempest-TestNetworkBasicOps-1382886990 tempest-TestNetworkBasicOps-1382886990-project] Calling method '>' {{(pid=118472) _process_stack /opt/stack/nova/nova/api/openstack/wsgi.py:513}}
Jan 03 17:24:49.297157 dv-neutron-master-2-hyperv devstack@n-api.service[118472]: DEBUG nova.compute.api [None req-2f3b7f8d-34c5-4bef-8fe5-830db8d29c99 tempest-TestNetworkBasicOps-1382886990 tempest-TestNetworkBasicOps-1382886990-project] [instance: ae5b921b-9f38-4e59-ae35-4209d22fc2a8] Fetching instance by UUID {{(pid=118472) get /opt/stack/nova/nova/compute/api.py:2865}}
Jan 03 17:24:49.308880 dv-neutron-master-2-hyperv devstack@n-api.service[118472]: DEBUG oslo_concurrency.lockutils [None req-2f3b7f8d-34c5-4bef-8fe5-830db8d29c99 tempest-TestNetworkBasicOps-1382886990 tempest-TestNetworkBasicOps-1382886990-project] Lock "a7ae405e-9585-494a-ab3b-ec83dfaf1f53" acquired by "nova.context.set_target_cell..get_or_set_cached_cell_and_set_connections" :: waited 0.000s {{(pid=118472) inner /usr/local/lib/python3.8/dist-packages/oslo_concurrency/lockutils.py:386}}
Jan 03 17:24:49.309556 dv-neutron-master-2-hyperv devstack@n-api.service[118472]: DEBUG oslo_concurrency.lockutils [None req-2f3b7f8d-34c5-4bef-8fe5-830db8d29c99 tempest-TestNetworkBasicOps-1382886990 tempest-TestNetworkBasicOps-1382886990-project] Lock "a7ae405e-9585-494a-ab3b-ec83dfaf1f53" "released" by "nova.context.set_target_cell..get_or_set_cached_cell_and_set_connections" :: held 0.001s {{(pid=118472) inner /usr/local/lib/python3.8/dist-packages/oslo_concurrency/lockutils.py:400}}
Jan 03 17:24:49.310741 dv-neutron-master-2-hyperv devstack@n-api.service[118472]: DEBUG oslo_concurrency.lockutils [None req-2f3b7f8d-34c5-4bef-8fe5-830db8d29c99 tempest-TestNetworkBasicOps-1382886990 tempest-TestNetworkBasicOps-1382886990-project] Lock "a7ae405e-9585-494a-ab3b-ec83dfaf1f53" acquired by "nova.context.set_target_cell..get_or_set_cached_cell_and_set_connections" :: waited 0.000s {{(pid=118472) inner /usr/local/lib/python3.8/dist-packages/oslo_concurrency/lockutils.py:386}}
Jan 03 17:24:49.311262 dv-neutron-master-2-hyperv devstack@n-api.service[118472]: DEBUG oslo_concurrency.lockutils [None req-2f3b7f8d-34c5-4bef-8fe5-830db8d29c99 tempest-TestNetworkBasicOps-1382886990 tempest-TestNetworkBasicOps-1382886990-project] Lock "a7ae405e-9585-494a-ab3b-ec83dfaf1f53" "released" by "nova.context.set_target_cell..get_or_set_cached_cell_and_set_connections" :: held 0.001s {{(pid=118472) inner /usr/local/lib/python3.8/dist-packages/oslo_concurrency/lockutils.py:400}}
Jan 03 17:24:49.751186 dv-neutron-master-2-hyperv devstack@n-api.service[118472]: DEBUG nova.policy [None req-2f3b7f8d-34c5-4bef-8fe5-830db8d29c99 tempest-TestNetworkBasicOps-1382886990 tempest-TestNetworkBasicOps-1382886990-project] Policy check for os_compute_api:os-extended-server-attributes failed with credentials {'is_admin': False, 'user_id': 'b11efdf1ae2c416bb545e83ca4674618', 'user_domain_id': 'default', 'system_scope': None, 'domain_id': None, 'project_id': '158453d9431b481686c2e9356ebe20a7', 'project_domain_id': 'default', 'roles': ['member', 'reader'], 'is_admin_project': True, 'service_user_id': None, 'service_user_domain_id': None, 'service_project_id': None, 'service_project_domain_id': None, 'service_roles': []} {{(pid=118472) authorize /opt/stack/nova/nova/policy.py:199}}
Jan 03 17:24:49.761800 dv-neutron-master-2-hyperv devstack@n-api.service[118472]: INFO nova.api.openstack.requestlog [None req-2f3b7f8d-34c5-4bef-8fe5-830db8d29c99 tempest-TestNetworkBasicOps-1382886990 tempest-TestNetworkBasicOps-1382886990-project] 10.222.0.18 "GET /compute/v2.1/servers/ae5b921b-9f38-4e59-ae35-4209d22fc2a8" status: 200 len: 1374 microversion: 2.1 time: 0.469085
Jan 03 17:24:49.771322 dv-neutron-master-2-hyperv devstack@n-api.service[118472]: [pid: 118472|app: 0|req: 92/188] 10.222.0.18 () {58 vars in 1235 bytes} [Mon Jan 3 17:24:49 2022] GET /compute/v2.1/servers/ae5b921b-9f38-4e59-ae35-4209d22fc2a8 => generated 1374 bytes in 471 msecs (HTTP/1.1 200) 9 headers in 358 bytes (2 switches on core 0)
Jan 03 17:24:49.848359 dv-neutron-master-2-hyperv devstack@n-api.service[118471]: DEBUG nova.quota [None req-3e8b315e-a2af-401d-a5aa-b386e0df898a tempest-TestNetworkAdvancedServerOps-318319947 tempest-TestNetworkAdvancedServerOps-318319947-project] Getting quotas for project 1be7a4136aa94960b9d91ae8f7ff9f19. Resources: {'key_pairs'} {{(pid=118471) _get_quotas /opt/stack/nova/nova/quota.py:387}}
Jan 03 17:24:49.857485 dv-neutron-master-2-hyperv devstack@n-api.service[118471]: DEBUG nova.quota [None req-3e8b315e-a2af-401d-a5aa-b386e0df898a tempest-TestNetworkAdvancedServerOps-318319947 tempest-TestNetworkAdvancedServerOps-318319947-project] Getting quotas for user a207111d4a664f2bb4d8fd8532d0671d and project 1be7a4136aa94960b9d91ae8f7ff9f19. Resources: {'key_pairs'} {{(pid=118471) _get_quotas /opt/stack/nova/nova/quota.py:377}}
Jan 03 17:24:49.903132 dv-neutron-master-2-hyperv devstack@n-api.service[118471]: INFO nova.api.openstack.requestlog [None req-3e8b315e-a2af-401d-a5aa-b386e0df898a tempest-TestNetworkAdvancedServerOps-318319947 tempest-TestNetworkAdvancedServerOps-318319947-project] 10.222.0.18 "POST /compute/v2.1/os-keypairs" status: 200 len: 2322 microversion: 2.1 time: 1.285077
Jan 03 17:24:49.919816 dv-neutron-master-2-hyperv devstack@n-api.service[118471]: [pid: 118471|app: 0|req: 97/189] 10.222.0.18 () {60 vars in 1157 bytes} [Mon Jan 3 17:24:48 2022] POST /compute/v2.1/os-keypairs => generated 2322 bytes in 1293 msecs (HTTP/1.1 200) 9 headers in 358 bytes (2 switches on core 0)
Jan 03 17:24:50.187600 dv-neutron-master-2-hyperv devstack@n-api.service[118472]: DEBUG nova.api.openstack.wsgi [None req-3b404af7-98c9-4824-9ff7-45acafdf07dc tempest-ServersTestManualDisk-1657854896 tempest-ServersTestManualDisk-1657854896-project] Calling method '>' {{(pid=118472) _process_stack /opt/stack/nova/nova/api/openstack/wsgi.py:513}}
Jan 03 17:24:50.188292 dv-neutron-master-2-hyperv devstack@n-api.service[118472]: DEBUG nova.compute.api [None req-3b404af7-98c9-4824-9ff7-45acafdf07dc tempest-ServersTestManualDisk-1657854896 tempest-ServersTestManualDisk-1657854896-project] [instance: b797e272-99d0-4e3d-8945-434ca3103fe8] Fetching instance by UUID {{(pid=118472) get /opt/stack/nova/nova/compute/api.py:2865}}
Jan 03 17:24:50.199494 dv-neutron-master-2-hyperv devstack@n-api.service[118472]: DEBUG oslo_concurrency.lockutils [None req-3b404af7-98c9-4824-9ff7-45acafdf07dc tempest-ServersTestManualDisk-1657854896 tempest-ServersTestManualDisk-1657854896-project] Lock "a7ae405e-9585-494a-ab3b-ec83dfaf1f53" acquired by "nova.context.set_target_cell..get_or_set_cached_cell_and_set_connections" :: waited 0.000s {{(pid=118472) inner /usr/local/lib/python3.8/dist-packages/oslo_concurrency/lockutils.py:386}}
Jan 03 17:24:50.200200 dv-neutron-master-2-hyperv devstack@n-api.service[118472]: DEBUG oslo_concurrency.lockutils [None req-3b404af7-98c9-4824-9ff7-45acafdf07dc tempest-ServersTestManualDisk-1657854896 tempest-ServersTestManualDisk-1657854896-project] Lock "a7ae405e-9585-494a-ab3b-ec83dfaf1f53" "released" by "nova.context.set_target_cell..get_or_set_cached_cell_and_set_connections" :: held 0.001s {{(pid=118472) inner /usr/local/lib/python3.8/dist-packages/oslo_concurrency/lockutils.py:400}}
Jan 03 17:24:50.201453 dv-neutron-master-2-hyperv devstack@n-api.service[118472]: DEBUG oslo_concurrency.lockutils [None req-3b404af7-98c9-4824-9ff7-45acafdf07dc tempest-ServersTestManualDisk-1657854896 tempest-ServersTestManualDisk-1657854896-project] Lock "a7ae405e-9585-494a-ab3b-ec83dfaf1f53" acquired by "nova.context.set_target_cell..get_or_set_cached_cell_and_set_connections" :: waited 0.000s {{(pid=118472) inner /usr/local/lib/python3.8/dist-packages/oslo_concurrency/lockutils.py:386}}
Jan 03 17:24:50.202099 dv-neutron-master-2-hyperv devstack@n-api.service[118472]: DEBUG oslo_concurrency.lockutils [None req-3b404af7-98c9-4824-9ff7-45acafdf07dc tempest-ServersTestManualDisk-1657854896 tempest-ServersTestManualDisk-1657854896-project] Lock "a7ae405e-9585-494a-ab3b-ec83dfaf1f53" "released" by "nova.context.set_target_cell..get_or_set_cached_cell_and_set_connections" :: held 0.001s {{(pid=118472) inner /usr/local/lib/python3.8/dist-packages/oslo_concurrency/lockutils.py:400}}
Jan 03 17:24:50.779067 dv-neutron-master-2-hyperv devstack@n-api.service[118471]: DEBUG nova.api.openstack.wsgi [None req-418f0c32-ef65-4749-87e2-5b8b76ede588 tempest-TestNetworkBasicOps-1382886990 tempest-TestNetworkBasicOps-1382886990-project] Calling method '>' {{(pid=118471) _process_stack /opt/stack/nova/nova/api/openstack/wsgi.py:513}}
Jan 03 17:24:50.779961 dv-neutron-master-2-hyperv devstack@n-api.service[118471]: DEBUG nova.compute.api [None req-418f0c32-ef65-4749-87e2-5b8b76ede588 tempest-TestNetworkBasicOps-1382886990 tempest-TestNetworkBasicOps-1382886990-project] [instance: ae5b921b-9f38-4e59-ae35-4209d22fc2a8] Fetching instance by UUID {{(pid=118471) get /opt/stack/nova/nova/compute/api.py:2865}}
Jan 03 17:24:50.791132 dv-neutron-master-2-hyperv devstack@n-api.service[118471]: DEBUG oslo_concurrency.lockutils [None req-418f0c32-ef65-4749-87e2-5b8b76ede588 tempest-TestNetworkBasicOps-1382886990 tempest-TestNetworkBasicOps-1382886990-project] Lock "a7ae405e-9585-494a-ab3b-ec83dfaf1f53" acquired by "nova.context.set_target_cell..get_or_set_cached_cell_and_set_connections" :: waited 0.001s {{(pid=118471) inner /usr/local/lib/python3.8/dist-packages/oslo_concurrency/lockutils.py:386}}
Jan 03 17:24:50.791935 dv-neutron-master-2-hyperv devstack@n-api.service[118471]: DEBUG oslo_concurrency.lockutils [None req-418f0c32-ef65-4749-87e2-5b8b76ede588 tempest-TestNetworkBasicOps-1382886990 tempest-TestNetworkBasicOps-1382886990-project] Lock "a7ae405e-9585-494a-ab3b-ec83dfaf1f53" "released" by "nova.context.set_target_cell..get_or_set_cached_cell_and_set_connections" :: held 0.001s {{(pid=118471) inner /usr/local/lib/python3.8/dist-packages/oslo_concurrency/lockutils.py:400}}
Jan 03 17:24:50.792974 dv-neutron-master-2-hyperv devstack@n-api.service[118471]: DEBUG oslo_concurrency.lockutils [None req-418f0c32-ef65-4749-87e2-5b8b76ede588 tempest-TestNetworkBasicOps-1382886990 tempest-TestNetworkBasicOps-1382886990-project] Lock "a7ae405e-9585-494a-ab3b-ec83dfaf1f53" acquired by "nova.context.set_target_cell..get_or_set_cached_cell_and_set_connections" :: waited 0.000s {{(pid=118471) inner /usr/local/lib/python3.8/dist-packages/oslo_concurrency/lockutils.py:386}}
Jan 03 17:24:50.793941 dv-neutron-master-2-hyperv devstack@n-api.service[118471]: DEBUG oslo_concurrency.lockutils [None req-418f0c32-ef65-4749-87e2-5b8b76ede588 tempest-TestNetworkBasicOps-1382886990 tempest-TestNetworkBasicOps-1382886990-project] Lock "a7ae405e-9585-494a-ab3b-ec83dfaf1f53" "released" by "nova.context.set_target_cell..get_or_set_cached_cell_and_set_connections" :: held 0.001s {{(pid=118471) inner /usr/local/lib/python3.8/dist-packages/oslo_concurrency/lockutils.py:400}}
Jan 03 17:24:50.974763 dv-neutron-master-2-hyperv devstack@n-api.service[118471]: DEBUG nova.policy [None req-418f0c32-ef65-4749-87e2-5b8b76ede588 tempest-TestNetworkBasicOps-1382886990 tempest-TestNetworkBasicOps-1382886990-project] Policy check for os_compute_api:os-extended-server-attributes failed with credentials {'is_admin': False, 'user_id': 'b11efdf1ae2c416bb545e83ca4674618', 'user_domain_id': 'default', 'system_scope': None, 'domain_id': None, 'project_id': '158453d9431b481686c2e9356ebe20a7', 'project_domain_id': 'default', 'roles': ['member', 'reader'], 'is_admin_project': True, 'service_user_id': None, 'service_user_domain_id': None, 'service_project_id': None, 'service_project_domain_id': None, 'service_roles': []} {{(pid=118471) authorize /opt/stack/nova/nova/policy.py:199}}
Jan 03 17:24:50.983800 dv-neutron-master-2-hyperv devstack@n-api.service[118471]: INFO nova.api.openstack.requestlog [None req-418f0c32-ef65-4749-87e2-5b8b76ede588 tempest-TestNetworkBasicOps-1382886990 tempest-TestNetworkBasicOps-1382886990-project] 10.222.0.18 "GET /compute/v2.1/servers/ae5b921b-9f38-4e59-ae35-4209d22fc2a8" status: 200 len: 1374 microversion: 2.1 time: 0.208991
Jan 03 17:24:50.987866 dv-neutron-master-2-hyperv devstack@n-api.service[118471]: [pid: 118471|app: 0|req: 98/190] 10.222.0.18 () {58 vars in 1235 bytes} [Mon Jan 3 17:24:50 2022] GET /compute/v2.1/servers/ae5b921b-9f38-4e59-ae35-4209d22fc2a8 => generated 1374 bytes in 214 msecs (HTTP/1.1 200) 9 headers in 358 bytes (2 switches on core 0)
Jan 03 17:24:51.377086 dv-neutron-master-2-hyperv devstack@n-api.service[118472]: DEBUG nova.policy [None req-3b404af7-98c9-4824-9ff7-45acafdf07dc tempest-ServersTestManualDisk-1657854896 tempest-ServersTestManualDisk-1657854896-project] Policy check for os_compute_api:os-extended-server-attributes failed with credentials {'is_admin': False, 'user_id': '89d2ac4973ca43a192e6a810f1d04d1e', 'user_domain_id': 'default', 'system_scope': None, 'domain_id': None, 'project_id': 'eff3188b34714c078efa3207894d7445', 'project_domain_id': 'default', 'roles': ['member', 'reader'], 'is_admin_project': True, 'service_user_id': None, 'service_user_domain_id': None, 'service_project_id': None, 'service_project_domain_id': None, 'service_roles': []} {{(pid=118472) authorize /opt/stack/nova/nova/policy.py:199}}
Jan 03 17:24:51.386934 dv-neutron-master-2-hyperv devstack@n-api.service[118472]: INFO nova.api.openstack.requestlog [None req-3b404af7-98c9-4824-9ff7-45acafdf07dc tempest-ServersTestManualDisk-1657854896 tempest-ServersTestManualDisk-1657854896-project] 10.222.0.18 "GET /compute/v2.1/servers/b797e272-99d0-4e3d-8945-434ca3103fe8" status: 200 len: 1403 microversion: 2.1 time: 1.203071
Jan 03 17:24:51.393159 dv-neutron-master-2-hyperv devstack@n-api.service[118472]: [pid: 118472|app: 0|req: 93/191] 10.222.0.18 () {58 vars in 1235 bytes} [Mon Jan 3 17:24:50 2022] GET /compute/v2.1/servers/b797e272-99d0-4e3d-8945-434ca3103fe8 => generated 1403 bytes in 1208 msecs (HTTP/1.1 200) 9 headers in 358 bytes (1 switches on core 0)
Jan 03 17:24:52.003958 dv-neutron-master-2-hyperv devstack@n-api.service[118471]: DEBUG nova.api.openstack.wsgi [None req-f550eeeb-7cba-4c12-aa08-5f41a1fc2014 tempest-TestNetworkBasicOps-1382886990 tempest-TestNetworkBasicOps-1382886990-project] Calling method '>' {{(pid=118471) _process_stack /opt/stack/nova/nova/api/openstack/wsgi.py:513}}
Jan 03 17:24:52.004749 dv-neutron-master-2-hyperv devstack@n-api.service[118471]: DEBUG nova.compute.api [None req-f550eeeb-7cba-4c12-aa08-5f41a1fc2014 tempest-TestNetworkBasicOps-1382886990 tempest-TestNetworkBasicOps-1382886990-project] [instance: ae5b921b-9f38-4e59-ae35-4209d22fc2a8] Fetching instance by UUID {{(pid=118471) get /opt/stack/nova/nova/compute/api.py:2865}}
Jan 03 17:24:52.012347 dv-neutron-master-2-hyperv devstack@n-api.service[118471]: DEBUG oslo_concurrency.lockutils [None req-f550eeeb-7cba-4c12-aa08-5f41a1fc2014 tempest-TestNetworkBasicOps-1382886990 tempest-TestNetworkBasicOps-1382886990-project] Lock "a7ae405e-9585-494a-ab3b-ec83dfaf1f53" acquired by "nova.context.set_target_cell..get_or_set_cached_cell_and_set_connections" :: waited 0.000s {{(pid=118471) inner /usr/local/lib/python3.8/dist-packages/oslo_concurrency/lockutils.py:386}}
Jan 03 17:24:52.012804 dv-neutron-master-2-hyperv devstack@n-api.service[118471]: DEBUG oslo_concurrency.lockutils [None req-f550eeeb-7cba-4c12-aa08-5f41a1fc2014 tempest-TestNetworkBasicOps-1382886990 tempest-TestNetworkBasicOps-1382886990-project] Lock "a7ae405e-9585-494a-ab3b-ec83dfaf1f53" "released" by "nova.context.set_target_cell..get_or_set_cached_cell_and_set_connections" :: held 0.001s {{(pid=118471) inner /usr/local/lib/python3.8/dist-packages/oslo_concurrency/lockutils.py:400}}
Jan 03 17:24:52.014067 dv-neutron-master-2-hyperv devstack@n-api.service[118471]: DEBUG oslo_concurrency.lockutils [None req-f550eeeb-7cba-4c12-aa08-5f41a1fc2014 tempest-TestNetworkBasicOps-1382886990 tempest-TestNetworkBasicOps-1382886990-project] Lock "a7ae405e-9585-494a-ab3b-ec83dfaf1f53" acquired by "nova.context.set_target_cell..get_or_set_cached_cell_and_set_connections" :: waited 0.000s {{(pid=118471) inner /usr/local/lib/python3.8/dist-packages/oslo_concurrency/lockutils.py:386}}
Jan 03 17:24:52.014513 dv-neutron-master-2-hyperv devstack@n-api.service[118471]: DEBUG oslo_concurrency.lockutils [None req-f550eeeb-7cba-4c12-aa08-5f41a1fc2014 tempest-TestNetworkBasicOps-1382886990 tempest-TestNetworkBasicOps-1382886990-project] Lock "a7ae405e-9585-494a-ab3b-ec83dfaf1f53" "released" by "nova.context.set_target_cell..get_or_set_cached_cell_and_set_connections" :: held 0.001s {{(pid=118471) inner /usr/local/lib/python3.8/dist-packages/oslo_concurrency/lockutils.py:400}}
Jan 03 17:24:52.407073 dv-neutron-master-2-hyperv devstack@n-api.service[118472]: DEBUG nova.api.openstack.wsgi [None req-cd4ced1e-8bc7-43a1-b205-ae2727a69034 tempest-ServersTestManualDisk-1657854896 tempest-ServersTestManualDisk-1657854896-project] Calling method '>' {{(pid=118472) _process_stack /opt/stack/nova/nova/api/openstack/wsgi.py:513}}
Jan 03 17:24:52.407843 dv-neutron-master-2-hyperv devstack@n-api.service[118472]: DEBUG nova.compute.api [None req-cd4ced1e-8bc7-43a1-b205-ae2727a69034 tempest-ServersTestManualDisk-1657854896 tempest-ServersTestManualDisk-1657854896-project] [instance: b797e272-99d0-4e3d-8945-434ca3103fe8] Fetching instance by UUID {{(pid=118472) get /opt/stack/nova/nova/compute/api.py:2865}}
Jan 03 17:24:52.413971 dv-neutron-master-2-hyperv devstack@n-api.service[118472]: DEBUG oslo_concurrency.lockutils [None req-cd4ced1e-8bc7-43a1-b205-ae2727a69034 tempest-ServersTestManualDisk-1657854896 tempest-ServersTestManualDisk-1657854896-project] Lock "a7ae405e-9585-494a-ab3b-ec83dfaf1f53" acquired by "nova.context.set_target_cell..get_or_set_cached_cell_and_set_connections" :: waited 0.000s {{(pid=118472) inner /usr/local/lib/python3.8/dist-packages/oslo_concurrency/lockutils.py:386}}
Jan 03 17:24:52.426480 dv-neutron-master-2-hyperv devstack@n-api.service[118472]: DEBUG oslo_concurrency.lockutils [None req-cd4ced1e-8bc7-43a1-b205-ae2727a69034 tempest-ServersTestManualDisk-1657854896 tempest-ServersTestManualDisk-1657854896-project] Lock "a7ae405e-9585-494a-ab3b-ec83dfaf1f53" "released" by "nova.context.set_target_cell..get_or_set_cached_cell_and_set_connections" :: held 0.001s {{(pid=118472) inner /usr/local/lib/python3.8/dist-packages/oslo_concurrency/lockutils.py:400}}
Jan 03 17:24:52.427515 dv-neutron-master-2-hyperv devstack@n-api.service[118472]: DEBUG oslo_concurrency.lockutils [None req-cd4ced1e-8bc7-43a1-b205-ae2727a69034 tempest-ServersTestManualDisk-1657854896 tempest-ServersTestManualDisk-1657854896-project] Lock "a7ae405e-9585-494a-ab3b-ec83dfaf1f53" acquired by "nova.context.set_target_cell..get_or_set_cached_cell_and_set_connections" :: waited 0.000s {{(pid=118472) inner /usr/local/lib/python3.8/dist-packages/oslo_concurrency/lockutils.py:386}}
Jan 03 17:24:52.428129 dv-neutron-master-2-hyperv devstack@n-api.service[118472]: DEBUG oslo_concurrency.lockutils [None req-cd4ced1e-8bc7-43a1-b205-ae2727a69034 tempest-ServersTestManualDisk-1657854896 tempest-ServersTestManualDisk-1657854896-project] Lock "a7ae405e-9585-494a-ab3b-ec83dfaf1f53" "released" by "nova.context.set_target_cell..get_or_set_cached_cell_and_set_connections" :: held 0.001s {{(pid=118472) inner /usr/local/lib/python3.8/dist-packages/oslo_concurrency/lockutils.py:400}}
Jan 03 17:24:52.634744 dv-neutron-master-2-hyperv devstack@n-api.service[118471]: DEBUG nova.policy [None req-f550eeeb-7cba-4c12-aa08-5f41a1fc2014 tempest-TestNetworkBasicOps-1382886990 tempest-TestNetworkBasicOps-1382886990-project] Policy check for os_compute_api:os-extended-server-attributes failed with credentials {'is_admin': False, 'user_id': 'b11efdf1ae2c416bb545e83ca4674618', 'user_domain_id': 'default', 'system_scope': None, 'domain_id': None, 'project_id': '158453d9431b481686c2e9356ebe20a7', 'project_domain_id': 'default', 'roles': ['member', 'reader'], 'is_admin_project': True, 'service_user_id': None, 'service_user_domain_id': None, 'service_project_id': None, 'service_project_domain_id': None, 'service_roles': []} {{(pid=118471) authorize /opt/stack/nova/nova/policy.py:199}}
Jan 03 17:24:52.663486 dv-neutron-master-2-hyperv devstack@n-api.service[118471]: INFO nova.api.openstack.requestlog [None req-f550eeeb-7cba-4c12-aa08-5f41a1fc2014 tempest-TestNetworkBasicOps-1382886990 tempest-TestNetworkBasicOps-1382886990-project] 10.222.0.18 "GET /compute/v2.1/servers/ae5b921b-9f38-4e59-ae35-4209d22fc2a8" status: 200 len: 1374 microversion: 2.1 time: 0.662961
Jan 03 17:24:52.664146 dv-neutron-master-2-hyperv devstack@n-api.service[118471]: [pid: 118471|app: 0|req: 99/192] 10.222.0.18 () {58 vars in 1235 bytes} [Mon Jan 3 17:24:51 2022] GET /compute/v2.1/servers/ae5b921b-9f38-4e59-ae35-4209d22fc2a8 => generated 1374 bytes in 664 msecs (HTTP/1.1 200) 9 headers in 358 bytes (1 switches on core 0)
Jan 03 17:24:53.410941 dv-neutron-master-2-hyperv devstack@n-api.service[118472]: DEBUG nova.policy [None req-cd4ced1e-8bc7-43a1-b205-ae2727a69034 tempest-ServersTestManualDisk-1657854896 tempest-ServersTestManualDisk-1657854896-project] Policy check for os_compute_api:os-extended-server-attributes failed with credentials {'is_admin': False, 'user_id': '89d2ac4973ca43a192e6a810f1d04d1e', 'user_domain_id': 'default', 'system_scope': None, 'domain_id': None, 'project_id': 'eff3188b34714c078efa3207894d7445', 'project_domain_id': 'default', 'roles': ['member', 'reader'], 'is_admin_project': True, 'service_user_id': None, 'service_user_domain_id': None, 'service_project_id': None, 'service_project_domain_id': None, 'service_roles': []} {{(pid=118472) authorize /opt/stack/nova/nova/policy.py:199}}
Jan 03 17:24:53.422462 dv-neutron-master-2-hyperv devstack@n-api.service[118472]: INFO nova.api.openstack.requestlog [None req-cd4ced1e-8bc7-43a1-b205-ae2727a69034 tempest-ServersTestManualDisk-1657854896 tempest-ServersTestManualDisk-1657854896-project] 10.222.0.18 "GET /compute/v2.1/servers/b797e272-99d0-4e3d-8945-434ca3103fe8" status: 200 len: 1403 microversion: 2.1 time: 1.016160
Jan 03 17:24:53.423124 dv-neutron-master-2-hyperv devstack@n-api.service[118472]: [pid: 118472|app: 0|req: 94/193] 10.222.0.18 () {58 vars in 1235 bytes} [Mon Jan 3 17:24:52 2022] GET /compute/v2.1/servers/b797e272-99d0-4e3d-8945-434ca3103fe8 => generated 1403 bytes in 1020 msecs (HTTP/1.1 200) 9 headers in 358 bytes (2 switches on core 0)
Jan 03 17:24:53.483863 dv-neutron-master-2-hyperv devstack@n-api.service[118471]: DEBUG nova.api.openstack.wsgi [req-3d691455-4ab8-4868-9709-7e8124b5d2ce req-6739bed3-75b4-43c7-b3fa-4b2ee23563e4 service nova] Action: 'create', calling method: >, body: {"events": [{"server_uuid": "b797e272-99d0-4e3d-8945-434ca3103fe8", "name": "network-vif-plugged", "status": "completed", "tag": "04f3aebe-0d07-4324-9167-c066e3e5c386"}]} {{(pid=118471) _process_stack /opt/stack/nova/nova/api/openstack/wsgi.py:511}}
Jan 03 17:24:53.485415 dv-neutron-master-2-hyperv devstack@n-api.service[118471]: /usr/local/lib/python3.8/dist-packages/oslo_policy/policy.py:1119: UserWarning: Policy "os_compute_api:os-server-external-events:create": "rule:system_admin_api" failed scope check. The token used to make the request was project scoped but the policy requires ['system'] scope. This behavior may change in the future where using the intended scope is required
Jan 03 17:24:53.485415 dv-neutron-master-2-hyperv devstack@n-api.service[118471]: warnings.warn(msg)
Jan 03 17:24:53.507053 dv-neutron-master-2-hyperv devstack@n-api.service[118471]: DEBUG oslo_concurrency.lockutils [req-3d691455-4ab8-4868-9709-7e8124b5d2ce req-6739bed3-75b4-43c7-b3fa-4b2ee23563e4 service nova] Lock "a7ae405e-9585-494a-ab3b-ec83dfaf1f53" acquired by "nova.context.set_target_cell..get_or_set_cached_cell_and_set_connections" :: waited 0.000s {{(pid=118471) inner /usr/local/lib/python3.8/dist-packages/oslo_concurrency/lockutils.py:386}}
Jan 03 17:24:53.508219 dv-neutron-master-2-hyperv devstack@n-api.service[118471]: DEBUG oslo_concurrency.lockutils [req-3d691455-4ab8-4868-9709-7e8124b5d2ce req-6739bed3-75b4-43c7-b3fa-4b2ee23563e4 service nova] Lock "a7ae405e-9585-494a-ab3b-ec83dfaf1f53" "released" by "nova.context.set_target_cell..get_or_set_cached_cell_and_set_connections" :: held 0.001s {{(pid=118471) inner /usr/local/lib/python3.8/dist-packages/oslo_concurrency/lockutils.py:400}}
Jan 03 17:24:53.527124 dv-neutron-master-2-hyperv devstack@n-api.service[118471]: INFO nova.api.openstack.compute.server_external_events [req-3d691455-4ab8-4868-9709-7e8124b5d2ce req-6739bed3-75b4-43c7-b3fa-4b2ee23563e4 service nova] Creating event network-vif-plugged:04f3aebe-0d07-4324-9167-c066e3e5c386 for instance b797e272-99d0-4e3d-8945-434ca3103fe8 on hv-neutron-mast
Jan 03 17:24:53.532945 dv-neutron-master-2-hyperv devstack@n-api.service[118471]: INFO nova.api.openstack.requestlog [req-3d691455-4ab8-4868-9709-7e8124b5d2ce req-6739bed3-75b4-43c7-b3fa-4b2ee23563e4 service nova] 10.222.0.18 "POST /compute/v2.1/os-server-external-events" status: 200 len: 183 microversion: 2.1 time: 0.061388
Jan 03 17:24:53.533674 dv-neutron-master-2-hyperv devstack@n-api.service[118471]: [pid: 118471|app: 0|req: 100/194] 10.222.0.18 () {64 vars in 1317 bytes} [Mon Jan 3 17:24:53 2022] POST /compute/v2.1/os-server-external-events => generated 183 bytes in 63 msecs (HTTP/1.1 200) 9 headers in 357 bytes (1 switches on core 0)
Jan 03 17:24:53.681742 dv-neutron-master-2-hyperv devstack@n-api.service[118472]: DEBUG nova.api.openstack.wsgi [None req-79a77da3-8052-4ef6-b371-0b09bd197be2 tempest-TestNetworkBasicOps-1382886990 tempest-TestNetworkBasicOps-1382886990-project] Calling method '>' {{(pid=118472) _process_stack /opt/stack/nova/nova/api/openstack/wsgi.py:513}}
Jan 03 17:24:53.682833 dv-neutron-master-2-hyperv devstack@n-api.service[118472]: DEBUG nova.compute.api [None req-79a77da3-8052-4ef6-b371-0b09bd197be2 tempest-TestNetworkBasicOps-1382886990 tempest-TestNetworkBasicOps-1382886990-project] [instance: ae5b921b-9f38-4e59-ae35-4209d22fc2a8] Fetching instance by UUID {{(pid=118472) get /opt/stack/nova/nova/compute/api.py:2865}}
Jan 03 17:24:53.715811 dv-neutron-master-2-hyperv devstack@n-api.service[118472]: DEBUG oslo_concurrency.lockutils [None req-79a77da3-8052-4ef6-b371-0b09bd197be2 tempest-TestNetworkBasicOps-1382886990 tempest-TestNetworkBasicOps-1382886990-project] Lock "a7ae405e-9585-494a-ab3b-ec83dfaf1f53" acquired by "nova.context.set_target_cell..get_or_set_cached_cell_and_set_connections" :: waited 0.000s {{(pid=118472) inner /usr/local/lib/python3.8/dist-packages/oslo_concurrency/lockutils.py:386}}
Jan 03 17:24:53.716208 dv-neutron-master-2-hyperv devstack@n-api.service[118472]: DEBUG oslo_concurrency.lockutils [None req-79a77da3-8052-4ef6-b371-0b09bd197be2 tempest-TestNetworkBasicOps-1382886990 tempest-TestNetworkBasicOps-1382886990-project] Lock "a7ae405e-9585-494a-ab3b-ec83dfaf1f53" "released" by "nova.context.set_target_cell..get_or_set_cached_cell_and_set_connections" :: held 0.001s {{(pid=118472) inner /usr/local/lib/python3.8/dist-packages/oslo_concurrency/lockutils.py:400}}
Jan 03 17:24:53.717032 dv-neutron-master-2-hyperv devstack@n-api.service[118472]: DEBUG oslo_concurrency.lockutils [None req-79a77da3-8052-4ef6-b371-0b09bd197be2 tempest-TestNetworkBasicOps-1382886990 tempest-TestNetworkBasicOps-1382886990-project] Lock "a7ae405e-9585-494a-ab3b-ec83dfaf1f53" acquired by "nova.context.set_target_cell..get_or_set_cached_cell_and_set_connections" :: waited 0.000s {{(pid=118472) inner /usr/local/lib/python3.8/dist-packages/oslo_concurrency/lockutils.py:386}}
