Dec 06 12:02:59.487462 dv-neutron-master-2-hyperv neutron-server[103288]: DEBUG neutron_lib.callbacks.manager [None req-6abd69ea-7abd-4c72-83bf-280bc945ac13 None None] Publish callbacks ['neutron.plugins.ml2.plugin.SecurityGroupServerNotifierRpcMixin._notify_sg_on_port_change-1705496', 'neutron.plugins.ml2.ovo_rpc._ObjectChangeHandler.handle_event-81679', 'neutron.api.rpc.agentnotifiers.dhcp_rpc_agent_api.DhcpAgentNotifyAPI._native_event_send_dhcp_notification-610144', 'neutron.db.l3_db.L3RpcNotifierMixin._notify_gateway_port_ip_changed-8760314415544', 'neutron.db.l3_dvrscheduler_db._notify_l3_agent_port_update-8760313923606', 'neutron.db.l3_hascheduler_db._notify_l3_agent_ha_port_update-8760313923624'] for port, after_update {{(pid=103288) _notify_loop /usr/local/lib/python3.8/dist-packages/neutron_lib/callbacks/manager.py:175}}
Dec 06 12:02:59.489088 dv-neutron-master-2-hyperv neutron-server[103287]: DEBUG neutron_lib.callbacks.manager [None req-5227aaac-c644-4481-b84c-1f3a951ad005 tempest-ExternalNetworksTestJSON-238834439 tempest-ExternalNetworksTestJSON-238834439-project-admin] Publish callbacks ['neutron.services.segments.plugin.SegmentHostRoutes.host_routes_before_create-26784962'] for subnet, before_create {{(pid=103287) _notify_loop /usr/local/lib/python3.8/dist-packages/neutron_lib/callbacks/manager.py:175}}
Dec 06 12:02:59.498217 dv-neutron-master-2-hyperv neutron-server[103286]: DEBUG neutron.pecan_wsgi.hooks.quota_enforcement [None req-14d4c69a-e51c-4b53-ad16-0b97753218f0 tempest-PortsAdminExtendedAttrsIpV6TestJSON-520783113 tempest-PortsAdminExtendedAttrsIpV6TestJSON-520783113-project-admin] Made reservation on behalf of efba411e8a7649deac33f9efb607bc5b for: {'port': 1} {{(pid=103286) before /opt/stack/neutron/neutron/pecan_wsgi/hooks/quota_enforcement.py:53}}
Dec 06 12:02:59.500570 dv-neutron-master-2-hyperv neutron-server[103286]: DEBUG neutron_lib.callbacks.manager [None req-14d4c69a-e51c-4b53-ad16-0b97753218f0 tempest-PortsAdminExtendedAttrsIpV6TestJSON-520783113 tempest-PortsAdminExtendedAttrsIpV6TestJSON-520783113-project-admin] Publish callbacks ['neutron.plugins.ml2.plugin.SecurityGroupDbMixin._ensure_default_security_group_handler-1705561'] for port, before_create {{(pid=103286) _notify_loop /usr/local/lib/python3.8/dist-packages/neutron_lib/callbacks/manager.py:175}}
Dec 06 12:02:59.508625 dv-neutron-master-2-hyperv neutron-server[103286]: DEBUG neutron_lib.callbacks.manager [None req-33f3db0a-6857-446f-a845-2dbfeaa43ed5 tempest-FloatingIPAdminTestJSON-1620927464 tempest-FloatingIPAdminTestJSON-1620927464-project] Publish callbacks ['neutron.plugins.ml2.ovo_rpc._ObjectChangeHandler.handle_event-708893', 'neutron.api.rpc.agentnotifiers.dhcp_rpc_agent_api.DhcpAgentNotifyAPI._native_event_send_dhcp_notification-610144'] for subnet, after_create {{(pid=103286) _notify_loop /usr/local/lib/python3.8/dist-packages/neutron_lib/callbacks/manager.py:175}}
Dec 06 12:02:59.510555 dv-neutron-master-2-hyperv neutron-server[103286]: DEBUG neutron_lib.callbacks.manager [None req-83e92604-1fd3-459c-b4c3-ab2df08412bb tempest-RoutersAdminNegativeIpV6Test-213778579 tempest-RoutersAdminNegativeIpV6Test-213778579-project-admin] Publish callbacks ['neutron.plugins.ml2.plugin.SecurityGroupServerNotifierRpcMixin._notify_sg_on_port_change-1705496', 'neutron.plugins.ml2.ovo_rpc._ObjectChangeHandler.handle_event-81679', 'neutron.api.rpc.agentnotifiers.dhcp_rpc_agent_api.DhcpAgentNotifyAPI._native_event_send_dhcp_notification-610144', 'neutron.db.l3_db.L3RpcNotifierMixin._notify_routers_callback-8760314415526', 'neutron.db.l3_dvrscheduler_db._notify_port_delete-8760313923597'] for port, after_delete {{(pid=103286) _notify_loop /usr/local/lib/python3.8/dist-packages/neutron_lib/callbacks/manager.py:175}}
Dec 06 12:02:59.608057 dv-neutron-master-2-hyperv neutron-server[103286]: DEBUG neutron.api.rpc.handlers.resources_rpc [None req-33f3db0a-6857-446f-a845-2dbfeaa43ed5 tempest-FloatingIPAdminTestJSON-1620927464 tempest-FloatingIPAdminTestJSON-1620927464-project] Pushing event updated for resources: {'Subnet': ['ID=44a2207e-9f18-4d12-9c36-275b6acb762f,revision_number=0']} {{(pid=103286) push /opt/stack/neutron/neutron/api/rpc/handlers/resources_rpc.py:237}}
Dec 06 12:02:59.676873 dv-neutron-master-2-hyperv neutron-server[103288]: DEBUG neutron.api.rpc.handlers.resources_rpc [None req-6abd69ea-7abd-4c72-83bf-280bc945ac13 None None] Pushing event updated for resources: {'Port': ['ID=6c37e238-29ee-4133-8fd7-2f1e937aca6d,revision_number=3']} {{(pid=103288) push /opt/stack/neutron/neutron/api/rpc/handlers/resources_rpc.py:237}}
Dec 06 12:02:59.695529 dv-neutron-master-2-hyperv neutron-server[103288]: DEBUG neutron_lib.db.api [None req-d51a44f7-2cde-430f-94a5-f6fe6bb0b83c None None] Retry wrapper got retriable exception: UPDATE statement on table 'standardattributes' expected to update 1 row(s); 0 were matched. {{(pid=103288) wrapped /usr/local/lib/python3.8/dist-packages/neutron_lib/db/api.py:183}}
Dec 06 12:02:59.696612 dv-neutron-master-2-hyperv neutron-server[103288]: DEBUG oslo_db.api [None req-d51a44f7-2cde-430f-94a5-f6fe6bb0b83c None None] Performing DB retry for function neutron.plugins.ml2.plugin.Ml2Plugin.update_port_statuses {{(pid=103288) wrapper /usr/local/lib/python3.8/dist-packages/oslo_db/api.py:155}}
Dec 06 12:02:59.697374 dv-neutron-master-2-hyperv neutron-server[103286]: DEBUG neutron.notifiers.nova [None req-14d4c69a-e51c-4b53-ad16-0b97753218f0 tempest-PortsAdminExtendedAttrsIpV6TestJSON-520783113 tempest-PortsAdminExtendedAttrsIpV6TestJSON-520783113-project-admin] device_id is not set on port fbe5f8a0-17a6-4458-9f82-4df29d2b5e9c yet. {{(pid=103286) _can_notify /opt/stack/neutron/neutron/notifiers/nova.py:190}}
Dec 06 12:02:59.698128 dv-neutron-master-2-hyperv neutron-server[103288]: DEBUG neutron.db.provisioning_blocks [None req-d0f4d417-6ddd-4bfe-95ee-a54bedad9158 None None] Provisioning complete for port 84a7345f-895f-4626-8593-06703511805e triggered by entity DHCP. {{(pid=103288) provisioning_complete /opt/stack/neutron/neutron/db/provisioning_blocks.py:139}}
Dec 06 12:02:59.698914 dv-neutron-master-2-hyperv neutron-server[103288]: DEBUG neutron_lib.callbacks.manager [None req-d0f4d417-6ddd-4bfe-95ee-a54bedad9158 None None] Publish callbacks ['neutron.plugins.ml2.plugin.Ml2Plugin._port_provisioned-1719459'] for port, provisioning_complete {{(pid=103288) _notify_loop /usr/local/lib/python3.8/dist-packages/neutron_lib/callbacks/manager.py:175}}
Dec 06 12:02:59.749189 dv-neutron-master-2-hyperv neutron-server[103288]: DEBUG neutron.plugins.ml2.plugin [None req-d0f4d417-6ddd-4bfe-95ee-a54bedad9158 None None] Port 84a7345f-895f-4626-8593-06703511805e cannot update to ACTIVE because it is not bound. {{(pid=103288) _port_provisioned /opt/stack/neutron/neutron/plugins/ml2/plugin.py:342}}
Dec 06 12:02:59.783102 dv-neutron-master-2-hyperv neutron-server[103288]: DEBUG neutron_lib.callbacks.manager [None req-0765998e-14c4-407a-a25a-efd0464410c0 None None] Publish callbacks ['neutron.services.segments.db._update_segment_host_mapping_for_agent-8760314250707', 'neutron.plugins.ml2.plugin.Ml2Plugin._retry_binding_revived_agents-1718652'] for agent, after_update {{(pid=103288) _notify_loop /usr/local/lib/python3.8/dist-packages/neutron_lib/callbacks/manager.py:175}}
Dec 06 12:02:59.784052 dv-neutron-master-2-hyperv neutron-server[103288]: DEBUG neutron.db.provisioning_blocks [None req-d0f4d417-6ddd-4bfe-95ee-a54bedad9158 None None] Provisioning complete for port dbfbc417-0a55-49ee-84d5-507c83225cc4 triggered by entity DHCP. {{(pid=103288) provisioning_complete /opt/stack/neutron/neutron/db/provisioning_blocks.py:139}}
Dec 06 12:02:59.784531 dv-neutron-master-2-hyperv neutron-server[103288]: DEBUG neutron_lib.callbacks.manager [None req-d0f4d417-6ddd-4bfe-95ee-a54bedad9158 None None] Publish callbacks ['neutron.plugins.ml2.plugin.Ml2Plugin._port_provisioned-1719459'] for port, provisioning_complete {{(pid=103288) _notify_loop /usr/local/lib/python3.8/dist-packages/neutron_lib/callbacks/manager.py:175}}
Dec 06 12:02:59.835962 dv-neutron-master-2-hyperv neutron-server[103288]: DEBUG neutron.plugins.ml2.plugin [None req-d0f4d417-6ddd-4bfe-95ee-a54bedad9158 None None] Port dbfbc417-0a55-49ee-84d5-507c83225cc4 cannot update to ACTIVE because it is not bound. {{(pid=103288) _port_provisioned /opt/stack/neutron/neutron/plugins/ml2/plugin.py:342}}
Dec 06 12:02:59.851303 dv-neutron-master-2-hyperv neutron-server[103287]: DEBUG neutron_lib.callbacks.manager [None req-aefb8f58-1438-49b2-8aae-c0a69f55cc4a admin admin] Publish callbacks ['neutron.api.rpc.agentnotifiers.dhcp_rpc_agent_api.DhcpAgentNotifyAPI._after_router_interface_created-610162', 'neutron.services.l3_router.l3_router_plugin.DVRResourceOperationHandler._update_snat_v6_addrs_after_intf_update-766018'] for router_interface, after_create {{(pid=103287) _notify_loop /usr/local/lib/python3.8/dist-packages/neutron_lib/callbacks/manager.py:175}}
Dec 06 12:02:59.853221 dv-neutron-master-2-hyperv neutron-server[103287]: DEBUG neutron.api.rpc.handlers.resources_rpc [None req-aefb8f58-1438-49b2-8aae-c0a69f55cc4a admin admin] Pushing event updated for resources: {'Port': ['ID=f28d3828-cc98-4e2e-8b5c-ffafa257157a,revision_number=2']} {{(pid=103287) push /opt/stack/neutron/neutron/api/rpc/handlers/resources_rpc.py:237}}
Dec 06 12:02:59.880913 dv-neutron-master-2-hyperv neutron-server[103288]: DEBUG neutron.db.provisioning_blocks [None req-d0f4d417-6ddd-4bfe-95ee-a54bedad9158 None None] Provisioning complete for port 6c37e238-29ee-4133-8fd7-2f1e937aca6d triggered by entity DHCP. {{(pid=103288) provisioning_complete /opt/stack/neutron/neutron/db/provisioning_blocks.py:139}}
Dec 06 12:02:59.881614 dv-neutron-master-2-hyperv neutron-server[103288]: DEBUG neutron_lib.callbacks.manager [None req-d0f4d417-6ddd-4bfe-95ee-a54bedad9158 None None] Publish callbacks ['neutron.plugins.ml2.plugin.Ml2Plugin._port_provisioned-1719459'] for port, provisioning_complete {{(pid=103288) _notify_loop /usr/local/lib/python3.8/dist-packages/neutron_lib/callbacks/manager.py:175}}
Dec 06 12:03:00.016260 dv-neutron-master-2-hyperv neutron-server[103286]: DEBUG neutron_lib.callbacks.manager [None req-14d4c69a-e51c-4b53-ad16-0b97753218f0 tempest-PortsAdminExtendedAttrsIpV6TestJSON-520783113 tempest-PortsAdminExtendedAttrsIpV6TestJSON-520783113-project-admin] Publish callbacks [] for port, precommit_create {{(pid=103286) _notify_loop /usr/local/lib/python3.8/dist-packages/neutron_lib/callbacks/manager.py:175}}
Dec 06 12:03:00.029648 dv-neutron-master-2-hyperv neutron-server[103286]: DEBUG neutron.api.rpc.handlers.resources_rpc [None req-83e92604-1fd3-459c-b4c3-ab2df08412bb tempest-RoutersAdminNegativeIpV6Test-213778579 tempest-RoutersAdminNegativeIpV6Test-213778579-project-admin] Pushing event deleted for resources: {'Port': ['ID=bea548bc-3c43-4ce7-a6bd-58ce6ed4d945,revision_number=None']} {{(pid=103286) push /opt/stack/neutron/neutron/api/rpc/handlers/resources_rpc.py:237}}
Dec 06 12:03:00.136539 dv-neutron-master-2-hyperv neutron-server[103288]: DEBUG neutron.db.provisioning_blocks [None req-58fe3694-5592-4872-9d1c-fe05d0152b1a None None] Provisioning complete for port dbfbc417-0a55-49ee-84d5-507c83225cc4 triggered by entity DHCP. {{(pid=103288) provisioning_complete /opt/stack/neutron/neutron/db/provisioning_blocks.py:139}}
Dec 06 12:03:00.137150 dv-neutron-master-2-hyperv neutron-server[103288]: DEBUG neutron_lib.callbacks.manager [None req-58fe3694-5592-4872-9d1c-fe05d0152b1a None None] Publish callbacks ['neutron.plugins.ml2.plugin.Ml2Plugin._port_provisioned-1719459'] for port, provisioning_complete {{(pid=103288) _notify_loop /usr/local/lib/python3.8/dist-packages/neutron_lib/callbacks/manager.py:175}}
Dec 06 12:03:00.153396 dv-neutron-master-2-hyperv neutron-server[103286]: DEBUG neutron_lib.callbacks.manager [None req-0134dd1d-54d2-44d9-8e47-8412deca2af1 admin admin] Publish callbacks ['neutron.plugins.ml2.plugin.SecurityGroupDbMixin._ensure_default_security_group_handler-1705561'] for port, before_create {{(pid=103286) _notify_loop /usr/local/lib/python3.8/dist-packages/neutron_lib/callbacks/manager.py:175}}
Dec 06 12:03:00.187932 dv-neutron-master-2-hyperv neutron-server[103287]: DEBUG neutron.scheduler.dhcp_agent_scheduler [None req-aefb8f58-1438-49b2-8aae-c0a69f55cc4a admin admin] Network 0cb0a5c2-6a61-4c25-b106-ccd67c95469e is already hosted by enough agents. {{(pid=103287) _get_dhcp_agents_hosting_network /opt/stack/neutron/neutron/scheduler/dhcp_agent_scheduler.py:275}}
Dec 06 12:03:00.213093 dv-neutron-master-2-hyperv neutron-server[103288]: DEBUG neutron.plugins.ml2.plugin [None req-58fe3694-5592-4872-9d1c-fe05d0152b1a None None] Port dbfbc417-0a55-49ee-84d5-507c83225cc4 cannot update to ACTIVE because it is not bound. {{(pid=103288) _port_provisioned /opt/stack/neutron/neutron/plugins/ml2/plugin.py:342}}
Dec 06 12:03:00.215325 dv-neutron-master-2-hyperv neutron-server[103287]: DEBUG neutron.scheduler.base_scheduler [None req-aefb8f58-1438-49b2-8aae-c0a69f55cc4a admin admin] Resources bound (agent type, host, resource id): {{(pid=103287) schedule /opt/stack/neutron/neutron/scheduler/base_scheduler.py:57}}
Dec 06 12:03:00.229306 dv-neutron-master-2-hyperv neutron-server[103287]: DEBUG neutron_lib.callbacks.manager [None req-50881af8-ae74-49c8-a35d-2d24b281b351 tempest-DHCPAgentSchedulersTestJSON-1905518064 tempest-DHCPAgentSchedulersTestJSON-1905518064-project] Publish callbacks ['neutron.plugins.ml2.plugin.SecurityGroupServerNotifierRpcMixin._notify_sg_on_port_change-1705496', 'neutron.plugins.ml2.ovo_rpc._ObjectChangeHandler.handle_event-81679', 'neutron.api.rpc.agentnotifiers.dhcp_rpc_agent_api.DhcpAgentNotifyAPI._native_event_send_dhcp_notification-610144', 'neutron.db.l3_db.L3RpcNotifierMixin._notify_routers_callback-8760314415526', 'neutron.db.l3_dvrscheduler_db._notify_port_delete-8760313923597', 'neutron.services.segments.plugin.NovaSegmentNotifier._notify_port_created_or_deleted-3116649'] for port, after_delete {{(pid=103287) _notify_loop /usr/local/lib/python3.8/dist-packages/neutron_lib/callbacks/manager.py:175}}
Dec 06 12:03:00.296431 dv-neutron-master-2-hyperv neutron-server[103288]: DEBUG neutron.plugins.ml2.rpc [None req-d51a44f7-2cde-430f-94a5-f6fe6bb0b83c None None] Device 21ef2d8d-6a48-42bd-9908-a1e67aafde31 up at agent ovs-agent-dv-neutron-master-2-hyperv {{(pid=103288) update_device_up /opt/stack/neutron/neutron/plugins/ml2/rpc.py:296}}
Dec 06 12:03:00.387430 dv-neutron-master-2-hyperv neutron-server[103288]: DEBUG neutron.db.provisioning_blocks [None req-d51a44f7-2cde-430f-94a5-f6fe6bb0b83c None None] Provisioning complete for port 21ef2d8d-6a48-42bd-9908-a1e67aafde31 triggered by entity L2. {{(pid=103288) provisioning_complete /opt/stack/neutron/neutron/db/provisioning_blocks.py:139}}
Dec 06 12:03:00.387801 dv-neutron-master-2-hyperv neutron-server[103288]: DEBUG neutron_lib.callbacks.manager [None req-d51a44f7-2cde-430f-94a5-f6fe6bb0b83c None None] Publish callbacks ['neutron.plugins.ml2.plugin.Ml2Plugin._port_provisioned-1719459'] for port, provisioning_complete {{(pid=103288) _notify_loop /usr/local/lib/python3.8/dist-packages/neutron_lib/callbacks/manager.py:175}}
Dec 06 12:03:00.489125 dv-neutron-master-2-hyperv neutron-server[103286]: DEBUG neutron_lib.callbacks.manager [None req-14d4c69a-e51c-4b53-ad16-0b97753218f0 tempest-PortsAdminExtendedAttrsIpV6TestJSON-520783113 tempest-PortsAdminExtendedAttrsIpV6TestJSON-520783113-project-admin] Publish callbacks ['neutron.plugins.ml2.plugin.SecurityGroupServerNotifierRpcMixin._notify_sg_on_port_change-1705496', 'neutron.plugins.ml2.ovo_rpc._ObjectChangeHandler.handle_event-81679', 'neutron.api.rpc.agentnotifiers.dhcp_rpc_agent_api.DhcpAgentNotifyAPI._native_event_send_dhcp_notification-610144', 'neutron.db.l3_dvrscheduler_db._notify_l3_agent_new_port-8760313923588'] for port, after_create {{(pid=103286) _notify_loop /usr/local/lib/python3.8/dist-packages/neutron_lib/callbacks/manager.py:175}}
Dec 06 12:03:00.500770 dv-neutron-master-2-hyperv neutron-server[103286]: DEBUG neutron_lib.callbacks.manager [None req-83e92604-1fd3-459c-b4c3-ab2df08412bb tempest-RoutersAdminNegativeIpV6Test-213778579 tempest-RoutersAdminNegativeIpV6Test-213778579-project-admin] Publish callbacks ['neutron.notifiers.nova.Notifier._send_nova_notification-147557'] for port, before_response {{(pid=103286) _notify_loop /usr/local/lib/python3.8/dist-packages/neutron_lib/callbacks/manager.py:175}}
Dec 06 12:03:00.508309 dv-neutron-master-2-hyperv neutron-server[103286]: INFO neutron.wsgi [None req-83e92604-1fd3-459c-b4c3-ab2df08412bb tempest-RoutersAdminNegativeIpV6Test-213778579 tempest-RoutersAdminNegativeIpV6Test-213778579-project-admin] 10.222.0.24 "DELETE /v2.0/ports/bea548bc-3c43-4ce7-a6bd-58ce6ed4d945 HTTP/1.1" status: 204 len: 168 time: 3.3677063
Dec 06 12:03:00.571027 dv-neutron-master-2-hyperv neutron-server[103287]: DEBUG neutron.api.rpc.handlers.resources_rpc [None req-50881af8-ae74-49c8-a35d-2d24b281b351 tempest-DHCPAgentSchedulersTestJSON-1905518064 tempest-DHCPAgentSchedulersTestJSON-1905518064-project] Pushing event deleted for resources: {'Port': ['ID=dbfbc417-0a55-49ee-84d5-507c83225cc4,revision_number=None']} {{(pid=103287) push /opt/stack/neutron/neutron/api/rpc/handlers/resources_rpc.py:237}}
Dec 06 12:03:00.578576 dv-neutron-master-2-hyperv neutron-server[103286]: DEBUG neutron.plugins.ml2.drivers.mech_agent [None req-33f3db0a-6857-446f-a845-2dbfeaa43ed5 tempest-FloatingIPAdminTestJSON-1620927464 tempest-FloatingIPAdminTestJSON-1620927464-project] Checking segment: {'id': '8a9f13a1-d4b5-4367-a005-e92b99d91bbb', 'network_type': 'vlan', 'physical_network': 'physnet1', 'segmentation_id': 305, 'network_id': '6df3f0dc-3553-4981-bd34-65614b3a51d0'} for mappings: {'physnet1': 'br-data'} with network types: ['local', 'flat', 'vlan'] {{(pid=103286) check_segment_for_agent /opt/stack/neutron/neutron/plugins/ml2/drivers/mech_agent.py:371}}
Dec 06 12:03:00.578855 dv-neutron-master-2-hyperv neutron-server[103286]: DEBUG neutron.scheduler.dhcp_agent_scheduler [None req-33f3db0a-6857-446f-a845-2dbfeaa43ed5 tempest-FloatingIPAdminTestJSON-1620927464 tempest-FloatingIPAdminTestJSON-1620927464-project] Network hostable DHCP agents. Network: 6df3f0dc-3553-4981-bd34-65614b3a51d0, hostable agents: ['ad7ae121-4f73-4c7e-b5c8-e2d355a7c78e'], hosted agents: [] {{(pid=103286) _get_network_hostable_dhcp_agents /opt/stack/neutron/neutron/scheduler/dhcp_agent_scheduler.py:329}}
Dec 06 12:03:00.610073 dv-neutron-master-2-hyperv neutron-server[103286]: DEBUG neutron.scheduler.dhcp_agent_scheduler [None req-14d4c69a-e51c-4b53-ad16-0b97753218f0 tempest-PortsAdminExtendedAttrsIpV6TestJSON-520783113 tempest-PortsAdminExtendedAttrsIpV6TestJSON-520783113-project-admin] Network 49c052a7-0534-45a1-92aa-e9902d3ca980 is already hosted by enough agents. {{(pid=103286) _get_dhcp_agents_hosting_network /opt/stack/neutron/neutron/scheduler/dhcp_agent_scheduler.py:275}}
Dec 06 12:03:00.651546 dv-neutron-master-2-hyperv neutron-server[103286]: DEBUG neutron.api.rpc.handlers.resources_rpc [None req-14d4c69a-e51c-4b53-ad16-0b97753218f0 tempest-PortsAdminExtendedAttrsIpV6TestJSON-520783113 tempest-PortsAdminExtendedAttrsIpV6TestJSON-520783113-project-admin] Pushing event updated for resources: {'Port': ['ID=fbe5f8a0-17a6-4458-9f82-4df29d2b5e9c,revision_number=1']} {{(pid=103286) push /opt/stack/neutron/neutron/api/rpc/handlers/resources_rpc.py:237}}
Dec 06 12:03:00.652882 dv-neutron-master-2-hyperv neutron-server[103288]: DEBUG neutron.db.provisioning_blocks [None req-217df77b-89d7-4e1f-ba29-7775431ded64 None None] Provisioning complete for port f28d3828-cc98-4e2e-8b5c-ffafa257157a triggered by entity DHCP. {{(pid=103288) provisioning_complete /opt/stack/neutron/neutron/db/provisioning_blocks.py:139}}
Dec 06 12:03:00.666127 dv-neutron-master-2-hyperv neutron-server[103288]: DEBUG neutron_lib.callbacks.manager [None req-217df77b-89d7-4e1f-ba29-7775431ded64 None None] Publish callbacks ['neutron.plugins.ml2.plugin.Ml2Plugin._port_provisioned-1719459'] for port, provisioning_complete {{(pid=103288) _notify_loop /usr/local/lib/python3.8/dist-packages/neutron_lib/callbacks/manager.py:175}}
Dec 06 12:03:00.667704 dv-neutron-master-2-hyperv neutron-server[103286]: DEBUG neutron.scheduler.base_scheduler [None req-14d4c69a-e51c-4b53-ad16-0b97753218f0 tempest-PortsAdminExtendedAttrsIpV6TestJSON-520783113 tempest-PortsAdminExtendedAttrsIpV6TestJSON-520783113-project-admin] Resources bound (agent type, host, resource id): {{(pid=103286) schedule /opt/stack/neutron/neutron/scheduler/base_scheduler.py:57}}
Dec 06 12:03:00.676026 dv-neutron-master-2-hyperv neutron-server[103286]: DEBUG neutron.db.l3_dvrscheduler_db [None req-14d4c69a-e51c-4b53-ad16-0b97753218f0 tempest-PortsAdminExtendedAttrsIpV6TestJSON-520783113 tempest-PortsAdminExtendedAttrsIpV6TestJSON-520783113-project-admin] Received port after_create {{(pid=103286) _notify_l3_agent_new_port /opt/stack/neutron/neutron/db/l3_dvrscheduler_db.py:535}}
Dec 06 12:03:00.677325 dv-neutron-master-2-hyperv neutron-server[103286]: DEBUG neutron.pecan_wsgi.hooks.policy_enforcement [None req-14d4c69a-e51c-4b53-ad16-0b97753218f0 tempest-PortsAdminExtendedAttrsIpV6TestJSON-520783113 tempest-PortsAdminExtendedAttrsIpV6TestJSON-520783113-project-admin] Attributes excluded by policy engine: ['standard_attr_id', 'network'] {{(pid=103286) _exclude_attributes_by_policy /opt/stack/neutron/neutron/pecan_wsgi/hooks/policy_enforcement.py:255}}
Dec 06 12:03:00.678118 dv-neutron-master-2-hyperv neutron-server[103286]: DEBUG neutron_lib.callbacks.manager [None req-14d4c69a-e51c-4b53-ad16-0b97753218f0 tempest-PortsAdminExtendedAttrsIpV6TestJSON-520783113 tempest-PortsAdminExtendedAttrsIpV6TestJSON-520783113-project-admin] Publish callbacks ['neutron.notifiers.nova.Notifier._send_nova_notification-147557'] for port, before_response {{(pid=103286) _notify_loop /usr/local/lib/python3.8/dist-packages/neutron_lib/callbacks/manager.py:175}}
Dec 06 12:03:00.748382 dv-neutron-master-2-hyperv neutron-server[103286]: DEBUG neutron.scheduler.dhcp_agent_scheduler [None req-33f3db0a-6857-446f-a845-2dbfeaa43ed5 tempest-FloatingIPAdminTestJSON-1620927464 tempest-FloatingIPAdminTestJSON-1620927464-project] Network 6df3f0dc-3553-4981-bd34-65614b3a51d0 is scheduled to be hosted by DHCP agent ad7ae121-4f73-4c7e-b5c8-e2d355a7c78e with binding_index 1 {{(pid=103286) bind /opt/stack/neutron/neutron/scheduler/dhcp_agent_scheduler.py:227}}
Dec 06 12:03:00.750313 dv-neutron-master-2-hyperv neutron-server[103286]: DEBUG neutron_lib.callbacks.manager [None req-fed97468-c23e-4ccd-8a31-58efb2b41804 admin admin] Publish callbacks ['neutron.plugins.ml2.plugin.SecurityGroupDbMixin._ensure_default_security_group_handler-1705561'] for port, before_update {{(pid=103286) _notify_loop /usr/local/lib/python3.8/dist-packages/neutron_lib/callbacks/manager.py:175}}
Dec 06 12:03:00.784779 dv-neutron-master-2-hyperv neutron-server[103288]: DEBUG neutron.plugins.ml2.plugin [None req-217df77b-89d7-4e1f-ba29-7775431ded64 None None] Port f28d3828-cc98-4e2e-8b5c-ffafa257157a cannot update to ACTIVE because it is not bound. {{(pid=103288) _port_provisioned /opt/stack/neutron/neutron/plugins/ml2/plugin.py:342}}
Dec 06 12:03:00.801624 dv-neutron-master-2-hyperv neutron-server[103288]: DEBUG neutron_lib.callbacks.manager [None req-759ba44f-118b-4810-bb28-821e83ff1550 None None] Publish callbacks ['neutron.services.segments.db._update_segment_host_mapping_for_agent-8760314250707', 'neutron.plugins.ml2.plugin.Ml2Plugin._retry_binding_revived_agents-1718652'] for agent, after_update {{(pid=103288) _notify_loop /usr/local/lib/python3.8/dist-packages/neutron_lib/callbacks/manager.py:175}}
Dec 06 12:03:00.884188 dv-neutron-master-2-hyperv neutron-server[103286]: DEBUG neutron.scheduler.base_scheduler [None req-33f3db0a-6857-446f-a845-2dbfeaa43ed5 tempest-FloatingIPAdminTestJSON-1620927464 tempest-FloatingIPAdminTestJSON-1620927464-project] Resources bound (agent type, host, resource id): (DHCP agent, dv-neutron-master-2-hyperv, 6df3f0dc-3553-4981-bd34-65614b3a51d0) {{(pid=103286) schedule /opt/stack/neutron/neutron/scheduler/base_scheduler.py:57}}
Dec 06 12:03:00.893609 dv-neutron-master-2-hyperv neutron-server[103286]: INFO neutron.wsgi [None req-14d4c69a-e51c-4b53-ad16-0b97753218f0 tempest-PortsAdminExtendedAttrsIpV6TestJSON-520783113 tempest-PortsAdminExtendedAttrsIpV6TestJSON-520783113-project-admin] 10.222.0.24 "POST /v2.0/ports HTTP/1.1" status: 201 len: 964 time: 2.1671984
Dec 06 12:03:00.897515 dv-neutron-master-2-hyperv neutron-server[103288]: DEBUG neutron.api.rpc.handlers.dhcp_rpc [None req-3ee4d156-afc5-47ae-874c-a4b5593232f4 None None] Network 6df3f0dc-3553-4981-bd34-65614b3a51d0 requested from dv-neutron-master-2-hyperv {{(pid=103288) get_network_info /opt/stack/neutron/neutron/api/rpc/handlers/dhcp_rpc.py:218}}
Dec 06 12:03:00.899554 dv-neutron-master-2-hyperv neutron-server[103286]: DEBUG neutron.wsgi [-] (103286) accepted ('10.222.0.24', 37610) {{(pid=103286) server /usr/local/lib/python3.8/dist-packages/eventlet/wsgi.py:1004}}
Dec 06 12:03:00.925959 dv-neutron-master-2-hyperv neutron-server[103286]: DEBUG neutron.pecan_wsgi.hooks.policy_enforcement [None req-33f3db0a-6857-446f-a845-2dbfeaa43ed5 tempest-FloatingIPAdminTestJSON-1620927464 tempest-FloatingIPAdminTestJSON-1620927464-project] Attributes excluded by policy engine: ['standard_attr_id', 'shared', 'network'] {{(pid=103286) _exclude_attributes_by_policy /opt/stack/neutron/neutron/pecan_wsgi/hooks/policy_enforcement.py:255}}
Dec 06 12:03:00.926550 dv-neutron-master-2-hyperv neutron-server[103286]: DEBUG neutron_lib.callbacks.manager [None req-33f3db0a-6857-446f-a845-2dbfeaa43ed5 tempest-FloatingIPAdminTestJSON-1620927464 tempest-FloatingIPAdminTestJSON-1620927464-project] Publish callbacks ['neutron.api.rpc.agentnotifiers.dhcp_rpc_agent_api.DhcpAgentNotifyAPI._send_dhcp_notification-543898'] for subnet, before_response {{(pid=103286) _notify_loop /usr/local/lib/python3.8/dist-packages/neutron_lib/callbacks/manager.py:175}}
Dec 06 12:03:00.931990 dv-neutron-master-2-hyperv neutron-server[103286]: DEBUG neutron.api.v2.base [None req-a40a6c00-c42f-4a29-a365-1c56eb1fc9df tempest-PortsAdminExtendedAttrsIpV6TestJSON-520783113 tempest-PortsAdminExtendedAttrsIpV6TestJSON-520783113-project-admin] Request body: {'port': {'binding:host_id': 'hv-neutron-mast'}} {{(pid=103286) prepare_request_body /opt/stack/neutron/neutron/api/v2/base.py:729}}
Dec 06 12:03:01.011369 dv-neutron-master-2-hyperv neutron-server[103287]: DEBUG neutron_lib.callbacks.manager [None req-50881af8-ae74-49c8-a35d-2d24b281b351 tempest-DHCPAgentSchedulersTestJSON-1905518064 tempest-DHCPAgentSchedulersTestJSON-1905518064-project] Publish callbacks ['neutron.notifiers.nova.Notifier._send_nova_notification-147557'] for port, before_response {{(pid=103287) _notify_loop /usr/local/lib/python3.8/dist-packages/neutron_lib/callbacks/manager.py:175}}
Dec 06 12:03:01.021990 dv-neutron-master-2-hyperv neutron-server[103287]: INFO neutron.wsgi [None req-50881af8-ae74-49c8-a35d-2d24b281b351 tempest-DHCPAgentSchedulersTestJSON-1905518064 tempest-DHCPAgentSchedulersTestJSON-1905518064-project] 10.222.0.24 "DELETE /v2.0/ports/dbfbc417-0a55-49ee-84d5-507c83225cc4 HTTP/1.1" status: 204 len: 168 time: 2.7346900
Dec 06 12:03:01.026651 dv-neutron-master-2-hyperv neutron-server[103287]: DEBUG neutron.wsgi [-] (103287) accepted ('10.222.0.24', 37614) {{(pid=103287) server /usr/local/lib/python3.8/dist-packages/eventlet/wsgi.py:1004}}
Dec 06 12:03:01.029951 dv-neutron-master-2-hyperv neutron-server[103286]: DEBUG neutron.db.db_base_plugin_common [None req-0134dd1d-54d2-44d9-8e47-8412deca2af1 admin admin] Allocated IP 172.20.0.1 (4118da23-03dd-4555-8aa5-b92daa98623f/6818edfa-59b7-4071-9185-dfe24d568129/7b30b6d6-af15-491c-b711-3fa46091bfa7) {{(pid=103286) _store_ip_allocation /opt/stack/neutron/neutron/db/db_base_plugin_common.py:131}}
Dec 06 12:03:01.037013 dv-neutron-master-2-hyperv neutron-server[103288]: DEBUG neutron.plugins.ml2.rpc [None req-d51a44f7-2cde-430f-94a5-f6fe6bb0b83c None None] Device 0cc456a1-e2b7-4222-8c49-25eb50d65257 up at agent ovs-agent-dv-neutron-master-2-hyperv {{(pid=103288) update_device_up /opt/stack/neutron/neutron/plugins/ml2/rpc.py:296}}
Dec 06 12:03:01.045895 dv-neutron-master-2-hyperv neutron-server[103287]: DEBUG neutron.scheduler.l3_agent_scheduler [None req-aefb8f58-1438-49b2-8aae-c0a69f55cc4a admin admin] Router e0236941-25b8-4163-a8dd-de2d57fddce5 has already been hosted by L3 agent 0821e08c-47dd-4ec5-8d12-469e14790ae0 {{(pid=103287) _get_candidates /opt/stack/neutron/neutron/scheduler/l3_agent_scheduler.py:126}}
Dec 06 12:03:01.211922 dv-neutron-master-2-hyperv neutron-server[103286]: INFO neutron.wsgi [None req-33f3db0a-6857-446f-a845-2dbfeaa43ed5 tempest-FloatingIPAdminTestJSON-1620927464 tempest-FloatingIPAdminTestJSON-1620927464-project] 10.222.0.24 "POST /v2.0/subnets HTTP/1.1" status: 201 len: 801 time: 4.0780110
Dec 06 12:03:01.211922 dv-neutron-master-2-hyperv neutron-server[103286]: DEBUG neutron.wsgi [-] (103286) accepted ('10.222.0.24', 37620) {{(pid=103286) server /usr/local/lib/python3.8/dist-packages/eventlet/wsgi.py:1004}}
Dec 06 12:03:01.226283 dv-neutron-master-2-hyperv neutron-server[103287]: DEBUG neutron.wsgi [-] (103287) accepted ('10.222.0.24', 37622) {{(pid=103287) server /usr/local/lib/python3.8/dist-packages/eventlet/wsgi.py:1004}}
Dec 06 12:03:01.246506 dv-neutron-master-2-hyperv neutron-server[103288]: DEBUG neutron.db.provisioning_blocks [None req-d51a44f7-2cde-430f-94a5-f6fe6bb0b83c None None] Provisioning complete for port 0cc456a1-e2b7-4222-8c49-25eb50d65257 triggered by entity L2. {{(pid=103288) provisioning_complete /opt/stack/neutron/neutron/db/provisioning_blocks.py:139}}
Dec 06 12:03:01.246885 dv-neutron-master-2-hyperv neutron-server[103288]: DEBUG neutron_lib.callbacks.manager [None req-d51a44f7-2cde-430f-94a5-f6fe6bb0b83c None None] Publish callbacks ['neutron.plugins.ml2.plugin.Ml2Plugin._port_provisioned-1719459'] for port, provisioning_complete {{(pid=103288) _notify_loop /usr/local/lib/python3.8/dist-packages/neutron_lib/callbacks/manager.py:175}}
Dec 06 12:03:01.247946 dv-neutron-master-2-hyperv neutron-server[103287]: DEBUG neutron.api.v2.base [None req-c6252fcc-1c05-4bfa-9ab1-71322af75ca6 tempest-FloatingIPAdminTestJSON-1620927464 tempest-FloatingIPAdminTestJSON-1620927464-project] Request body: {'router': {'name': 'tempest-FloatingIPAdminTestJSON-router-1780924255', 'external_gateway_info': {'network_id': 'c355b24e-c41e-41ef-b5bb-f4107a1898b2'}, 'admin_state_up': False}} {{(pid=103287) prepare_request_body /opt/stack/neutron/neutron/api/v2/base.py:729}}
Dec 06 12:03:01.301242 dv-neutron-master-2-hyperv neutron-server[103287]: DEBUG neutron.objects.ports [None req-5227aaac-c644-4481-b84c-1f3a951ad005 tempest-ExternalNetworksTestJSON-238834439 tempest-ExternalNetworksTestJSON-238834439-project-admin] Time-cost: Fetching 0 ports in 0 security groups {{(pid=103287) get_objects /opt/stack/neutron/neutron/objects/ports.py:462}}
Dec 06 12:03:01.301674 dv-neutron-master-2-hyperv neutron-server[103287]: DEBUG neutron_lib.callbacks.manager [None req-5227aaac-c644-4481-b84c-1f3a951ad005 tempest-ExternalNetworksTestJSON-238834439 tempest-ExternalNetworksTestJSON-238834439-project-admin] Publish callbacks ['neutron.plugins.ml2.ovo_rpc._ObjectChangeHandler.handle_event-708893', 'neutron.api.rpc.agentnotifiers.dhcp_rpc_agent_api.DhcpAgentNotifyAPI._native_event_send_dhcp_notification-610144', 'neutron.services.segments.plugin.NovaSegmentNotifier._notify_subnet_created-3117049', 'neutron.services.segments.plugin.SegmentHostRoutes.host_routes_after_create-26784816'] for subnet, after_create {{(pid=103287) _notify_loop /usr/local/lib/python3.8/dist-packages/neutron_lib/callbacks/manager.py:175}}
Dec 06 12:03:01.375002 dv-neutron-master-2-hyperv neutron-server[103288]: DEBUG neutron.api.rpc.handlers.dhcp_rpc [None req-c7c6cd9d-dc1d-47f2-8143-d015c3a88635 None None] Create dhcp port {'port': {'name': '', 'admin_state_up': True, 'device_id': 'dhcpd4983ae2-e4f5-5476-aeff-02d2456445b6-6df3f0dc-3553-4981-bd34-65614b3a51d0', 'network_id': '6df3f0dc-3553-4981-bd34-65614b3a51d0', 'tenant_id': '164823d9a5d546dda8ffbce795551d3f', 'fixed_ips': [{'subnet_id': '44a2207e-9f18-4d12-9c36-275b6acb762f'}]}} from dv-neutron-master-2-hyperv. {{(pid=103288) create_dhcp_port /opt/stack/neutron/neutron/api/rpc/handlers/dhcp_rpc.py:285}}
Dec 06 12:03:01.376722 dv-neutron-master-2-hyperv neutron-server[103288]: DEBUG neutron_lib.callbacks.manager [None req-c7c6cd9d-dc1d-47f2-8143-d015c3a88635 None None] Publish callbacks ['neutron.plugins.ml2.plugin.SecurityGroupDbMixin._ensure_default_security_group_handler-1705561'] for port, before_create {{(pid=103288) _notify_loop /usr/local/lib/python3.8/dist-packages/neutron_lib/callbacks/manager.py:175}}
Dec 06 12:03:01.382474 dv-neutron-master-2-hyperv neutron-server[103286]: DEBUG neutron_lib.callbacks.manager [None req-a40a6c00-c42f-4a29-a365-1c56eb1fc9df tempest-PortsAdminExtendedAttrsIpV6TestJSON-520783113 tempest-PortsAdminExtendedAttrsIpV6TestJSON-520783113-project-admin] Publish callbacks ['neutron.plugins.ml2.plugin.SecurityGroupDbMixin._ensure_default_security_group_handler-1705561'] for port, before_update {{(pid=103286) _notify_loop /usr/local/lib/python3.8/dist-packages/neutron_lib/callbacks/manager.py:175}}
Dec 06 12:03:01.422860 dv-neutron-master-2-hyperv neutron-server[103286]: DEBUG neutron_lib.callbacks.manager [None req-14aeda02-3c57-4ca3-9b59-d7b178ec77e4 admin admin] Publish callbacks [] for security_group, before_create {{(pid=103286) _notify_loop /usr/local/lib/python3.8/dist-packages/neutron_lib/callbacks/manager.py:175}}
Dec 06 12:03:01.440862 dv-neutron-master-2-hyperv neutron-server[103287]: INFO neutron.wsgi [None req-1014efd1-aa93-476b-8938-113a3e78f3ef tempest-DHCPAgentSchedulersTestJSON-1047685978 tempest-DHCPAgentSchedulersTestJSON-1047685978-project-admin] 10.222.0.24 "GET /v2.0/agents HTTP/1.1" status: 200 len: 4560 time: 0.3889172
Dec 06 12:03:01.442572 dv-neutron-master-2-hyperv neutron-server[103287]: DEBUG neutron_lib.callbacks.manager [None req-c6252fcc-1c05-4bfa-9ab1-71322af75ca6 tempest-FloatingIPAdminTestJSON-1620927464 tempest-FloatingIPAdminTestJSON-1620927464-project] Publish callbacks ['neutron.services.l3_router.l3_router_plugin.L3_HA_NAT_db_mixin._before_router_create_handler-773741', 'neutron.services.l3_router.service_providers.driver_controller.DriverController._check_router_request-8126'] for router, before_create {{(pid=103287) _notify_loop /usr/local/lib/python3.8/dist-packages/neutron_lib/callbacks/manager.py:175}}
Dec 06 12:03:01.443958 dv-neutron-master-2-hyperv neutron-server[103287]: DEBUG neutron_lib.callbacks.manager [None req-c6252fcc-1c05-4bfa-9ab1-71322af75ca6 tempest-FloatingIPAdminTestJSON-1620927464 tempest-FloatingIPAdminTestJSON-1620927464-project] Publish callbacks ['neutron.services.l3_router.l3_router_plugin.L3_HA_NAT_db_mixin._precommit_router_create-658589', 'neutron.services.l3_router.l3_router_plugin.DVRResourceOperationHandler._set_distributed_flag-775982', 'neutron.services.l3_router.l3_router_plugin.RouterAvailabilityZoneMixin._process_az_request-529254', 'neutron.services.l3_router.service_providers.driver_controller.DriverController._set_router_provider-8117'] for router, precommit_create {{(pid=103287) _notify_loop /usr/local/lib/python3.8/dist-packages/neutron_lib/callbacks/manager.py:175}}
Dec 06 12:03:01.447973 dv-neutron-master-2-hyperv neutron-server[103288]: DEBUG neutron_lib.callbacks.manager [None req-d51a44f7-2cde-430f-94a5-f6fe6bb0b83c None None] Publish callbacks ['neutron.plugins.ml2.plugin.SecurityGroupDbMixin._ensure_default_security_group_handler-1705561'] for port, before_update {{(pid=103288) _notify_loop /usr/local/lib/python3.8/dist-packages/neutron_lib/callbacks/manager.py:175}}
Dec 06 12:03:01.450393 dv-neutron-master-2-hyperv neutron-server[103286]: DEBUG neutron.wsgi [-] (103286) accepted ('10.222.0.24', 37626) {{(pid=103286) server /usr/local/lib/python3.8/dist-packages/eventlet/wsgi.py:1004}}
Dec 06 12:03:01.452831 dv-neutron-master-2-hyperv neutron-server[103287]: DEBUG neutron.api.rpc.agentnotifiers.l3_rpc_agent_api [None req-aefb8f58-1438-49b2-8aae-c0a69f55cc4a admin admin] Notify agent at l3_agent.dv-neutron-master-2-hyperv the message routers_updated {{(pid=103287) _agent_notification /opt/stack/neutron/neutron/api/rpc/agentnotifiers/l3_rpc_agent_api.py:65}}
Dec 06 12:03:01.454903 dv-neutron-master-2-hyperv neutron-server[103287]: DEBUG neutron.api.rpc.handlers.resources_rpc [None req-5227aaac-c644-4481-b84c-1f3a951ad005 tempest-ExternalNetworksTestJSON-238834439 tempest-ExternalNetworksTestJSON-238834439-project-admin] Pushing event updated for resources: {'Subnet': ['ID=32653a72-320c-4b04-9cc0-5f32a06c429c,revision_number=0']} {{(pid=103287) push /opt/stack/neutron/neutron/api/rpc/handlers/resources_rpc.py:237}}
Dec 06 12:03:01.465621 dv-neutron-master-2-hyperv neutron-server[103287]: INFO neutron.wsgi [None req-aefb8f58-1438-49b2-8aae-c0a69f55cc4a admin admin] 10.222.0.24 "PUT /v2.0/routers/e0236941-25b8-4163-a8dd-de2d57fddce5/add_router_interface HTTP/1.1" status: 200 len: 503 time: 8.3278000
Dec 06 12:03:01.486242 dv-neutron-master-2-hyperv neutron-server[103286]: DEBUG neutron.api.v2.base [None req-0a6b3df3-8246-4615-9820-ec1740c19a14 tempest-DHCPAgentSchedulersTestJSON-1905518064 tempest-DHCPAgentSchedulersTestJSON-1905518064-project] Request body: {'network': {'name': 'tempest-DHCPAgentSchedulersTestJSON-test-network-1121291710'}} {{(pid=103286) prepare_request_body /opt/stack/neutron/neutron/api/v2/base.py:729}}
Dec 06 12:03:01.494950 dv-neutron-master-2-hyperv neutron-server[103287]: DEBUG neutron.plugins.ml2.drivers.mech_agent [None req-5227aaac-c644-4481-b84c-1f3a951ad005 tempest-ExternalNetworksTestJSON-238834439 tempest-ExternalNetworksTestJSON-238834439-project-admin] Checking segment: {'id': '607c5e80-6450-4e2d-a703-06e0d05d7306', 'network_type': 'vlan', 'physical_network': 'physnet1', 'segmentation_id': 340, 'network_id': '7aef5142-0ad3-477c-82ef-5da3c4336384'} for mappings: {'physnet1': 'br-data'} with network types: ['local', 'flat', 'vlan'] {{(pid=103287) check_segment_for_agent /opt/stack/neutron/neutron/plugins/ml2/drivers/mech_agent.py:371}}
Dec 06 12:03:01.494950 dv-neutron-master-2-hyperv neutron-server[103287]: DEBUG neutron.scheduler.dhcp_agent_scheduler [None req-5227aaac-c644-4481-b84c-1f3a951ad005 tempest-ExternalNetworksTestJSON-238834439 tempest-ExternalNetworksTestJSON-238834439-project-admin] Network hostable DHCP agents. Network: 7aef5142-0ad3-477c-82ef-5da3c4336384, hostable agents: ['ad7ae121-4f73-4c7e-b5c8-e2d355a7c78e'], hosted agents: [] {{(pid=103287) _get_network_hostable_dhcp_agents /opt/stack/neutron/neutron/scheduler/dhcp_agent_scheduler.py:329}}
Dec 06 12:03:01.538105 dv-neutron-master-2-hyperv neutron-server[103286]: DEBUG neutron_lib.callbacks.manager [None req-0134dd1d-54d2-44d9-8e47-8412deca2af1 admin admin] Publish callbacks [] for port, precommit_create {{(pid=103286) _notify_loop /usr/local/lib/python3.8/dist-packages/neutron_lib/callbacks/manager.py:175}}
Dec 06 12:03:01.547119 dv-neutron-master-2-hyperv neutron-server[103286]: DEBUG neutron_lib.callbacks.manager [None req-fed97468-c23e-4ccd-8a31-58efb2b41804 admin admin] Publish callbacks [] for port, precommit_update {{(pid=103286) _notify_loop /usr/local/lib/python3.8/dist-packages/neutron_lib/callbacks/manager.py:175}}
Dec 06 12:03:01.551407 dv-neutron-master-2-hyperv neutron-server[103287]: DEBUG neutron_lib.callbacks.manager [None req-c6252fcc-1c05-4bfa-9ab1-71322af75ca6 tempest-FloatingIPAdminTestJSON-1620927464 tempest-FloatingIPAdminTestJSON-1620927464-project] Publish callbacks [] for router_controller, precommit_add_association {{(pid=103287) _notify_loop /usr/local/lib/python3.8/dist-packages/neutron_lib/callbacks/manager.py:175}}
Dec 06 12:03:01.567883 dv-neutron-master-2-hyperv neutron-server[103286]: DEBUG neutron_lib.callbacks.manager [None req-fed97468-c23e-4ccd-8a31-58efb2b41804 admin admin] Publish callbacks ['neutron.plugins.ml2.plugin.SecurityGroupServerNotifierRpcMixin._notify_sg_on_port_change-1705496', 'neutron.plugins.ml2.ovo_rpc._ObjectChangeHandler.handle_event-81679', 'neutron.api.rpc.agentnotifiers.dhcp_rpc_agent_api.DhcpAgentNotifyAPI._native_event_send_dhcp_notification-610144', 'neutron.db.l3_db.L3RpcNotifierMixin._notify_gateway_port_ip_changed-8760314415544', 'neutron.db.l3_dvrscheduler_db._notify_l3_agent_port_update-8760313923606', 'neutron.db.l3_hascheduler_db._notify_l3_agent_ha_port_update-8760313923624'] for port, after_update {{(pid=103286) _notify_loop /usr/local/lib/python3.8/dist-packages/neutron_lib/callbacks/manager.py:175}}
Dec 06 12:03:01.568806 dv-neutron-master-2-hyperv neutron-server[103286]: DEBUG neutron_lib.callbacks.manager [None req-fed97468-c23e-4ccd-8a31-58efb2b41804 admin admin] Publish callbacks ['neutron.api.rpc.agentnotifiers.dhcp_rpc_agent_api.DhcpAgentNotifyAPI._after_router_interface_created-610162', 'neutron.services.l3_router.l3_router_plugin.DVRResourceOperationHandler._update_snat_v6_addrs_after_intf_update-766018'] for router_interface, after_create {{(pid=103286) _notify_loop /usr/local/lib/python3.8/dist-packages/neutron_lib/callbacks/manager.py:175}}
Dec 06 12:03:01.641180 dv-neutron-master-2-hyperv neutron-server[103286]: DEBUG neutron.pecan_wsgi.hooks.quota_enforcement [None req-0a6b3df3-8246-4615-9820-ec1740c19a14 tempest-DHCPAgentSchedulersTestJSON-1905518064 tempest-DHCPAgentSchedulersTestJSON-1905518064-project] Made reservation on behalf of ca55586f29c243279ce7f1230759d129 for: {'network': 1} {{(pid=103286) before /opt/stack/neutron/neutron/pecan_wsgi/hooks/quota_enforcement.py:53}}
Dec 06 12:03:01.645149 dv-neutron-master-2-hyperv neutron-server[103286]: DEBUG neutron_lib.callbacks.manager [None req-0a6b3df3-8246-4615-9820-ec1740c19a14 tempest-DHCPAgentSchedulersTestJSON-1905518064 tempest-DHCPAgentSchedulersTestJSON-1905518064-project] Publish callbacks ['neutron.plugins.ml2.plugin.SecurityGroupDbMixin._ensure_default_security_group_handler-1705561'] for network, before_create {{(pid=103286) _notify_loop /usr/local/lib/python3.8/dist-packages/neutron_lib/callbacks/manager.py:175}}
Dec 06 12:03:01.662537 dv-neutron-master-2-hyperv neutron-server[103288]: DEBUG neutron.api.rpc.handlers.l3_rpc [None req-1d8ae508-eab9-4ae9-b685-db41ad68223e None None] Sync routers for ids ['e0236941-25b8-4163-a8dd-de2d57fddce5'] in dv-neutron-master-2-hyperv {{(pid=103288) sync_routers /opt/stack/neutron/neutron/api/rpc/handlers/l3_rpc.py:125}}
Dec 06 12:03:01.697591 dv-neutron-master-2-hyperv neutron-server[103287]: DEBUG neutron.scheduler.dhcp_agent_scheduler [None req-5227aaac-c644-4481-b84c-1f3a951ad005 tempest-ExternalNetworksTestJSON-238834439 tempest-ExternalNetworksTestJSON-238834439-project-admin] Network 7aef5142-0ad3-477c-82ef-5da3c4336384 is scheduled to be hosted by DHCP agent ad7ae121-4f73-4c7e-b5c8-e2d355a7c78e with binding_index 1 {{(pid=103287) bind /opt/stack/neutron/neutron/scheduler/dhcp_agent_scheduler.py:227}}
Dec 06 12:03:01.702481 dv-neutron-master-2-hyperv neutron-server[103288]: DEBUG neutron.plugins.ml2.db [None req-d51a44f7-2cde-430f-94a5-f6fe6bb0b83c None None] For port 0cc456a1-e2b7-4222-8c49-25eb50d65257, host dv-neutron-master-2-hyperv, got binding levels [PortBindingLevel(driver='openvswitch',host='dv-neutron-master-2-hyperv',level=0,port_id=0cc456a1-e2b7-4222-8c49-25eb50d65257,segment=NetworkSegment(bbbd943f-ef77-4a8d-8672-cb2560199c39),segment_id=bbbd943f-ef77-4a8d-8672-cb2560199c39)] {{(pid=103288) get_binding_level_objs /opt/stack/neutron/neutron/plugins/ml2/db.py:74}}
Dec 06 12:03:01.718027 dv-neutron-master-2-hyperv neutron-server[103288]: DEBUG neutron.db.l3_dvrscheduler_db [None req-1d8ae508-eab9-4ae9-b685-db41ad68223e None None] Routers {'e0236941-25b8-4163-a8dd-de2d57fddce5'} bound to L3 agent in host dv-neutron-master-2-hyperv {{(pid=103288) _get_router_ids_for_agent /opt/stack/neutron/neutron/db/l3_dvrscheduler_db.py:420}}
Dec 06 12:03:01.719307 dv-neutron-master-2-hyperv neutron-server[103288]: DEBUG neutron.db.l3_hamode_db [None req-1d8ae508-eab9-4ae9-b685-db41ad68223e None None] neutron.services.l3_router.l3_router_plugin.L3RouterPlugin method get_ha_sync_data_for_host called with arguments (, 'dv-neutron-master-2-hyperv', Agent(admin_state_up=True,agent_type='L3 agent',availability_zone='nova',binary='neutron-l3-agent',configurations={"agent_mode": "legacy", "ex_gw_ports": 2, "extensions": [], "floating_ips": 0, "handle_internal_only_routers": true, "interface_driver": "openvswitch", "interfaces": 1, "log_agent_heartbeats": false, "routers": 2},created_at=2021-12-06T11:55:29Z,description=,heartbeat_timestamp=2021-12-06T12:02:59Z,host='dv-neutron-master-2-hyperv',id=0821e08c-47dd-4ec5-8d12-469e14790ae0,load=0,resource_versions=,resources_synced=,started_at=2021-12-06T11:55:29Z,topic='l3_agent')) {'router_ids': ['e0236941-25b8-4163-a8dd-de2d57fddce5'], 'active': True} {{(pid=103288) wrapper /usr/local/lib/python3.8/dist-packages/oslo_log/helpers.py:65}}
Dec 06 12:03:01.723287 dv-neutron-master-2-hyperv neutron-server[103288]: DEBUG neutron_lib.callbacks.manager [None req-d51a44f7-2cde-430f-94a5-f6fe6bb0b83c None None] Publish callbacks ['neutron.plugins.ml2.plugin.SecurityGroupServerNotifierRpcMixin._notify_sg_on_port_change-1705496', 'neutron.plugins.ml2.ovo_rpc._ObjectChangeHandler.handle_event-81679', 'neutron.api.rpc.agentnotifiers.dhcp_rpc_agent_api.DhcpAgentNotifyAPI._native_event_send_dhcp_notification-610144', 'neutron.db.l3_db.L3RpcNotifierMixin._notify_gateway_port_ip_changed-8760314415544', 'neutron.db.l3_dvrscheduler_db._notify_l3_agent_port_update-8760313923606', 'neutron.db.l3_hascheduler_db._notify_l3_agent_ha_port_update-8760313923624'] for port, after_update {{(pid=103288) _notify_loop /usr/local/lib/python3.8/dist-packages/neutron_lib/callbacks/manager.py:175}}
Dec 06 12:03:01.724237 dv-neutron-master-2-hyperv neutron-server[103288]: DEBUG neutron.plugins.ml2.rpc [None req-d51a44f7-2cde-430f-94a5-f6fe6bb0b83c None None] Device 6c37e238-29ee-4133-8fd7-2f1e937aca6d up at agent ovs-agent-dv-neutron-master-2-hyperv {{(pid=103288) update_device_up /opt/stack/neutron/neutron/plugins/ml2/rpc.py:296}}
Dec 06 12:03:01.731169 dv-neutron-master-2-hyperv neutron-server[103287]: DEBUG neutron.scheduler.base_scheduler [None req-5227aaac-c644-4481-b84c-1f3a951ad005 tempest-ExternalNetworksTestJSON-238834439 tempest-ExternalNetworksTestJSON-238834439-project-admin] Resources bound (agent type, host, resource id): (DHCP agent, dv-neutron-master-2-hyperv, 7aef5142-0ad3-477c-82ef-5da3c4336384) {{(pid=103287) schedule /opt/stack/neutron/neutron/scheduler/base_scheduler.py:57}}
Dec 06 12:03:01.748450 dv-neutron-master-2-hyperv neutron-server[103286]: DEBUG neutron.api.rpc.handlers.resources_rpc [None req-fed97468-c23e-4ccd-8a31-58efb2b41804 admin admin] Pushing event updated for resources: {'Port': ['ID=84a7345f-895f-4626-8593-06703511805e,revision_number=2']} {{(pid=103286) push /opt/stack/neutron/neutron/api/rpc/handlers/resources_rpc.py:237}}
Dec 06 12:03:01.751708 dv-neutron-master-2-hyperv neutron-server[103287]: DEBUG neutron.pecan_wsgi.hooks.policy_enforcement [None req-5227aaac-c644-4481-b84c-1f3a951ad005 tempest-ExternalNetworksTestJSON-238834439 tempest-ExternalNetworksTestJSON-238834439-project-admin] Attributes excluded by policy engine: ['standard_attr_id', 'shared', 'segment_id', 'network'] {{(pid=103287) _exclude_attributes_by_policy /opt/stack/neutron/neutron/pecan_wsgi/hooks/policy_enforcement.py:255}}
Dec 06 12:03:01.752646 dv-neutron-master-2-hyperv neutron-server[103287]: DEBUG neutron_lib.callbacks.manager [None req-5227aaac-c644-4481-b84c-1f3a951ad005 tempest-ExternalNetworksTestJSON-238834439 tempest-ExternalNetworksTestJSON-238834439-project-admin] Publish callbacks ['neutron.api.rpc.agentnotifiers.dhcp_rpc_agent_api.DhcpAgentNotifyAPI._send_dhcp_notification-543898'] for subnet, before_response {{(pid=103287) _notify_loop /usr/local/lib/python3.8/dist-packages/neutron_lib/callbacks/manager.py:175}}
Dec 06 12:03:01.777777 dv-neutron-master-2-hyperv neutron-server[103287]: INFO neutron.wsgi [None req-5227aaac-c644-4481-b84c-1f3a951ad005 tempest-ExternalNetworksTestJSON-238834439 tempest-ExternalNetworksTestJSON-238834439-project-admin] 10.222.0.24 "POST /v2.0/subnets HTTP/1.1" status: 201 len: 802 time: 2.5980918
Dec 06 12:03:01.790130 dv-neutron-master-2-hyperv neutron-server[103287]: DEBUG neutron.wsgi [-] (103287) accepted ('10.222.0.24', 37638) {{(pid=103287) server /usr/local/lib/python3.8/dist-packages/eventlet/wsgi.py:1004}}
Dec 06 12:03:01.795122 dv-neutron-master-2-hyperv neutron-server[103287]: DEBUG neutron.api.v2.base [None req-646b6f8e-2859-426c-9282-ada36f53b5db tempest-ExternalNetworksTestJSON-238834439 tempest-ExternalNetworksTestJSON-238834439-project-admin] Request body: {'floatingip': {'floating_network_id': '7aef5142-0ad3-477c-82ef-5da3c4336384'}} {{(pid=103287) prepare_request_body /opt/stack/neutron/neutron/api/v2/base.py:729}}
Dec 06 12:03:01.840473 dv-neutron-master-2-hyperv neutron-server[103286]: DEBUG neutron.plugins.ml2.drivers.helpers [None req-0a6b3df3-8246-4615-9820-ec1740c19a14 tempest-DHCPAgentSchedulersTestJSON-1905518064 tempest-DHCPAgentSchedulersTestJSON-1905518064-project] vlan segment allocate from pool success with {'physical_network': 'physnet1', 'vlan_id': 345} {{(pid=103286) allocate_partially_specified_segment /opt/stack/neutron/neutron/plugins/ml2/drivers/helpers.py:153}}
