Nov 03 10:59:20.899605 dv-neutron-master-2-hyperv devstack@n-api.service[104860]: DEBUG oslo_db.sqlalchemy.engines [None req-04d65da1-5739-4e88-a7a8-38ad013c2487 None None] MySQL server mode set to STRICT_TRANS_TABLES,STRICT_ALL_TABLES,NO_ZERO_IN_DATE,NO_ZERO_DATE,ERROR_FOR_DIVISION_BY_ZERO,TRADITIONAL,NO_ENGINE_SUBSTITUTION {{(pid=104860) _check_effective_sql_mode /usr/local/lib/python3.8/dist-packages/oslo_db/sqlalchemy/engines.py:314}}
Nov 03 10:59:20.901994 dv-neutron-master-2-hyperv devstack@n-api.service[104860]: DEBUG oslo_db.sqlalchemy.engines [None req-04d65da1-5739-4e88-a7a8-38ad013c2487 None None] MySQL server mode set to STRICT_TRANS_TABLES,STRICT_ALL_TABLES,NO_ZERO_IN_DATE,NO_ZERO_DATE,ERROR_FOR_DIVISION_BY_ZERO,TRADITIONAL,NO_ENGINE_SUBSTITUTION {{(pid=104860) _check_effective_sql_mode /usr/local/lib/python3.8/dist-packages/oslo_db/sqlalchemy/engines.py:314}}
Nov 03 10:59:20.903193 dv-neutron-master-2-hyperv devstack@n-api.service[104861]: DEBUG oslo_concurrency.lockutils [None req-72dffd36-d52f-4f62-8e95-6b6233fcbfb3 None None] Lock "00000000-0000-0000-0000-000000000000" acquired by "nova.context.set_target_cell..get_or_set_cached_cell_and_set_connections" :: waited 0.000s {{(pid=104861) inner /usr/local/lib/python3.8/dist-packages/oslo_concurrency/lockutils.py:386}}
Nov 03 10:59:20.904784 dv-neutron-master-2-hyperv devstack@n-api.service[104861]: DEBUG oslo_concurrency.lockutils [None req-72dffd36-d52f-4f62-8e95-6b6233fcbfb3 None None] Lock "00000000-0000-0000-0000-000000000000" "released" by "nova.context.set_target_cell..get_or_set_cached_cell_and_set_connections" :: held 0.002s {{(pid=104861) inner /usr/local/lib/python3.8/dist-packages/oslo_concurrency/lockutils.py:400}}
Nov 03 10:59:20.906928 dv-neutron-master-2-hyperv devstack@n-api.service[104861]: DEBUG oslo_concurrency.lockutils [None req-72dffd36-d52f-4f62-8e95-6b6233fcbfb3 None None] Lock "ae2cbdf4-1436-4f88-b6bb-2e5fbd134268" acquired by "nova.context.set_target_cell..get_or_set_cached_cell_and_set_connections" :: waited 0.000s {{(pid=104861) inner /usr/local/lib/python3.8/dist-packages/oslo_concurrency/lockutils.py:386}}
Nov 03 10:59:20.908891 dv-neutron-master-2-hyperv devstack@n-api.service[104861]: DEBUG oslo_concurrency.lockutils [None req-72dffd36-d52f-4f62-8e95-6b6233fcbfb3 None None] Lock "ae2cbdf4-1436-4f88-b6bb-2e5fbd134268" "released" by "nova.context.set_target_cell..get_or_set_cached_cell_and_set_connections" :: held 0.003s {{(pid=104861) inner /usr/local/lib/python3.8/dist-packages/oslo_concurrency/lockutils.py:400}}
Nov 03 10:59:20.921128 dv-neutron-master-2-hyperv devstack@n-api.service[104861]: DEBUG oslo_db.sqlalchemy.engines [None req-72dffd36-d52f-4f62-8e95-6b6233fcbfb3 None None] MySQL server mode set to STRICT_TRANS_TABLES,STRICT_ALL_TABLES,NO_ZERO_IN_DATE,NO_ZERO_DATE,ERROR_FOR_DIVISION_BY_ZERO,TRADITIONAL,NO_ENGINE_SUBSTITUTION {{(pid=104861) _check_effective_sql_mode /usr/local/lib/python3.8/dist-packages/oslo_db/sqlalchemy/engines.py:314}}
Nov 03 10:59:20.923883 dv-neutron-master-2-hyperv devstack@n-api.service[104861]: DEBUG oslo_db.sqlalchemy.engines [None req-72dffd36-d52f-4f62-8e95-6b6233fcbfb3 None None] MySQL server mode set to STRICT_TRANS_TABLES,STRICT_ALL_TABLES,NO_ZERO_IN_DATE,NO_ZERO_DATE,ERROR_FOR_DIVISION_BY_ZERO,TRADITIONAL,NO_ENGINE_SUBSTITUTION {{(pid=104861) _check_effective_sql_mode /usr/local/lib/python3.8/dist-packages/oslo_db/sqlalchemy/engines.py:314}}
Nov 03 10:59:21.160767 dv-neutron-master-2-hyperv devstack@n-api.service[104860]: DEBUG oslo_db.sqlalchemy.engines [None req-04d65da1-5739-4e88-a7a8-38ad013c2487 None None] MySQL server mode set to STRICT_TRANS_TABLES,STRICT_ALL_TABLES,NO_ZERO_IN_DATE,NO_ZERO_DATE,ERROR_FOR_DIVISION_BY_ZERO,TRADITIONAL,NO_ENGINE_SUBSTITUTION {{(pid=104860) _check_effective_sql_mode /usr/local/lib/python3.8/dist-packages/oslo_db/sqlalchemy/engines.py:314}}
Nov 03 10:59:21.178979 dv-neutron-master-2-hyperv devstack@n-api.service[104861]: DEBUG oslo_db.sqlalchemy.engines [None req-72dffd36-d52f-4f62-8e95-6b6233fcbfb3 None None] MySQL server mode set to STRICT_TRANS_TABLES,STRICT_ALL_TABLES,NO_ZERO_IN_DATE,NO_ZERO_DATE,ERROR_FOR_DIVISION_BY_ZERO,TRADITIONAL,NO_ENGINE_SUBSTITUTION {{(pid=104861) _check_effective_sql_mode /usr/local/lib/python3.8/dist-packages/oslo_db/sqlalchemy/engines.py:314}}
Nov 03 10:59:21.500795 dv-neutron-master-2-hyperv devstack@n-api.service[104861]: WARNING keystonemiddleware.auth_token [None req-72dffd36-d52f-4f62-8e95-6b6233fcbfb3 None None] AuthToken middleware is set with keystone_authtoken.service_token_roles_required set to False. This is backwards compatible but deprecated behaviour. Please set this to True.
Nov 03 10:59:21.503854 dv-neutron-master-2-hyperv devstack@n-api.service[104860]: WARNING keystonemiddleware.auth_token [None req-04d65da1-5739-4e88-a7a8-38ad013c2487 None None] AuthToken middleware is set with keystone_authtoken.service_token_roles_required set to False. This is backwards compatible but deprecated behaviour. Please set this to True.
Nov 03 10:59:21.507306 dv-neutron-master-2-hyperv devstack@n-api.service[104861]: WARNING keystonemiddleware.auth_token [None req-72dffd36-d52f-4f62-8e95-6b6233fcbfb3 None None] Configuring www_authenticate_uri to point to the public identity endpoint is required; clients may not be able to authenticate against an admin endpoint
Nov 03 10:59:21.510305 dv-neutron-master-2-hyperv devstack@n-api.service[104860]: WARNING keystonemiddleware.auth_token [None req-04d65da1-5739-4e88-a7a8-38ad013c2487 None None] Configuring www_authenticate_uri to point to the public identity endpoint is required; clients may not be able to authenticate against an admin endpoint
Nov 03 10:59:21.853932 dv-neutron-master-2-hyperv devstack@n-api.service[104861]: WARNING keystonemiddleware.auth_token [None req-72dffd36-d52f-4f62-8e95-6b6233fcbfb3 None None] AuthToken middleware is set with keystone_authtoken.service_token_roles_required set to False. This is backwards compatible but deprecated behaviour. Please set this to True.
Nov 03 10:59:21.856881 dv-neutron-master-2-hyperv devstack@n-api.service[104860]: WARNING keystonemiddleware.auth_token [None req-04d65da1-5739-4e88-a7a8-38ad013c2487 None None] AuthToken middleware is set with keystone_authtoken.service_token_roles_required set to False. This is backwards compatible but deprecated behaviour. Please set this to True.
Nov 03 10:59:21.859619 dv-neutron-master-2-hyperv devstack@n-api.service[104861]: WARNING keystonemiddleware.auth_token [None req-72dffd36-d52f-4f62-8e95-6b6233fcbfb3 None None] Configuring www_authenticate_uri to point to the public identity endpoint is required; clients may not be able to authenticate against an admin endpoint
Nov 03 10:59:21.862709 dv-neutron-master-2-hyperv devstack@n-api.service[104860]: WARNING keystonemiddleware.auth_token [None req-04d65da1-5739-4e88-a7a8-38ad013c2487 None None] Configuring www_authenticate_uri to point to the public identity endpoint is required; clients may not be able to authenticate against an admin endpoint
Nov 03 10:59:21.864923 dv-neutron-master-2-hyperv devstack@n-api.service[104861]: WSGI app 0 (mountpoint='') ready in 5 seconds on interpreter 0x5557daf5a9c0 pid: 104861 (default app)
Nov 03 10:59:21.866993 dv-neutron-master-2-hyperv devstack@n-api.service[104861]: DEBUG nova.api.openstack.wsgi [None req-72dffd36-d52f-4f62-8e95-6b6233fcbfb3 None None] Calling method '>' {{(pid=104861) _process_stack /opt/stack/nova/nova/api/openstack/wsgi.py:513}}
Nov 03 10:59:21.868143 dv-neutron-master-2-hyperv devstack@n-api.service[104861]: INFO nova.api.openstack.requestlog [None req-72dffd36-d52f-4f62-8e95-6b6233fcbfb3 None None] 10.222.0.47 "GET /compute/v2.1/" status: 200 len: 388 microversion: 2.1 time: 0.001749
Nov 03 10:59:21.868545 dv-neutron-master-2-hyperv devstack@n-api.service[104861]: [pid: 104861|app: 0|req: 1/1] 10.222.0.47 () {50 vars in 788 bytes} [Wed Nov 3 10:59:21 2021] GET /compute/v2.1/ => generated 388 bytes in 3 msecs (HTTP/1.1 200) 9 headers in 357 bytes (1 switches on core 0)
Nov 03 10:59:21.868864 dv-neutron-master-2-hyperv devstack@n-api.service[104860]: WSGI app 0 (mountpoint='') ready in 5 seconds on interpreter 0x5557daf5a9c0 pid: 104860 (default app)
Nov 03 11:00:45.641882 dv-neutron-master-2-hyperv devstack@n-api.service[104861]: DEBUG nova.api.openstack.wsgi [None req-72dffd36-d52f-4f62-8e95-6b6233fcbfb3 None None] Calling method '>' {{(pid=104861) _process_stack /opt/stack/nova/nova/api/openstack/wsgi.py:513}}
Nov 03 11:00:45.642909 dv-neutron-master-2-hyperv devstack@n-api.service[104861]: INFO nova.api.openstack.requestlog [None req-72dffd36-d52f-4f62-8e95-6b6233fcbfb3 None None] 10.222.0.47 "GET /compute/v2.1" status: 200 len: 388 microversion: 2.1 time: 0.001445
Nov 03 11:00:45.643315 dv-neutron-master-2-hyperv devstack@n-api.service[104861]: [pid: 104861|app: 0|req: 2/2] 10.222.0.47 () {54 vars in 930 bytes} [Wed Nov 3 11:00:45 2021] GET /compute/v2.1 => generated 388 bytes in 2 msecs (HTTP/1.1 200) 9 headers in 357 bytes (1 switches on core 0)
Nov 03 11:00:46.092382 dv-neutron-master-2-hyperv devstack@n-api.service[104860]: DEBUG nova.api.openstack.wsgi [None req-1b106b22-e43d-47a7-b408-c0ea3ff955ea admin admin] Calling method '>' {{(pid=104860) _process_stack /opt/stack/nova/nova/api/openstack/wsgi.py:513}}
Nov 03 11:00:46.121449 dv-neutron-master-2-hyperv devstack@n-api.service[104860]: INFO nova.api.openstack.requestlog [None req-1b106b22-e43d-47a7-b408-c0ea3ff955ea admin admin] 10.222.0.47 "GET /compute/v2.1/flavors/detail?is_public=True" status: 200 len: 15 microversion: 2.61 time: 0.470636
Nov 03 11:00:46.122594 dv-neutron-master-2-hyperv devstack@n-api.service[104860]: [pid: 104860|app: 0|req: 1/3] 10.222.0.47 () {60 vars in 1291 bytes} [Wed Nov 3 11:00:45 2021] GET /compute/v2.1/flavors/detail?is_public=True => generated 15 bytes in 473 msecs (HTTP/1.1 200) 9 headers in 358 bytes (1 switches on core 0)
Nov 03 11:00:48.628275 dv-neutron-master-2-hyperv devstack@n-api.service[104861]: DEBUG nova.api.openstack.wsgi [None req-72dffd36-d52f-4f62-8e95-6b6233fcbfb3 None None] Calling method '>' {{(pid=104861) _process_stack /opt/stack/nova/nova/api/openstack/wsgi.py:513}}
Nov 03 11:00:48.629790 dv-neutron-master-2-hyperv devstack@n-api.service[104861]: INFO nova.api.openstack.requestlog [None req-72dffd36-d52f-4f62-8e95-6b6233fcbfb3 None None] 10.222.0.47 "GET /compute/v2.1" status: 200 len: 388 microversion: 2.1 time: 0.001934
Nov 03 11:00:48.630599 dv-neutron-master-2-hyperv devstack@n-api.service[104861]: [pid: 104861|app: 0|req: 3/4] 10.222.0.47 () {54 vars in 930 bytes} [Wed Nov 3 11:00:48 2021] GET /compute/v2.1 => generated 388 bytes in 3 msecs (HTTP/1.1 200) 9 headers in 357 bytes (1 switches on core 0)
Nov 03 11:00:48.697563 dv-neutron-master-2-hyperv devstack@n-api.service[104860]: DEBUG nova.api.openstack.wsgi [None req-53fd7d49-764d-404c-b2f2-6c8b00dd4978 admin admin] Action: 'create', calling method: >, body: {"flavor": {"disk": 1, "swap": 0, "rxtx_factor": 1.0, "vcpus": 1, "ram": 256, "name": "cirros256", "id": "c1", "OS-FLV-EXT-DATA:ephemeral": 0, "os-flavor-access:is_public": true}} {{(pid=104860) _process_stack /opt/stack/nova/nova/api/openstack/wsgi.py:511}}
Nov 03 11:00:48.716414 dv-neutron-master-2-hyperv devstack@n-api.service[104860]: /usr/local/lib/python3.8/dist-packages/oslo_policy/policy.py:1075: UserWarning: Policy os_compute_api:os-flavor-manage:create failed scope check. The token used to make the request was project scoped but the policy requires ['system'] scope. This behavior may change in the future where using the intended scope is required
Nov 03 11:00:48.716414 dv-neutron-master-2-hyperv devstack@n-api.service[104860]: warnings.warn(msg)
Nov 03 11:00:48.745327 dv-neutron-master-2-hyperv devstack@n-api.service[104860]: INFO nova.api.openstack.requestlog [None req-53fd7d49-764d-404c-b2f2-6c8b00dd4978 admin admin] 10.222.0.47 "POST /compute/v2.1/flavors" status: 200 len: 407 microversion: 2.61 time: 0.107041
Nov 03 11:00:48.747085 dv-neutron-master-2-hyperv devstack@n-api.service[104860]: [pid: 104860|app: 0|req: 2/5] 10.222.0.47 () {64 vars in 1282 bytes} [Wed Nov 3 11:00:48 2021] POST /compute/v2.1/flavors => generated 407 bytes in 110 msecs (HTTP/1.1 200) 9 headers in 359 bytes (1 switches on core 0)
Nov 03 11:00:48.984649 dv-neutron-master-2-hyperv devstack@n-api.service[104861]: DEBUG nova.api.openstack.wsgi [None req-ac6bcc05-4478-473a-8ba1-bc6e7c4ef54c admin admin] Action: 'create', calling method: >, body: {"extra_specs": {"hw_rng:allowed": "True"}} {{(pid=104861) _process_stack /opt/stack/nova/nova/api/openstack/wsgi.py:511}}
Nov 03 11:00:48.984649 dv-neutron-master-2-hyperv devstack@n-api.service[104861]: /usr/local/lib/python3.8/dist-packages/oslo_policy/policy.py:1075: UserWarning: Policy os_compute_api:os-flavor-extra-specs:create failed scope check. The token used to make the request was project scoped but the policy requires ['system'] scope. This behavior may change in the future where using the intended scope is required
Nov 03 11:00:48.984649 dv-neutron-master-2-hyperv devstack@n-api.service[104861]: warnings.warn(msg)
Nov 03 11:00:49.038407 dv-neutron-master-2-hyperv devstack@n-api.service[104861]: INFO nova.api.openstack.requestlog [None req-ac6bcc05-4478-473a-8ba1-bc6e7c4ef54c admin admin] 10.222.0.47 "POST /compute/v2.1/flavors/c1/os-extra_specs" status: 200 len: 43 microversion: 2.61 time: 0.282248
Nov 03 11:00:49.054433 dv-neutron-master-2-hyperv devstack@n-api.service[104861]: [pid: 104861|app: 0|req: 4/6] 10.222.0.47 () {64 vars in 1335 bytes} [Wed Nov 3 11:00:48 2021] POST /compute/v2.1/flavors/c1/os-extra_specs => generated 43 bytes in 299 msecs (HTTP/1.1 200) 9 headers in 358 bytes (1 switches on core 0)
Nov 03 11:00:51.476483 dv-neutron-master-2-hyperv devstack@n-api.service[104860]: DEBUG nova.api.openstack.wsgi [None req-53fd7d49-764d-404c-b2f2-6c8b00dd4978 admin admin] Calling method '>' {{(pid=104860) _process_stack /opt/stack/nova/nova/api/openstack/wsgi.py:513}}
Nov 03 11:00:51.477495 dv-neutron-master-2-hyperv devstack@n-api.service[104860]: INFO nova.api.openstack.requestlog [None req-53fd7d49-764d-404c-b2f2-6c8b00dd4978 admin admin] 10.222.0.47 "GET /compute/v2.1" status: 200 len: 388 microversion: 2.1 time: 0.001460
Nov 03 11:00:51.478274 dv-neutron-master-2-hyperv devstack@n-api.service[104860]: [pid: 104860|app: 0|req: 3/7] 10.222.0.47 () {54 vars in 930 bytes} [Wed Nov 3 11:00:51 2021] GET /compute/v2.1 => generated 388 bytes in 3 msecs (HTTP/1.1 200) 9 headers in 357 bytes (1 switches on core 0)
Nov 03 11:00:51.603785 dv-neutron-master-2-hyperv devstack@n-api.service[104861]: DEBUG nova.api.openstack.wsgi [None req-9a46fa08-92d4-4dc0-a596-51addf9af78f admin admin] Action: 'create', calling method: >, body: {"flavor": {"rxtx_factor": 1.0, "swap": 0, "os-flavor-access:is_public": true, "disk": 5, "ram": 512, "vcpus": 1, "id": "d1", "name": "ds512M", "OS-FLV-EXT-DATA:ephemeral": 0}} {{(pid=104861) _process_stack /opt/stack/nova/nova/api/openstack/wsgi.py:511}}
Nov 03 11:00:51.622961 dv-neutron-master-2-hyperv devstack@n-api.service[104861]: /usr/local/lib/python3.8/dist-packages/oslo_policy/policy.py:1075: UserWarning: Policy os_compute_api:os-flavor-manage:create failed scope check. The token used to make the request was project scoped but the policy requires ['system'] scope. This behavior may change in the future where using the intended scope is required
Nov 03 11:00:51.622961 dv-neutron-master-2-hyperv devstack@n-api.service[104861]: warnings.warn(msg)
Nov 03 11:00:51.645870 dv-neutron-master-2-hyperv devstack@n-api.service[104861]: INFO nova.api.openstack.requestlog [None req-9a46fa08-92d4-4dc0-a596-51addf9af78f admin admin] 10.222.0.47 "POST /compute/v2.1/flavors" status: 200 len: 404 microversion: 2.61 time: 0.160026
Nov 03 11:00:51.647007 dv-neutron-master-2-hyperv devstack@n-api.service[104861]: [pid: 104861|app: 0|req: 5/8] 10.222.0.47 () {64 vars in 1282 bytes} [Wed Nov 3 11:00:51 2021] POST /compute/v2.1/flavors => generated 404 bytes in 161 msecs (HTTP/1.1 200) 9 headers in 359 bytes (1 switches on core 0)
Nov 03 11:00:51.661984 dv-neutron-master-2-hyperv devstack@n-api.service[104860]: DEBUG nova.api.openstack.wsgi [None req-4d0c58e1-448b-44e7-a40f-bcf8d74fb6bf admin admin] Action: 'create', calling method: >, body: {"extra_specs": {"hw_rng:allowed": "True"}} {{(pid=104860) _process_stack /opt/stack/nova/nova/api/openstack/wsgi.py:511}}
Nov 03 11:00:51.663791 dv-neutron-master-2-hyperv devstack@n-api.service[104860]: /usr/local/lib/python3.8/dist-packages/oslo_policy/policy.py:1075: UserWarning: Policy os_compute_api:os-flavor-extra-specs:create failed scope check. The token used to make the request was project scoped but the policy requires ['system'] scope. This behavior may change in the future where using the intended scope is required
Nov 03 11:00:51.663791 dv-neutron-master-2-hyperv devstack@n-api.service[104860]: warnings.warn(msg)
Nov 03 11:00:51.706631 dv-neutron-master-2-hyperv devstack@n-api.service[104860]: INFO nova.api.openstack.requestlog [None req-4d0c58e1-448b-44e7-a40f-bcf8d74fb6bf admin admin] 10.222.0.47 "POST /compute/v2.1/flavors/d1/os-extra_specs" status: 200 len: 43 microversion: 2.61 time: 0.050732
Nov 03 11:00:51.707630 dv-neutron-master-2-hyperv devstack@n-api.service[104860]: [pid: 104860|app: 0|req: 4/9] 10.222.0.47 () {64 vars in 1335 bytes} [Wed Nov 3 11:00:51 2021] POST /compute/v2.1/flavors/d1/os-extra_specs => generated 43 bytes in 52 msecs (HTTP/1.1 200) 9 headers in 358 bytes (1 switches on core 0)
Nov 03 11:00:54.265976 dv-neutron-master-2-hyperv devstack@n-api.service[104861]: DEBUG nova.api.openstack.wsgi [None req-9a46fa08-92d4-4dc0-a596-51addf9af78f admin admin] Calling method '>' {{(pid=104861) _process_stack /opt/stack/nova/nova/api/openstack/wsgi.py:513}}
Nov 03 11:00:54.267102 dv-neutron-master-2-hyperv devstack@n-api.service[104861]: INFO nova.api.openstack.requestlog [None req-9a46fa08-92d4-4dc0-a596-51addf9af78f admin admin] 10.222.0.47 "GET /compute/v2.1" status: 200 len: 388 microversion: 2.1 time: 0.001581
Nov 03 11:00:54.267672 dv-neutron-master-2-hyperv devstack@n-api.service[104861]: [pid: 104861|app: 0|req: 6/10] 10.222.0.47 () {54 vars in 930 bytes} [Wed Nov 3 11:00:54 2021] GET /compute/v2.1 => generated 388 bytes in 3 msecs (HTTP/1.1 200) 9 headers in 357 bytes (1 switches on core 0)
Nov 03 11:00:54.345380 dv-neutron-master-2-hyperv devstack@n-api.service[104860]: DEBUG nova.api.openstack.wsgi [None req-908e5d64-6363-449c-b93e-0010d296a5da admin admin] Action: 'create', calling method: >, body: {"flavor": {"ram": 1024, "rxtx_factor": 1.0, "vcpus": 1, "id": "d2", "disk": 10, "swap": 0, "OS-FLV-EXT-DATA:ephemeral": 0, "os-flavor-access:is_public": true, "name": "ds1G"}} {{(pid=104860) _process_stack /opt/stack/nova/nova/api/openstack/wsgi.py:511}}
Nov 03 11:00:54.382389 dv-neutron-master-2-hyperv devstack@n-api.service[104860]: INFO nova.api.openstack.requestlog [None req-908e5d64-6363-449c-b93e-0010d296a5da admin admin] 10.222.0.47 "POST /compute/v2.1/flavors" status: 200 len: 404 microversion: 2.61 time: 0.106902
Nov 03 11:00:54.389523 dv-neutron-master-2-hyperv devstack@n-api.service[104860]: [pid: 104860|app: 0|req: 5/11] 10.222.0.47 () {64 vars in 1282 bytes} [Wed Nov 3 11:00:54 2021] POST /compute/v2.1/flavors => generated 404 bytes in 108 msecs (HTTP/1.1 200) 9 headers in 359 bytes (1 switches on core 0)
Nov 03 11:00:54.398696 dv-neutron-master-2-hyperv devstack@n-api.service[104861]: DEBUG nova.api.openstack.wsgi [None req-6373e289-7f89-400f-bf89-ae203a20a574 admin admin] Action: 'create', calling method: >, body: {"extra_specs": {"hw_rng:allowed": "True"}} {{(pid=104861) _process_stack /opt/stack/nova/nova/api/openstack/wsgi.py:511}}
Nov 03 11:00:54.430823 dv-neutron-master-2-hyperv devstack@n-api.service[104861]: INFO nova.api.openstack.requestlog [None req-6373e289-7f89-400f-bf89-ae203a20a574 admin admin] 10.222.0.47 "POST /compute/v2.1/flavors/d2/os-extra_specs" status: 200 len: 43 microversion: 2.61 time: 0.035974
Nov 03 11:00:54.431481 dv-neutron-master-2-hyperv devstack@n-api.service[104861]: [pid: 104861|app: 0|req: 7/12] 10.222.0.47 () {64 vars in 1335 bytes} [Wed Nov 3 11:00:54 2021] POST /compute/v2.1/flavors/d2/os-extra_specs => generated 43 bytes in 37 msecs (HTTP/1.1 200) 9 headers in 358 bytes (1 switches on core 0)
Nov 03 11:00:57.642248 dv-neutron-master-2-hyperv devstack@n-api.service[104860]: DEBUG nova.api.openstack.wsgi [None req-908e5d64-6363-449c-b93e-0010d296a5da admin admin] Calling method '>' {{(pid=104860) _process_stack /opt/stack/nova/nova/api/openstack/wsgi.py:513}}
Nov 03 11:00:57.644754 dv-neutron-master-2-hyperv devstack@n-api.service[104860]: INFO nova.api.openstack.requestlog [None req-908e5d64-6363-449c-b93e-0010d296a5da admin admin] 10.222.0.47 "GET /compute/v2.1" status: 200 len: 388 microversion: 2.1 time: 0.002218
Nov 03 11:00:57.645183 dv-neutron-master-2-hyperv devstack@n-api.service[104860]: [pid: 104860|app: 0|req: 6/13] 10.222.0.47 () {54 vars in 930 bytes} [Wed Nov 3 11:00:57 2021] GET /compute/v2.1 => generated 388 bytes in 4 msecs (HTTP/1.1 200) 9 headers in 357 bytes (1 switches on core 0)
Nov 03 11:00:57.730003 dv-neutron-master-2-hyperv devstack@n-api.service[104861]: DEBUG nova.api.openstack.wsgi [None req-89949d2f-dab4-4209-b3d0-363ed31c6ec3 admin admin] Action: 'create', calling method: >, body: {"flavor": {"swap": 0, "rxtx_factor": 1.0, "ram": 2048, "os-flavor-access:is_public": true, "name": "ds2G", "id": "d3", "OS-FLV-EXT-DATA:ephemeral": 0, "disk": 10, "vcpus": 2}} {{(pid=104861) _process_stack /opt/stack/nova/nova/api/openstack/wsgi.py:511}}
Nov 03 11:00:57.755987 dv-neutron-master-2-hyperv devstack@n-api.service[104861]: INFO nova.api.openstack.requestlog [None req-89949d2f-dab4-4209-b3d0-363ed31c6ec3 admin admin] 10.222.0.47 "POST /compute/v2.1/flavors" status: 200 len: 404 microversion: 2.61 time: 0.101482
Nov 03 11:00:57.762253 dv-neutron-master-2-hyperv devstack@n-api.service[104861]: [pid: 104861|app: 0|req: 8/14] 10.222.0.47 () {64 vars in 1282 bytes} [Wed Nov 3 11:00:57 2021] POST /compute/v2.1/flavors => generated 404 bytes in 104 msecs (HTTP/1.1 200) 9 headers in 359 bytes (2 switches on core 0)
Nov 03 11:00:57.771619 dv-neutron-master-2-hyperv devstack@n-api.service[104860]: DEBUG nova.api.openstack.wsgi [None req-6ca63542-de81-4962-ae04-cc8b1699831f admin admin] Action: 'create', calling method: >, body: {"extra_specs": {"hw_rng:allowed": "True"}} {{(pid=104860) _process_stack /opt/stack/nova/nova/api/openstack/wsgi.py:511}}
Nov 03 11:00:57.804060 dv-neutron-master-2-hyperv devstack@n-api.service[104860]: INFO nova.api.openstack.requestlog [None req-6ca63542-de81-4962-ae04-cc8b1699831f admin admin] 10.222.0.47 "POST /compute/v2.1/flavors/d3/os-extra_specs" status: 200 len: 43 microversion: 2.61 time: 0.035936
Nov 03 11:00:57.810907 dv-neutron-master-2-hyperv devstack@n-api.service[104860]: [pid: 104860|app: 0|req: 7/15] 10.222.0.47 () {64 vars in 1335 bytes} [Wed Nov 3 11:00:57 2021] POST /compute/v2.1/flavors/d3/os-extra_specs => generated 43 bytes in 43 msecs (HTTP/1.1 200) 9 headers in 358 bytes (1 switches on core 0)
Nov 03 11:01:00.340046 dv-neutron-master-2-hyperv devstack@n-api.service[104861]: DEBUG nova.api.openstack.wsgi [None req-89949d2f-dab4-4209-b3d0-363ed31c6ec3 admin admin] Calling method '>' {{(pid=104861) _process_stack /opt/stack/nova/nova/api/openstack/wsgi.py:513}}
Nov 03 11:01:00.341552 dv-neutron-master-2-hyperv devstack@n-api.service[104861]: INFO nova.api.openstack.requestlog [None req-89949d2f-dab4-4209-b3d0-363ed31c6ec3 admin admin] 10.222.0.47 "GET /compute/v2.1" status: 200 len: 388 microversion: 2.1 time: 0.001825
Nov 03 11:01:00.341963 dv-neutron-master-2-hyperv devstack@n-api.service[104861]: [pid: 104861|app: 0|req: 9/16] 10.222.0.47 () {54 vars in 930 bytes} [Wed Nov 3 11:01:00 2021] GET /compute/v2.1 => generated 388 bytes in 3 msecs (HTTP/1.1 200) 9 headers in 357 bytes (1 switches on core 0)
Nov 03 11:01:00.413049 dv-neutron-master-2-hyperv devstack@n-api.service[104860]: DEBUG nova.api.openstack.wsgi [None req-312a3465-7fab-4906-bb9a-84e8dd3788fc admin admin] Action: 'create', calling method: >, body: {"flavor": {"vcpus": 4, "OS-FLV-EXT-DATA:ephemeral": 0, "rxtx_factor": 1.0, "name": "ds4G", "os-flavor-access:is_public": true, "swap": 0, "ram": 4096, "id": "d4", "disk": 20}} {{(pid=104860) _process_stack /opt/stack/nova/nova/api/openstack/wsgi.py:511}}
Nov 03 11:01:00.436722 dv-neutron-master-2-hyperv devstack@n-api.service[104860]: INFO nova.api.openstack.requestlog [None req-312a3465-7fab-4906-bb9a-84e8dd3788fc admin admin] 10.222.0.47 "POST /compute/v2.1/flavors" status: 200 len: 404 microversion: 2.61 time: 0.087445
Nov 03 11:01:00.437270 dv-neutron-master-2-hyperv devstack@n-api.service[104860]: [pid: 104860|app: 0|req: 8/17] 10.222.0.47 () {64 vars in 1282 bytes} [Wed Nov 3 11:01:00 2021] POST /compute/v2.1/flavors => generated 404 bytes in 89 msecs (HTTP/1.1 200) 9 headers in 359 bytes (2 switches on core 0)
Nov 03 11:01:00.456430 dv-neutron-master-2-hyperv devstack@n-api.service[104861]: DEBUG nova.api.openstack.wsgi [None req-e40569bb-0974-4f0a-81ee-91e9f120be2b admin admin] Action: 'create', calling method: >, body: {"extra_specs": {"hw_rng:allowed": "True"}} {{(pid=104861) _process_stack /opt/stack/nova/nova/api/openstack/wsgi.py:511}}
Nov 03 11:01:00.484848 dv-neutron-master-2-hyperv devstack@n-api.service[104861]: INFO nova.api.openstack.requestlog [None req-e40569bb-0974-4f0a-81ee-91e9f120be2b admin admin] 10.222.0.47 "POST /compute/v2.1/flavors/d4/os-extra_specs" status: 200 len: 43 microversion: 2.61 time: 0.032014
Nov 03 11:01:00.485487 dv-neutron-master-2-hyperv devstack@n-api.service[104861]: [pid: 104861|app: 0|req: 10/18] 10.222.0.47 () {64 vars in 1335 bytes} [Wed Nov 3 11:01:00 2021] POST /compute/v2.1/flavors/d4/os-extra_specs => generated 43 bytes in 33 msecs (HTTP/1.1 200) 9 headers in 358 bytes (1 switches on core 0)
Nov 03 11:01:03.263183 dv-neutron-master-2-hyperv devstack@n-api.service[104860]: DEBUG nova.api.openstack.wsgi [None req-312a3465-7fab-4906-bb9a-84e8dd3788fc admin admin] Calling method '>' {{(pid=104860) _process_stack /opt/stack/nova/nova/api/openstack/wsgi.py:513}}
Nov 03 11:01:03.264894 dv-neutron-master-2-hyperv devstack@n-api.service[104860]: INFO nova.api.openstack.requestlog [None req-312a3465-7fab-4906-bb9a-84e8dd3788fc admin admin] 10.222.0.47 "GET /compute/v2.1" status: 200 len: 388 microversion: 2.1 time: 0.002145
Nov 03 11:01:03.265784 dv-neutron-master-2-hyperv devstack@n-api.service[104860]: [pid: 104860|app: 0|req: 9/19] 10.222.0.47 () {54 vars in 930 bytes} [Wed Nov 3 11:01:03 2021] GET /compute/v2.1 => generated 388 bytes in 4 msecs (HTTP/1.1 200) 9 headers in 357 bytes (1 switches on core 0)
Nov 03 11:01:03.342408 dv-neutron-master-2-hyperv devstack@n-api.service[104861]: DEBUG nova.api.openstack.wsgi [None req-473d03dd-69b4-41a0-9c64-14af2378aa41 admin admin] Calling method '>' {{(pid=104861) _process_stack /opt/stack/nova/nova/api/openstack/wsgi.py:513}}
Nov 03 11:01:03.370243 dv-neutron-master-2-hyperv devstack@n-api.service[104861]: INFO nova.api.openstack.requestlog [None req-473d03dd-69b4-41a0-9c64-14af2378aa41 admin admin] 10.222.0.47 "GET /compute/v2.1/flavors/detail?is_public=True" status: 200 len: 2106 microversion: 2.61 time: 0.095127
Nov 03 11:01:03.372522 dv-neutron-master-2-hyperv devstack@n-api.service[104861]: [pid: 104861|app: 0|req: 11/20] 10.222.0.47 () {60 vars in 1291 bytes} [Wed Nov 3 11:01:03 2021] GET /compute/v2.1/flavors/detail?is_public=True => generated 2106 bytes in 98 msecs (HTTP/1.1 200) 9 headers in 360 bytes (1 switches on core 0)
Nov 03 11:01:05.880810 dv-neutron-master-2-hyperv devstack@n-api.service[104860]: DEBUG nova.api.openstack.wsgi [None req-312a3465-7fab-4906-bb9a-84e8dd3788fc admin admin] Calling method '>' {{(pid=104860) _process_stack /opt/stack/nova/nova/api/openstack/wsgi.py:513}}
Nov 03 11:01:05.882454 dv-neutron-master-2-hyperv devstack@n-api.service[104860]: INFO nova.api.openstack.requestlog [None req-312a3465-7fab-4906-bb9a-84e8dd3788fc admin admin] 10.222.0.47 "GET /compute/v2.1" status: 200 len: 388 microversion: 2.1 time: 0.002045
Nov 03 11:01:05.899523 dv-neutron-master-2-hyperv devstack@n-api.service[104860]: [pid: 104860|app: 0|req: 10/21] 10.222.0.47 () {54 vars in 930 bytes} [Wed Nov 3 11:01:05 2021] GET /compute/v2.1 => generated 388 bytes in 9 msecs (HTTP/1.1 200) 9 headers in 357 bytes (1 switches on core 0)
Nov 03 11:01:05.951715 dv-neutron-master-2-hyperv devstack@n-api.service[104861]: DEBUG nova.api.openstack.wsgi [None req-bdb77ca4-08e8-4703-9e98-1f1bac5dd4ec admin admin] Action: 'create', calling method: >, body: {"flavor": {"os-flavor-access:is_public": true, "disk": 1, "name": "m1.tiny", "ram": 512, "OS-FLV-EXT-DATA:ephemeral": 0, "vcpus": 1, "swap": 0, "rxtx_factor": 1.0, "id": "1"}} {{(pid=104861) _process_stack /opt/stack/nova/nova/api/openstack/wsgi.py:511}}
Nov 03 11:01:05.975732 dv-neutron-master-2-hyperv devstack@n-api.service[104861]: INFO nova.api.openstack.requestlog [None req-bdb77ca4-08e8-4703-9e98-1f1bac5dd4ec admin admin] 10.222.0.47 "POST /compute/v2.1/flavors" status: 200 len: 402 microversion: 2.61 time: 0.084921
Nov 03 11:01:05.985368 dv-neutron-master-2-hyperv devstack@n-api.service[104861]: [pid: 104861|app: 0|req: 12/22] 10.222.0.47 () {64 vars in 1282 bytes} [Wed Nov 3 11:01:05 2021] POST /compute/v2.1/flavors => generated 402 bytes in 95 msecs (HTTP/1.1 200) 9 headers in 359 bytes (1 switches on core 0)
Nov 03 11:01:05.994665 dv-neutron-master-2-hyperv devstack@n-api.service[104860]: DEBUG nova.api.openstack.wsgi [None req-e63f1ae1-b05d-4145-b194-5756fd2719a2 admin admin] Action: 'create', calling method: >, body: {"extra_specs": {"hw_rng:allowed": "True"}} {{(pid=104860) _process_stack /opt/stack/nova/nova/api/openstack/wsgi.py:511}}
Nov 03 11:01:06.025777 dv-neutron-master-2-hyperv devstack@n-api.service[104860]: INFO nova.api.openstack.requestlog [None req-e63f1ae1-b05d-4145-b194-5756fd2719a2 admin admin] 10.222.0.47 "POST /compute/v2.1/flavors/1/os-extra_specs" status: 200 len: 43 microversion: 2.61 time: 0.038839
Nov 03 11:01:06.027669 dv-neutron-master-2-hyperv devstack@n-api.service[104860]: [pid: 104860|app: 0|req: 11/23] 10.222.0.47 () {64 vars in 1332 bytes} [Wed Nov 3 11:01:05 2021] POST /compute/v2.1/flavors/1/os-extra_specs => generated 43 bytes in 41 msecs (HTTP/1.1 200) 9 headers in 358 bytes (2 switches on core 0)
Nov 03 11:01:09.174522 dv-neutron-master-2-hyperv devstack@n-api.service[104861]: DEBUG nova.api.openstack.wsgi [None req-bdb77ca4-08e8-4703-9e98-1f1bac5dd4ec admin admin] Calling method '>' {{(pid=104861) _process_stack /opt/stack/nova/nova/api/openstack/wsgi.py:513}}
Nov 03 11:01:09.176063 dv-neutron-master-2-hyperv devstack@n-api.service[104861]: INFO nova.api.openstack.requestlog [None req-bdb77ca4-08e8-4703-9e98-1f1bac5dd4ec admin admin] 10.222.0.47 "GET /compute/v2.1" status: 200 len: 388 microversion: 2.1 time: 0.002253
Nov 03 11:01:09.176890 dv-neutron-master-2-hyperv devstack@n-api.service[104861]: [pid: 104861|app: 0|req: 13/24] 10.222.0.47 () {54 vars in 930 bytes} [Wed Nov 3 11:01:09 2021] GET /compute/v2.1 => generated 388 bytes in 4 msecs (HTTP/1.1 200) 9 headers in 357 bytes (1 switches on core 0)
Nov 03 11:01:09.262913 dv-neutron-master-2-hyperv devstack@n-api.service[104860]: DEBUG nova.api.openstack.wsgi [None req-dac0cf5c-d1c5-4493-af5c-3189ab592e6f admin admin] Action: 'create', calling method: >, body: {"flavor": {"id": "2", "name": "m1.small", "os-flavor-access:is_public": true, "OS-FLV-EXT-DATA:ephemeral": 0, "rxtx_factor": 1.0, "swap": 0, "ram": 2048, "disk": 20, "vcpus": 1}} {{(pid=104860) _process_stack /opt/stack/nova/nova/api/openstack/wsgi.py:511}}
Nov 03 11:01:09.284511 dv-neutron-master-2-hyperv devstack@n-api.service[104860]: INFO nova.api.openstack.requestlog [None req-dac0cf5c-d1c5-4493-af5c-3189ab592e6f admin admin] 10.222.0.47 "POST /compute/v2.1/flavors" status: 200 len: 405 microversion: 2.61 time: 0.097509
Nov 03 11:01:09.285223 dv-neutron-master-2-hyperv devstack@n-api.service[104860]: [pid: 104860|app: 0|req: 12/25] 10.222.0.47 () {64 vars in 1282 bytes} [Wed Nov 3 11:01:09 2021] POST /compute/v2.1/flavors => generated 405 bytes in 99 msecs (HTTP/1.1 200) 9 headers in 359 bytes (1 switches on core 0)
Nov 03 11:01:09.301034 dv-neutron-master-2-hyperv devstack@n-api.service[104861]: DEBUG nova.api.openstack.wsgi [None req-48527f9d-d9a6-4f54-9acc-5b89b94d9fee admin admin] Action: 'create', calling method: >, body: {"extra_specs": {"hw_rng:allowed": "True"}} {{(pid=104861) _process_stack /opt/stack/nova/nova/api/openstack/wsgi.py:511}}
Nov 03 11:01:09.333925 dv-neutron-master-2-hyperv devstack@n-api.service[104861]: INFO nova.api.openstack.requestlog [None req-48527f9d-d9a6-4f54-9acc-5b89b94d9fee admin admin] 10.222.0.47 "POST /compute/v2.1/flavors/2/os-extra_specs" status: 200 len: 43 microversion: 2.61 time: 0.038384
Nov 03 11:01:09.334828 dv-neutron-master-2-hyperv devstack@n-api.service[104861]: [pid: 104861|app: 0|req: 14/26] 10.222.0.47 () {64 vars in 1332 bytes} [Wed Nov 3 11:01:09 2021] POST /compute/v2.1/flavors/2/os-extra_specs => generated 43 bytes in 40 msecs (HTTP/1.1 200) 9 headers in 358 bytes (2 switches on core 0)
Nov 03 11:01:11.937322 dv-neutron-master-2-hyperv devstack@n-api.service[104860]: DEBUG nova.api.openstack.wsgi [None req-dac0cf5c-d1c5-4493-af5c-3189ab592e6f admin admin] Calling method '>' {{(pid=104860) _process_stack /opt/stack/nova/nova/api/openstack/wsgi.py:513}}
Nov 03 11:01:11.938486 dv-neutron-master-2-hyperv devstack@n-api.service[104860]: INFO nova.api.openstack.requestlog [None req-dac0cf5c-d1c5-4493-af5c-3189ab592e6f admin admin] 10.222.0.47 "GET /compute/v2.1" status: 200 len: 388 microversion: 2.1 time: 0.001627
Nov 03 11:01:11.938907 dv-neutron-master-2-hyperv devstack@n-api.service[104860]: [pid: 104860|app: 0|req: 13/27] 10.222.0.47 () {54 vars in 930 bytes} [Wed Nov 3 11:01:11 2021] GET /compute/v2.1 => generated 388 bytes in 3 msecs (HTTP/1.1 200) 9 headers in 357 bytes (1 switches on core 0)
Nov 03 11:01:12.022182 dv-neutron-master-2-hyperv devstack@n-api.service[104861]: DEBUG nova.api.openstack.wsgi [None req-e53df9cb-0849-49ec-8ab9-16ea56a84815 admin admin] Action: 'create', calling method: >, body: {"flavor": {"os-flavor-access:is_public": true, "name": "m1.medium", "vcpus": 2, "id": "3", "OS-FLV-EXT-DATA:ephemeral": 0, "rxtx_factor": 1.0, "ram": 4096, "swap": 0, "disk": 40}} {{(pid=104861) _process_stack /opt/stack/nova/nova/api/openstack/wsgi.py:511}}
Nov 03 11:01:12.044697 dv-neutron-master-2-hyperv devstack@n-api.service[104861]: INFO nova.api.openstack.requestlog [None req-e53df9cb-0849-49ec-8ab9-16ea56a84815 admin admin] 10.222.0.47 "POST /compute/v2.1/flavors" status: 200 len: 406 microversion: 2.61 time: 0.098818
Nov 03 11:01:12.045401 dv-neutron-master-2-hyperv devstack@n-api.service[104861]: [pid: 104861|app: 0|req: 15/28] 10.222.0.47 () {64 vars in 1282 bytes} [Wed Nov 3 11:01:11 2021] POST /compute/v2.1/flavors => generated 406 bytes in 100 msecs (HTTP/1.1 200) 9 headers in 359 bytes (1 switches on core 0)
Nov 03 11:01:12.061010 dv-neutron-master-2-hyperv devstack@n-api.service[104860]: DEBUG nova.api.openstack.wsgi [None req-17ce3524-0f3f-4e98-8a05-868e109ae250 admin admin] Action: 'create', calling method: >, body: {"extra_specs": {"hw_rng:allowed": "True"}} {{(pid=104860) _process_stack /opt/stack/nova/nova/api/openstack/wsgi.py:511}}
Nov 03 11:01:12.093917 dv-neutron-master-2-hyperv devstack@n-api.service[104860]: INFO nova.api.openstack.requestlog [None req-17ce3524-0f3f-4e98-8a05-868e109ae250 admin admin] 10.222.0.47 "POST /compute/v2.1/flavors/3/os-extra_specs" status: 200 len: 43 microversion: 2.61 time: 0.037109
Nov 03 11:01:12.094552 dv-neutron-master-2-hyperv devstack@n-api.service[104860]: [pid: 104860|app: 0|req: 14/29] 10.222.0.47 () {64 vars in 1332 bytes} [Wed Nov 3 11:01:12 2021] POST /compute/v2.1/flavors/3/os-extra_specs => generated 43 bytes in 39 msecs (HTTP/1.1 200) 9 headers in 358 bytes (1 switches on core 0)
Nov 03 11:01:14.552115 dv-neutron-master-2-hyperv devstack@n-api.service[104861]: DEBUG nova.api.openstack.wsgi [None req-e53df9cb-0849-49ec-8ab9-16ea56a84815 admin admin] Calling method '>' {{(pid=104861) _process_stack /opt/stack/nova/nova/api/openstack/wsgi.py:513}}
Nov 03 11:01:14.553446 dv-neutron-master-2-hyperv devstack@n-api.service[104861]: INFO nova.api.openstack.requestlog [None req-e53df9cb-0849-49ec-8ab9-16ea56a84815 admin admin] 10.222.0.47 "GET /compute/v2.1" status: 200 len: 388 microversion: 2.1 time: 0.001764
Nov 03 11:01:14.553922 dv-neutron-master-2-hyperv devstack@n-api.service[104861]: [pid: 104861|app: 0|req: 16/30] 10.222.0.47 () {54 vars in 930 bytes} [Wed Nov 3 11:01:14 2021] GET /compute/v2.1 => generated 388 bytes in 3 msecs (HTTP/1.1 200) 9 headers in 357 bytes (1 switches on core 0)
Nov 03 11:01:14.633648 dv-neutron-master-2-hyperv devstack@n-api.service[104860]: DEBUG nova.api.openstack.wsgi [None req-be1a7206-d7b2-468c-a4f4-807106445e41 admin admin] Action: 'create', calling method: >, body: {"flavor": {"swap": 0, "os-flavor-access:is_public": true, "ram": 8192, "vcpus": 4, "name": "m1.large", "id": "4", "OS-FLV-EXT-DATA:ephemeral": 0, "disk": 80, "rxtx_factor": 1.0}} {{(pid=104860) _process_stack /opt/stack/nova/nova/api/openstack/wsgi.py:511}}
Nov 03 11:01:14.653099 dv-neutron-master-2-hyperv devstack@n-api.service[104860]: INFO nova.api.openstack.requestlog [None req-be1a7206-d7b2-468c-a4f4-807106445e41 admin admin] 10.222.0.47 "POST /compute/v2.1/flavors" status: 200 len: 405 microversion: 2.61 time: 0.089658
Nov 03 11:01:14.653653 dv-neutron-master-2-hyperv devstack@n-api.service[104860]: [pid: 104860|app: 0|req: 15/31] 10.222.0.47 () {64 vars in 1282 bytes} [Wed Nov 3 11:01:14 2021] POST /compute/v2.1/flavors => generated 405 bytes in 91 msecs (HTTP/1.1 200) 9 headers in 359 bytes (1 switches on core 0)
Nov 03 11:01:14.670083 dv-neutron-master-2-hyperv devstack@n-api.service[104861]: DEBUG nova.api.openstack.wsgi [None req-e8eef4f6-3219-4ff1-8e9f-64b61f6bc319 admin admin] Action: 'create', calling method: >, body: {"extra_specs": {"hw_rng:allowed": "True"}} {{(pid=104861) _process_stack /opt/stack/nova/nova/api/openstack/wsgi.py:511}}
Nov 03 11:01:14.696058 dv-neutron-master-2-hyperv devstack@n-api.service[104861]: INFO nova.api.openstack.requestlog [None req-e8eef4f6-3219-4ff1-8e9f-64b61f6bc319 admin admin] 10.222.0.47 "POST /compute/v2.1/flavors/4/os-extra_specs" status: 200 len: 43 microversion: 2.61 time: 0.033225
Nov 03 11:01:14.696923 dv-neutron-master-2-hyperv devstack@n-api.service[104861]: [pid: 104861|app: 0|req: 17/32] 10.222.0.47 () {64 vars in 1332 bytes} [Wed Nov 3 11:01:14 2021] POST /compute/v2.1/flavors/4/os-extra_specs => generated 43 bytes in 35 msecs (HTTP/1.1 200) 9 headers in 358 bytes (1 switches on core 0)
Nov 03 11:01:17.514106 dv-neutron-master-2-hyperv devstack@n-api.service[104860]: DEBUG nova.api.openstack.wsgi [None req-be1a7206-d7b2-468c-a4f4-807106445e41 admin admin] Calling method '>' {{(pid=104860) _process_stack /opt/stack/nova/nova/api/openstack/wsgi.py:513}}
Nov 03 11:01:17.515116 dv-neutron-master-2-hyperv devstack@n-api.service[104860]: INFO nova.api.openstack.requestlog [None req-be1a7206-d7b2-468c-a4f4-807106445e41 admin admin] 10.222.0.47 "GET /compute/v2.1" status: 200 len: 388 microversion: 2.1 time: 0.001485
Nov 03 11:01:17.515514 dv-neutron-master-2-hyperv devstack@n-api.service[104860]: [pid: 104860|app: 0|req: 16/33] 10.222.0.47 () {54 vars in 930 bytes} [Wed Nov 3 11:01:17 2021] GET /compute/v2.1 => generated 388 bytes in 2 msecs (HTTP/1.1 200) 9 headers in 357 bytes (1 switches on core 0)
Nov 03 11:01:17.583925 dv-neutron-master-2-hyperv devstack@n-api.service[104861]: DEBUG nova.api.openstack.wsgi [None req-915974a5-2c5a-47c8-86da-1bd4d1fa3f68 admin admin] Action: 'create', calling method: >, body: {"flavor": {"name": "m1.xlarge", "os-flavor-access:is_public": true, "OS-FLV-EXT-DATA:ephemeral": 0, "swap": 0, "vcpus": 8, "disk": 160, "id": "5", "ram": 16384, "rxtx_factor": 1.0}} {{(pid=104861) _process_stack /opt/stack/nova/nova/api/openstack/wsgi.py:511}}
Nov 03 11:01:17.608395 dv-neutron-master-2-hyperv devstack@n-api.service[104861]: INFO nova.api.openstack.requestlog [None req-915974a5-2c5a-47c8-86da-1bd4d1fa3f68 admin admin] 10.222.0.47 "POST /compute/v2.1/flavors" status: 200 len: 408 microversion: 2.61 time: 0.085838
Nov 03 11:01:17.609264 dv-neutron-master-2-hyperv devstack@n-api.service[104861]: [pid: 104861|app: 0|req: 18/34] 10.222.0.47 () {64 vars in 1282 bytes} [Wed Nov 3 11:01:17 2021] POST /compute/v2.1/flavors => generated 408 bytes in 88 msecs (HTTP/1.1 200) 9 headers in 359 bytes (1 switches on core 0)
Nov 03 11:01:17.624358 dv-neutron-master-2-hyperv devstack@n-api.service[104860]: DEBUG nova.api.openstack.wsgi [None req-e888934b-e24d-4d8e-83ee-1391cfa2672c admin admin] Action: 'create', calling method: >, body: {"extra_specs": {"hw_rng:allowed": "True"}} {{(pid=104860) _process_stack /opt/stack/nova/nova/api/openstack/wsgi.py:511}}
Nov 03 11:01:17.653997 dv-neutron-master-2-hyperv devstack@n-api.service[104860]: INFO nova.api.openstack.requestlog [None req-e888934b-e24d-4d8e-83ee-1391cfa2672c admin admin] 10.222.0.47 "POST /compute/v2.1/flavors/5/os-extra_specs" status: 200 len: 43 microversion: 2.61 time: 0.034108
Nov 03 11:01:17.654696 dv-neutron-master-2-hyperv devstack@n-api.service[104860]: [pid: 104860|app: 0|req: 17/35] 10.222.0.47 () {64 vars in 1332 bytes} [Wed Nov 3 11:01:17 2021] POST /compute/v2.1/flavors/5/os-extra_specs => generated 43 bytes in 36 msecs (HTTP/1.1 200) 9 headers in 358 bytes (1 switches on core 0)
Nov 03 11:02:02.575291 dv-neutron-master-2-hyperv devstack@n-api.service[104861]: DEBUG nova.api.openstack.wsgi [None req-915974a5-2c5a-47c8-86da-1bd4d1fa3f68 admin admin] Calling method '>' {{(pid=104861) _process_stack /opt/stack/nova/nova/api/openstack/wsgi.py:513}}
Nov 03 11:02:02.576329 dv-neutron-master-2-hyperv devstack@n-api.service[104861]: INFO nova.api.openstack.requestlog [None req-915974a5-2c5a-47c8-86da-1bd4d1fa3f68 admin admin] 10.222.0.47 "GET /compute/v2.1" status: 200 len: 388 microversion: 2.1 time: 0.001460
Nov 03 11:02:02.576724 dv-neutron-master-2-hyperv devstack@n-api.service[104861]: [pid: 104861|app: 0|req: 19/36] 10.222.0.47 () {54 vars in 930 bytes} [Wed Nov 3 11:02:02 2021] GET /compute/v2.1 => generated 388 bytes in 2 msecs (HTTP/1.1 200) 9 headers in 357 bytes (1 switches on core 0)
Nov 03 11:02:02.634547 dv-neutron-master-2-hyperv devstack@n-api.service[104860]: DEBUG nova.api.openstack.wsgi [None req-aec45d7b-1827-4cff-9d02-3499122e14e8 admin admin] Calling method '>' {{(pid=104860) _process_stack /opt/stack/nova/nova/api/openstack/wsgi.py:513}}
Nov 03 11:02:02.652253 dv-neutron-master-2-hyperv devstack@n-api.service[104860]: INFO nova.api.openstack.requestlog [None req-aec45d7b-1827-4cff-9d02-3499122e14e8 admin admin] 10.222.0.47 "GET /compute/v2.1/flavors/detail?is_public=True" status: 200 len: 4202 microversion: 2.61 time: 0.069139
Nov 03 11:02:02.652793 dv-neutron-master-2-hyperv devstack@n-api.service[104860]: [pid: 104860|app: 0|req: 18/37] 10.222.0.47 () {60 vars in 1291 bytes} [Wed Nov 3 11:02:02 2021] GET /compute/v2.1/flavors/detail?is_public=True => generated 4202 bytes in 70 msecs (HTTP/1.1 200) 9 headers in 360 bytes (1 switches on core 0)
Nov 03 11:02:04.276272 dv-neutron-master-2-hyperv devstack@n-api.service[104861]: DEBUG nova.api.openstack.wsgi [None req-915974a5-2c5a-47c8-86da-1bd4d1fa3f68 admin admin] Calling method '>' {{(pid=104861) _process_stack /opt/stack/nova/nova/api/openstack/wsgi.py:513}}
Nov 03 11:02:04.277267 dv-neutron-master-2-hyperv devstack@n-api.service[104861]: INFO nova.api.openstack.requestlog [None req-915974a5-2c5a-47c8-86da-1bd4d1fa3f68 admin admin] 10.222.0.47 "GET /compute/v2.1" status: 200 len: 388 microversion: 2.1 time: 0.001458
Nov 03 11:02:04.277660 dv-neutron-master-2-hyperv devstack@n-api.service[104861]: [pid: 104861|app: 0|req: 20/38] 10.222.0.47 () {56 vars in 1074 bytes} [Wed Nov 3 11:02:04 2021] GET /compute/v2.1 => generated 388 bytes in 2 msecs (HTTP/1.1 200) 9 headers in 357 bytes (1 switches on core 0)
Nov 03 11:02:04.493143 dv-neutron-master-2-hyperv devstack@n-api.service[104860]: DEBUG nova.api.openstack.wsgi [None req-170371c3-926d-47cb-a546-00bc0a5b60ba admin admin] Calling method '>' {{(pid=104860) _process_stack /opt/stack/nova/nova/api/openstack/wsgi.py:513}}
Nov 03 11:02:04.499306 dv-neutron-master-2-hyperv devstack@n-api.service[104860]: INFO nova.api.openstack.wsgi [None req-170371c3-926d-47cb-a546-00bc0a5b60ba admin admin] HTTP exception thrown: Flavor 42 could not be found.
Nov 03 11:02:04.499862 dv-neutron-master-2-hyperv devstack@n-api.service[104860]: DEBUG nova.api.openstack.wsgi [None req-170371c3-926d-47cb-a546-00bc0a5b60ba admin admin] Returning 404 to user: Flavor 42 could not be found. {{(pid=104860) __call__ /opt/stack/nova/nova/api/openstack/wsgi.py:936}}
Nov 03 11:02:04.500654 dv-neutron-master-2-hyperv devstack@n-api.service[104860]: INFO nova.api.openstack.requestlog [None req-170371c3-926d-47cb-a546-00bc0a5b60ba admin admin] 10.222.0.47 "GET /compute/v2.1/flavors/42" status: 404 len: 75 microversion: 2.90 time: 0.059797
Nov 03 11:02:04.501158 dv-neutron-master-2-hyperv devstack@n-api.service[104860]: [pid: 104860|app: 0|req: 19/39] 10.222.0.47 () {60 vars in 1190 bytes} [Wed Nov 3 11:02:04 2021] GET /compute/v2.1/flavors/42 => generated 75 bytes in 61 msecs (HTTP/1.1 404) 9 headers in 380 bytes (1 switches on core 0)
Nov 03 11:02:04.512719 dv-neutron-master-2-hyperv devstack@n-api.service[104861]: DEBUG nova.api.openstack.wsgi [None req-fb700f3b-feba-437d-a04c-5e5b69557413 admin admin] Calling method '>' {{(pid=104861) _process_stack /opt/stack/nova/nova/api/openstack/wsgi.py:513}}
Nov 03 11:02:04.535305 dv-neutron-master-2-hyperv devstack@n-api.service[104861]: INFO nova.api.openstack.requestlog [None req-fb700f3b-feba-437d-a04c-5e5b69557413 admin admin] 10.222.0.47 "GET /compute/v2.1/flavors?is_public=None" status: 200 len: 2056 microversion: 2.90 time: 0.026814
Nov 03 11:02:04.535853 dv-neutron-master-2-hyperv devstack@n-api.service[104861]: [pid: 104861|app: 0|req: 21/40] 10.222.0.47 () {60 vars in 1210 bytes} [Wed Nov 3 11:02:04 2021] GET /compute/v2.1/flavors?is_public=None => generated 2056 bytes in 28 msecs (HTTP/1.1 200) 9 headers in 360 bytes (1 switches on core 0)
Nov 03 11:02:04.547494 dv-neutron-master-2-hyperv devstack@n-api.service[104860]: DEBUG nova.api.openstack.wsgi [None req-0d0f5e40-85b2-4324-8f09-24f8eab5c078 admin admin] Calling method '>' {{(pid=104860) _process_stack /opt/stack/nova/nova/api/openstack/wsgi.py:513}}
Nov 03 11:02:04.572714 dv-neutron-master-2-hyperv devstack@n-api.service[104860]: INFO nova.api.openstack.requestlog [None req-0d0f5e40-85b2-4324-8f09-24f8eab5c078 admin admin] 10.222.0.47 "GET /compute/v2.1/flavors?is_public=None" status: 200 len: 2056 microversion: 2.90 time: 0.028621
Nov 03 11:02:04.573260 dv-neutron-master-2-hyperv devstack@n-api.service[104860]: [pid: 104860|app: 0|req: 20/41] 10.222.0.47 () {60 vars in 1210 bytes} [Wed Nov 3 11:02:04 2021] GET /compute/v2.1/flavors?is_public=None => generated 2056 bytes in 30 msecs (HTTP/1.1 200) 9 headers in 360 bytes (1 switches on core 0)
Nov 03 11:02:04.583798 dv-neutron-master-2-hyperv devstack@n-api.service[104861]: DEBUG nova.api.openstack.wsgi [None req-ee52a408-97e2-441f-b2f4-f9e80c4d8a29 admin admin] Calling method '>' {{(pid=104861) _process_stack /opt/stack/nova/nova/api/openstack/wsgi.py:513}}
Nov 03 11:02:04.589818 dv-neutron-master-2-hyperv devstack@n-api.service[104861]: INFO nova.api.openstack.wsgi [None req-ee52a408-97e2-441f-b2f4-f9e80c4d8a29 admin admin] HTTP exception thrown: Flavor 42 could not be found.
Nov 03 11:02:04.590413 dv-neutron-master-2-hyperv devstack@n-api.service[104861]: DEBUG nova.api.openstack.wsgi [None req-ee52a408-97e2-441f-b2f4-f9e80c4d8a29 admin admin] Returning 404 to user: Flavor 42 could not be found. {{(pid=104861) __call__ /opt/stack/nova/nova/api/openstack/wsgi.py:936}}
Nov 03 11:02:04.591202 dv-neutron-master-2-hyperv devstack@n-api.service[104861]: INFO nova.api.openstack.requestlog [None req-ee52a408-97e2-441f-b2f4-f9e80c4d8a29 admin admin] 10.222.0.47 "GET /compute/v2.1/flavors/42" status: 404 len: 75 microversion: 2.90 time: 0.010976
Nov 03 11:02:04.591710 dv-neutron-master-2-hyperv devstack@n-api.service[104861]: [pid: 104861|app: 0|req: 22/42] 10.222.0.47 () {60 vars in 1190 bytes} [Wed Nov 3 11:02:04 2021] GET /compute/v2.1/flavors/42 => generated 75 bytes in 12 msecs (HTTP/1.1 404) 9 headers in 380 bytes (2 switches on core 0)
Nov 03 11:02:06.054193 dv-neutron-master-2-hyperv devstack@n-api.service[104860]: DEBUG nova.api.openstack.wsgi [None req-0d0f5e40-85b2-4324-8f09-24f8eab5c078 admin admin] Calling method '>' {{(pid=104860) _process_stack /opt/stack/nova/nova/api/openstack/wsgi.py:513}}
Nov 03 11:02:06.055284 dv-neutron-master-2-hyperv devstack@n-api.service[104860]: INFO nova.api.openstack.requestlog [None req-0d0f5e40-85b2-4324-8f09-24f8eab5c078 admin admin] 10.222.0.47 "GET /compute/v2.1" status: 200 len: 388 microversion: 2.1 time: 0.001574
Nov 03 11:02:06.055787 dv-neutron-master-2-hyperv devstack@n-api.service[104860]: [pid: 104860|app: 0|req: 21/43] 10.222.0.47 () {56 vars in 1074 bytes} [Wed Nov 3 11:02:06 2021] GET /compute/v2.1 => generated 388 bytes in 3 msecs (HTTP/1.1 200) 9 headers in 357 bytes (1 switches on core 0)
Nov 03 11:02:06.262745 dv-neutron-master-2-hyperv devstack@n-api.service[104861]: DEBUG nova.api.openstack.wsgi [None req-47386f81-4cf5-4454-b7bb-83b8e34891ae admin admin] Calling method '>' {{(pid=104861) _process_stack /opt/stack/nova/nova/api/openstack/wsgi.py:513}}
