Jun 10 17:50:06.269569 dv-cinder-xena-3-iscsi neutron-server[114530]: DEBUG neutron.plugins.ml2.rpc [None req-8a7cbaf6-c97a-421b-8275-63e2dfecf5fe None None] Device e4df2076-70f0-46df-9832-d41fca74929a up at agent ovs-agent-dv-cinder-xena-3-iscsi {{(pid=114530) update_device_up /opt/stack/neutron/neutron/plugins/ml2/rpc.py:296}}
Jun 10 17:50:06.278720 dv-cinder-xena-3-iscsi neutron-server[114528]: DEBUG neutron_lib.callbacks.manager [None req-82486b0e-0588-479c-a24a-9e6e043a61fe admin admin] Notify callbacks ['neutron.plugins.ml2.plugin.SecurityGroupServerNotifierRpcMixin._notify_sg_on_port_change-3886917', 'neutron.plugins.ml2.ovo_rpc._ObjectChangeHandler.handle_event-405923', 'neutron.api.rpc.agentnotifiers.dhcp_rpc_agent_api.DhcpAgentNotifyAPI._native_event_send_dhcp_notification-734050', 'neutron.db.l3_dvrscheduler_db._notify_l3_agent_new_port-8764020614705', 'neutron.services.segments.plugin.NovaSegmentNotifier._notify_port_created_or_deleted-262940005'] for port, after_create {{(pid=114528) _notify_loop /usr/local/lib/python3.8/dist-packages/neutron_lib/callbacks/manager.py:192}}
Jun 10 17:50:06.316160 dv-cinder-xena-3-iscsi neutron-server[114528]: DEBUG neutron.scheduler.dhcp_agent_scheduler [None req-82486b0e-0588-479c-a24a-9e6e043a61fe admin admin] Network 8c026026-8e05-41b4-990c-0815c0c24f4f is already hosted by enough agents. {{(pid=114528) _get_dhcp_agents_hosting_network /opt/stack/neutron/neutron/scheduler/dhcp_agent_scheduler.py:275}}
Jun 10 17:50:06.321051 dv-cinder-xena-3-iscsi neutron-server[114530]: DEBUG neutron.db.provisioning_blocks [None req-8a7cbaf6-c97a-421b-8275-63e2dfecf5fe None None] Provisioning complete for port e4df2076-70f0-46df-9832-d41fca74929a triggered by entity L2. {{(pid=114530) provisioning_complete /opt/stack/neutron/neutron/db/provisioning_blocks.py:139}}
Jun 10 17:50:06.321424 dv-cinder-xena-3-iscsi neutron-server[114530]: DEBUG neutron_lib.callbacks.manager [None req-8a7cbaf6-c97a-421b-8275-63e2dfecf5fe None None] Notify callbacks ['neutron.plugins.ml2.plugin.Ml2Plugin._port_provisioned-4051966'] for port, provisioning_complete {{(pid=114530) _notify_loop /usr/local/lib/python3.8/dist-packages/neutron_lib/callbacks/manager.py:192}}
Jun 10 17:50:06.322799 dv-cinder-xena-3-iscsi neutron-server[114528]: DEBUG neutron.scheduler.base_scheduler [None req-82486b0e-0588-479c-a24a-9e6e043a61fe admin admin] Resources bound (agent type, host, resource id): {{(pid=114528) schedule /opt/stack/neutron/neutron/scheduler/base_scheduler.py:57}}
Jun 10 17:50:06.327052 dv-cinder-xena-3-iscsi neutron-server[114528]: DEBUG neutron.db.l3_dvrscheduler_db [None req-82486b0e-0588-479c-a24a-9e6e043a61fe admin admin] Received port after_create {{(pid=114528) _notify_l3_agent_new_port /opt/stack/neutron/neutron/db/l3_dvrscheduler_db.py:536}}
Jun 10 17:50:06.377256 dv-cinder-xena-3-iscsi neutron-server[114528]: DEBUG neutron.api.rpc.handlers.resources_rpc [None req-82486b0e-0588-479c-a24a-9e6e043a61fe admin admin] Pushing event updated for resources: {'Port': ['ID=5482ff96-11fd-44bd-b031-b7336ecb4ba1,revision_number=1']} {{(pid=114528) push /opt/stack/neutron/neutron/api/rpc/handlers/resources_rpc.py:237}}
Jun 10 17:50:06.416378 dv-cinder-xena-3-iscsi neutron-server[114530]: DEBUG neutron.plugins.ml2.plugin [None req-8a7cbaf6-c97a-421b-8275-63e2dfecf5fe None None] Current status of the port e4df2076-70f0-46df-9832-d41fca74929a is: DOWN; New status is: ACTIVE {{(pid=114530) _update_individual_port_db_status /opt/stack/neutron/neutron/plugins/ml2/plugin.py:2238}}
Jun 10 17:50:06.416926 dv-cinder-xena-3-iscsi neutron-server[114530]: DEBUG neutron_lib.callbacks.manager [None req-8a7cbaf6-c97a-421b-8275-63e2dfecf5fe None None] Notify callbacks ['neutron.plugins.ml2.plugin.SecurityGroupDbMixin._ensure_default_security_group_handler-3886854'] for port, before_update {{(pid=114530) _notify_loop /usr/local/lib/python3.8/dist-packages/neutron_lib/callbacks/manager.py:192}}
Jun 10 17:50:06.452729 dv-cinder-xena-3-iscsi neutron-server[114529]: DEBUG neutron.pecan_wsgi.hooks.policy_enforcement [req-bd4d075a-e0e0-4bf2-ae34-e223d108ae62 req-c8ff5a49-4f06-4543-9dc0-def15fbf4715 tempest-ServerRescueNegativeTestJSON-428642651 tempest-ServerRescueNegativeTestJSON-428642651-project] Attributes excluded by policy engine: ['standard_attr_id', 'binding:profile', 'binding:host_id', 'binding:vif_type', 'binding:vif_details'] {{(pid=114529) _exclude_attributes_by_policy /opt/stack/neutron/neutron/pecan_wsgi/hooks/policy_enforcement.py:259}}
Jun 10 17:50:06.454438 dv-cinder-xena-3-iscsi neutron-server[114529]: INFO neutron.wsgi [req-bd4d075a-e0e0-4bf2-ae34-e223d108ae62 req-c8ff5a49-4f06-4543-9dc0-def15fbf4715 tempest-ServerRescueNegativeTestJSON-428642651 tempest-ServerRescueNegativeTestJSON-428642651-project] 10.222.0.16 "GET /v2.0/ports?device_id=2451b0e9-a4e2-4bfd-89a4-f2397dbe41df HTTP/1.1" status: 200 len: 945 time: 0.0589256
Jun 10 17:50:06.472013 dv-cinder-xena-3-iscsi neutron-server[114530]: DEBUG neutron.plugins.ml2.db [None req-8a7cbaf6-c97a-421b-8275-63e2dfecf5fe None None] For port e4df2076-70f0-46df-9832-d41fca74929a, host dv-cinder-xena-3-iscsi, got binding levels [PortBindingLevel(driver='openvswitch',host='dv-cinder-xena-3-iscsi',level=0,port_id=e4df2076-70f0-46df-9832-d41fca74929a,segment=NetworkSegment(d8d5c4f9-464f-45ae-828b-d5468569bc5a),segment_id=d8d5c4f9-464f-45ae-828b-d5468569bc5a)] {{(pid=114530) get_binding_level_objs /opt/stack/neutron/neutron/plugins/ml2/db.py:74}}
Jun 10 17:50:06.508303 dv-cinder-xena-3-iscsi neutron-server[114529]: INFO neutron.wsgi [req-bd4d075a-e0e0-4bf2-ae34-e223d108ae62 req-0a8f3807-f31f-41df-8ea5-415ce6b2a471 tempest-ServerRescueNegativeTestJSON-428642651 tempest-ServerRescueNegativeTestJSON-428642651-project] 10.222.0.16 "GET /v2.0/security-groups?id=994f7a5e-acf3-4049-b572-56c6e2bac45b&fields=id&fields=name HTTP/1.1" status: 200 len: 286 time: 0.0457883
Jun 10 17:50:06.552465 dv-cinder-xena-3-iscsi neutron-server[114530]: DEBUG neutron_lib.callbacks.manager [None req-8a7cbaf6-c97a-421b-8275-63e2dfecf5fe None None] Notify callbacks ['neutron.plugins.ml2.plugin.SecurityGroupServerNotifierRpcMixin._notify_sg_on_port_change-3886917', 'neutron.plugins.ml2.ovo_rpc._ObjectChangeHandler.handle_event-405923', 'neutron.api.rpc.agentnotifiers.dhcp_rpc_agent_api.DhcpAgentNotifyAPI._native_event_send_dhcp_notification-734050', 'neutron.db.l3_db.L3RpcNotifierMixin._notify_gateway_port_ip_changed-8764021169183', 'neutron.db.l3_dvrscheduler_db._notify_l3_agent_port_update-8764020614678', 'neutron.db.l3_hascheduler_db._notify_l3_agent_ha_port_update-8764020589240'] for port, after_update {{(pid=114530) _notify_loop /usr/local/lib/python3.8/dist-packages/neutron_lib/callbacks/manager.py:192}}
Jun 10 17:50:06.556632 dv-cinder-xena-3-iscsi neutron-server[114528]: DEBUG neutron.wsgi [-] (114528) accepted ('10.222.0.16', 44112) {{(pid=114528) server /usr/local/lib/python3.8/dist-packages/eventlet/wsgi.py:982}}
Jun 10 17:50:06.570773 dv-cinder-xena-3-iscsi neutron-server[114528]: DEBUG neutron_lib.callbacks.manager [None req-8f3bb515-d17d-48e7-837a-6f316206c16e admin admin] Notify callbacks [] for security_group, before_create {{(pid=114528) _notify_loop /usr/local/lib/python3.8/dist-packages/neutron_lib/callbacks/manager.py:192}}
Jun 10 17:50:06.604831 dv-cinder-xena-3-iscsi neutron-server[114530]: DEBUG neutron.api.rpc.handlers.resources_rpc [None req-8a7cbaf6-c97a-421b-8275-63e2dfecf5fe None None] Pushing event updated for resources: {'Port': ['ID=e4df2076-70f0-46df-9832-d41fca74929a,revision_number=3']} {{(pid=114530) push /opt/stack/neutron/neutron/api/rpc/handlers/resources_rpc.py:237}}
Jun 10 17:50:06.681304 dv-cinder-xena-3-iscsi neutron-server[114528]: DEBUG neutron_lib.callbacks.manager [None req-8f3bb515-d17d-48e7-837a-6f316206c16e admin admin] Notify callbacks [] for security_group, precommit_create {{(pid=114528) _notify_loop /usr/local/lib/python3.8/dist-packages/neutron_lib/callbacks/manager.py:192}}
Jun 10 17:50:06.743015 dv-cinder-xena-3-iscsi neutron-server[114528]: DEBUG neutron_lib.callbacks.manager [None req-8f3bb515-d17d-48e7-837a-6f316206c16e admin admin] Notify callbacks ['neutron.plugins.ml2.ovo_rpc._ObjectChangeHandler.handle_event-753491'] for security_group, after_create {{(pid=114528) _notify_loop /usr/local/lib/python3.8/dist-packages/neutron_lib/callbacks/manager.py:192}}
Jun 10 17:50:06.754932 dv-cinder-xena-3-iscsi neutron-server[114528]: DEBUG neutron_lib.callbacks.manager [None req-82486b0e-0588-479c-a24a-9e6e043a61fe admin admin] Notify callbacks [] for router_gateway, after_create {{(pid=114528) _notify_loop /usr/local/lib/python3.8/dist-packages/neutron_lib/callbacks/manager.py:192}}
Jun 10 17:50:06.809154 dv-cinder-xena-3-iscsi neutron-server[114530]: DEBUG neutron.plugins.ml2.rpc [None req-b080396a-6462-4592-91fa-bebc8820f55b None None] Device d0a7daab-fe71-46f4-8372-7e23b215b068 details requested by agent hyperv_hv-cinder-xena0 with host hv-cinder-xena0 {{(pid=114530) get_device_details /opt/stack/neutron/neutron/plugins/ml2/rpc.py:102}}
Jun 10 17:50:06.831175 dv-cinder-xena-3-iscsi neutron-server[114528]: INFO neutron.wsgi [None req-8f3bb515-d17d-48e7-837a-6f316206c16e admin admin] 10.222.0.16 "GET /v2.0/security-groups?tenant_id=6cb2230c67d5491982215b877843eefb&name=default HTTP/1.1" status: 200 len: 2979 time: 0.2708383
Jun 10 17:50:06.831175 dv-cinder-xena-3-iscsi neutron-server[114528]: DEBUG neutron.api.rpc.handlers.resources_rpc [None req-8f3bb515-d17d-48e7-837a-6f316206c16e admin admin] Pushing event updated for resources: {'SecurityGroup': ['ID=7b43abe0-4c9d-4103-b505-6c9a95dd9a2b,revision_number=1']} {{(pid=114528) push /opt/stack/neutron/neutron/api/rpc/handlers/resources_rpc.py:237}}
Jun 10 17:50:06.831785 dv-cinder-xena-3-iscsi neutron-server[114529]: DEBUG neutron.wsgi [-] (114529) accepted ('10.222.0.16', 44116) {{(pid=114529) server /usr/local/lib/python3.8/dist-packages/eventlet/wsgi.py:982}}
Jun 10 17:50:06.936532 dv-cinder-xena-3-iscsi neutron-server[114529]: DEBUG neutron_lib.callbacks.manager [None req-d68f00ae-5a8f-4638-8bd5-10be382f125e admin admin] Notify callbacks [] for security_group, before_delete {{(pid=114529) _notify_loop /usr/local/lib/python3.8/dist-packages/neutron_lib/callbacks/manager.py:192}}
Jun 10 17:50:06.976680 dv-cinder-xena-3-iscsi neutron-server[114530]: DEBUG neutron.plugins.ml2.db [None req-b080396a-6462-4592-91fa-bebc8820f55b None None] For port d0a7daab-fe71-46f4-8372-7e23b215b068, host hv-cinder-xena0, got binding levels [PortBindingLevel(driver='hyperv',host='hv-cinder-xena0',level=0,port_id=d0a7daab-fe71-46f4-8372-7e23b215b068,segment=NetworkSegment(20987e17-5fc8-4cdc-a2e3-1b2db4f4e47a),segment_id=20987e17-5fc8-4cdc-a2e3-1b2db4f4e47a)] {{(pid=114530) get_binding_level_objs /opt/stack/neutron/neutron/plugins/ml2/db.py:74}}
Jun 10 17:50:06.988929 dv-cinder-xena-3-iscsi neutron-server[114529]: DEBUG neutron_lib.callbacks.manager [None req-d68f00ae-5a8f-4638-8bd5-10be382f125e admin admin] Notify callbacks [] for security_group, precommit_delete {{(pid=114529) _notify_loop /usr/local/lib/python3.8/dist-packages/neutron_lib/callbacks/manager.py:192}}
Jun 10 17:50:07.003271 dv-cinder-xena-3-iscsi neutron-server[114530]: DEBUG neutron.plugins.ml2.rpc [None req-b080396a-6462-4592-91fa-bebc8820f55b None None] Returning: {'device': 'd0a7daab-fe71-46f4-8372-7e23b215b068', 'network_id': '272ad309-eaf3-4f81-8366-f3ca4e7cfed0', 'port_id': 'd0a7daab-fe71-46f4-8372-7e23b215b068', 'mac_address': 'fa:16:3e:68:19:c4', 'admin_state_up': True, 'network_type': 'vlan', 'segmentation_id': 444, 'physical_network': 'physnet1', 'mtu': 1500, 'fixed_ips': [{'subnet_id': '88a38658-7809-4abe-b052-dc4be9423e4c', 'ip_address': '172.20.0.8'}], 'device_owner': 'compute:nova', 'allowed_address_pairs': [], 'port_security_enabled': True, 'qos_policy_id': None, 'network_qos_policy_id': None, 'profile': {}, 'propagate_uplink_status': False} {{(pid=114530) _get_device_details /opt/stack/neutron/neutron/plugins/ml2/rpc.py:184}}
Jun 10 17:50:07.070408 dv-cinder-xena-3-iscsi neutron-server[114530]: DEBUG neutron.plugins.ml2.plugin [None req-b080396a-6462-4592-91fa-bebc8820f55b None None] Current status of the port d0a7daab-fe71-46f4-8372-7e23b215b068 is: DOWN; New status is: BUILD {{(pid=114530) _update_individual_port_db_status /opt/stack/neutron/neutron/plugins/ml2/plugin.py:2238}}
Jun 10 17:50:07.070408 dv-cinder-xena-3-iscsi neutron-server[114530]: DEBUG neutron_lib.callbacks.manager [None req-b080396a-6462-4592-91fa-bebc8820f55b None None] Notify callbacks ['neutron.plugins.ml2.plugin.SecurityGroupDbMixin._ensure_default_security_group_handler-3886854'] for port, before_update {{(pid=114530) _notify_loop /usr/local/lib/python3.8/dist-packages/neutron_lib/callbacks/manager.py:192}}
Jun 10 17:50:07.070661 dv-cinder-xena-3-iscsi neutron-server[114528]: DEBUG neutron_lib.callbacks.manager [None req-82486b0e-0588-479c-a24a-9e6e043a61fe admin admin] Notify callbacks ['neutron.services.l3_router.l3_router_plugin.L3_HA_NAT_db_mixin._after_router_create-533584', 'neutron.services.l3_router.l3_router_plugin.DVRResourceOperationHandler._create_snat_interfaces_after_change-754000'] for router, after_create {{(pid=114528) _notify_loop /usr/local/lib/python3.8/dist-packages/neutron_lib/callbacks/manager.py:192}}
Jun 10 17:50:07.078226 dv-cinder-xena-3-iscsi neutron-server[114530]: DEBUG neutron.notifiers.nova [None req-b080396a-6462-4592-91fa-bebc8820f55b None None] Ignoring state change previous_port_status: DOWN current_port_status: BUILD port_id d0a7daab-fe71-46f4-8372-7e23b215b068 {{(pid=114530) record_port_status_changed /opt/stack/neutron/neutron/notifiers/nova.py:233}}
Jun 10 17:50:07.100993 dv-cinder-xena-3-iscsi neutron-server[114530]: DEBUG neutron.plugins.ml2.db [None req-b080396a-6462-4592-91fa-bebc8820f55b None None] For port d0a7daab-fe71-46f4-8372-7e23b215b068, host hv-cinder-xena0, got binding levels [PortBindingLevel(driver='hyperv',host='hv-cinder-xena0',level=0,port_id=d0a7daab-fe71-46f4-8372-7e23b215b068,segment=NetworkSegment(20987e17-5fc8-4cdc-a2e3-1b2db4f4e47a),segment_id=20987e17-5fc8-4cdc-a2e3-1b2db4f4e47a)] {{(pid=114530) get_binding_level_objs /opt/stack/neutron/neutron/plugins/ml2/db.py:74}}
Jun 10 17:50:07.121690 dv-cinder-xena-3-iscsi neutron-server[114530]: DEBUG neutron.api.rpc.handlers.dhcp_rpc [None req-788189ce-6839-461e-ad6c-2d3e10bada63 None None] Network 1f32841e-c7bf-4753-a1a7-c09b804b3a5f requested from dv-cinder-xena-3-iscsi {{(pid=114530) get_network_info /opt/stack/neutron/neutron/api/rpc/handlers/dhcp_rpc.py:218}}
Jun 10 17:50:07.147045 dv-cinder-xena-3-iscsi neutron-server[114529]: DEBUG neutron_lib.callbacks.manager [None req-d68f00ae-5a8f-4638-8bd5-10be382f125e admin admin] Notify callbacks ['neutron.plugins.ml2.ovo_rpc._ObjectChangeHandler.handle_event-753491'] for security_group, after_delete {{(pid=114529) _notify_loop /usr/local/lib/python3.8/dist-packages/neutron_lib/callbacks/manager.py:192}}
Jun 10 17:50:07.150090 dv-cinder-xena-3-iscsi neutron-server[114529]: DEBUG neutron_lib.callbacks.manager [None req-d68f00ae-5a8f-4638-8bd5-10be382f125e admin admin] Notify callbacks [] for security_group, before_response {{(pid=114529) _notify_loop /usr/local/lib/python3.8/dist-packages/neutron_lib/callbacks/manager.py:192}}
Jun 10 17:50:07.151904 dv-cinder-xena-3-iscsi neutron-server[114529]: INFO neutron.wsgi [None req-d68f00ae-5a8f-4638-8bd5-10be382f125e admin admin] 10.222.0.16 "DELETE /v2.0/security-groups/7b43abe0-4c9d-4103-b505-6c9a95dd9a2b HTTP/1.1" status: 204 len: 168 time: 0.3190036
Jun 10 17:50:07.180109 dv-cinder-xena-3-iscsi neutron-server[114529]: DEBUG neutron.api.rpc.handlers.resources_rpc [None req-d68f00ae-5a8f-4638-8bd5-10be382f125e admin admin] Pushing event deleted for resources: {'SecurityGroup': ['ID=7b43abe0-4c9d-4103-b505-6c9a95dd9a2b,revision_number=None']} {{(pid=114529) push /opt/stack/neutron/neutron/api/rpc/handlers/resources_rpc.py:237}}
Jun 10 17:50:07.227974 dv-cinder-xena-3-iscsi neutron-server[114530]: DEBUG neutron_lib.callbacks.manager [None req-b080396a-6462-4592-91fa-bebc8820f55b None None] Notify callbacks ['neutron.plugins.ml2.plugin.SecurityGroupServerNotifierRpcMixin._notify_sg_on_port_change-3886917', 'neutron.plugins.ml2.ovo_rpc._ObjectChangeHandler.handle_event-405923', 'neutron.api.rpc.agentnotifiers.dhcp_rpc_agent_api.DhcpAgentNotifyAPI._native_event_send_dhcp_notification-734050', 'neutron.db.l3_db.L3RpcNotifierMixin._notify_gateway_port_ip_changed-8764021169183', 'neutron.db.l3_dvrscheduler_db._notify_l3_agent_port_update-8764020614678', 'neutron.db.l3_hascheduler_db._notify_l3_agent_ha_port_update-8764020589240'] for port, after_update {{(pid=114530) _notify_loop /usr/local/lib/python3.8/dist-packages/neutron_lib/callbacks/manager.py:192}}
Jun 10 17:50:07.238733 dv-cinder-xena-3-iscsi neutron-server[114529]: DEBUG neutron.pecan_wsgi.hooks.policy_enforcement [req-f2457410-2004-4440-a315-c6e2f98e3814 req-e3cad118-dfd9-4181-bb97-f82e35c8aea9 tempest-AttachVolumeShelveTestJSON-1007356911 tempest-AttachVolumeShelveTestJSON-1007356911-project] Attributes excluded by policy engine: ['standard_attr_id', 'binding:profile', 'binding:host_id', 'binding:vif_type', 'binding:vif_details'] {{(pid=114529) _exclude_attributes_by_policy /opt/stack/neutron/neutron/pecan_wsgi/hooks/policy_enforcement.py:259}}
Jun 10 17:50:07.244921 dv-cinder-xena-3-iscsi neutron-server[114529]: INFO neutron.wsgi [req-f2457410-2004-4440-a315-c6e2f98e3814 req-e3cad118-dfd9-4181-bb97-f82e35c8aea9 tempest-AttachVolumeShelveTestJSON-1007356911 tempest-AttachVolumeShelveTestJSON-1007356911-project] 10.222.0.16 "GET /v2.0/ports?device_id=088ca270-b9ad-48f8-8928-ef0c99c2bcfe HTTP/1.1" status: 200 len: 943 time: 0.0626972
Jun 10 17:50:07.281569 dv-cinder-xena-3-iscsi neutron-server[114529]: INFO neutron.wsgi [req-f2457410-2004-4440-a315-c6e2f98e3814 req-5f974a43-6219-45e3-bc8d-6254db60a578 tempest-AttachVolumeShelveTestJSON-1007356911 tempest-AttachVolumeShelveTestJSON-1007356911-project] 10.222.0.16 "GET /v2.0/security-groups?id=b5f495f1-1820-40fd-990d-a98c8e4946e8&fields=id&fields=name HTTP/1.1" status: 200 len: 312 time: 0.0340955
Jun 10 17:50:07.290129 dv-cinder-xena-3-iscsi neutron-server[114528]: DEBUG neutron.scheduler.l3_agent_scheduler [None req-82486b0e-0588-479c-a24a-9e6e043a61fe admin admin] Router b0eb8814-d9be-4fbc-a2de-9e1cf7aa6e17 is scheduled to L3 agent e04d2863-a40a-41db-9b2a-39042df37909 with binding_index 1 {{(pid=114528) bind_router /opt/stack/neutron/neutron/scheduler/l3_agent_scheduler.py:209}}
Jun 10 17:50:07.337489 dv-cinder-xena-3-iscsi neutron-server[114530]: DEBUG neutron.db.provisioning_blocks [None req-24cd8daa-9f94-42e0-a5ea-a7f123880034 None None] Provisioning complete for port e4df2076-70f0-46df-9832-d41fca74929a triggered by entity DHCP. {{(pid=114530) provisioning_complete /opt/stack/neutron/neutron/db/provisioning_blocks.py:139}}
Jun 10 17:50:07.337863 dv-cinder-xena-3-iscsi neutron-server[114530]: DEBUG neutron_lib.callbacks.manager [None req-24cd8daa-9f94-42e0-a5ea-a7f123880034 None None] Notify callbacks ['neutron.plugins.ml2.plugin.Ml2Plugin._port_provisioned-4051966'] for port, provisioning_complete {{(pid=114530) _notify_loop /usr/local/lib/python3.8/dist-packages/neutron_lib/callbacks/manager.py:192}}
Jun 10 17:50:07.388614 dv-cinder-xena-3-iscsi neutron-server[114530]: DEBUG neutron.api.rpc.handlers.resources_rpc [None req-b080396a-6462-4592-91fa-bebc8820f55b None None] Pushing event updated for resources: {'Port': ['ID=d0a7daab-fe71-46f4-8372-7e23b215b068,revision_number=4']} {{(pid=114530) push /opt/stack/neutron/neutron/api/rpc/handlers/resources_rpc.py:237}}
Jun 10 17:50:07.431119 dv-cinder-xena-3-iscsi neutron-server[114528]: DEBUG neutron.api.rpc.agentnotifiers.l3_rpc_agent_api [None req-82486b0e-0588-479c-a24a-9e6e043a61fe admin admin] Notify agent at l3_agent.dv-cinder-xena-3-iscsi the message routers_updated {{(pid=114528) _agent_notification /opt/stack/neutron/neutron/api/rpc/agentnotifiers/l3_rpc_agent_api.py:65}}
Jun 10 17:50:07.445353 dv-cinder-xena-3-iscsi neutron-server[114531]: DEBUG neutron.api.rpc.handlers.l3_rpc [None req-1f65f718-b537-4081-9080-996952614a98 None None] Sync routers for ids ['b0eb8814-d9be-4fbc-a2de-9e1cf7aa6e17'] in dv-cinder-xena-3-iscsi {{(pid=114531) sync_routers /opt/stack/neutron/neutron/api/rpc/handlers/l3_rpc.py:125}}
Jun 10 17:50:07.455623 dv-cinder-xena-3-iscsi neutron-server[114531]: DEBUG neutron.db.l3_dvrscheduler_db [None req-1f65f718-b537-4081-9080-996952614a98 None None] Routers {'b0eb8814-d9be-4fbc-a2de-9e1cf7aa6e17'} bound to L3 agent in host dv-cinder-xena-3-iscsi {{(pid=114531) _get_router_ids_for_agent /opt/stack/neutron/neutron/db/l3_dvrscheduler_db.py:421}}
Jun 10 17:50:07.456236 dv-cinder-xena-3-iscsi neutron-server[114531]: DEBUG neutron.db.l3_hamode_db [None req-1f65f718-b537-4081-9080-996952614a98 None None] neutron.services.l3_router.l3_router_plugin.L3RouterPlugin method get_ha_sync_data_for_host called with arguments (, 'dv-cinder-xena-3-iscsi', Agent(admin_state_up=True,agent_type='L3 agent',availability_zone='nova',binary='neutron-l3-agent',configurations={"agent_mode": "legacy", "ex_gw_ports": 3, "extensions": [], "floating_ips": 1, "handle_internal_only_routers": true, "interface_driver": "openvswitch", "interfaces": 3, "log_agent_heartbeats": false, "routers": 3},created_at=2022-06-10T17:40:11Z,description=,heartbeat_timestamp=2022-06-10T17:49:41Z,host='dv-cinder-xena-3-iscsi',id=e04d2863-a40a-41db-9b2a-39042df37909,load=0,resource_versions=,resources_synced=,started_at=2022-06-10T17:40:11Z,topic='l3_agent')) {'router_ids': ['b0eb8814-d9be-4fbc-a2de-9e1cf7aa6e17'], 'active': True} {{(pid=114531) wrapper /usr/local/lib/python3.8/dist-packages/oslo_log/helpers.py:65}}
Jun 10 17:50:07.495821 dv-cinder-xena-3-iscsi neutron-server[114530]: DEBUG neutron.plugins.ml2.plugin [None req-24cd8daa-9f94-42e0-a5ea-a7f123880034 None None] Current status of the port e4df2076-70f0-46df-9832-d41fca74929a is: ACTIVE; New status is: ACTIVE {{(pid=114530) _update_individual_port_db_status /opt/stack/neutron/neutron/plugins/ml2/plugin.py:2238}}
Jun 10 17:50:07.536294 dv-cinder-xena-3-iscsi neutron-server[114528]: DEBUG neutron_lib.callbacks.manager [None req-82486b0e-0588-479c-a24a-9e6e043a61fe admin admin] Notify callbacks [] for router, before_response {{(pid=114528) _notify_loop /usr/local/lib/python3.8/dist-packages/neutron_lib/callbacks/manager.py:192}}
Jun 10 17:50:07.539205 dv-cinder-xena-3-iscsi neutron-server[114528]: INFO neutron.wsgi [None req-82486b0e-0588-479c-a24a-9e6e043a61fe admin admin] 10.222.0.16 "POST /v2.0/routers HTTP/1.1" status: 201 len: 927 time: 2.5327244
Jun 10 17:50:07.540338 dv-cinder-xena-3-iscsi neutron-server[114528]: DEBUG neutron.wsgi [-] (114528) accepted ('10.222.0.16', 44128) {{(pid=114528) server /usr/local/lib/python3.8/dist-packages/eventlet/wsgi.py:982}}
Jun 10 17:50:07.573901 dv-cinder-xena-3-iscsi neutron-server[114531]: DEBUG neutron.db.l3_dvr_db [None req-1f65f718-b537-4081-9080-996952614a98 None None] Set router b0eb8814-d9be-4fbc-a2de-9e1cf7aa6e17 gateway port host: dv-cinder-xena-3-iscsi {{(pid=114531) _build_routers_list /opt/stack/neutron/neutron/db/l3_dvr_db.py:906}}
Jun 10 17:50:07.599722 dv-cinder-xena-3-iscsi neutron-server[114530]: DEBUG neutron.plugins.ml2.db [None req-b080396a-6462-4592-91fa-bebc8820f55b None None] get_ports_and_sgs() called for port_ids ['d0a7daab-fe71-46f4-8372-7e23b215b068'] {{(pid=114530) get_ports_and_sgs /opt/stack/neutron/neutron/plugins/ml2/db.py:156}}
Jun 10 17:50:07.690118 dv-cinder-xena-3-iscsi neutron-server[114529]: DEBUG neutron.pecan_wsgi.hooks.policy_enforcement [req-9f750ce6-3037-4c71-b646-70dd58bf7600 req-3e488816-d92a-4e5e-a1d7-821da06965b0 tempest-ServerRescueNegativeTestJSON-428642651 tempest-ServerRescueNegativeTestJSON-428642651-project] Attributes excluded by policy engine: ['standard_attr_id', 'binding:profile', 'binding:host_id', 'binding:vif_type', 'binding:vif_details'] {{(pid=114529) _exclude_attributes_by_policy /opt/stack/neutron/neutron/pecan_wsgi/hooks/policy_enforcement.py:259}}
Jun 10 17:50:07.699097 dv-cinder-xena-3-iscsi neutron-server[114529]: INFO neutron.wsgi [req-9f750ce6-3037-4c71-b646-70dd58bf7600 req-3e488816-d92a-4e5e-a1d7-821da06965b0 tempest-ServerRescueNegativeTestJSON-428642651 tempest-ServerRescueNegativeTestJSON-428642651-project] 10.222.0.16 "GET /v2.0/ports?device_id=2451b0e9-a4e2-4bfd-89a4-f2397dbe41df HTTP/1.1" status: 200 len: 945 time: 0.0706556
Jun 10 17:50:07.749906 dv-cinder-xena-3-iscsi neutron-server[114529]: INFO neutron.wsgi [req-9f750ce6-3037-4c71-b646-70dd58bf7600 req-8ba341a4-71d4-4077-93e8-b9907c8cd1c3 tempest-ServerRescueNegativeTestJSON-428642651 tempest-ServerRescueNegativeTestJSON-428642651-project] 10.222.0.16 "GET /v2.0/security-groups?id=994f7a5e-acf3-4049-b572-56c6e2bac45b&fields=id&fields=name HTTP/1.1" status: 200 len: 286 time: 0.0432241
Jun 10 17:50:07.845854 dv-cinder-xena-3-iscsi neutron-server[114531]: DEBUG neutron.db.l3_hamode_db [None req-1f65f718-b537-4081-9080-996952614a98 None None] neutron.services.l3_router.l3_router_plugin.L3RouterPlugin method _process_sync_ha_data called with arguments (, [{'id': 'b0eb8814-d9be-4fbc-a2de-9e1cf7aa6e17', 'name': 'tempest-TestMinimumBasicScenario-1859031834-router', 'tenant_id': 'e2a954ea643d435d9866bed98144a549', 'admin_state_up': True, 'status': 'ACTIVE', 'external_gateway_info': {'network_id': '8c026026-8e05-41b4-990c-0815c0c24f4f', 'external_fixed_ips': [{'subnet_id': 'e3db4be6-a2be-4d68-ab1f-8754e6ee5b68', 'ip_address': '172.37.5.179'}], 'enable_snat': True}, 'gw_port_id': '5482ff96-11fd-44bd-b031-b7336ecb4ba1', 'description': '', 'availability_zones': ['nova'], 'distributed': False, 'ha': False, 'ha_vr_id': 0, 'availability_zone_hints': [], 'routes': [], 'flavor_id': None, 'tags': [], 'created_at': '2022-06-10T17:50:05Z', 'updated_at': '2022-06-10T17:50:06Z', 'revision_number': 3, 'project_id': 'e2a954ea643d435d9866bed98144a549', 'gw_port': {'id': '5482ff96-11fd-44bd-b031-b7336ecb4ba1', 'name': '', 'network_id': '8c026026-8e05-41b4-990c-0815c0c24f4f', 'tenant_id': '', 'mac_address': 'fa:16:3e:23:b0:4e', 'admin_state_up': True, 'status': 'DOWN', 'device_id': 'b0eb8814-d9be-4fbc-a2de-9e1cf7aa6e17', 'device_owner': 'network:router_gateway', 'standard_attr_id': 331, 'fixed_ips': [{'subnet_id': 'e3db4be6-a2be-4d68-ab1f-8754e6ee5b68', 'ip_address': '172.37.5.179', 'prefixlen': 24}], 'allowed_address_pairs': [], 'extra_dhcp_opts': [], 'security_groups': [], 'description': '', 'binding:vnic_type': 'normal', 'binding:profile': {}, 'binding:host_id': '', 'binding:vif_type': 'unbound', 'binding:vif_details': {}, 'port_security_enabled': False, 'tags': [], 'created_at': '2022-06-10T17:50:05Z', 'updated_at': '2022-06-10T17:50:06Z', 'revision_number': 1, 'project_id': '', 'subnets': [{'id': 'e3db4be6-a2be-4d68-ab1f-8754e6ee5b68', 'cidr': '172.37.5.0/24', 'gateway_ip': '172.37.5.1', 'dns_nameservers': [], 'ipv6_ra_mode': None, 'subnetpool_id': None}], 'extra_subnets': [], 'address_scopes': {4: None, 6: None}, 'mtu': 1500}, 'enable_snat': True, 'gw_port_host': 'dv-cinder-xena-3-iscsi'}], 'dv-cinder-xena-3-iscsi', False) {} {{(pid=114531) wrapper /usr/local/lib/python3.8/dist-packages/oslo_log/helpers.py:65}}
Jun 10 17:50:07.856817 dv-cinder-xena-3-iscsi neutron-server[114530]: DEBUG neutron.db.provisioning_blocks [None req-bd0b4356-ae99-4cfb-93c3-7bc300ddc2a4 None None] Provisioning complete for port e4df2076-70f0-46df-9832-d41fca74929a triggered by entity DHCP. {{(pid=114530) provisioning_complete /opt/stack/neutron/neutron/db/provisioning_blocks.py:139}}
Jun 10 17:50:07.856817 dv-cinder-xena-3-iscsi neutron-server[114530]: DEBUG neutron_lib.callbacks.manager [None req-bd0b4356-ae99-4cfb-93c3-7bc300ddc2a4 None None] Notify callbacks ['neutron.plugins.ml2.plugin.Ml2Plugin._port_provisioned-4051966'] for port, provisioning_complete {{(pid=114530) _notify_loop /usr/local/lib/python3.8/dist-packages/neutron_lib/callbacks/manager.py:192}}
Jun 10 17:50:07.923762 dv-cinder-xena-3-iscsi neutron-server[114531]: DEBUG neutron.api.rpc.handlers.l3_rpc [None req-1f65f718-b537-4081-9080-996952614a98 None None] Checking router: b0eb8814-d9be-4fbc-a2de-9e1cf7aa6e17 for host: dv-cinder-xena-3-iscsi {{(pid=114531) _ensure_host_set_on_ports /opt/stack/neutron/neutron/api/rpc/handlers/l3_rpc.py:155}}
Jun 10 17:50:07.924326 dv-cinder-xena-3-iscsi neutron-server[114531]: DEBUG neutron.api.rpc.handlers.l3_rpc [None req-1f65f718-b537-4081-9080-996952614a98 None None] Updating router b0eb8814-d9be-4fbc-a2de-9e1cf7aa6e17 port 5482ff96-11fd-44bd-b031-b7336ecb4ba1 binding host dv-cinder-xena-3-iscsi {{(pid=114531) _ensure_host_set_on_port /opt/stack/neutron/neutron/api/rpc/handlers/l3_rpc.py:205}}
Jun 10 17:50:07.954645 dv-cinder-xena-3-iscsi neutron-server[114531]: DEBUG neutron_lib.callbacks.manager [None req-1f65f718-b537-4081-9080-996952614a98 None None] Notify callbacks ['neutron.plugins.ml2.plugin.SecurityGroupDbMixin._ensure_default_security_group_handler-3886854'] for port, before_update {{(pid=114531) _notify_loop /usr/local/lib/python3.8/dist-packages/neutron_lib/callbacks/manager.py:192}}
Jun 10 17:50:08.008909 dv-cinder-xena-3-iscsi neutron-server[114530]: DEBUG neutron.plugins.ml2.plugin [None req-bd0b4356-ae99-4cfb-93c3-7bc300ddc2a4 None None] Current status of the port e4df2076-70f0-46df-9832-d41fca74929a is: ACTIVE; New status is: ACTIVE {{(pid=114530) _update_individual_port_db_status /opt/stack/neutron/neutron/plugins/ml2/plugin.py:2238}}
Jun 10 17:50:08.218044 dv-cinder-xena-3-iscsi neutron-server[114530]: DEBUG neutron.plugins.ml2.rpc [None req-8a7cbaf6-c97a-421b-8275-63e2dfecf5fe None None] Device e4df2076-70f0-46df-9832-d41fca74929a up at agent ovs-agent-dv-cinder-xena-3-iscsi {{(pid=114530) update_device_up /opt/stack/neutron/neutron/plugins/ml2/rpc.py:296}}
Jun 10 17:50:08.284642 dv-cinder-xena-3-iscsi neutron-server[114529]: DEBUG neutron.pecan_wsgi.hooks.policy_enforcement [req-44fe296a-f924-45db-b764-a87d808a9674 req-e877fcf7-b3ef-458f-b9cb-29110924fdfa tempest-ServerRescueNegativeTestJSON-428642651 tempest-ServerRescueNegativeTestJSON-428642651-project] Attributes excluded by policy engine: ['standard_attr_id', 'binding:profile', 'binding:host_id', 'binding:vif_type', 'binding:vif_details'] {{(pid=114529) _exclude_attributes_by_policy /opt/stack/neutron/neutron/pecan_wsgi/hooks/policy_enforcement.py:259}}
Jun 10 17:50:08.286217 dv-cinder-xena-3-iscsi neutron-server[114529]: INFO neutron.wsgi [req-44fe296a-f924-45db-b764-a87d808a9674 req-e877fcf7-b3ef-458f-b9cb-29110924fdfa tempest-ServerRescueNegativeTestJSON-428642651 tempest-ServerRescueNegativeTestJSON-428642651-project] 10.222.0.16 "GET /v2.0/ports?device_id=2451b0e9-a4e2-4bfd-89a4-f2397dbe41df HTTP/1.1" status: 200 len: 945 time: 0.0536227
Jun 10 17:50:08.319916 dv-cinder-xena-3-iscsi neutron-server[114531]: DEBUG neutron_lib.callbacks.manager [None req-1f65f718-b537-4081-9080-996952614a98 None None] Notify callbacks [] for port, precommit_update {{(pid=114531) _notify_loop /usr/local/lib/python3.8/dist-packages/neutron_lib/callbacks/manager.py:192}}
Jun 10 17:50:08.338462 dv-cinder-xena-3-iscsi neutron-server[114530]: DEBUG neutron.db.provisioning_blocks [None req-8a7cbaf6-c97a-421b-8275-63e2dfecf5fe None None] Provisioning complete for port e4df2076-70f0-46df-9832-d41fca74929a triggered by entity L2. {{(pid=114530) provisioning_complete /opt/stack/neutron/neutron/db/provisioning_blocks.py:139}}
Jun 10 17:50:08.338836 dv-cinder-xena-3-iscsi neutron-server[114530]: DEBUG neutron_lib.callbacks.manager [None req-8a7cbaf6-c97a-421b-8275-63e2dfecf5fe None None] Notify callbacks ['neutron.plugins.ml2.plugin.Ml2Plugin._port_provisioned-4051966'] for port, provisioning_complete {{(pid=114530) _notify_loop /usr/local/lib/python3.8/dist-packages/neutron_lib/callbacks/manager.py:192}}
Jun 10 17:50:08.366427 dv-cinder-xena-3-iscsi neutron-server[114530]: DEBUG neutron_lib.callbacks.manager [None req-23e8d8ff-3a34-4009-8dca-5e98e775d482 None None] Notify callbacks ['neutron.services.segments.db._update_segment_host_mapping_for_agent-8764020915896', 'neutron.plugins.ml2.plugin.Ml2Plugin._retry_binding_revived_agents-4051736'] for agent, after_update {{(pid=114530) _notify_loop /usr/local/lib/python3.8/dist-packages/neutron_lib/callbacks/manager.py:192}}
Jun 10 17:50:08.367558 dv-cinder-xena-3-iscsi neutron-server[114529]: INFO neutron.wsgi [req-44fe296a-f924-45db-b764-a87d808a9674 req-ceb33b98-5b48-493e-9983-89dbbbbb61f4 tempest-ServerRescueNegativeTestJSON-428642651 tempest-ServerRescueNegativeTestJSON-428642651-project] 10.222.0.16 "GET /v2.0/security-groups?id=994f7a5e-acf3-4049-b572-56c6e2bac45b&fields=id&fields=name HTTP/1.1" status: 200 len: 286 time: 0.0695419
Jun 10 17:50:08.383985 dv-cinder-xena-3-iscsi neutron-server[114529]: DEBUG neutron.pecan_wsgi.hooks.policy_enforcement [req-bb941691-a753-40c8-aa5e-c635a85d9806 req-e84256d4-51ec-4107-b726-8eba32e84ea9 service neutron] Attributes excluded by policy engine: ['standard_attr_id'] {{(pid=114529) _exclude_attributes_by_policy /opt/stack/neutron/neutron/pecan_wsgi/hooks/policy_enforcement.py:259}}
Jun 10 17:50:08.385882 dv-cinder-xena-3-iscsi neutron-server[114529]: INFO neutron.wsgi [req-bb941691-a753-40c8-aa5e-c635a85d9806 req-e84256d4-51ec-4107-b726-8eba32e84ea9 service neutron] 10.222.0.27 "GET /v2.0/ports?tenant_id=977e9ef6bd9842379167d252715c6e8c&device_id=2451b0e9-a4e2-4bfd-89a4-f2397dbe41df HTTP/1.1" status: 200 len: 1098 time: 0.0670123
Jun 10 17:50:08.398259 dv-cinder-xena-3-iscsi neutron-server[114531]: DEBUG neutron_lib.callbacks.manager [None req-1f65f718-b537-4081-9080-996952614a98 None None] Notify callbacks ['neutron.plugins.ml2.plugin.SecurityGroupServerNotifierRpcMixin._notify_sg_on_port_change-3886917', 'neutron.plugins.ml2.ovo_rpc._ObjectChangeHandler.handle_event-405923', 'neutron.api.rpc.agentnotifiers.dhcp_rpc_agent_api.DhcpAgentNotifyAPI._native_event_send_dhcp_notification-734050', 'neutron.db.l3_db.L3RpcNotifierMixin._notify_gateway_port_ip_changed-8764021169183', 'neutron.db.l3_dvrscheduler_db._notify_l3_agent_port_update-8764020614678', 'neutron.db.l3_hascheduler_db._notify_l3_agent_ha_port_update-8764020589240'] for port, after_update {{(pid=114531) _notify_loop /usr/local/lib/python3.8/dist-packages/neutron_lib/callbacks/manager.py:192}}
Jun 10 17:50:08.447798 dv-cinder-xena-3-iscsi neutron-server[114530]: DEBUG neutron.plugins.ml2.plugin [None req-8a7cbaf6-c97a-421b-8275-63e2dfecf5fe None None] Current status of the port e4df2076-70f0-46df-9832-d41fca74929a is: ACTIVE; New status is: ACTIVE {{(pid=114530) _update_individual_port_db_status /opt/stack/neutron/neutron/plugins/ml2/plugin.py:2238}}
Jun 10 17:50:08.556139 dv-cinder-xena-3-iscsi neutron-server[114528]: DEBUG neutron_lib.callbacks.manager [None req-67ed6448-9f85-4312-b406-049b488afe76 admin admin] Notify callbacks ['neutron.plugins.ml2.plugin.SecurityGroupDbMixin._ensure_default_security_group_handler-3886854'] for port, before_create {{(pid=114528) _notify_loop /usr/local/lib/python3.8/dist-packages/neutron_lib/callbacks/manager.py:192}}
Jun 10 17:50:08.569171 dv-cinder-xena-3-iscsi neutron-server[114529]: DEBUG neutron.pecan_wsgi.hooks.policy_enforcement [req-839c357c-daa7-4514-9688-c836b055352b req-8d8577fc-1b68-4e4c-adf8-dc19be461e4a tempest-AttachVolumeShelveTestJSON-1007356911 tempest-AttachVolumeShelveTestJSON-1007356911-project] Attributes excluded by policy engine: ['standard_attr_id', 'binding:profile', 'binding:host_id', 'binding:vif_type', 'binding:vif_details'] {{(pid=114529) _exclude_attributes_by_policy /opt/stack/neutron/neutron/pecan_wsgi/hooks/policy_enforcement.py:259}}
Jun 10 17:50:08.581831 dv-cinder-xena-3-iscsi neutron-server[114529]: INFO neutron.wsgi [req-839c357c-daa7-4514-9688-c836b055352b req-8d8577fc-1b68-4e4c-adf8-dc19be461e4a tempest-AttachVolumeShelveTestJSON-1007356911 tempest-AttachVolumeShelveTestJSON-1007356911-project] 10.222.0.16 "GET /v2.0/ports?device_id=088ca270-b9ad-48f8-8928-ef0c99c2bcfe HTTP/1.1" status: 200 len: 944 time: 0.1689689
Jun 10 17:50:08.596744 dv-cinder-xena-3-iscsi neutron-server[114531]: DEBUG neutron.plugins.ml2.managers [None req-1f65f718-b537-4081-9080-996952614a98 None None] Attempting to bind port 5482ff96-11fd-44bd-b031-b7336ecb4ba1 on host dv-cinder-xena-3-iscsi for vnic_type normal with profile {{(pid=114531) bind_port /opt/stack/neutron/neutron/plugins/ml2/managers.py:790}}
Jun 10 17:50:08.597281 dv-cinder-xena-3-iscsi neutron-server[114531]: DEBUG neutron.plugins.ml2.managers [None req-1f65f718-b537-4081-9080-996952614a98 None None] Attempting to bind port 5482ff96-11fd-44bd-b031-b7336ecb4ba1 by drivers openvswitch,hyperv on host dv-cinder-xena-3-iscsi at level 0 using segments [{'id': 'bfeef927-6d24-4759-be0a-a8eced1bbc0e', 'network_type': 'flat', 'physical_network': 'physnet1', 'segmentation_id': None, 'network_id': '8c026026-8e05-41b4-990c-0815c0c24f4f'}] {{(pid=114531) _bind_port_level /opt/stack/neutron/neutron/plugins/ml2/managers.py:815}}
Jun 10 17:50:08.597478 dv-cinder-xena-3-iscsi neutron-server[114531]: DEBUG neutron.plugins.ml2.drivers.mech_agent [None req-1f65f718-b537-4081-9080-996952614a98 None None] Attempting to bind port 5482ff96-11fd-44bd-b031-b7336ecb4ba1 on network 8c026026-8e05-41b4-990c-0815c0c24f4f {{(pid=114531) bind_port /opt/stack/neutron/neutron/plugins/ml2/drivers/mech_agent.py:91}}
Jun 10 17:50:08.605038 dv-cinder-xena-3-iscsi neutron-server[114531]: DEBUG neutron.plugins.ml2.drivers.mech_agent [None req-1f65f718-b537-4081-9080-996952614a98 None None] Checking agent: {'id': '87b91a5b-6105-4774-a25f-e6a5abfdfa1f', 'agent_type': 'Open vSwitch agent', 'binary': 'neutron-openvswitch-agent', 'topic': 'N/A', 'host': 'dv-cinder-xena-3-iscsi', 'admin_state_up': True, 'created_at': datetime.datetime(2022, 6, 10, 17, 40, 14), 'started_at': datetime.datetime(2022, 6, 10, 17, 40, 44), 'heartbeat_timestamp': datetime.datetime(2022, 6, 10, 17, 49, 44), 'description': None, 'resources_synced': None, 'availability_zone': None, 'alive': True, 'configurations': {'arp_responder_enabled': False, 'baremetal_smartnic': False, 'bridge_mappings': {'physnet1': 'br-data'}, 'datapath_type': 'system', 'devices': 0, 'enable_distributed_routing': False, 'extensions': [], 'in_distributed_mode': False, 'integration_bridge': 'br-int', 'l2_population': False, 'log_agent_heartbeats': False, 'ovs_capabilities': {'datapath_types': ['netdev', 'system'], 'iface_types': ['erspan', 'geneve', 'gre', 'internal', 'ip6erspan', 'ip6gre', 'lisp', 'patch', 'stt', 'system', 'tap', 'vxlan']}, 'ovs_hybrid_plug': False, 'resource_provider_bandwidths': {}, 'resource_provider_hypervisors': {'br-data': 'dv-cinder-xena-3-iscsi'}, 'resource_provider_inventory_defaults': {'allocation_ratio': 1.0, 'min_unit': 1, 'step_size': 1, 'reserved': 0}, 'tunnel_types': [], 'tunneling_ip': None, 'vhostuser_socket_dir': '/var/run/openvswitch'}, 'resource_versions': {'AddressGroup': '1.2', 'ConntrackHelper': '1.0', 'Log': '1.0', 'Network': '1.1', 'Port': '1.7', 'PortForwarding': '1.2', 'QosPolicy': '1.9', 'SecurityGroup': '1.4', 'SecurityGroupRule': '1.2', 'SubPort': '1.0', 'Subnet': '1.1', 'Trunk': '1.1'}} {{(pid=114531) bind_port /opt/stack/neutron/neutron/plugins/ml2/drivers/mech_agent.py:110}}
Jun 10 17:50:08.605405 dv-cinder-xena-3-iscsi neutron-server[114531]: DEBUG neutron.plugins.ml2.drivers.mech_agent [None req-1f65f718-b537-4081-9080-996952614a98 None None] Checking segment: {'id': 'bfeef927-6d24-4759-be0a-a8eced1bbc0e', 'network_type': 'flat', 'physical_network': 'physnet1', 'segmentation_id': None, 'network_id': '8c026026-8e05-41b4-990c-0815c0c24f4f'} for mappings: {'physnet1': 'br-data'} with network types: ['local', 'flat', 'vlan'] {{(pid=114531) check_segment_for_agent /opt/stack/neutron/neutron/plugins/ml2/drivers/mech_agent.py:360}}
Jun 10 17:50:08.605803 dv-cinder-xena-3-iscsi neutron-server[114531]: DEBUG neutron_lib.callbacks.manager [None req-1f65f718-b537-4081-9080-996952614a98 None None] Notify callbacks [] for ovs_bridge_name, before_read {{(pid=114531) _notify_loop /usr/local/lib/python3.8/dist-packages/neutron_lib/callbacks/manager.py:192}}
Jun 10 17:50:08.606188 dv-cinder-xena-3-iscsi neutron-server[114531]: DEBUG neutron.plugins.ml2.drivers.mech_agent [None req-1f65f718-b537-4081-9080-996952614a98 None None] Bound using segment: {'id': 'bfeef927-6d24-4759-be0a-a8eced1bbc0e', 'network_type': 'flat', 'physical_network': 'physnet1', 'segmentation_id': None, 'network_id': '8c026026-8e05-41b4-990c-0815c0c24f4f'} {{(pid=114531) bind_port /opt/stack/neutron/neutron/plugins/ml2/drivers/mech_agent.py:120}}
Jun 10 17:50:08.606679 dv-cinder-xena-3-iscsi neutron-server[114531]: DEBUG neutron.plugins.ml2.managers [None req-1f65f718-b537-4081-9080-996952614a98 None None] Bound port: 5482ff96-11fd-44bd-b031-b7336ecb4ba1, host: dv-cinder-xena-3-iscsi, vif_type: ovs, vif_details: {"connectivity": "l2", "port_filter": true, "ovs_hybrid_plug": false, "datapath_type": "system", "bridge_name": "br-int"}, binding_levels: [{'bound_driver': 'openvswitch', 'bound_segment': {'id': 'bfeef927-6d24-4759-be0a-a8eced1bbc0e', 'network_type': 'flat', 'physical_network': 'physnet1', 'segmentation_id': None, 'network_id': '8c026026-8e05-41b4-990c-0815c0c24f4f'}}] {{(pid=114531) _bind_port_level /opt/stack/neutron/neutron/plugins/ml2/managers.py:928}}
Jun 10 17:50:08.607078 dv-cinder-xena-3-iscsi neutron-server[114531]: DEBUG neutron_lib.callbacks.manager [None req-1f65f718-b537-4081-9080-996952614a98 None None] Notify callbacks ['neutron.plugins.ml2.plugin.SecurityGroupDbMixin._ensure_default_security_group_handler-3886854'] for port, before_update {{(pid=114531) _notify_loop /usr/local/lib/python3.8/dist-packages/neutron_lib/callbacks/manager.py:192}}
Jun 10 17:50:08.633017 dv-cinder-xena-3-iscsi neutron-server[114529]: DEBUG neutron.pecan_wsgi.hooks.policy_enforcement [req-bb941691-a753-40c8-aa5e-c635a85d9806 req-9cb1d743-ed96-483d-aca4-676bad08d979 service neutron] Attributes excluded by policy engine: ['standard_attr_id', 'vlan_transparent'] {{(pid=114529) _exclude_attributes_by_policy /opt/stack/neutron/neutron/pecan_wsgi/hooks/policy_enforcement.py:259}}
Jun 10 17:50:08.634522 dv-cinder-xena-3-iscsi neutron-server[114529]: INFO neutron.wsgi [req-bb941691-a753-40c8-aa5e-c635a85d9806 req-9cb1d743-ed96-483d-aca4-676bad08d979 service neutron] 10.222.0.27 "GET /v2.0/networks?id=e628d0f6-63d3-440a-9d16-11e611b2380d HTTP/1.1" status: 200 len: 920 time: 0.2317953
Jun 10 17:50:08.636853 dv-cinder-xena-3-iscsi neutron-server[114531]: DEBUG neutron.api.rpc.handlers.resources_rpc [None req-36ed5cbe-d11d-470d-b4da-1b147bf854af None None] Pushing event updated for resources: {'Port': ['ID=5482ff96-11fd-44bd-b031-b7336ecb4ba1,revision_number=2']} {{(pid=114531) push /opt/stack/neutron/neutron/api/rpc/handlers/resources_rpc.py:237}}
Jun 10 17:50:08.641266 dv-cinder-xena-3-iscsi neutron-server[114529]: INFO neutron.wsgi [req-839c357c-daa7-4514-9688-c836b055352b req-9f4658e5-a5b2-451b-b70c-fc308d4acc87 tempest-AttachVolumeShelveTestJSON-1007356911 tempest-AttachVolumeShelveTestJSON-1007356911-project] 10.222.0.16 "GET /v2.0/security-groups?id=b5f495f1-1820-40fd-990d-a98c8e4946e8&fields=id&fields=name HTTP/1.1" status: 200 len: 312 time: 0.0585392
Jun 10 17:50:08.677499 dv-cinder-xena-3-iscsi neutron-server[114531]: DEBUG neutron.plugins.ml2.db [None req-1f65f718-b537-4081-9080-996952614a98 None None] For port 5482ff96-11fd-44bd-b031-b7336ecb4ba1, host dv-cinder-xena-3-iscsi, cleared binding levels {{(pid=114531) clear_binding_levels /opt/stack/neutron/neutron/plugins/ml2/db.py:87}}
Jun 10 17:50:08.681793 dv-cinder-xena-3-iscsi neutron-server[114531]: DEBUG neutron.plugins.ml2.db [None req-1f65f718-b537-4081-9080-996952614a98 None None] For port 5482ff96-11fd-44bd-b031-b7336ecb4ba1, host dv-cinder-xena-3-iscsi, set binding levels [PortBindingLevel(driver='openvswitch',host='dv-cinder-xena-3-iscsi',level=0,port_id=5482ff96-11fd-44bd-b031-b7336ecb4ba1,segment=NetworkSegment(bfeef927-6d24-4759-be0a-a8eced1bbc0e),segment_id=bfeef927-6d24-4759-be0a-a8eced1bbc0e)] {{(pid=114531) set_binding_levels /opt/stack/neutron/neutron/plugins/ml2/db.py:59}}
Jun 10 17:50:08.712354 dv-cinder-xena-3-iscsi neutron-server[114529]: INFO neutron.wsgi [req-bb941691-a753-40c8-aa5e-c635a85d9806 req-c99027a4-8d59-4a91-9e86-acf26c73abe0 service neutron] 10.222.0.27 "GET /v2.0/floatingips?fixed_ip_address=172.20.0.3&port_id=59b14ac7-7b13-4d51-99ba-242bc1e32f8f HTTP/1.1" status: 200 len: 217 time: 0.0686970
Jun 10 17:50:08.756010 dv-cinder-xena-3-iscsi neutron-server[114528]: DEBUG neutron.db.db_base_plugin_common [None req-67ed6448-9f85-4312-b406-049b488afe76 admin admin] Allocated IP 172.20.0.1 (1f32841e-c7bf-4753-a1a7-c09b804b3a5f/5534695f-d2e1-44a9-977d-39ba1417d8f6/0e3df404-6458-435f-b246-41fe49adfd6f) {{(pid=114528) _store_ip_allocation /opt/stack/neutron/neutron/db/db_base_plugin_common.py:131}}
Jun 10 17:50:08.764465 dv-cinder-xena-3-iscsi neutron-server[114531]: DEBUG neutron_lib.callbacks.manager [None req-1f65f718-b537-4081-9080-996952614a98 None None] Notify callbacks ['neutron.plugins.ml2.plugin.SecurityGroupServerNotifierRpcMixin._notify_sg_on_port_change-3886917', 'neutron.plugins.ml2.ovo_rpc._ObjectChangeHandler.handle_event-405923', 'neutron.api.rpc.agentnotifiers.dhcp_rpc_agent_api.DhcpAgentNotifyAPI._native_event_send_dhcp_notification-734050', 'neutron.db.l3_db.L3RpcNotifierMixin._notify_gateway_port_ip_changed-8764021169183', 'neutron.db.l3_dvrscheduler_db._notify_l3_agent_port_update-8764020614678', 'neutron.db.l3_hascheduler_db._notify_l3_agent_ha_port_update-8764020589240'] for port, after_update {{(pid=114531) _notify_loop /usr/local/lib/python3.8/dist-packages/neutron_lib/callbacks/manager.py:192}}
Jun 10 17:50:08.769613 dv-cinder-xena-3-iscsi neutron-server[114529]: DEBUG neutron.pecan_wsgi.hooks.policy_enforcement [req-bb941691-a753-40c8-aa5e-c635a85d9806 req-7261cf38-ab50-4d18-ac01-11cc8338af05 service neutron] Attributes excluded by policy engine: ['standard_attr_id', 'shared', 'segment_id'] {{(pid=114529) _exclude_attributes_by_policy /opt/stack/neutron/neutron/pecan_wsgi/hooks/policy_enforcement.py:259}}
Jun 10 17:50:08.771703 dv-cinder-xena-3-iscsi neutron-server[114529]: INFO neutron.wsgi [req-bb941691-a753-40c8-aa5e-c635a85d9806 req-7261cf38-ab50-4d18-ac01-11cc8338af05 service neutron] 10.222.0.27 "GET /v2.0/subnets?id=9b159fa3-bdfe-428f-8e21-2b18edcf45c9 HTTP/1.1" status: 200 len: 858 time: 0.0523074
Jun 10 17:50:08.835155 dv-cinder-xena-3-iscsi neutron-server[114531]: DEBUG neutron.db.l3_dvrscheduler_db [None req-1f65f718-b537-4081-9080-996952614a98 None None] Routers {'b0eb8814-d9be-4fbc-a2de-9e1cf7aa6e17'} bound to L3 agent in host dv-cinder-xena-3-iscsi {{(pid=114531) _get_router_ids_for_agent /opt/stack/neutron/neutron/db/l3_dvrscheduler_db.py:421}}
Jun 10 17:50:08.835794 dv-cinder-xena-3-iscsi neutron-server[114531]: DEBUG neutron.db.l3_hamode_db [None req-1f65f718-b537-4081-9080-996952614a98 None None] neutron.services.l3_router.l3_router_plugin.L3RouterPlugin method get_ha_sync_data_for_host called with arguments (, 'dv-cinder-xena-3-iscsi', Agent(admin_state_up=True,agent_type='L3 agent',availability_zone='nova',binary='neutron-l3-agent',configurations={"agent_mode": "legacy", "ex_gw_ports": 3, "extensions": [], "floating_ips": 1, "handle_internal_only_routers": true, "interface_driver": "openvswitch", "interfaces": 3, "log_agent_heartbeats": false, "routers": 3},created_at=2022-06-10T17:40:11Z,description=,heartbeat_timestamp=2022-06-10T17:49:41Z,host='dv-cinder-xena-3-iscsi',id=e04d2863-a40a-41db-9b2a-39042df37909,load=0,resource_versions=,resources_synced=,started_at=2022-06-10T17:40:11Z,topic='l3_agent')) {'router_ids': ['b0eb8814-d9be-4fbc-a2de-9e1cf7aa6e17'], 'active': True} {{(pid=114531) wrapper /usr/local/lib/python3.8/dist-packages/oslo_log/helpers.py:65}}
Jun 10 17:50:08.836660 dv-cinder-xena-3-iscsi neutron-server[114530]: DEBUG neutron.plugins.ml2.rpc [None req-b080396a-6462-4592-91fa-bebc8820f55b None None] Device d0a7daab-fe71-46f4-8372-7e23b215b068 up at agent hyperv_hv-cinder-xena0 {{(pid=114530) update_device_up /opt/stack/neutron/neutron/plugins/ml2/rpc.py:296}}
Jun 10 17:50:08.857582 dv-cinder-xena-3-iscsi neutron-server[114529]: DEBUG neutron.pecan_wsgi.hooks.policy_enforcement [req-bb941691-a753-40c8-aa5e-c635a85d9806 req-e8e4a7b8-8357-484a-b5b1-faab8820bcd6 service neutron] Attributes excluded by policy engine: ['standard_attr_id'] {{(pid=114529) _exclude_attributes_by_policy /opt/stack/neutron/neutron/pecan_wsgi/hooks/policy_enforcement.py:259}}
Jun 10 17:50:08.859232 dv-cinder-xena-3-iscsi neutron-server[114529]: INFO neutron.wsgi [req-bb941691-a753-40c8-aa5e-c635a85d9806 req-e8e4a7b8-8357-484a-b5b1-faab8820bcd6 service neutron] 10.222.0.27 "GET /v2.0/ports?network_id=e628d0f6-63d3-440a-9d16-11e611b2380d&device_owner=network%3Adhcp HTTP/1.1" status: 200 len: 1173 time: 0.0765073
Jun 10 17:50:08.904925 dv-cinder-xena-3-iscsi neutron-server[114528]: DEBUG neutron_lib.callbacks.manager [None req-67ed6448-9f85-4312-b406-049b488afe76 admin admin] Notify callbacks [] for port, precommit_create {{(pid=114528) _notify_loop /usr/local/lib/python3.8/dist-packages/neutron_lib/callbacks/manager.py:192}}
Jun 10 17:50:08.905737 dv-cinder-xena-3-iscsi neutron-server[114531]: DEBUG neutron.api.rpc.handlers.resources_rpc [None req-36ed5cbe-d11d-470d-b4da-1b147bf854af None None] Pushing event updated for resources: {'Port': ['ID=5482ff96-11fd-44bd-b031-b7336ecb4ba1,revision_number=3']} {{(pid=114531) push /opt/stack/neutron/neutron/api/rpc/handlers/resources_rpc.py:237}}
