Oct 09 00:57:17.967507 dv-cinder-master-3-smb devstack@c-api.service[113408]: [pid: 113408|app: 0|req: 186/350] 10.222.0.15 () {58 vars in 1253 bytes} [Sun Oct 9 00:57:17 2022] GET /volume/v3/288269e173ae4155b5640873b0d56ec7/snapshots?status=available => generated 1265 bytes in 21 msecs (HTTP/1.1 200) 7 headers in 286 bytes (2 switches on core 0)
Oct 09 00:57:17.975221 dv-cinder-master-3-smb devstack@c-api.service[113409]: DEBUG dbcounter [-] [113409] Writing DB stats cinder:SELECT=77,cinder:INSERT=11,cinder:UPDATE=12 {{(pid=113409) stat_writer /usr/local/lib/python3.8/dist-packages/dbcounter.py:114}}
Oct 09 00:57:17.979697 dv-cinder-master-3-smb devstack@c-api.service[113408]: DEBUG cinder.api.middleware.request_id [None req-f5c663b0-f0bc-4f76-9cb3-90747f62d08a None None] RequestId filter calling following filter/app {{(pid=113408) _context_setter /opt/stack/cinder/cinder/api/middleware/request_id.py:62}}
Oct 09 00:57:17.981952 dv-cinder-master-3-smb devstack@c-api.service[113408]: INFO cinder.api.openstack.wsgi [None req-f5c663b0-f0bc-4f76-9cb3-90747f62d08a tempest-VolumesSnapshotListTestJSON-80020869 tempest-VolumesSnapshotListTestJSON-80020869-project] GET http://10.222.0.15/volume/v3/288269e173ae4155b5640873b0d56ec7/snapshots?status=available&name=tempest-VolumesSnapshotListTestJSON-Snapshot-93151262
Oct 09 00:57:17.982397 dv-cinder-master-3-smb devstack@c-api.service[113408]: DEBUG cinder.api.openstack.wsgi [None req-f5c663b0-f0bc-4f76-9cb3-90747f62d08a tempest-VolumesSnapshotListTestJSON-80020869 tempest-VolumesSnapshotListTestJSON-80020869-project] Empty body provided in request {{(pid=113408) get_body /opt/stack/cinder/cinder/api/openstack/wsgi.py:715}}
Oct 09 00:57:17.982846 dv-cinder-master-3-smb devstack@c-api.service[113408]: DEBUG cinder.api.openstack.wsgi [None req-f5c663b0-f0bc-4f76-9cb3-90747f62d08a tempest-VolumesSnapshotListTestJSON-80020869 tempest-VolumesSnapshotListTestJSON-80020869-project] Calling method 'index' {{(pid=113408) _process_stack /opt/stack/cinder/cinder/api/openstack/wsgi.py:868}}
Oct 09 00:57:17.983421 dv-cinder-master-3-smb devstack@c-api.service[113408]: DEBUG cinder.api.api_utils [None req-f5c663b0-f0bc-4f76-9cb3-90747f62d08a tempest-VolumesSnapshotListTestJSON-80020869 tempest-VolumesSnapshotListTestJSON-80020869-project] Removing options '' from query. {{(pid=113408) remove_invalid_filter_options /opt/stack/cinder/cinder/api/api_utils.py:83}}
Oct 09 00:57:17.984096 dv-cinder-master-3-smb devstack@c-api.service[113408]: /usr/local/lib/python3.8/dist-packages/oslo_context/context.py:100: DeprecationWarning: Policy enforcement is depending on the value of is_admin. This key is deprecated. Please update your policy file to use the standard policy values.
Oct 09 00:57:17.984096 dv-cinder-master-3-smb devstack@c-api.service[113408]: warnings.warn('Policy enforcement is depending on the value of '
Oct 09 00:57:17.985650 dv-cinder-master-3-smb devstack@c-api.service[113408]: DEBUG cinder.db.sqlalchemy.api [None req-f5c663b0-f0bc-4f76-9cb3-90747f62d08a tempest-VolumesSnapshotListTestJSON-80020869 tempest-VolumesSnapshotListTestJSON-80020869-project] Building query based on filter {{(pid=113408) _process_snaps_filters /opt/stack/cinder/cinder/db/sqlalchemy/api.py:3885}}
Oct 09 00:57:17.994070 dv-cinder-master-3-smb devstack@c-api.service[113408]: INFO cinder.volume.api [None req-f5c663b0-f0bc-4f76-9cb3-90747f62d08a tempest-VolumesSnapshotListTestJSON-80020869 tempest-VolumesSnapshotListTestJSON-80020869-project] Get all snapshots completed successfully.
Oct 09 00:57:17.995947 dv-cinder-master-3-smb devstack@c-api.service[113408]: INFO cinder.api.openstack.wsgi [None req-f5c663b0-f0bc-4f76-9cb3-90747f62d08a tempest-VolumesSnapshotListTestJSON-80020869 tempest-VolumesSnapshotListTestJSON-80020869-project] http://10.222.0.15/volume/v3/288269e173ae4155b5640873b0d56ec7/snapshots?status=available&name=tempest-VolumesSnapshotListTestJSON-Snapshot-93151262 returned with HTTP 200
Oct 09 00:57:17.997218 dv-cinder-master-3-smb devstack@c-api.service[113408]: [pid: 113408|app: 0|req: 187/351] 10.222.0.15 () {58 vars in 1371 bytes} [Sun Oct 9 00:57:17 2022] GET /volume/v3/288269e173ae4155b5640873b0d56ec7/snapshots?status=available&name=tempest-VolumesSnapshotListTestJSON-Snapshot-93151262 => generated 443 bytes in 20 msecs (HTTP/1.1 200) 7 headers in 285 bytes (1 switches on core 0)
Oct 09 00:57:17.998618 dv-cinder-master-3-smb devstack@c-api.service[113408]: DEBUG cinder.api.middleware.request_id [None req-9fde88f7-dac3-4354-b51a-84ebd02758e2 None None] RequestId filter calling following filter/app {{(pid=113408) _context_setter /opt/stack/cinder/cinder/api/middleware/request_id.py:62}}
Oct 09 00:57:18.002237 dv-cinder-master-3-smb devstack@c-api.service[113408]: INFO cinder.api.openstack.wsgi [None req-9fde88f7-dac3-4354-b51a-84ebd02758e2 tempest-VolumesSnapshotTestJSON-1540748975 tempest-VolumesSnapshotTestJSON-1540748975-project] GET http://10.222.0.15/volume/v3/e0ba27e2890246dabe6086698d4787ef/volumes/b1617ea7-c012-4678-afc2-515bfa5ece64
Oct 09 00:57:18.002838 dv-cinder-master-3-smb devstack@c-api.service[113408]: DEBUG cinder.api.openstack.wsgi [None req-9fde88f7-dac3-4354-b51a-84ebd02758e2 tempest-VolumesSnapshotTestJSON-1540748975 tempest-VolumesSnapshotTestJSON-1540748975-project] Empty body provided in request {{(pid=113408) get_body /opt/stack/cinder/cinder/api/openstack/wsgi.py:715}}
Oct 09 00:57:18.003314 dv-cinder-master-3-smb devstack@c-api.service[113408]: DEBUG cinder.api.openstack.wsgi [None req-9fde88f7-dac3-4354-b51a-84ebd02758e2 tempest-VolumesSnapshotTestJSON-1540748975 tempest-VolumesSnapshotTestJSON-1540748975-project] Calling method 'show' {{(pid=113408) _process_stack /opt/stack/cinder/cinder/api/openstack/wsgi.py:868}}
Oct 09 00:57:18.010982 dv-cinder-master-3-smb devstack@c-api.service[113409]: DEBUG cinder.quota [None req-1f969f2a-84e3-4c24-8902-e2d1f3dce069 tempest-VolumesExtendTest-1136031961 tempest-VolumesExtendTest-1136031961-project] Created reservations ['acfecf27-9a23-456e-8a01-7c738920b3e3', '10d4a12e-295e-44ee-9935-269787901c53', '508dc16f-fa28-4cd6-8025-be096002958b', 'e70f53d7-2fc0-4c65-afbe-bdfbfa243125'] {{(pid=113409) reserve /opt/stack/cinder/cinder/quota.py:755}}
Oct 09 00:57:18.013729 dv-cinder-master-3-smb devstack@c-api.service[113409]: DEBUG cinder.volume.api [None req-1f969f2a-84e3-4c24-8902-e2d1f3dce069 tempest-VolumesExtendTest-1136031961 tempest-VolumesExtendTest-1136031961-project] Task 'cinder.volume.flows.api.create_volume.QuotaReserveTask;volume:create' (2fdee992-b397-4b84-b048-9e9a6f00a7b5) transitioned into state 'SUCCESS' from state 'RUNNING' with result '{'reservations': ['acfecf27-9a23-456e-8a01-7c738920b3e3', '10d4a12e-295e-44ee-9935-269787901c53', '508dc16f-fa28-4cd6-8025-be096002958b', 'e70f53d7-2fc0-4c65-afbe-bdfbfa243125']}' {{(pid=113409) _task_receiver /usr/local/lib/python3.8/dist-packages/taskflow/listeners/logging.py:178}}
Oct 09 00:57:18.016572 dv-cinder-master-3-smb devstack@c-api.service[113409]: DEBUG cinder.volume.api [None req-1f969f2a-84e3-4c24-8902-e2d1f3dce069 tempest-VolumesExtendTest-1136031961 tempest-VolumesExtendTest-1136031961-project] Task 'cinder.volume.flows.api.create_volume.EntryCreateTask;volume:create' (c9884b41-a91c-4dd0-af4d-3836248d9960) transitioned into state 'RUNNING' from state 'PENDING' {{(pid=113409) _task_receiver /usr/local/lib/python3.8/dist-packages/taskflow/listeners/logging.py:190}}
Oct 09 00:57:18.018339 dv-cinder-master-3-smb devstack@c-api.service[113408]: /usr/local/lib/python3.8/dist-packages/oslo_context/context.py:100: DeprecationWarning: Policy enforcement is depending on the value of is_admin. This key is deprecated. Please update your policy file to use the standard policy values.
Oct 09 00:57:18.018339 dv-cinder-master-3-smb devstack@c-api.service[113408]: warnings.warn('Policy enforcement is depending on the value of '
Oct 09 00:57:18.026910 dv-cinder-master-3-smb devstack@c-api.service[113408]: INFO cinder.volume.api [None req-9fde88f7-dac3-4354-b51a-84ebd02758e2 tempest-VolumesSnapshotTestJSON-1540748975 tempest-VolumesSnapshotTestJSON-1540748975-project] Volume info retrieved successfully.
Oct 09 00:57:18.037587 dv-cinder-master-3-smb devstack@c-api.service[113408]: INFO cinder.api.openstack.wsgi [None req-9fde88f7-dac3-4354-b51a-84ebd02758e2 tempest-VolumesSnapshotTestJSON-1540748975 tempest-VolumesSnapshotTestJSON-1540748975-project] http://10.222.0.15/volume/v3/e0ba27e2890246dabe6086698d4787ef/volumes/b1617ea7-c012-4678-afc2-515bfa5ece64 returned with HTTP 200
Oct 09 00:57:18.038327 dv-cinder-master-3-smb devstack@c-api.service[113408]: [pid: 113408|app: 0|req: 188/352] 10.222.0.15 () {58 vars in 1325 bytes} [Sun Oct 9 00:57:17 2022] GET /volume/v3/e0ba27e2890246dabe6086698d4787ef/volumes/b1617ea7-c012-4678-afc2-515bfa5ece64 => generated 915 bytes in 40 msecs (HTTP/1.1 200) 7 headers in 285 bytes (1 switches on core 0)
Oct 09 00:57:18.039807 dv-cinder-master-3-smb devstack@c-api.service[113408]: DEBUG cinder.api.middleware.request_id [None req-71433462-9f24-4671-8a21-f171a344265d None None] RequestId filter calling following filter/app {{(pid=113408) _context_setter /opt/stack/cinder/cinder/api/middleware/request_id.py:62}}
Oct 09 00:57:18.044220 dv-cinder-master-3-smb devstack@c-api.service[113408]: INFO cinder.api.openstack.wsgi [None req-71433462-9f24-4671-8a21-f171a344265d tempest-VolumesSnapshotListTestJSON-80020869 tempest-VolumesSnapshotListTestJSON-80020869-project] DELETE http://10.222.0.15/volume/v3/288269e173ae4155b5640873b0d56ec7/snapshots/5be3d154-c47c-4020-86a4-08f56c70d393
Oct 09 00:57:18.044666 dv-cinder-master-3-smb devstack@c-api.service[113408]: DEBUG cinder.api.openstack.wsgi [None req-71433462-9f24-4671-8a21-f171a344265d tempest-VolumesSnapshotListTestJSON-80020869 tempest-VolumesSnapshotListTestJSON-80020869-project] Empty body provided in request {{(pid=113408) get_body /opt/stack/cinder/cinder/api/openstack/wsgi.py:715}}
Oct 09 00:57:18.045123 dv-cinder-master-3-smb devstack@c-api.service[113408]: DEBUG cinder.api.openstack.wsgi [None req-71433462-9f24-4671-8a21-f171a344265d tempest-VolumesSnapshotListTestJSON-80020869 tempest-VolumesSnapshotListTestJSON-80020869-project] Calling method 'delete' {{(pid=113408) _process_stack /opt/stack/cinder/cinder/api/openstack/wsgi.py:868}}
Oct 09 00:57:18.045419 dv-cinder-master-3-smb devstack@c-api.service[113408]: INFO cinder.api.v2.snapshots [None req-71433462-9f24-4671-8a21-f171a344265d tempest-VolumesSnapshotListTestJSON-80020869 tempest-VolumesSnapshotListTestJSON-80020869-project] Delete snapshot with id: 5be3d154-c47c-4020-86a4-08f56c70d393
Oct 09 00:57:18.048383 dv-cinder-master-3-smb devstack@c-api.service[113409]: DEBUG cinder.volume.api [None req-1f969f2a-84e3-4c24-8902-e2d1f3dce069 tempest-VolumesExtendTest-1136031961 tempest-VolumesExtendTest-1136031961-project] Task 'cinder.volume.flows.api.create_volume.EntryCreateTask;volume:create' (c9884b41-a91c-4dd0-af4d-3836248d9960) transitioned into state 'SUCCESS' from state 'RUNNING' with result '{'volume_id': '0b1a68c6-6e14-44dd-9bc8-dd8d0952e5ba', 'volume_properties': VolumeProperties(attach_status='detached',availability_zone='nova',cgsnapshot_id=None,consistencygroup_id=None,display_description=None,display_name='tempest-VolumesExtendTest-Volume-358704125',encryption_key_id=None,group_id=None,group_type_id=,metadata={},multiattach=False,project_id='4537b7bd396d4bc39e88007cc50f11f9',qos_specs=None,replication_status=,reservations=['acfecf27-9a23-456e-8a01-7c738920b3e3','10d4a12e-295e-44ee-9935-269787901c53','508dc16f-fa28-4cd6-8025-be096002958b','e70f53d7-2fc0-4c65-afbe-bdfbfa243125'],size=1,snapshot_id=None,source_replicaid=,source_volid=None,status='creating',user_id='ac1bc7c5b4f64716816ac1e8d913e251',volume_type_id=e6df4cc5-8e2e-4853-9520-7b31a0019f6b), 'volume': Volume(_name_id=None,admin_metadata=,attach_status='detached',availability_zone='nova',bootable=False,cluster=,cluster_name=None,consistencygroup=,consistencygroup_id=None,created_at=2022-10-09T00:57:18Z,deleted=False,deleted_at=None,display_description=None,display_name='tempest-VolumesExtendTest-Volume-358704125',ec2_id=None,encryption_key_id=None,glance_metadata=,group=,group_id=None,host=None,id=0b1a68c6-6e14-44dd-9bc8-dd8d0952e5ba,launched_at=None,metadata={},migration_status=None,multiattach=False,previous_status=None,project_id='4537b7bd396d4bc39e88007cc50f11f9',provider_auth=None,provider_geometry=None,provider_id=None,provider_location=None,replication_driver_data=None,replication_extended_status=None,replication_status=None,scheduled_at=None,service_uuid=None,shared_targets=True,size=1,snapshot_id=None,snapshots=,source_volid=None,status='creating',terminated_at=None,updated_at=None,use_quota=True,user_id='ac1bc7c5b4f64716816ac1e8d913e251',volume_attachment=VolumeAttachmentList,volume_type=VolumeType(e6df4cc5-8e2e-4853-9520-7b31a0019f6b),volume_type_id=e6df4cc5-8e2e-4853-9520-7b31a0019f6b)}' {{(pid=113409) _task_receiver /usr/local/lib/python3.8/dist-packages/taskflow/listeners/logging.py:178}}
Oct 09 00:57:18.050460 dv-cinder-master-3-smb devstack@c-api.service[113409]: DEBUG cinder.volume.api [None req-1f969f2a-84e3-4c24-8902-e2d1f3dce069 tempest-VolumesExtendTest-1136031961 tempest-VolumesExtendTest-1136031961-project] Task 'cinder.volume.flows.api.create_volume.QuotaCommitTask;volume:create' (e8901802-e091-4854-9b4a-54f8b2e4ef7d) transitioned into state 'RUNNING' from state 'PENDING' {{(pid=113409) _task_receiver /usr/local/lib/python3.8/dist-packages/taskflow/listeners/logging.py:190}}
Oct 09 00:57:18.069070 dv-cinder-master-3-smb devstack@c-api.service[113408]: /usr/local/lib/python3.8/dist-packages/oslo_context/context.py:100: DeprecationWarning: Policy enforcement is depending on the value of is_admin. This key is deprecated. Please update your policy file to use the standard policy values.
Oct 09 00:57:18.069070 dv-cinder-master-3-smb devstack@c-api.service[113408]: warnings.warn('Policy enforcement is depending on the value of '
Oct 09 00:57:18.070530 dv-cinder-master-3-smb devstack@c-api.service[113408]: INFO cinder.volume.api [None req-71433462-9f24-4671-8a21-f171a344265d tempest-VolumesSnapshotListTestJSON-80020869 tempest-VolumesSnapshotListTestJSON-80020869-project] Snapshot retrieved successfully.
Oct 09 00:57:18.088054 dv-cinder-master-3-smb devstack@c-api.service[113409]: DEBUG cinder.volume.api [None req-1f969f2a-84e3-4c24-8902-e2d1f3dce069 tempest-VolumesExtendTest-1136031961 tempest-VolumesExtendTest-1136031961-project] Task 'cinder.volume.flows.api.create_volume.QuotaCommitTask;volume:create' (e8901802-e091-4854-9b4a-54f8b2e4ef7d) transitioned into state 'SUCCESS' from state 'RUNNING' with result '{'volume_properties': VolumeProperties(attach_status='detached',availability_zone='nova',cgsnapshot_id=None,consistencygroup_id=None,display_description=None,display_name='tempest-VolumesExtendTest-Volume-358704125',encryption_key_id=None,group_id=None,group_type_id=,metadata={},multiattach=False,project_id='4537b7bd396d4bc39e88007cc50f11f9',qos_specs=None,replication_status=,reservations=['acfecf27-9a23-456e-8a01-7c738920b3e3','10d4a12e-295e-44ee-9935-269787901c53','508dc16f-fa28-4cd6-8025-be096002958b','e70f53d7-2fc0-4c65-afbe-bdfbfa243125'],size=1,snapshot_id=None,source_replicaid=,source_volid=None,status='creating',user_id='ac1bc7c5b4f64716816ac1e8d913e251',volume_type_id=e6df4cc5-8e2e-4853-9520-7b31a0019f6b)}' {{(pid=113409) _task_receiver /usr/local/lib/python3.8/dist-packages/taskflow/listeners/logging.py:178}}
Oct 09 00:57:18.090396 dv-cinder-master-3-smb devstack@c-api.service[113409]: DEBUG cinder.volume.api [None req-1f969f2a-84e3-4c24-8902-e2d1f3dce069 tempest-VolumesExtendTest-1136031961 tempest-VolumesExtendTest-1136031961-project] Task 'cinder.volume.flows.api.create_volume.VolumeCastTask;volume:create' (39967978-5895-4c6e-9909-f7185170bd22) transitioned into state 'RUNNING' from state 'PENDING' {{(pid=113409) _task_receiver /usr/local/lib/python3.8/dist-packages/taskflow/listeners/logging.py:190}}
Oct 09 00:57:18.109381 dv-cinder-master-3-smb devstack@c-api.service[113408]: INFO cinder.volume.api [None req-71433462-9f24-4671-8a21-f171a344265d tempest-VolumesSnapshotListTestJSON-80020869 tempest-VolumesSnapshotListTestJSON-80020869-project] Snapshot delete request issued successfully.
Oct 09 00:57:18.109939 dv-cinder-master-3-smb devstack@c-api.service[113408]: INFO cinder.api.openstack.wsgi [None req-71433462-9f24-4671-8a21-f171a344265d tempest-VolumesSnapshotListTestJSON-80020869 tempest-VolumesSnapshotListTestJSON-80020869-project] http://10.222.0.15/volume/v3/288269e173ae4155b5640873b0d56ec7/snapshots/5be3d154-c47c-4020-86a4-08f56c70d393 returned with HTTP 202
Oct 09 00:57:18.110781 dv-cinder-master-3-smb devstack@c-api.service[113408]: [pid: 113408|app: 0|req: 189/353] 10.222.0.15 () {58 vars in 1334 bytes} [Sun Oct 9 00:57:18 2022] DELETE /volume/v3/288269e173ae4155b5640873b0d56ec7/snapshots/5be3d154-c47c-4020-86a4-08f56c70d393 => generated 0 bytes in 72 msecs (HTTP/1.1 202) 6 headers in 233 bytes (1 switches on core 0)
Oct 09 00:57:18.120765 dv-cinder-master-3-smb devstack@c-api.service[113409]: DEBUG cinder.volume.api [None req-1f969f2a-84e3-4c24-8902-e2d1f3dce069 tempest-VolumesExtendTest-1136031961 tempest-VolumesExtendTest-1136031961-project] Task 'cinder.volume.flows.api.create_volume.VolumeCastTask;volume:create' (39967978-5895-4c6e-9909-f7185170bd22) transitioned into state 'SUCCESS' from state 'RUNNING' with result 'None' {{(pid=113409) _task_receiver /usr/local/lib/python3.8/dist-packages/taskflow/listeners/logging.py:178}}
Oct 09 00:57:18.122435 dv-cinder-master-3-smb devstack@c-api.service[113408]: DEBUG cinder.api.middleware.request_id [None req-15866517-cb3d-4c48-9d5f-40d7f4fa261d None None] RequestId filter calling following filter/app {{(pid=113408) _context_setter /opt/stack/cinder/cinder/api/middleware/request_id.py:62}}
Oct 09 00:57:18.125487 dv-cinder-master-3-smb devstack@c-api.service[113409]: DEBUG cinder.volume.api [None req-1f969f2a-84e3-4c24-8902-e2d1f3dce069 tempest-VolumesExtendTest-1136031961 tempest-VolumesExtendTest-1136031961-project] Flow 'volume_create_api' (7b7d57ef-74a6-4e93-849d-26f090097e16) transitioned into state 'SUCCESS' from state 'RUNNING' {{(pid=113409) _flow_receiver /usr/local/lib/python3.8/dist-packages/taskflow/listeners/logging.py:141}}
Oct 09 00:57:18.126419 dv-cinder-master-3-smb devstack@c-api.service[113409]: INFO cinder.volume.api [None req-1f969f2a-84e3-4c24-8902-e2d1f3dce069 tempest-VolumesExtendTest-1136031961 tempest-VolumesExtendTest-1136031961-project] Create volume request issued successfully.
Oct 09 00:57:18.127851 dv-cinder-master-3-smb devstack@c-api.service[113409]: INFO cinder.api.openstack.wsgi [None req-1f969f2a-84e3-4c24-8902-e2d1f3dce069 tempest-VolumesExtendTest-1136031961 tempest-VolumesExtendTest-1136031961-project] http://10.222.0.15/volume/v3/4537b7bd396d4bc39e88007cc50f11f9/volumes returned with HTTP 202
Oct 09 00:57:18.129220 dv-cinder-master-3-smb devstack@c-api.service[113409]: [pid: 113409|app: 0|req: 165/354] 10.222.0.15 () {60 vars in 1236 bytes} [Sun Oct 9 00:57:17 2022] POST /volume/v3/4537b7bd396d4bc39e88007cc50f11f9/volumes => generated 816 bytes in 485 msecs (HTTP/1.1 202) 7 headers in 291 bytes (1 switches on core 0)
Oct 09 00:57:18.135227 dv-cinder-master-3-smb devstack@c-api.service[113408]: INFO cinder.api.openstack.wsgi [None req-15866517-cb3d-4c48-9d5f-40d7f4fa261d tempest-VolumesSnapshotListTestJSON-80020869 tempest-VolumesSnapshotListTestJSON-80020869-project] GET http://10.222.0.15/volume/v3/288269e173ae4155b5640873b0d56ec7/snapshots/5be3d154-c47c-4020-86a4-08f56c70d393
Oct 09 00:57:18.135227 dv-cinder-master-3-smb devstack@c-api.service[113408]: DEBUG cinder.api.openstack.wsgi [None req-15866517-cb3d-4c48-9d5f-40d7f4fa261d tempest-VolumesSnapshotListTestJSON-80020869 tempest-VolumesSnapshotListTestJSON-80020869-project] Empty body provided in request {{(pid=113408) get_body /opt/stack/cinder/cinder/api/openstack/wsgi.py:715}}
Oct 09 00:57:18.136077 dv-cinder-master-3-smb devstack@c-api.service[113408]: DEBUG cinder.api.openstack.wsgi [None req-15866517-cb3d-4c48-9d5f-40d7f4fa261d tempest-VolumesSnapshotListTestJSON-80020869 tempest-VolumesSnapshotListTestJSON-80020869-project] Calling method 'show' {{(pid=113408) _process_stack /opt/stack/cinder/cinder/api/openstack/wsgi.py:868}}
Oct 09 00:57:18.144493 dv-cinder-master-3-smb devstack@c-api.service[113409]: DEBUG cinder.api.middleware.request_id [None req-b6c57273-41a4-444b-8369-34656d287c55 None None] RequestId filter calling following filter/app {{(pid=113409) _context_setter /opt/stack/cinder/cinder/api/middleware/request_id.py:62}}
Oct 09 00:57:18.148756 dv-cinder-master-3-smb devstack@c-api.service[113409]: INFO cinder.api.openstack.wsgi [None req-b6c57273-41a4-444b-8369-34656d287c55 tempest-VolumesExtendTest-1136031961 tempest-VolumesExtendTest-1136031961-project] GET http://10.222.0.15/volume/v3/4537b7bd396d4bc39e88007cc50f11f9/volumes/0b1a68c6-6e14-44dd-9bc8-dd8d0952e5ba
Oct 09 00:57:18.149829 dv-cinder-master-3-smb devstack@c-api.service[113409]: DEBUG cinder.api.openstack.wsgi [None req-b6c57273-41a4-444b-8369-34656d287c55 tempest-VolumesExtendTest-1136031961 tempest-VolumesExtendTest-1136031961-project] Empty body provided in request {{(pid=113409) get_body /opt/stack/cinder/cinder/api/openstack/wsgi.py:715}}
Oct 09 00:57:18.150818 dv-cinder-master-3-smb devstack@c-api.service[113409]: DEBUG cinder.api.openstack.wsgi [None req-b6c57273-41a4-444b-8369-34656d287c55 tempest-VolumesExtendTest-1136031961 tempest-VolumesExtendTest-1136031961-project] Calling method 'show' {{(pid=113409) _process_stack /opt/stack/cinder/cinder/api/openstack/wsgi.py:868}}
Oct 09 00:57:18.168558 dv-cinder-master-3-smb devstack@c-api.service[113408]: /usr/local/lib/python3.8/dist-packages/oslo_context/context.py:100: DeprecationWarning: Policy enforcement is depending on the value of is_admin. This key is deprecated. Please update your policy file to use the standard policy values.
Oct 09 00:57:18.168558 dv-cinder-master-3-smb devstack@c-api.service[113408]: warnings.warn('Policy enforcement is depending on the value of '
Oct 09 00:57:18.170532 dv-cinder-master-3-smb devstack@c-api.service[113408]: INFO cinder.volume.api [None req-15866517-cb3d-4c48-9d5f-40d7f4fa261d tempest-VolumesSnapshotListTestJSON-80020869 tempest-VolumesSnapshotListTestJSON-80020869-project] Snapshot retrieved successfully.
Oct 09 00:57:18.174953 dv-cinder-master-3-smb devstack@c-api.service[113408]: INFO cinder.api.openstack.wsgi [None req-15866517-cb3d-4c48-9d5f-40d7f4fa261d tempest-VolumesSnapshotListTestJSON-80020869 tempest-VolumesSnapshotListTestJSON-80020869-project] http://10.222.0.15/volume/v3/288269e173ae4155b5640873b0d56ec7/snapshots/5be3d154-c47c-4020-86a4-08f56c70d393 returned with HTTP 200
Oct 09 00:57:18.177933 dv-cinder-master-3-smb devstack@c-api.service[113408]: [pid: 113408|app: 0|req: 190/355] 10.222.0.15 () {58 vars in 1331 bytes} [Sun Oct 9 00:57:18 2022] GET /volume/v3/288269e173ae4155b5640873b0d56ec7/snapshots/5be3d154-c47c-4020-86a4-08f56c70d393 => generated 573 bytes in 59 msecs (HTTP/1.1 200) 7 headers in 285 bytes (1 switches on core 0)
Oct 09 00:57:18.184602 dv-cinder-master-3-smb devstack@c-api.service[113409]: /usr/local/lib/python3.8/dist-packages/oslo_context/context.py:100: DeprecationWarning: Policy enforcement is depending on the value of is_admin. This key is deprecated. Please update your policy file to use the standard policy values.
Oct 09 00:57:18.184602 dv-cinder-master-3-smb devstack@c-api.service[113409]: warnings.warn('Policy enforcement is depending on the value of '
Oct 09 00:57:18.199551 dv-cinder-master-3-smb devstack@c-api.service[113409]: INFO cinder.volume.api [None req-b6c57273-41a4-444b-8369-34656d287c55 tempest-VolumesExtendTest-1136031961 tempest-VolumesExtendTest-1136031961-project] Volume info retrieved successfully.
Oct 09 00:57:18.212554 dv-cinder-master-3-smb devstack@c-api.service[113409]: INFO cinder.api.openstack.wsgi [None req-b6c57273-41a4-444b-8369-34656d287c55 tempest-VolumesExtendTest-1136031961 tempest-VolumesExtendTest-1136031961-project] http://10.222.0.15/volume/v3/4537b7bd396d4bc39e88007cc50f11f9/volumes/0b1a68c6-6e14-44dd-9bc8-dd8d0952e5ba returned with HTTP 200
Oct 09 00:57:18.214276 dv-cinder-master-3-smb devstack@c-api.service[113409]: [pid: 113409|app: 0|req: 166/356] 10.222.0.15 () {58 vars in 1325 bytes} [Sun Oct 9 00:57:18 2022] GET /volume/v3/4537b7bd396d4bc39e88007cc50f11f9/volumes/0b1a68c6-6e14-44dd-9bc8-dd8d0952e5ba => generated 884 bytes in 71 msecs (HTTP/1.1 200) 7 headers in 285 bytes (1 switches on core 0)
Oct 09 00:57:19.186353 dv-cinder-master-3-smb devstack@c-api.service[113408]: DEBUG cinder.api.middleware.request_id [None req-1eb1f54b-c3c5-46e5-b28d-d82b79e2a550 None None] RequestId filter calling following filter/app {{(pid=113408) _context_setter /opt/stack/cinder/cinder/api/middleware/request_id.py:62}}
Oct 09 00:57:19.190652 dv-cinder-master-3-smb devstack@c-api.service[113408]: INFO cinder.api.openstack.wsgi [None req-1eb1f54b-c3c5-46e5-b28d-d82b79e2a550 tempest-VolumesSnapshotListTestJSON-80020869 tempest-VolumesSnapshotListTestJSON-80020869-project] GET http://10.222.0.15/volume/v3/288269e173ae4155b5640873b0d56ec7/snapshots/5be3d154-c47c-4020-86a4-08f56c70d393
Oct 09 00:57:19.191187 dv-cinder-master-3-smb devstack@c-api.service[113408]: DEBUG cinder.api.openstack.wsgi [None req-1eb1f54b-c3c5-46e5-b28d-d82b79e2a550 tempest-VolumesSnapshotListTestJSON-80020869 tempest-VolumesSnapshotListTestJSON-80020869-project] Empty body provided in request {{(pid=113408) get_body /opt/stack/cinder/cinder/api/openstack/wsgi.py:715}}
Oct 09 00:57:19.191815 dv-cinder-master-3-smb devstack@c-api.service[113408]: DEBUG cinder.api.openstack.wsgi [None req-1eb1f54b-c3c5-46e5-b28d-d82b79e2a550 tempest-VolumesSnapshotListTestJSON-80020869 tempest-VolumesSnapshotListTestJSON-80020869-project] Calling method 'show' {{(pid=113408) _process_stack /opt/stack/cinder/cinder/api/openstack/wsgi.py:868}}
Oct 09 00:57:19.209528 dv-cinder-master-3-smb devstack@c-api.service[113408]: INFO cinder.api.openstack.wsgi [None req-1eb1f54b-c3c5-46e5-b28d-d82b79e2a550 tempest-VolumesSnapshotListTestJSON-80020869 tempest-VolumesSnapshotListTestJSON-80020869-project] http://10.222.0.15/volume/v3/288269e173ae4155b5640873b0d56ec7/snapshots/5be3d154-c47c-4020-86a4-08f56c70d393 returned with HTTP 404
Oct 09 00:57:19.211359 dv-cinder-master-3-smb devstack@c-api.service[113408]: [pid: 113408|app: 0|req: 191/357] 10.222.0.15 () {58 vars in 1331 bytes} [Sun Oct 9 00:57:19 2022] GET /volume/v3/288269e173ae4155b5640873b0d56ec7/snapshots/5be3d154-c47c-4020-86a4-08f56c70d393 => generated 111 bytes in 26 msecs (HTTP/1.1 404) 7 headers in 292 bytes (1 switches on core 0)
Oct 09 00:57:19.216204 dv-cinder-master-3-smb devstack@c-api.service[113409]: DEBUG cinder.api.middleware.request_id [None req-1e4cf5e7-2e2e-452d-900b-8215e29e91b2 None None] RequestId filter calling following filter/app {{(pid=113409) _context_setter /opt/stack/cinder/cinder/api/middleware/request_id.py:62}}
Oct 09 00:57:19.223041 dv-cinder-master-3-smb devstack@c-api.service[113409]: INFO cinder.api.openstack.wsgi [None req-1e4cf5e7-2e2e-452d-900b-8215e29e91b2 tempest-VolumesSnapshotListTestJSON-80020869 tempest-VolumesSnapshotListTestJSON-80020869-project] DELETE http://10.222.0.15/volume/v3/288269e173ae4155b5640873b0d56ec7/snapshots/ebb6772c-e8b2-4b71-954e-159a40555630
Oct 09 00:57:19.223687 dv-cinder-master-3-smb devstack@c-api.service[113409]: DEBUG cinder.api.openstack.wsgi [None req-1e4cf5e7-2e2e-452d-900b-8215e29e91b2 tempest-VolumesSnapshotListTestJSON-80020869 tempest-VolumesSnapshotListTestJSON-80020869-project] Empty body provided in request {{(pid=113409) get_body /opt/stack/cinder/cinder/api/openstack/wsgi.py:715}}
Oct 09 00:57:19.224440 dv-cinder-master-3-smb devstack@c-api.service[113409]: DEBUG cinder.api.openstack.wsgi [None req-1e4cf5e7-2e2e-452d-900b-8215e29e91b2 tempest-VolumesSnapshotListTestJSON-80020869 tempest-VolumesSnapshotListTestJSON-80020869-project] Calling method 'delete' {{(pid=113409) _process_stack /opt/stack/cinder/cinder/api/openstack/wsgi.py:868}}
Oct 09 00:57:19.224920 dv-cinder-master-3-smb devstack@c-api.service[113409]: INFO cinder.api.v2.snapshots [None req-1e4cf5e7-2e2e-452d-900b-8215e29e91b2 tempest-VolumesSnapshotListTestJSON-80020869 tempest-VolumesSnapshotListTestJSON-80020869-project] Delete snapshot with id: ebb6772c-e8b2-4b71-954e-159a40555630
Oct 09 00:57:19.233210 dv-cinder-master-3-smb devstack@c-api.service[113408]: DEBUG cinder.api.middleware.request_id [None req-82727158-da93-4642-a08c-510d8c90e1a8 None None] RequestId filter calling following filter/app {{(pid=113408) _context_setter /opt/stack/cinder/cinder/api/middleware/request_id.py:62}}
Oct 09 00:57:19.237103 dv-cinder-master-3-smb devstack@c-api.service[113408]: INFO cinder.api.openstack.wsgi [None req-82727158-da93-4642-a08c-510d8c90e1a8 tempest-VolumesExtendTest-1136031961 tempest-VolumesExtendTest-1136031961-project] GET http://10.222.0.15/volume/v3/4537b7bd396d4bc39e88007cc50f11f9/volumes/0b1a68c6-6e14-44dd-9bc8-dd8d0952e5ba
Oct 09 00:57:19.237555 dv-cinder-master-3-smb devstack@c-api.service[113408]: DEBUG cinder.api.openstack.wsgi [None req-82727158-da93-4642-a08c-510d8c90e1a8 tempest-VolumesExtendTest-1136031961 tempest-VolumesExtendTest-1136031961-project] Empty body provided in request {{(pid=113408) get_body /opt/stack/cinder/cinder/api/openstack/wsgi.py:715}}
Oct 09 00:57:19.238008 dv-cinder-master-3-smb devstack@c-api.service[113408]: DEBUG cinder.api.openstack.wsgi [None req-82727158-da93-4642-a08c-510d8c90e1a8 tempest-VolumesExtendTest-1136031961 tempest-VolumesExtendTest-1136031961-project] Calling method 'show' {{(pid=113408) _process_stack /opt/stack/cinder/cinder/api/openstack/wsgi.py:868}}
Oct 09 00:57:19.241516 dv-cinder-master-3-smb devstack@c-api.service[113409]: /usr/local/lib/python3.8/dist-packages/oslo_context/context.py:100: DeprecationWarning: Policy enforcement is depending on the value of is_admin. This key is deprecated. Please update your policy file to use the standard policy values.
Oct 09 00:57:19.241516 dv-cinder-master-3-smb devstack@c-api.service[113409]: warnings.warn('Policy enforcement is depending on the value of '
Oct 09 00:57:19.242582 dv-cinder-master-3-smb devstack@c-api.service[113409]: INFO cinder.volume.api [None req-1e4cf5e7-2e2e-452d-900b-8215e29e91b2 tempest-VolumesSnapshotListTestJSON-80020869 tempest-VolumesSnapshotListTestJSON-80020869-project] Snapshot retrieved successfully.
Oct 09 00:57:19.266109 dv-cinder-master-3-smb devstack@c-api.service[113408]: /usr/local/lib/python3.8/dist-packages/oslo_context/context.py:100: DeprecationWarning: Policy enforcement is depending on the value of is_admin. This key is deprecated. Please update your policy file to use the standard policy values.
Oct 09 00:57:19.266109 dv-cinder-master-3-smb devstack@c-api.service[113408]: warnings.warn('Policy enforcement is depending on the value of '
Oct 09 00:57:19.273680 dv-cinder-master-3-smb devstack@c-api.service[113408]: INFO cinder.volume.api [None req-82727158-da93-4642-a08c-510d8c90e1a8 tempest-VolumesExtendTest-1136031961 tempest-VolumesExtendTest-1136031961-project] Volume info retrieved successfully.
Oct 09 00:57:19.284979 dv-cinder-master-3-smb devstack@c-api.service[113408]: INFO cinder.api.openstack.wsgi [None req-82727158-da93-4642-a08c-510d8c90e1a8 tempest-VolumesExtendTest-1136031961 tempest-VolumesExtendTest-1136031961-project] http://10.222.0.15/volume/v3/4537b7bd396d4bc39e88007cc50f11f9/volumes/0b1a68c6-6e14-44dd-9bc8-dd8d0952e5ba returned with HTTP 200
Oct 09 00:57:19.286099 dv-cinder-master-3-smb devstack@c-api.service[113408]: [pid: 113408|app: 0|req: 192/358] 10.222.0.15 () {58 vars in 1325 bytes} [Sun Oct 9 00:57:19 2022] GET /volume/v3/4537b7bd396d4bc39e88007cc50f11f9/volumes/0b1a68c6-6e14-44dd-9bc8-dd8d0952e5ba => generated 908 bytes in 54 msecs (HTTP/1.1 200) 7 headers in 285 bytes (1 switches on core 0)
Oct 09 00:57:19.307375 dv-cinder-master-3-smb devstack@c-api.service[113409]: INFO cinder.volume.api [None req-1e4cf5e7-2e2e-452d-900b-8215e29e91b2 tempest-VolumesSnapshotListTestJSON-80020869 tempest-VolumesSnapshotListTestJSON-80020869-project] Snapshot delete request issued successfully.
Oct 09 00:57:19.307375 dv-cinder-master-3-smb devstack@c-api.service[113409]: INFO cinder.api.openstack.wsgi [None req-1e4cf5e7-2e2e-452d-900b-8215e29e91b2 tempest-VolumesSnapshotListTestJSON-80020869 tempest-VolumesSnapshotListTestJSON-80020869-project] http://10.222.0.15/volume/v3/288269e173ae4155b5640873b0d56ec7/snapshots/ebb6772c-e8b2-4b71-954e-159a40555630 returned with HTTP 202
Oct 09 00:57:19.311105 dv-cinder-master-3-smb devstack@c-api.service[113409]: [pid: 113409|app: 0|req: 167/359] 10.222.0.15 () {58 vars in 1334 bytes} [Sun Oct 9 00:57:19 2022] DELETE /volume/v3/288269e173ae4155b5640873b0d56ec7/snapshots/ebb6772c-e8b2-4b71-954e-159a40555630 => generated 0 bytes in 96 msecs (HTTP/1.1 202) 6 headers in 233 bytes (1 switches on core 0)
Oct 09 00:57:19.312589 dv-cinder-master-3-smb devstack@c-api.service[113408]: DEBUG cinder.api.middleware.request_id [None req-29eca539-e8ec-4eb0-9c31-9e1c349bd264 None None] RequestId filter calling following filter/app {{(pid=113408) _context_setter /opt/stack/cinder/cinder/api/middleware/request_id.py:62}}
Oct 09 00:57:19.317247 dv-cinder-master-3-smb devstack@c-api.service[113408]: INFO cinder.api.openstack.wsgi [None req-29eca539-e8ec-4eb0-9c31-9e1c349bd264 tempest-VolumesSnapshotListTestJSON-80020869 tempest-VolumesSnapshotListTestJSON-80020869-project] GET http://10.222.0.15/volume/v3/288269e173ae4155b5640873b0d56ec7/snapshots/ebb6772c-e8b2-4b71-954e-159a40555630
Oct 09 00:57:19.317886 dv-cinder-master-3-smb devstack@c-api.service[113408]: DEBUG cinder.api.openstack.wsgi [None req-29eca539-e8ec-4eb0-9c31-9e1c349bd264 tempest-VolumesSnapshotListTestJSON-80020869 tempest-VolumesSnapshotListTestJSON-80020869-project] Empty body provided in request {{(pid=113408) get_body /opt/stack/cinder/cinder/api/openstack/wsgi.py:715}}
Oct 09 00:57:19.318523 dv-cinder-master-3-smb devstack@c-api.service[113408]: DEBUG cinder.api.openstack.wsgi [None req-29eca539-e8ec-4eb0-9c31-9e1c349bd264 tempest-VolumesSnapshotListTestJSON-80020869 tempest-VolumesSnapshotListTestJSON-80020869-project] Calling method 'show' {{(pid=113408) _process_stack /opt/stack/cinder/cinder/api/openstack/wsgi.py:868}}
Oct 09 00:57:19.328970 dv-cinder-master-3-smb devstack@c-api.service[113408]: /usr/local/lib/python3.8/dist-packages/oslo_context/context.py:100: DeprecationWarning: Policy enforcement is depending on the value of is_admin. This key is deprecated. Please update your policy file to use the standard policy values.
Oct 09 00:57:19.328970 dv-cinder-master-3-smb devstack@c-api.service[113408]: warnings.warn('Policy enforcement is depending on the value of '
Oct 09 00:57:19.330097 dv-cinder-master-3-smb devstack@c-api.service[113408]: INFO cinder.volume.api [None req-29eca539-e8ec-4eb0-9c31-9e1c349bd264 tempest-VolumesSnapshotListTestJSON-80020869 tempest-VolumesSnapshotListTestJSON-80020869-project] Snapshot retrieved successfully.
Oct 09 00:57:19.332438 dv-cinder-master-3-smb devstack@c-api.service[113408]: INFO cinder.api.openstack.wsgi [None req-29eca539-e8ec-4eb0-9c31-9e1c349bd264 tempest-VolumesSnapshotListTestJSON-80020869 tempest-VolumesSnapshotListTestJSON-80020869-project] http://10.222.0.15/volume/v3/288269e173ae4155b5640873b0d56ec7/snapshots/ebb6772c-e8b2-4b71-954e-159a40555630 returned with HTTP 200
Oct 09 00:57:19.333796 dv-cinder-master-3-smb devstack@c-api.service[113408]: [pid: 113408|app: 0|req: 193/360] 10.222.0.15 () {58 vars in 1331 bytes} [Sun Oct 9 00:57:19 2022] GET /volume/v3/288269e173ae4155b5640873b0d56ec7/snapshots/ebb6772c-e8b2-4b71-954e-159a40555630 => generated 574 bytes in 22 msecs (HTTP/1.1 200) 7 headers in 285 bytes (1 switches on core 0)
Oct 09 00:57:20.218566 dv-cinder-master-3-smb devstack@c-api.service[113409]: DEBUG cinder.api.middleware.request_id [None req-c62212ef-bf44-4702-8dd0-7611e88c5701 None None] RequestId filter calling following filter/app {{(pid=113409) _context_setter /opt/stack/cinder/cinder/api/middleware/request_id.py:62}}
Oct 09 00:57:20.305570 dv-cinder-master-3-smb devstack@c-api.service[113408]: DEBUG cinder.api.middleware.request_id [None req-f084ce1a-dc87-41a5-8632-39b56335eb7a None None] RequestId filter calling following filter/app {{(pid=113408) _context_setter /opt/stack/cinder/cinder/api/middleware/request_id.py:62}}
Oct 09 00:57:20.309405 dv-cinder-master-3-smb devstack@c-api.service[113408]: INFO cinder.api.openstack.wsgi [None req-f084ce1a-dc87-41a5-8632-39b56335eb7a tempest-VolumesExtendTest-1136031961 tempest-VolumesExtendTest-1136031961-project] GET http://10.222.0.15/volume/v3/4537b7bd396d4bc39e88007cc50f11f9/volumes/0b1a68c6-6e14-44dd-9bc8-dd8d0952e5ba
Oct 09 00:57:20.310013 dv-cinder-master-3-smb devstack@c-api.service[113408]: DEBUG cinder.api.openstack.wsgi [None req-f084ce1a-dc87-41a5-8632-39b56335eb7a tempest-VolumesExtendTest-1136031961 tempest-VolumesExtendTest-1136031961-project] Empty body provided in request {{(pid=113408) get_body /opt/stack/cinder/cinder/api/openstack/wsgi.py:715}}
Oct 09 00:57:20.310459 dv-cinder-master-3-smb devstack@c-api.service[113408]: DEBUG cinder.api.openstack.wsgi [None req-f084ce1a-dc87-41a5-8632-39b56335eb7a tempest-VolumesExtendTest-1136031961 tempest-VolumesExtendTest-1136031961-project] Calling method 'show' {{(pid=113408) _process_stack /opt/stack/cinder/cinder/api/openstack/wsgi.py:868}}
Oct 09 00:57:20.326701 dv-cinder-master-3-smb devstack@c-api.service[113408]: /usr/local/lib/python3.8/dist-packages/oslo_context/context.py:100: DeprecationWarning: Policy enforcement is depending on the value of is_admin. This key is deprecated. Please update your policy file to use the standard policy values.
Oct 09 00:57:20.326701 dv-cinder-master-3-smb devstack@c-api.service[113408]: warnings.warn('Policy enforcement is depending on the value of '
Oct 09 00:57:20.333761 dv-cinder-master-3-smb devstack@c-api.service[113409]: INFO cinder.api.openstack.wsgi [None req-c62212ef-bf44-4702-8dd0-7611e88c5701 tempest-GroupTypesTest-312076300 tempest-GroupTypesTest-312076300-project-admin] POST http://10.222.0.15/volume/v3/b88ed96cd9234241b74cdcfd804caff0/group_types
Oct 09 00:57:20.334273 dv-cinder-master-3-smb devstack@c-api.service[113408]: INFO cinder.volume.api [None req-f084ce1a-dc87-41a5-8632-39b56335eb7a tempest-VolumesExtendTest-1136031961 tempest-VolumesExtendTest-1136031961-project] Volume info retrieved successfully.
Oct 09 00:57:20.334795 dv-cinder-master-3-smb devstack@c-api.service[113409]: DEBUG cinder.api.openstack.wsgi [None req-c62212ef-bf44-4702-8dd0-7611e88c5701 tempest-GroupTypesTest-312076300 tempest-GroupTypesTest-312076300-project-admin] Action: 'create', calling method: version_select, body: {"group_type": {"name": "tempest-GroupTypesTest-group-type-53402350", "description": "tempest-group-type-description-602804861", "group_specs": {"consistent_group_snapshot_enabled": " False"}, "is_public": true}} {{(pid=113409) _process_stack /opt/stack/cinder/cinder/api/openstack/wsgi.py:866}}
Oct 09 00:57:20.344120 dv-cinder-master-3-smb devstack@c-api.service[113408]: INFO cinder.api.openstack.wsgi [None req-f084ce1a-dc87-41a5-8632-39b56335eb7a tempest-VolumesExtendTest-1136031961 tempest-VolumesExtendTest-1136031961-project] http://10.222.0.15/volume/v3/4537b7bd396d4bc39e88007cc50f11f9/volumes/0b1a68c6-6e14-44dd-9bc8-dd8d0952e5ba returned with HTTP 200
Oct 09 00:57:20.345045 dv-cinder-master-3-smb devstack@c-api.service[113408]: [pid: 113408|app: 0|req: 194/361] 10.222.0.15 () {58 vars in 1325 bytes} [Sun Oct 9 00:57:20 2022] GET /volume/v3/4537b7bd396d4bc39e88007cc50f11f9/volumes/0b1a68c6-6e14-44dd-9bc8-dd8d0952e5ba => generated 908 bytes in 41 msecs (HTTP/1.1 200) 7 headers in 285 bytes (1 switches on core 0)
Oct 09 00:57:20.346336 dv-cinder-master-3-smb devstack@c-api.service[113408]: DEBUG cinder.api.middleware.request_id [None req-3322d1ac-a4ee-49bc-b177-aa240d69d6be None None] RequestId filter calling following filter/app {{(pid=113408) _context_setter /opt/stack/cinder/cinder/api/middleware/request_id.py:62}}
Oct 09 00:57:20.347637 dv-cinder-master-3-smb devstack@c-api.service[113409]: /usr/local/lib/python3.8/dist-packages/oslo_context/context.py:100: DeprecationWarning: Policy enforcement is depending on the value of is_admin. This key is deprecated. Please update your policy file to use the standard policy values.
Oct 09 00:57:20.347637 dv-cinder-master-3-smb devstack@c-api.service[113409]: warnings.warn('Policy enforcement is depending on the value of '
Oct 09 00:57:20.350717 dv-cinder-master-3-smb devstack@c-api.service[113408]: INFO cinder.api.openstack.wsgi [None req-3322d1ac-a4ee-49bc-b177-aa240d69d6be tempest-VolumesSnapshotListTestJSON-80020869 tempest-VolumesSnapshotListTestJSON-80020869-project] GET http://10.222.0.15/volume/v3/288269e173ae4155b5640873b0d56ec7/snapshots/ebb6772c-e8b2-4b71-954e-159a40555630
Oct 09 00:57:20.351472 dv-cinder-master-3-smb devstack@c-api.service[113408]: DEBUG cinder.api.openstack.wsgi [None req-3322d1ac-a4ee-49bc-b177-aa240d69d6be tempest-VolumesSnapshotListTestJSON-80020869 tempest-VolumesSnapshotListTestJSON-80020869-project] Empty body provided in request {{(pid=113408) get_body /opt/stack/cinder/cinder/api/openstack/wsgi.py:715}}
Oct 09 00:57:20.351799 dv-cinder-master-3-smb devstack@c-api.service[113408]: DEBUG cinder.api.openstack.wsgi [None req-3322d1ac-a4ee-49bc-b177-aa240d69d6be tempest-VolumesSnapshotListTestJSON-80020869 tempest-VolumesSnapshotListTestJSON-80020869-project] Calling method 'show' {{(pid=113408) _process_stack /opt/stack/cinder/cinder/api/openstack/wsgi.py:868}}
Oct 09 00:57:20.360551 dv-cinder-master-3-smb devstack@c-api.service[113408]: INFO cinder.api.openstack.wsgi [None req-3322d1ac-a4ee-49bc-b177-aa240d69d6be tempest-VolumesSnapshotListTestJSON-80020869 tempest-VolumesSnapshotListTestJSON-80020869-project] http://10.222.0.15/volume/v3/288269e173ae4155b5640873b0d56ec7/snapshots/ebb6772c-e8b2-4b71-954e-159a40555630 returned with HTTP 404
Oct 09 00:57:20.361592 dv-cinder-master-3-smb devstack@c-api.service[113408]: [pid: 113408|app: 0|req: 195/362] 10.222.0.15 () {58 vars in 1331 bytes} [Sun Oct 9 00:57:20 2022] GET /volume/v3/288269e173ae4155b5640873b0d56ec7/snapshots/ebb6772c-e8b2-4b71-954e-159a40555630 => generated 111 bytes in 16 msecs (HTTP/1.1 404) 7 headers in 292 bytes (1 switches on core 0)
Oct 09 00:57:20.366952 dv-cinder-master-3-smb devstack@c-api.service[113408]: DEBUG cinder.api.middleware.request_id [None req-c83b1733-2d5b-4f86-8d98-8686a6a9eb0e None None] RequestId filter calling following filter/app {{(pid=113408) _context_setter /opt/stack/cinder/cinder/api/middleware/request_id.py:62}}
Oct 09 00:57:20.372701 dv-cinder-master-3-smb devstack@c-api.service[113408]: INFO cinder.api.openstack.wsgi [None req-c83b1733-2d5b-4f86-8d98-8686a6a9eb0e tempest-VolumesSnapshotListTestJSON-80020869 tempest-VolumesSnapshotListTestJSON-80020869-project] DELETE http://10.222.0.15/volume/v3/288269e173ae4155b5640873b0d56ec7/snapshots/2a3e016b-24f4-420c-b3d9-20834d0b5cb1
Oct 09 00:57:20.373361 dv-cinder-master-3-smb devstack@c-api.service[113408]: DEBUG cinder.api.openstack.wsgi [None req-c83b1733-2d5b-4f86-8d98-8686a6a9eb0e tempest-VolumesSnapshotListTestJSON-80020869 tempest-VolumesSnapshotListTestJSON-80020869-project] Empty body provided in request {{(pid=113408) get_body /opt/stack/cinder/cinder/api/openstack/wsgi.py:715}}
Oct 09 00:57:20.373998 dv-cinder-master-3-smb devstack@c-api.service[113408]: DEBUG cinder.api.openstack.wsgi [None req-c83b1733-2d5b-4f86-8d98-8686a6a9eb0e tempest-VolumesSnapshotListTestJSON-80020869 tempest-VolumesSnapshotListTestJSON-80020869-project] Calling method 'delete' {{(pid=113408) _process_stack /opt/stack/cinder/cinder/api/openstack/wsgi.py:868}}
Oct 09 00:57:20.374300 dv-cinder-master-3-smb devstack@c-api.service[113408]: INFO cinder.api.v2.snapshots [None req-c83b1733-2d5b-4f86-8d98-8686a6a9eb0e tempest-VolumesSnapshotListTestJSON-80020869 tempest-VolumesSnapshotListTestJSON-80020869-project] Delete snapshot with id: 2a3e016b-24f4-420c-b3d9-20834d0b5cb1
Oct 09 00:57:20.379558 dv-cinder-master-3-smb devstack@c-api.service[113409]: INFO cinder.api.openstack.wsgi [None req-c62212ef-bf44-4702-8dd0-7611e88c5701 tempest-GroupTypesTest-312076300 tempest-GroupTypesTest-312076300-project-admin] http://10.222.0.15/volume/v3/b88ed96cd9234241b74cdcfd804caff0/group_types returned with HTTP 202
Oct 09 00:57:20.380482 dv-cinder-master-3-smb devstack@c-api.service[113409]: [pid: 113409|app: 0|req: 168/363] 10.222.0.15 () {62 vars in 1289 bytes} [Sun Oct 9 00:57:20 2022] POST /volume/v3/b88ed96cd9234241b74cdcfd804caff0/group_types => generated 262 bytes in 163 msecs (HTTP/1.1 202) 7 headers in 292 bytes (1 switches on core 0)
Oct 09 00:57:20.388164 dv-cinder-master-3-smb devstack@c-api.service[113409]: DEBUG cinder.api.middleware.request_id [None req-b9894336-38c9-45a2-9519-b26246aa790c None None] RequestId filter calling following filter/app {{(pid=113409) _context_setter /opt/stack/cinder/cinder/api/middleware/request_id.py:62}}
Oct 09 00:57:20.388421 dv-cinder-master-3-smb devstack@c-api.service[113408]: /usr/local/lib/python3.8/dist-packages/oslo_context/context.py:100: DeprecationWarning: Policy enforcement is depending on the value of is_admin. This key is deprecated. Please update your policy file to use the standard policy values.
Oct 09 00:57:20.388421 dv-cinder-master-3-smb devstack@c-api.service[113408]: warnings.warn('Policy enforcement is depending on the value of '
Oct 09 00:57:20.389727 dv-cinder-master-3-smb devstack@c-api.service[113408]: INFO cinder.volume.api [None req-c83b1733-2d5b-4f86-8d98-8686a6a9eb0e tempest-VolumesSnapshotListTestJSON-80020869 tempest-VolumesSnapshotListTestJSON-80020869-project] Snapshot retrieved successfully.
Oct 09 00:57:20.392917 dv-cinder-master-3-smb devstack@c-api.service[113409]: INFO cinder.api.openstack.wsgi [None req-b9894336-38c9-45a2-9519-b26246aa790c tempest-GroupTypesTest-312076300 tempest-GroupTypesTest-312076300-project-admin] GET http://10.222.0.15/volume/v3/b88ed96cd9234241b74cdcfd804caff0/group_types
Oct 09 00:57:20.393402 dv-cinder-master-3-smb devstack@c-api.service[113409]: DEBUG cinder.api.openstack.wsgi [None req-b9894336-38c9-45a2-9519-b26246aa790c tempest-GroupTypesTest-312076300 tempest-GroupTypesTest-312076300-project-admin] Empty body provided in request {{(pid=113409) get_body /opt/stack/cinder/cinder/api/openstack/wsgi.py:715}}
Oct 09 00:57:20.393871 dv-cinder-master-3-smb devstack@c-api.service[113409]: DEBUG cinder.api.openstack.wsgi [None req-b9894336-38c9-45a2-9519-b26246aa790c tempest-GroupTypesTest-312076300 tempest-GroupTypesTest-312076300-project-admin] Calling method 'version_select' {{(pid=113409) _process_stack /opt/stack/cinder/cinder/api/openstack/wsgi.py:868}}
Oct 09 00:57:20.415174 dv-cinder-master-3-smb devstack@c-api.service[113409]: INFO cinder.api.openstack.wsgi [None req-b9894336-38c9-45a2-9519-b26246aa790c tempest-GroupTypesTest-312076300 tempest-GroupTypesTest-312076300-project-admin] http://10.222.0.15/volume/v3/b88ed96cd9234241b74cdcfd804caff0/group_types returned with HTTP 200
Oct 09 00:57:20.416056 dv-cinder-master-3-smb devstack@c-api.service[113409]: [pid: 113409|app: 0|req: 169/364] 10.222.0.15 () {60 vars in 1267 bytes} [Sun Oct 9 00:57:20 2022] GET /volume/v3/b88ed96cd9234241b74cdcfd804caff0/group_types => generated 496 bytes in 29 msecs (HTTP/1.1 200) 7 headers in 286 bytes (1 switches on core 0)
Oct 09 00:57:20.423816 dv-cinder-master-3-smb devstack@c-api.service[113409]: DEBUG cinder.api.middleware.request_id [None req-1e0edd98-2870-4c9e-a727-20f56f15d8bc None None] RequestId filter calling following filter/app {{(pid=113409) _context_setter /opt/stack/cinder/cinder/api/middleware/request_id.py:62}}
Oct 09 00:57:20.427605 dv-cinder-master-3-smb devstack@c-api.service[113408]: INFO cinder.volume.api [None req-c83b1733-2d5b-4f86-8d98-8686a6a9eb0e tempest-VolumesSnapshotListTestJSON-80020869 tempest-VolumesSnapshotListTestJSON-80020869-project] Snapshot delete request issued successfully.
Oct 09 00:57:20.427745 dv-cinder-master-3-smb devstack@c-api.service[113409]: INFO cinder.api.openstack.wsgi [None req-1e0edd98-2870-4c9e-a727-20f56f15d8bc tempest-GroupTypesTest-312076300 tempest-GroupTypesTest-312076300-project-admin] PUT http://10.222.0.15/volume/v3/b88ed96cd9234241b74cdcfd804caff0/group_types/d50a5905-ffd3-4a54-820f-4c8fdea3c62b
Oct 09 00:57:20.428010 dv-cinder-master-3-smb devstack@c-api.service[113408]: INFO cinder.api.openstack.wsgi [None req-c83b1733-2d5b-4f86-8d98-8686a6a9eb0e tempest-VolumesSnapshotListTestJSON-80020869 tempest-VolumesSnapshotListTestJSON-80020869-project] http://10.222.0.15/volume/v3/288269e173ae4155b5640873b0d56ec7/snapshots/2a3e016b-24f4-420c-b3d9-20834d0b5cb1 returned with HTTP 202
Oct 09 00:57:20.428437 dv-cinder-master-3-smb devstack@c-api.service[113409]: DEBUG cinder.api.openstack.wsgi [None req-1e0edd98-2870-4c9e-a727-20f56f15d8bc tempest-GroupTypesTest-312076300 tempest-GroupTypesTest-312076300-project-admin] Action: 'update', calling method: version_select, body: {"group_type": {"name": "tempest-GroupTypesTest-updated-group-type-1936897532", "description": "updated-group-type-desc"}} {{(pid=113409) _process_stack /opt/stack/cinder/cinder/api/openstack/wsgi.py:866}}
