Sep 30 09:36:20.177595 dv-cinder-master-3-smb devstack@placement-api.service[106911]: INFO placement.requestlog [req-fb91865b-b034-4f35-bc50-cf4afc97d236 req-624dfa01-1c7d-4cb4-9222-6ab0cba91b2c service placement] 10.222.0.15 "GET /placement/allocation_candidates?limit=1000&resources=DISK_GB%3A1%2CMEMORY_MB%3A1024%2CVCPU%3A1&root_required=%21COMPUTE_STATUS_DISABLED" status: 200 len: 767 microversion: 1.36
Sep 30 09:36:20.180557 dv-cinder-master-3-smb devstack@placement-api.service[106911]: [pid: 106911|app: 0|req: 11/21] 10.222.0.15 () {60 vars in 1506 bytes} [Fri Sep 30 09:36:19 2022] GET /placement/allocation_candidates?limit=1000&resources=DISK_GB%3A1%2CMEMORY_MB%3A1024%2CVCPU%3A1&root_required=%21COMPUTE_STATUS_DISABLED => generated 767 bytes in 350 msecs (HTTP/1.1 200) 8 headers in 296 bytes (1 switches on core 0)
Sep 30 09:36:20.180868 dv-cinder-master-3-smb devstack@placement-api.service[106910]: [pid: 106910|app: 0|req: 11/22] 10.222.0.40 () {58 vars in 1390 bytes} [Fri Sep 30 09:36:20 2022] GET /placement/resource_providers/843a726b-a780-4772-83ab-4d77fc0ec935/allocations => generated 153 bytes in 78 msecs (HTTP/1.1 200) 6 headers in 224 bytes (1 switches on core 0)
Sep 30 09:36:20.186316 dv-cinder-master-3-smb devstack@placement-api.service[106911]: DEBUG placement.requestlog [req-88a8168c-0b7c-4cf5-98fc-14db5175f6ca req-760b9a76-d647-49c6-b305-1c0fd0ce59ea None None] Starting request: 10.222.0.40 "GET /placement/allocations/a85f5874-4497-40f9-b65a-cf96396c1a41" {{(pid=106911) __call__ /opt/stack/placement/placement/requestlog.py:55}}
Sep 30 09:36:20.260232 dv-cinder-master-3-smb devstack@placement-api.service[106911]: INFO placement.requestlog [req-88a8168c-0b7c-4cf5-98fc-14db5175f6ca req-760b9a76-d647-49c6-b305-1c0fd0ce59ea service placement] 10.222.0.40 "GET /placement/allocations/a85f5874-4497-40f9-b65a-cf96396c1a41" status: 200 len: 258 microversion: 1.28
Sep 30 09:36:20.260633 dv-cinder-master-3-smb devstack@placement-api.service[106911]: [pid: 106911|app: 0|req: 12/23] 10.222.0.40 () {60 vars in 1377 bytes} [Fri Sep 30 09:36:20 2022] GET /placement/allocations/a85f5874-4497-40f9-b65a-cf96396c1a41 => generated 258 bytes in 75 msecs (HTTP/1.1 200) 8 headers in 296 bytes (1 switches on core 0)
Sep 30 09:36:20.559838 dv-cinder-master-3-smb devstack@placement-api.service[106910]: DEBUG placement.requestlog [req-fb91865b-b034-4f35-bc50-cf4afc97d236 req-b36ca168-761f-4cd3-8602-6cd1252ee3c7 None None] Starting request: 10.222.0.15 "GET /placement/allocations/7afabbde-d38f-4220-ba51-d309cf29ab34" {{(pid=106910) __call__ /opt/stack/placement/placement/requestlog.py:55}}
Sep 30 09:36:20.573377 dv-cinder-master-3-smb devstack@placement-api.service[106910]: INFO placement.requestlog [req-fb91865b-b034-4f35-bc50-cf4afc97d236 req-b36ca168-761f-4cd3-8602-6cd1252ee3c7 service placement] 10.222.0.15 "GET /placement/allocations/7afabbde-d38f-4220-ba51-d309cf29ab34" status: 200 len: 19 microversion: 1.28
Sep 30 09:36:20.581313 dv-cinder-master-3-smb devstack@placement-api.service[106911]: DEBUG placement.requestlog [req-fb91865b-b034-4f35-bc50-cf4afc97d236 req-c5e76be1-bbc9-4458-bbd0-7b04bffa2fca None None] Starting request: 10.222.0.15 "PUT /placement/allocations/7afabbde-d38f-4220-ba51-d309cf29ab34" {{(pid=106911) __call__ /opt/stack/placement/placement/requestlog.py:55}}
Sep 30 09:36:20.593603 dv-cinder-master-3-smb devstack@placement-api.service[106910]: [pid: 106910|app: 0|req: 12/24] 10.222.0.15 () {60 vars in 1380 bytes} [Fri Sep 30 09:36:20 2022] GET /placement/allocations/7afabbde-d38f-4220-ba51-d309cf29ab34 => generated 19 bytes in 46 msecs (HTTP/1.1 200) 8 headers in 295 bytes (1 switches on core 0)
Sep 30 09:36:20.803946 dv-cinder-master-3-smb devstack@placement-api.service[106911]: DEBUG placement.handlers.allocation [req-fb91865b-b034-4f35-bc50-cf4afc97d236 req-c5e76be1-bbc9-4458-bbd0-7b04bffa2fca service placement] Successfully wrote allocations [, , ] {{(pid=106911) _update_consumers_and_create_allocations /opt/stack/placement/placement/handlers/allocation.py:462}}
Sep 30 09:36:20.811775 dv-cinder-master-3-smb devstack@placement-api.service[106911]: INFO placement.requestlog [req-fb91865b-b034-4f35-bc50-cf4afc97d236 req-c5e76be1-bbc9-4458-bbd0-7b04bffa2fca service placement] 10.222.0.15 "PUT /placement/allocations/7afabbde-d38f-4220-ba51-d309cf29ab34" status: 204 len: 0 microversion: 1.36
Sep 30 09:36:20.819488 dv-cinder-master-3-smb devstack@placement-api.service[106911]: [pid: 106911|app: 0|req: 13/25] 10.222.0.15 () {64 vars in 1433 bytes} [Fri Sep 30 09:36:20 2022] PUT /placement/allocations/7afabbde-d38f-4220-ba51-d309cf29ab34 => generated 0 bytes in 232 msecs (HTTP/1.1 204) 5 headers in 199 bytes (2 switches on core 0)
Sep 30 09:36:20.998165 dv-cinder-master-3-smb devstack@placement-api.service[106910]: DEBUG placement.requestlog [req-02068440-5855-43fa-8165-98cd9ee9e8ce req-a8d56e85-ffbf-40e8-9e60-b1628cdf70bd None None] Starting request: 10.222.0.15 "GET /placement/allocation_candidates?limit=1000&resources=DISK_GB%3A1%2CMEMORY_MB%3A1024%2CVCPU%3A1&root_required=%21COMPUTE_STATUS_DISABLED" {{(pid=106910) __call__ /opt/stack/placement/placement/requestlog.py:55}}
Sep 30 09:36:21.197337 dv-cinder-master-3-smb devstack@placement-api.service[106910]: DEBUG placement.objects.research_context [req-02068440-5855-43fa-8165-98cd9ee9e8ce req-a8d56e85-ffbf-40e8-9e60-b1628cdf70bd service placement] getting providers with 1 DISK_GB {{(pid=106910) __init__ /opt/stack/placement/placement/objects/research_context.py:136}}
Sep 30 09:36:21.236238 dv-cinder-master-3-smb devstack@placement-api.service[106910]: DEBUG placement.objects.research_context [req-02068440-5855-43fa-8165-98cd9ee9e8ce req-a8d56e85-ffbf-40e8-9e60-b1628cdf70bd service placement] getting providers with 1024 MEMORY_MB {{(pid=106910) __init__ /opt/stack/placement/placement/objects/research_context.py:136}}
Sep 30 09:36:21.253219 dv-cinder-master-3-smb devstack@placement-api.service[106910]: DEBUG placement.objects.research_context [req-02068440-5855-43fa-8165-98cd9ee9e8ce req-a8d56e85-ffbf-40e8-9e60-b1628cdf70bd service placement] getting providers with 1 VCPU {{(pid=106910) __init__ /opt/stack/placement/placement/objects/research_context.py:136}}
Sep 30 09:36:21.275048 dv-cinder-master-3-smb devstack@placement-api.service[106910]: DEBUG placement.objects.research_context [req-02068440-5855-43fa-8165-98cd9ee9e8ce req-a8d56e85-ffbf-40e8-9e60-b1628cdf70bd service placement] found 1 providers with available 1 DISK_GB {{(pid=106910) get_provider_ids_matching /opt/stack/placement/placement/objects/research_context.py:563}}
Sep 30 09:36:21.275372 dv-cinder-master-3-smb devstack@placement-api.service[106910]: DEBUG placement.objects.research_context [req-02068440-5855-43fa-8165-98cd9ee9e8ce req-a8d56e85-ffbf-40e8-9e60-b1628cdf70bd service placement] found 1 providers with available 1024 MEMORY_MB {{(pid=106910) get_provider_ids_matching /opt/stack/placement/placement/objects/research_context.py:563}}
Sep 30 09:36:21.278895 dv-cinder-master-3-smb devstack@placement-api.service[106910]: DEBUG placement.objects.research_context [req-02068440-5855-43fa-8165-98cd9ee9e8ce req-a8d56e85-ffbf-40e8-9e60-b1628cdf70bd service placement] found 1 providers after filtering by previous result {{(pid=106910) get_provider_ids_matching /opt/stack/placement/placement/objects/research_context.py:594}}
Sep 30 09:36:21.280863 dv-cinder-master-3-smb devstack@placement-api.service[106910]: DEBUG placement.objects.research_context [req-02068440-5855-43fa-8165-98cd9ee9e8ce req-a8d56e85-ffbf-40e8-9e60-b1628cdf70bd service placement] found 1 providers with available 1 VCPU {{(pid=106910) get_provider_ids_matching /opt/stack/placement/placement/objects/research_context.py:563}}
Sep 30 09:36:21.296641 dv-cinder-master-3-smb devstack@placement-api.service[106910]: DEBUG placement.objects.research_context [req-02068440-5855-43fa-8165-98cd9ee9e8ce req-a8d56e85-ffbf-40e8-9e60-b1628cdf70bd service placement] found 1 providers after filtering by previous result {{(pid=106910) get_provider_ids_matching /opt/stack/placement/placement/objects/research_context.py:594}}
Sep 30 09:36:21.357980 dv-cinder-master-3-smb devstack@placement-api.service[106910]: DEBUG placement.objects.allocation_candidate [req-02068440-5855-43fa-8165-98cd9ee9e8ce req-a8d56e85-ffbf-40e8-9e60-b1628cdf70bd service placement] RequestGroup(use_same_provider=False, resources={DISK_GB:1, MEMORY_MB:1024, VCPU:1}, traits=(), aggregates=[]) (suffix '') returned 1 matches {{(pid=106910) _get_by_requests /opt/stack/placement/placement/objects/allocation_candidate.py:156}}
Sep 30 09:36:21.358353 dv-cinder-master-3-smb devstack@placement-api.service[106910]: DEBUG placement.objects.allocation_candidate [req-02068440-5855-43fa-8165-98cd9ee9e8ce req-a8d56e85-ffbf-40e8-9e60-b1628cdf70bd service placement] Merging candidates yields 1 allocation requests and 1 provider summaries {{(pid=106910) _merge_candidates /opt/stack/placement/placement/objects/allocation_candidate.py:809}}
Sep 30 09:36:21.379703 dv-cinder-master-3-smb devstack@placement-api.service[106910]: INFO placement.requestlog [req-02068440-5855-43fa-8165-98cd9ee9e8ce req-a8d56e85-ffbf-40e8-9e60-b1628cdf70bd service placement] 10.222.0.15 "GET /placement/allocation_candidates?limit=1000&resources=DISK_GB%3A1%2CMEMORY_MB%3A1024%2CVCPU%3A1&root_required=%21COMPUTE_STATUS_DISABLED" status: 200 len: 767 microversion: 1.36
Sep 30 09:36:21.387367 dv-cinder-master-3-smb devstack@placement-api.service[106910]: [pid: 106910|app: 0|req: 13/26] 10.222.0.15 () {60 vars in 1506 bytes} [Fri Sep 30 09:36:20 2022] GET /placement/allocation_candidates?limit=1000&resources=DISK_GB%3A1%2CMEMORY_MB%3A1024%2CVCPU%3A1&root_required=%21COMPUTE_STATUS_DISABLED => generated 767 bytes in 390 msecs (HTTP/1.1 200) 8 headers in 296 bytes (1 switches on core 0)
Sep 30 09:36:21.464441 dv-cinder-master-3-smb devstack@placement-api.service[106911]: DEBUG placement.requestlog [req-02068440-5855-43fa-8165-98cd9ee9e8ce req-6c21307f-d6cd-45a5-a4ba-44f12296ab41 None None] Starting request: 10.222.0.15 "GET /placement/allocations/aa45afac-631e-4b21-b7fd-d72725a08efd" {{(pid=106911) __call__ /opt/stack/placement/placement/requestlog.py:55}}
Sep 30 09:36:21.500574 dv-cinder-master-3-smb devstack@placement-api.service[106911]: INFO placement.requestlog [req-02068440-5855-43fa-8165-98cd9ee9e8ce req-6c21307f-d6cd-45a5-a4ba-44f12296ab41 service placement] 10.222.0.15 "GET /placement/allocations/aa45afac-631e-4b21-b7fd-d72725a08efd" status: 200 len: 19 microversion: 1.28
Sep 30 09:36:21.504483 dv-cinder-master-3-smb devstack@placement-api.service[106911]: [pid: 106911|app: 0|req: 14/27] 10.222.0.15 () {60 vars in 1380 bytes} [Fri Sep 30 09:36:21 2022] GET /placement/allocations/aa45afac-631e-4b21-b7fd-d72725a08efd => generated 19 bytes in 40 msecs (HTTP/1.1 200) 8 headers in 295 bytes (1 switches on core 0)
Sep 30 09:36:21.511027 dv-cinder-master-3-smb devstack@placement-api.service[106910]: DEBUG placement.requestlog [req-02068440-5855-43fa-8165-98cd9ee9e8ce req-6aa66b81-b93e-4208-89fc-73598b87a119 None None] Starting request: 10.222.0.15 "PUT /placement/allocations/aa45afac-631e-4b21-b7fd-d72725a08efd" {{(pid=106910) __call__ /opt/stack/placement/placement/requestlog.py:55}}
Sep 30 09:36:21.786508 dv-cinder-master-3-smb devstack@placement-api.service[106910]: DEBUG placement.handlers.allocation [req-02068440-5855-43fa-8165-98cd9ee9e8ce req-6aa66b81-b93e-4208-89fc-73598b87a119 service placement] Successfully wrote allocations [, , ] {{(pid=106910) _update_consumers_and_create_allocations /opt/stack/placement/placement/handlers/allocation.py:462}}
Sep 30 09:36:21.797999 dv-cinder-master-3-smb devstack@placement-api.service[106910]: INFO placement.requestlog [req-02068440-5855-43fa-8165-98cd9ee9e8ce req-6aa66b81-b93e-4208-89fc-73598b87a119 service placement] 10.222.0.15 "PUT /placement/allocations/aa45afac-631e-4b21-b7fd-d72725a08efd" status: 204 len: 0 microversion: 1.36
Sep 30 09:36:21.800011 dv-cinder-master-3-smb devstack@placement-api.service[106910]: [pid: 106910|app: 0|req: 14/28] 10.222.0.15 () {64 vars in 1433 bytes} [Fri Sep 30 09:36:21 2022] PUT /placement/allocations/aa45afac-631e-4b21-b7fd-d72725a08efd => generated 0 bytes in 290 msecs (HTTP/1.1 204) 5 headers in 199 bytes (1 switches on core 0)
Sep 30 09:36:22.140803 dv-cinder-master-3-smb devstack@placement-api.service[106911]: DEBUG placement.requestlog [req-fb91865b-b034-4f35-bc50-cf4afc97d236 req-36c9c826-3475-44b8-b1e2-da2c0cd65029 None None] Starting request: 10.222.0.40 "GET /placement/allocations/7afabbde-d38f-4220-ba51-d309cf29ab34" {{(pid=106911) __call__ /opt/stack/placement/placement/requestlog.py:55}}
Sep 30 09:36:22.200512 dv-cinder-master-3-smb devstack@placement-api.service[106911]: INFO placement.requestlog [req-fb91865b-b034-4f35-bc50-cf4afc97d236 req-36c9c826-3475-44b8-b1e2-da2c0cd65029 service placement] 10.222.0.40 "GET /placement/allocations/7afabbde-d38f-4220-ba51-d309cf29ab34" status: 200 len: 258 microversion: 1.28
Sep 30 09:36:22.202933 dv-cinder-master-3-smb devstack@placement-api.service[106911]: [pid: 106911|app: 0|req: 15/29] 10.222.0.40 () {60 vars in 1377 bytes} [Fri Sep 30 09:36:22 2022] GET /placement/allocations/7afabbde-d38f-4220-ba51-d309cf29ab34 => generated 258 bytes in 62 msecs (HTTP/1.1 200) 8 headers in 296 bytes (1 switches on core 0)
Sep 30 09:36:22.573917 dv-cinder-master-3-smb devstack@placement-api.service[106910]: DEBUG placement.requestlog [req-02068440-5855-43fa-8165-98cd9ee9e8ce req-d318b15a-0cc7-489b-a80c-3fd820858737 None None] Starting request: 10.222.0.40 "GET /placement/allocations/aa45afac-631e-4b21-b7fd-d72725a08efd" {{(pid=106910) __call__ /opt/stack/placement/placement/requestlog.py:55}}
Sep 30 09:36:22.575952 dv-cinder-master-3-smb devstack@placement-api.service[106911]: DEBUG placement.requestlog [req-fb91865b-b034-4f35-bc50-cf4afc97d236 req-9abf3ed1-97bf-4239-8594-948527310539 None None] Starting request: 10.222.0.40 "GET /placement/resource_providers/843a726b-a780-4772-83ab-4d77fc0ec935/allocations" {{(pid=106911) __call__ /opt/stack/placement/placement/requestlog.py:55}}
Sep 30 09:36:22.631960 dv-cinder-master-3-smb devstack@placement-api.service[106910]: INFO placement.requestlog [req-02068440-5855-43fa-8165-98cd9ee9e8ce req-d318b15a-0cc7-489b-a80c-3fd820858737 service placement] 10.222.0.40 "GET /placement/allocations/aa45afac-631e-4b21-b7fd-d72725a08efd" status: 200 len: 258 microversion: 1.28
Sep 30 09:36:22.636851 dv-cinder-master-3-smb devstack@placement-api.service[106910]: [pid: 106910|app: 0|req: 15/30] 10.222.0.40 () {60 vars in 1377 bytes} [Fri Sep 30 09:36:22 2022] GET /placement/allocations/aa45afac-631e-4b21-b7fd-d72725a08efd => generated 258 bytes in 63 msecs (HTTP/1.1 200) 8 headers in 296 bytes (1 switches on core 0)
Sep 30 09:36:22.671036 dv-cinder-master-3-smb devstack@placement-api.service[106911]: INFO placement.requestlog [req-fb91865b-b034-4f35-bc50-cf4afc97d236 req-9abf3ed1-97bf-4239-8594-948527310539 service placement] 10.222.0.40 "GET /placement/resource_providers/843a726b-a780-4772-83ab-4d77fc0ec935/allocations" status: 200 len: 355 microversion: 1.0
Sep 30 09:36:22.674043 dv-cinder-master-3-smb devstack@placement-api.service[106911]: [pid: 106911|app: 0|req: 16/31] 10.222.0.40 () {58 vars in 1390 bytes} [Fri Sep 30 09:36:22 2022] GET /placement/resource_providers/843a726b-a780-4772-83ab-4d77fc0ec935/allocations => generated 355 bytes in 99 msecs (HTTP/1.1 200) 6 headers in 224 bytes (1 switches on core 0)
Sep 30 09:36:22.705220 dv-cinder-master-3-smb devstack@placement-api.service[106910]: DEBUG placement.requestlog [req-fb91865b-b034-4f35-bc50-cf4afc97d236 req-c7c2b1af-2ac1-4bb7-9b3e-439f7428ccf2 None None] Starting request: 10.222.0.40 "GET /placement/allocations/a85f5874-4497-40f9-b65a-cf96396c1a41" {{(pid=106910) __call__ /opt/stack/placement/placement/requestlog.py:55}}
Sep 30 09:36:22.779896 dv-cinder-master-3-smb devstack@placement-api.service[106910]: INFO placement.requestlog [req-fb91865b-b034-4f35-bc50-cf4afc97d236 req-c7c2b1af-2ac1-4bb7-9b3e-439f7428ccf2 service placement] 10.222.0.40 "GET /placement/allocations/a85f5874-4497-40f9-b65a-cf96396c1a41" status: 200 len: 258 microversion: 1.28
Sep 30 09:36:22.780474 dv-cinder-master-3-smb devstack@placement-api.service[106910]: [pid: 106910|app: 0|req: 16/32] 10.222.0.40 () {60 vars in 1377 bytes} [Fri Sep 30 09:36:22 2022] GET /placement/allocations/a85f5874-4497-40f9-b65a-cf96396c1a41 => generated 258 bytes in 75 msecs (HTTP/1.1 200) 8 headers in 296 bytes (1 switches on core 0)
Sep 30 09:36:22.790226 dv-cinder-master-3-smb devstack@placement-api.service[106911]: DEBUG placement.requestlog [req-fb91865b-b034-4f35-bc50-cf4afc97d236 req-235211ce-17c9-4bba-8a1d-5e3b0ea4d116 None None] Starting request: 10.222.0.40 "GET /placement/allocations/7afabbde-d38f-4220-ba51-d309cf29ab34" {{(pid=106911) __call__ /opt/stack/placement/placement/requestlog.py:55}}
Sep 30 09:36:22.831251 dv-cinder-master-3-smb devstack@placement-api.service[106911]: INFO placement.requestlog [req-fb91865b-b034-4f35-bc50-cf4afc97d236 req-235211ce-17c9-4bba-8a1d-5e3b0ea4d116 service placement] 10.222.0.40 "GET /placement/allocations/7afabbde-d38f-4220-ba51-d309cf29ab34" status: 200 len: 258 microversion: 1.28
Sep 30 09:36:22.832302 dv-cinder-master-3-smb devstack@placement-api.service[106911]: [pid: 106911|app: 0|req: 17/33] 10.222.0.40 () {60 vars in 1377 bytes} [Fri Sep 30 09:36:22 2022] GET /placement/allocations/7afabbde-d38f-4220-ba51-d309cf29ab34 => generated 258 bytes in 43 msecs (HTTP/1.1 200) 8 headers in 296 bytes (1 switches on core 0)
Sep 30 09:36:22.841950 dv-cinder-master-3-smb devstack@placement-api.service[106910]: DEBUG placement.requestlog [req-fb91865b-b034-4f35-bc50-cf4afc97d236 req-40542d34-65ea-4d98-8939-0f9e5e298a73 None None] Starting request: 10.222.0.40 "GET /placement/allocations/aa45afac-631e-4b21-b7fd-d72725a08efd" {{(pid=106910) __call__ /opt/stack/placement/placement/requestlog.py:55}}
Sep 30 09:36:22.899053 dv-cinder-master-3-smb devstack@placement-api.service[106910]: INFO placement.requestlog [req-fb91865b-b034-4f35-bc50-cf4afc97d236 req-40542d34-65ea-4d98-8939-0f9e5e298a73 service placement] 10.222.0.40 "GET /placement/allocations/aa45afac-631e-4b21-b7fd-d72725a08efd" status: 200 len: 258 microversion: 1.28
Sep 30 09:36:22.901195 dv-cinder-master-3-smb devstack@placement-api.service[106910]: [pid: 106910|app: 0|req: 17/34] 10.222.0.40 () {60 vars in 1377 bytes} [Fri Sep 30 09:36:22 2022] GET /placement/allocations/aa45afac-631e-4b21-b7fd-d72725a08efd => generated 258 bytes in 60 msecs (HTTP/1.1 200) 8 headers in 296 bytes (1 switches on core 0)
Sep 30 09:36:24.199303 dv-cinder-master-3-smb devstack@placement-api.service[106911]: DEBUG placement.requestlog [req-02068440-5855-43fa-8165-98cd9ee9e8ce req-a691132a-1f2e-49a9-816a-6eefc735c068 None None] Starting request: 10.222.0.40 "GET /placement/resource_providers/843a726b-a780-4772-83ab-4d77fc0ec935/allocations" {{(pid=106911) __call__ /opt/stack/placement/placement/requestlog.py:55}}
Sep 30 09:36:24.262516 dv-cinder-master-3-smb devstack@placement-api.service[106911]: DEBUG dbcounter [-] [106911] Writing DB stats placement:SELECT=80,placement:INSERT=12,placement:DELETE=4,placement:UPDATE=4 {{(pid=106911) stat_writer /usr/local/lib/python3.8/dist-packages/dbcounter.py:114}}
Sep 30 09:36:24.279017 dv-cinder-master-3-smb devstack@placement-api.service[106911]: INFO placement.requestlog [req-02068440-5855-43fa-8165-98cd9ee9e8ce req-a691132a-1f2e-49a9-816a-6eefc735c068 service placement] 10.222.0.40 "GET /placement/resource_providers/843a726b-a780-4772-83ab-4d77fc0ec935/allocations" status: 200 len: 355 microversion: 1.0
Sep 30 09:36:24.282120 dv-cinder-master-3-smb devstack@placement-api.service[106911]: [pid: 106911|app: 0|req: 18/35] 10.222.0.40 () {58 vars in 1390 bytes} [Fri Sep 30 09:36:24 2022] GET /placement/resource_providers/843a726b-a780-4772-83ab-4d77fc0ec935/allocations => generated 355 bytes in 83 msecs (HTTP/1.1 200) 6 headers in 224 bytes (1 switches on core 0)
Sep 30 09:36:24.292598 dv-cinder-master-3-smb devstack@placement-api.service[106910]: DEBUG placement.requestlog [req-02068440-5855-43fa-8165-98cd9ee9e8ce req-76731adc-f5fa-41b8-b2d6-7c2c473a919a None None] Starting request: 10.222.0.40 "GET /placement/allocations/a85f5874-4497-40f9-b65a-cf96396c1a41" {{(pid=106910) __call__ /opt/stack/placement/placement/requestlog.py:55}}
Sep 30 09:36:24.337213 dv-cinder-master-3-smb devstack@placement-api.service[106910]: INFO placement.requestlog [req-02068440-5855-43fa-8165-98cd9ee9e8ce req-76731adc-f5fa-41b8-b2d6-7c2c473a919a service placement] 10.222.0.40 "GET /placement/allocations/a85f5874-4497-40f9-b65a-cf96396c1a41" status: 200 len: 258 microversion: 1.28
Sep 30 09:36:24.337613 dv-cinder-master-3-smb devstack@placement-api.service[106910]: [pid: 106910|app: 0|req: 18/36] 10.222.0.40 () {60 vars in 1377 bytes} [Fri Sep 30 09:36:24 2022] GET /placement/allocations/a85f5874-4497-40f9-b65a-cf96396c1a41 => generated 258 bytes in 45 msecs (HTTP/1.1 200) 8 headers in 296 bytes (1 switches on core 0)
Sep 30 09:36:24.365412 dv-cinder-master-3-smb devstack@placement-api.service[106911]: DEBUG placement.requestlog [req-02068440-5855-43fa-8165-98cd9ee9e8ce req-c424da98-7e04-4dac-9d8a-c0e7ba1007f1 None None] Starting request: 10.222.0.40 "GET /placement/allocations/7afabbde-d38f-4220-ba51-d309cf29ab34" {{(pid=106911) __call__ /opt/stack/placement/placement/requestlog.py:55}}
Sep 30 09:36:24.399553 dv-cinder-master-3-smb devstack@placement-api.service[106911]: INFO placement.requestlog [req-02068440-5855-43fa-8165-98cd9ee9e8ce req-c424da98-7e04-4dac-9d8a-c0e7ba1007f1 service placement] 10.222.0.40 "GET /placement/allocations/7afabbde-d38f-4220-ba51-d309cf29ab34" status: 200 len: 258 microversion: 1.28
Sep 30 09:36:24.400565 dv-cinder-master-3-smb devstack@placement-api.service[106911]: [pid: 106911|app: 0|req: 19/37] 10.222.0.40 () {60 vars in 1377 bytes} [Fri Sep 30 09:36:24 2022] GET /placement/allocations/7afabbde-d38f-4220-ba51-d309cf29ab34 => generated 258 bytes in 36 msecs (HTTP/1.1 200) 8 headers in 296 bytes (1 switches on core 0)
Sep 30 09:36:24.438022 dv-cinder-master-3-smb devstack@placement-api.service[106910]: DEBUG placement.requestlog [req-02068440-5855-43fa-8165-98cd9ee9e8ce req-d10f38b7-ca13-455e-89e1-8b6746c9a7fe None None] Starting request: 10.222.0.40 "GET /placement/allocations/aa45afac-631e-4b21-b7fd-d72725a08efd" {{(pid=106910) __call__ /opt/stack/placement/placement/requestlog.py:55}}
Sep 30 09:36:24.467479 dv-cinder-master-3-smb devstack@placement-api.service[106910]: INFO placement.requestlog [req-02068440-5855-43fa-8165-98cd9ee9e8ce req-d10f38b7-ca13-455e-89e1-8b6746c9a7fe service placement] 10.222.0.40 "GET /placement/allocations/aa45afac-631e-4b21-b7fd-d72725a08efd" status: 200 len: 258 microversion: 1.28
Sep 30 09:36:24.469312 dv-cinder-master-3-smb devstack@placement-api.service[106910]: [pid: 106910|app: 0|req: 19/38] 10.222.0.40 () {60 vars in 1377 bytes} [Fri Sep 30 09:36:24 2022] GET /placement/allocations/aa45afac-631e-4b21-b7fd-d72725a08efd => generated 258 bytes in 32 msecs (HTTP/1.1 200) 8 headers in 296 bytes (2 switches on core 0)
Sep 30 09:36:26.778838 dv-cinder-master-3-smb devstack@placement-api.service[106911]: DEBUG placement.requestlog [None req-45fe9eb4-420c-4e7c-88f0-c23daa2b5973 None None] Starting request: 10.222.0.15 "GET /placement/resource_providers/7344b368-ed7a-4daf-8cda-187c3740b2d0/aggregates" {{(pid=106911) __call__ /opt/stack/placement/placement/requestlog.py:55}}
Sep 30 09:36:26.938441 dv-cinder-master-3-smb devstack@placement-api.service[106911]: INFO placement.requestlog [None req-45fe9eb4-420c-4e7c-88f0-c23daa2b5973 service placement] 10.222.0.15 "GET /placement/resource_providers/7344b368-ed7a-4daf-8cda-187c3740b2d0/aggregates" status: 404 len: 235 microversion: 1.1
Sep 30 09:36:26.938941 dv-cinder-master-3-smb devstack@placement-api.service[106911]: [pid: 106911|app: 0|req: 20/39] 10.222.0.15 () {58 vars in 1362 bytes} [Fri Sep 30 09:36:26 2022] GET /placement/resource_providers/7344b368-ed7a-4daf-8cda-187c3740b2d0/aggregates => generated 235 bytes in 160 msecs (HTTP/1.1 404) 5 headers in 202 bytes (1 switches on core 0)
Sep 30 09:36:26.966422 dv-cinder-master-3-smb devstack@placement-api.service[106910]: DEBUG placement.requestlog [None req-88d319c0-3d41-47d7-bf07-f0e604a349c0 None None] Starting request: 10.222.0.15 "DELETE /placement/resource_providers/7344b368-ed7a-4daf-8cda-187c3740b2d0" {{(pid=106910) __call__ /opt/stack/placement/placement/requestlog.py:55}}
Sep 30 09:36:26.980607 dv-cinder-master-3-smb devstack@placement-api.service[106910]: DEBUG placement.wsgi_wrapper [None req-88d319c0-3d41-47d7-bf07-f0e604a349c0 service placement] Placement API returning an error response: No resource provider with uuid 7344b368-ed7a-4daf-8cda-187c3740b2d0 found for delete {{(pid=106910) call_func /opt/stack/placement/placement/wsgi_wrapper.py:31}}
Sep 30 09:36:26.982276 dv-cinder-master-3-smb devstack@placement-api.service[106910]: INFO placement.requestlog [None req-88d319c0-3d41-47d7-bf07-f0e604a349c0 service placement] 10.222.0.15 "DELETE /placement/resource_providers/7344b368-ed7a-4daf-8cda-187c3740b2d0" status: 404 len: 246 microversion: 1.1
Sep 30 09:36:26.983313 dv-cinder-master-3-smb devstack@placement-api.service[106910]: [pid: 106910|app: 0|req: 20/40] 10.222.0.15 () {60 vars in 1351 bytes} [Fri Sep 30 09:36:26 2022] DELETE /placement/resource_providers/7344b368-ed7a-4daf-8cda-187c3740b2d0 => generated 246 bytes in 17 msecs (HTTP/1.1 404) 6 headers in 231 bytes (1 switches on core 0)
Sep 30 09:36:29.185283 dv-cinder-master-3-smb devstack@placement-api.service[106911]: DEBUG placement.requestlog [None req-8bce6022-4872-46a1-a6d4-4968e9745d31 None None] Starting request: 10.222.0.15 "GET /placement/resource_providers/d90bb16c-4060-415c-bdd0-d9e357b0e60e/aggregates" {{(pid=106911) __call__ /opt/stack/placement/placement/requestlog.py:55}}
Sep 30 09:36:29.207418 dv-cinder-master-3-smb devstack@placement-api.service[106911]: INFO placement.requestlog [None req-8bce6022-4872-46a1-a6d4-4968e9745d31 service placement] 10.222.0.15 "GET /placement/resource_providers/d90bb16c-4060-415c-bdd0-d9e357b0e60e/aggregates" status: 404 len: 235 microversion: 1.1
Sep 30 09:36:29.211506 dv-cinder-master-3-smb devstack@placement-api.service[106911]: [pid: 106911|app: 0|req: 21/41] 10.222.0.15 () {58 vars in 1362 bytes} [Fri Sep 30 09:36:29 2022] GET /placement/resource_providers/d90bb16c-4060-415c-bdd0-d9e357b0e60e/aggregates => generated 235 bytes in 27 msecs (HTTP/1.1 404) 5 headers in 202 bytes (1 switches on core 0)
Sep 30 09:36:29.248264 dv-cinder-master-3-smb devstack@placement-api.service[106910]: DEBUG placement.requestlog [None req-800aee42-eb8a-41c6-8f01-98c6fe04e9f3 None None] Starting request: 10.222.0.15 "DELETE /placement/resource_providers/d90bb16c-4060-415c-bdd0-d9e357b0e60e" {{(pid=106910) __call__ /opt/stack/placement/placement/requestlog.py:55}}
Sep 30 09:36:29.278954 dv-cinder-master-3-smb devstack@placement-api.service[106910]: DEBUG placement.wsgi_wrapper [None req-800aee42-eb8a-41c6-8f01-98c6fe04e9f3 service placement] Placement API returning an error response: No resource provider with uuid d90bb16c-4060-415c-bdd0-d9e357b0e60e found for delete {{(pid=106910) call_func /opt/stack/placement/placement/wsgi_wrapper.py:31}}
Sep 30 09:36:29.279733 dv-cinder-master-3-smb devstack@placement-api.service[106910]: INFO placement.requestlog [None req-800aee42-eb8a-41c6-8f01-98c6fe04e9f3 service placement] 10.222.0.15 "DELETE /placement/resource_providers/d90bb16c-4060-415c-bdd0-d9e357b0e60e" status: 404 len: 246 microversion: 1.1
Sep 30 09:36:29.280372 dv-cinder-master-3-smb devstack@placement-api.service[106910]: [pid: 106910|app: 0|req: 21/42] 10.222.0.15 () {60 vars in 1351 bytes} [Fri Sep 30 09:36:29 2022] DELETE /placement/resource_providers/d90bb16c-4060-415c-bdd0-d9e357b0e60e => generated 246 bytes in 32 msecs (HTTP/1.1 404) 6 headers in 231 bytes (1 switches on core 0)
Sep 30 09:36:39.203243 dv-cinder-master-3-smb devstack@placement-api.service[106911]: DEBUG dbcounter [-] [106911] Writing DB stats placement:SELECT=8 {{(pid=106911) stat_writer /usr/local/lib/python3.8/dist-packages/dbcounter.py:114}}
Sep 30 09:36:39.276544 dv-cinder-master-3-smb devstack@placement-api.service[106910]: DEBUG dbcounter [-] [106910] Writing DB stats placement:SELECT=65,placement:INSERT=6,placement:DELETE=2,placement:UPDATE=2 {{(pid=106910) stat_writer /usr/local/lib/python3.8/dist-packages/dbcounter.py:114}}
Sep 30 09:36:57.269564 dv-cinder-master-3-smb devstack@placement-api.service[106911]: DEBUG placement.requestlog [req-4c52d0b9-d180-4bf5-8847-f550697738cc req-2e3e5ad1-2cda-4097-a2a2-f7e18d42bf41 None None] Starting request: 10.222.0.15 "GET /placement/allocation_candidates?limit=1000&resources=DISK_GB%3A1%2CMEMORY_MB%3A1024%2CVCPU%3A1&root_required=%21COMPUTE_STATUS_DISABLED" {{(pid=106911) __call__ /opt/stack/placement/placement/requestlog.py:55}}
Sep 30 09:36:57.317115 dv-cinder-master-3-smb devstack@placement-api.service[106910]: DEBUG placement.requestlog [req-eccb3ec2-68ea-4153-9680-535d39bf672b req-8db0ccf1-aaee-4176-9379-a5d3df1be52a None None] Starting request: 10.222.0.40 "GET /placement/resource_providers/843a726b-a780-4772-83ab-4d77fc0ec935/allocations" {{(pid=106910) __call__ /opt/stack/placement/placement/requestlog.py:55}}
Sep 30 09:36:57.378041 dv-cinder-master-3-smb devstack@placement-api.service[106911]: DEBUG placement.objects.research_context [req-4c52d0b9-d180-4bf5-8847-f550697738cc req-2e3e5ad1-2cda-4097-a2a2-f7e18d42bf41 service placement] getting providers with 1 DISK_GB {{(pid=106911) __init__ /opt/stack/placement/placement/objects/research_context.py:136}}
Sep 30 09:36:57.387221 dv-cinder-master-3-smb devstack@placement-api.service[106911]: DEBUG placement.objects.research_context [req-4c52d0b9-d180-4bf5-8847-f550697738cc req-2e3e5ad1-2cda-4097-a2a2-f7e18d42bf41 service placement] getting providers with 1024 MEMORY_MB {{(pid=106911) __init__ /opt/stack/placement/placement/objects/research_context.py:136}}
Sep 30 09:36:57.394379 dv-cinder-master-3-smb devstack@placement-api.service[106911]: DEBUG placement.objects.research_context [req-4c52d0b9-d180-4bf5-8847-f550697738cc req-2e3e5ad1-2cda-4097-a2a2-f7e18d42bf41 service placement] getting providers with 1 VCPU {{(pid=106911) __init__ /opt/stack/placement/placement/objects/research_context.py:136}}
Sep 30 09:36:57.398710 dv-cinder-master-3-smb devstack@placement-api.service[106910]: INFO placement.requestlog [req-eccb3ec2-68ea-4153-9680-535d39bf672b req-8db0ccf1-aaee-4176-9379-a5d3df1be52a service placement] 10.222.0.40 "GET /placement/resource_providers/843a726b-a780-4772-83ab-4d77fc0ec935/allocations" status: 200 len: 355 microversion: 1.0
Sep 30 09:36:57.402593 dv-cinder-master-3-smb devstack@placement-api.service[106910]: [pid: 106910|app: 0|req: 22/43] 10.222.0.40 () {58 vars in 1390 bytes} [Fri Sep 30 09:36:57 2022] GET /placement/resource_providers/843a726b-a780-4772-83ab-4d77fc0ec935/allocations => generated 355 bytes in 87 msecs (HTTP/1.1 200) 6 headers in 224 bytes (1 switches on core 0)
Sep 30 09:36:57.406972 dv-cinder-master-3-smb devstack@placement-api.service[106911]: DEBUG placement.objects.research_context [req-4c52d0b9-d180-4bf5-8847-f550697738cc req-2e3e5ad1-2cda-4097-a2a2-f7e18d42bf41 service placement] found 1 providers with available 1 DISK_GB {{(pid=106911) get_provider_ids_matching /opt/stack/placement/placement/objects/research_context.py:563}}
Sep 30 09:36:57.407478 dv-cinder-master-3-smb devstack@placement-api.service[106911]: DEBUG placement.objects.research_context [req-4c52d0b9-d180-4bf5-8847-f550697738cc req-2e3e5ad1-2cda-4097-a2a2-f7e18d42bf41 service placement] found 1 providers with available 1024 MEMORY_MB {{(pid=106911) get_provider_ids_matching /opt/stack/placement/placement/objects/research_context.py:563}}
Sep 30 09:36:57.407921 dv-cinder-master-3-smb devstack@placement-api.service[106911]: DEBUG placement.objects.research_context [req-4c52d0b9-d180-4bf5-8847-f550697738cc req-2e3e5ad1-2cda-4097-a2a2-f7e18d42bf41 service placement] found 1 providers after filtering by previous result {{(pid=106911) get_provider_ids_matching /opt/stack/placement/placement/objects/research_context.py:594}}
Sep 30 09:36:57.408336 dv-cinder-master-3-smb devstack@placement-api.service[106911]: DEBUG placement.objects.research_context [req-4c52d0b9-d180-4bf5-8847-f550697738cc req-2e3e5ad1-2cda-4097-a2a2-f7e18d42bf41 service placement] found 1 providers with available 1 VCPU {{(pid=106911) get_provider_ids_matching /opt/stack/placement/placement/objects/research_context.py:563}}
Sep 30 09:36:57.408795 dv-cinder-master-3-smb devstack@placement-api.service[106911]: DEBUG placement.objects.research_context [req-4c52d0b9-d180-4bf5-8847-f550697738cc req-2e3e5ad1-2cda-4097-a2a2-f7e18d42bf41 service placement] found 1 providers after filtering by previous result {{(pid=106911) get_provider_ids_matching /opt/stack/placement/placement/objects/research_context.py:594}}
Sep 30 09:36:57.424879 dv-cinder-master-3-smb devstack@placement-api.service[106911]: DEBUG placement.objects.allocation_candidate [req-4c52d0b9-d180-4bf5-8847-f550697738cc req-2e3e5ad1-2cda-4097-a2a2-f7e18d42bf41 service placement] RequestGroup(use_same_provider=False, resources={DISK_GB:1, MEMORY_MB:1024, VCPU:1}, traits=(), aggregates=[]) (suffix '') returned 1 matches {{(pid=106911) _get_by_requests /opt/stack/placement/placement/objects/allocation_candidate.py:156}}
Sep 30 09:36:57.425612 dv-cinder-master-3-smb devstack@placement-api.service[106911]: DEBUG placement.objects.allocation_candidate [req-4c52d0b9-d180-4bf5-8847-f550697738cc req-2e3e5ad1-2cda-4097-a2a2-f7e18d42bf41 service placement] Merging candidates yields 1 allocation requests and 1 provider summaries {{(pid=106911) _merge_candidates /opt/stack/placement/placement/objects/allocation_candidate.py:809}}
Sep 30 09:36:57.428426 dv-cinder-master-3-smb devstack@placement-api.service[106911]: INFO placement.requestlog [req-4c52d0b9-d180-4bf5-8847-f550697738cc req-2e3e5ad1-2cda-4097-a2a2-f7e18d42bf41 service placement] 10.222.0.15 "GET /placement/allocation_candidates?limit=1000&resources=DISK_GB%3A1%2CMEMORY_MB%3A1024%2CVCPU%3A1&root_required=%21COMPUTE_STATUS_DISABLED" status: 200 len: 767 microversion: 1.36
Sep 30 09:36:57.429498 dv-cinder-master-3-smb devstack@placement-api.service[106911]: [pid: 106911|app: 0|req: 22/44] 10.222.0.15 () {60 vars in 1506 bytes} [Fri Sep 30 09:36:57 2022] GET /placement/allocation_candidates?limit=1000&resources=DISK_GB%3A1%2CMEMORY_MB%3A1024%2CVCPU%3A1&root_required=%21COMPUTE_STATUS_DISABLED => generated 767 bytes in 160 msecs (HTTP/1.1 200) 8 headers in 296 bytes (1 switches on core 0)
Sep 30 09:36:57.490126 dv-cinder-master-3-smb devstack@placement-api.service[106910]: DEBUG placement.requestlog [req-4c52d0b9-d180-4bf5-8847-f550697738cc req-6f84f630-d401-4adc-a359-6a354517f846 None None] Starting request: 10.222.0.15 "GET /placement/allocations/d565fdef-fb92-4ba2-8857-3d3d56a91717" {{(pid=106910) __call__ /opt/stack/placement/placement/requestlog.py:55}}
Sep 30 09:36:57.506731 dv-cinder-master-3-smb devstack@placement-api.service[106910]: INFO placement.requestlog [req-4c52d0b9-d180-4bf5-8847-f550697738cc req-6f84f630-d401-4adc-a359-6a354517f846 service placement] 10.222.0.15 "GET /placement/allocations/d565fdef-fb92-4ba2-8857-3d3d56a91717" status: 200 len: 19 microversion: 1.28
Sep 30 09:36:57.514203 dv-cinder-master-3-smb devstack@placement-api.service[106910]: [pid: 106910|app: 0|req: 23/45] 10.222.0.15 () {60 vars in 1380 bytes} [Fri Sep 30 09:36:57 2022] GET /placement/allocations/d565fdef-fb92-4ba2-8857-3d3d56a91717 => generated 19 bytes in 25 msecs (HTTP/1.1 200) 8 headers in 295 bytes (2 switches on core 0)
Sep 30 09:36:57.514898 dv-cinder-master-3-smb devstack@placement-api.service[106911]: DEBUG placement.requestlog [req-4c52d0b9-d180-4bf5-8847-f550697738cc req-de64e2c2-3ea6-40fe-a2fc-b87fe57932e0 None None] Starting request: 10.222.0.15 "PUT /placement/allocations/d565fdef-fb92-4ba2-8857-3d3d56a91717" {{(pid=106911) __call__ /opt/stack/placement/placement/requestlog.py:55}}
Sep 30 09:36:57.696292 dv-cinder-master-3-smb devstack@placement-api.service[106911]: DEBUG placement.handlers.allocation [req-4c52d0b9-d180-4bf5-8847-f550697738cc req-de64e2c2-3ea6-40fe-a2fc-b87fe57932e0 service placement] Successfully wrote allocations [, , ] {{(pid=106911) _update_consumers_and_create_allocations /opt/stack/placement/placement/handlers/allocation.py:462}}
Sep 30 09:36:57.704284 dv-cinder-master-3-smb devstack@placement-api.service[106911]: INFO placement.requestlog [req-4c52d0b9-d180-4bf5-8847-f550697738cc req-de64e2c2-3ea6-40fe-a2fc-b87fe57932e0 service placement] 10.222.0.15 "PUT /placement/allocations/d565fdef-fb92-4ba2-8857-3d3d56a91717" status: 204 len: 0 microversion: 1.36
Sep 30 09:36:57.704986 dv-cinder-master-3-smb devstack@placement-api.service[106911]: [pid: 106911|app: 0|req: 23/46] 10.222.0.15 () {64 vars in 1433 bytes} [Fri Sep 30 09:36:57 2022] PUT /placement/allocations/d565fdef-fb92-4ba2-8857-3d3d56a91717 => generated 0 bytes in 190 msecs (HTTP/1.1 204) 5 headers in 199 bytes (1 switches on core 0)
Sep 30 09:36:57.902029 dv-cinder-master-3-smb devstack@placement-api.service[106910]: DEBUG placement.requestlog [req-eccb3ec2-68ea-4153-9680-535d39bf672b req-80a8cff2-051c-4fca-8ab1-3411a50827a4 None None] Starting request: 10.222.0.40 "GET /placement/resource_providers/843a726b-a780-4772-83ab-4d77fc0ec935/allocations" {{(pid=106910) __call__ /opt/stack/placement/placement/requestlog.py:55}}
Sep 30 09:36:57.957659 dv-cinder-master-3-smb devstack@placement-api.service[106910]: INFO placement.requestlog [req-eccb3ec2-68ea-4153-9680-535d39bf672b req-80a8cff2-051c-4fca-8ab1-3411a50827a4 service placement] 10.222.0.40 "GET /placement/resource_providers/843a726b-a780-4772-83ab-4d77fc0ec935/allocations" status: 200 len: 456 microversion: 1.0
Sep 30 09:36:57.962448 dv-cinder-master-3-smb devstack@placement-api.service[106910]: [pid: 106910|app: 0|req: 24/47] 10.222.0.40 () {58 vars in 1390 bytes} [Fri Sep 30 09:36:57 2022] GET /placement/resource_providers/843a726b-a780-4772-83ab-4d77fc0ec935/allocations => generated 456 bytes in 61 msecs (HTTP/1.1 200) 6 headers in 224 bytes (1 switches on core 0)
Sep 30 09:36:57.968667 dv-cinder-master-3-smb devstack@placement-api.service[106911]: DEBUG placement.requestlog [req-eccb3ec2-68ea-4153-9680-535d39bf672b req-d5facbe7-dd95-4b55-9623-3b1ef5d7cca5 None None] Starting request: 10.222.0.40 "GET /placement/allocations/d565fdef-fb92-4ba2-8857-3d3d56a91717" {{(pid=106911) __call__ /opt/stack/placement/placement/requestlog.py:55}}
Sep 30 09:36:58.002282 dv-cinder-master-3-smb devstack@placement-api.service[106911]: INFO placement.requestlog [req-eccb3ec2-68ea-4153-9680-535d39bf672b req-d5facbe7-dd95-4b55-9623-3b1ef5d7cca5 service placement] 10.222.0.40 "GET /placement/allocations/d565fdef-fb92-4ba2-8857-3d3d56a91717" status: 200 len: 258 microversion: 1.28
Sep 30 09:36:58.006845 dv-cinder-master-3-smb devstack@placement-api.service[106911]: [pid: 106911|app: 0|req: 24/48] 10.222.0.40 () {60 vars in 1377 bytes} [Fri Sep 30 09:36:57 2022] GET /placement/allocations/d565fdef-fb92-4ba2-8857-3d3d56a91717 => generated 258 bytes in 41 msecs (HTTP/1.1 200) 8 headers in 296 bytes (1 switches on core 0)
Sep 30 09:36:58.009661 dv-cinder-master-3-smb devstack@placement-api.service[106910]: DEBUG placement.requestlog [req-eccb3ec2-68ea-4153-9680-535d39bf672b req-92a27c4c-24b4-4043-a11a-1cad3dc31aed None None] Starting request: 10.222.0.40 "GET /placement/allocations/a85f5874-4497-40f9-b65a-cf96396c1a41" {{(pid=106910) __call__ /opt/stack/placement/placement/requestlog.py:55}}
Sep 30 09:36:58.045082 dv-cinder-master-3-smb devstack@placement-api.service[106910]: INFO placement.requestlog [req-eccb3ec2-68ea-4153-9680-535d39bf672b req-92a27c4c-24b4-4043-a11a-1cad3dc31aed service placement] 10.222.0.40 "GET /placement/allocations/a85f5874-4497-40f9-b65a-cf96396c1a41" status: 200 len: 258 microversion: 1.28
Sep 30 09:36:58.047174 dv-cinder-master-3-smb devstack@placement-api.service[106910]: [pid: 106910|app: 0|req: 25/49] 10.222.0.40 () {60 vars in 1377 bytes} [Fri Sep 30 09:36:58 2022] GET /placement/allocations/a85f5874-4497-40f9-b65a-cf96396c1a41 => generated 258 bytes in 38 msecs (HTTP/1.1 200) 8 headers in 296 bytes (1 switches on core 0)
Sep 30 09:36:58.054261 dv-cinder-master-3-smb devstack@placement-api.service[106911]: DEBUG placement.requestlog [req-eccb3ec2-68ea-4153-9680-535d39bf672b req-7581e03b-c837-4611-8cc6-ffd47f5bde8d None None] Starting request: 10.222.0.40 "GET /placement/allocations/7afabbde-d38f-4220-ba51-d309cf29ab34" {{(pid=106911) __call__ /opt/stack/placement/placement/requestlog.py:55}}
Sep 30 09:36:58.096537 dv-cinder-master-3-smb devstack@placement-api.service[106911]: INFO placement.requestlog [req-eccb3ec2-68ea-4153-9680-535d39bf672b req-7581e03b-c837-4611-8cc6-ffd47f5bde8d service placement] 10.222.0.40 "GET /placement/allocations/7afabbde-d38f-4220-ba51-d309cf29ab34" status: 200 len: 258 microversion: 1.28
Sep 30 09:36:58.097066 dv-cinder-master-3-smb devstack@placement-api.service[106911]: [pid: 106911|app: 0|req: 25/50] 10.222.0.40 () {60 vars in 1377 bytes} [Fri Sep 30 09:36:58 2022] GET /placement/allocations/7afabbde-d38f-4220-ba51-d309cf29ab34 => generated 258 bytes in 43 msecs (HTTP/1.1 200) 8 headers in 296 bytes (1 switches on core 0)
Sep 30 09:36:58.104352 dv-cinder-master-3-smb devstack@placement-api.service[106910]: DEBUG placement.requestlog [req-eccb3ec2-68ea-4153-9680-535d39bf672b req-86fb053d-32c0-45b3-8208-6393011cc54e None None] Starting request: 10.222.0.40 "GET /placement/allocations/aa45afac-631e-4b21-b7fd-d72725a08efd" {{(pid=106910) __call__ /opt/stack/placement/placement/requestlog.py:55}}
Sep 30 09:36:58.160642 dv-cinder-master-3-smb devstack@placement-api.service[106910]: INFO placement.requestlog [req-eccb3ec2-68ea-4153-9680-535d39bf672b req-86fb053d-32c0-45b3-8208-6393011cc54e service placement] 10.222.0.40 "GET /placement/allocations/aa45afac-631e-4b21-b7fd-d72725a08efd" status: 200 len: 258 microversion: 1.28
Sep 30 09:36:58.161598 dv-cinder-master-3-smb devstack@placement-api.service[106910]: [pid: 106910|app: 0|req: 26/51] 10.222.0.40 () {60 vars in 1377 bytes} [Fri Sep 30 09:36:58 2022] GET /placement/allocations/aa45afac-631e-4b21-b7fd-d72725a08efd => generated 258 bytes in 58 msecs (HTTP/1.1 200) 8 headers in 296 bytes (1 switches on core 0)
Sep 30 09:36:58.740732 dv-cinder-master-3-smb devstack@placement-api.service[106911]: DEBUG placement.requestlog [req-4c52d0b9-d180-4bf5-8847-f550697738cc req-625b8690-6c63-4d2d-ad23-23e3746c6d61 None None] Starting request: 10.222.0.40 "GET /placement/allocations/d565fdef-fb92-4ba2-8857-3d3d56a91717" {{(pid=106911) __call__ /opt/stack/placement/placement/requestlog.py:55}}
Sep 30 09:36:58.768786 dv-cinder-master-3-smb devstack@placement-api.service[106911]: INFO placement.requestlog [req-4c52d0b9-d180-4bf5-8847-f550697738cc req-625b8690-6c63-4d2d-ad23-23e3746c6d61 service placement] 10.222.0.40 "GET /placement/allocations/d565fdef-fb92-4ba2-8857-3d3d56a91717" status: 200 len: 258 microversion: 1.28
Sep 30 09:36:58.769779 dv-cinder-master-3-smb devstack@placement-api.service[106911]: [pid: 106911|app: 0|req: 26/52] 10.222.0.40 () {60 vars in 1377 bytes} [Fri Sep 30 09:36:58 2022] GET /placement/allocations/d565fdef-fb92-4ba2-8857-3d3d56a91717 => generated 258 bytes in 29 msecs (HTTP/1.1 200) 8 headers in 296 bytes (1 switches on core 0)
Sep 30 09:36:59.061750 dv-cinder-master-3-smb devstack@placement-api.service[106910]: DEBUG placement.requestlog [req-4c52d0b9-d180-4bf5-8847-f550697738cc req-649e0d76-ee5f-44d1-9c4e-fd4c43390e0f None None] Starting request: 10.222.0.40 "GET /placement/resource_providers/843a726b-a780-4772-83ab-4d77fc0ec935/allocations" {{(pid=106910) __call__ /opt/stack/placement/placement/requestlog.py:55}}
Sep 30 09:36:59.107475 dv-cinder-master-3-smb devstack@placement-api.service[106910]: INFO placement.requestlog [req-4c52d0b9-d180-4bf5-8847-f550697738cc req-649e0d76-ee5f-44d1-9c4e-fd4c43390e0f service placement] 10.222.0.40 "GET /placement/resource_providers/843a726b-a780-4772-83ab-4d77fc0ec935/allocations" status: 200 len: 456 microversion: 1.0
Sep 30 09:36:59.108595 dv-cinder-master-3-smb devstack@placement-api.service[106910]: [pid: 106910|app: 0|req: 27/53] 10.222.0.40 () {58 vars in 1390 bytes} [Fri Sep 30 09:36:59 2022] GET /placement/resource_providers/843a726b-a780-4772-83ab-4d77fc0ec935/allocations => generated 456 bytes in 47 msecs (HTTP/1.1 200) 6 headers in 224 bytes (1 switches on core 0)
Sep 30 09:36:59.115953 dv-cinder-master-3-smb devstack@placement-api.service[106911]: DEBUG placement.requestlog [req-4c52d0b9-d180-4bf5-8847-f550697738cc req-0aa91de3-1ce5-4f1e-b673-723e0de58c44 None None] Starting request: 10.222.0.40 "GET /placement/allocations/d565fdef-fb92-4ba2-8857-3d3d56a91717" {{(pid=106911) __call__ /opt/stack/placement/placement/requestlog.py:55}}
Sep 30 09:36:59.146321 dv-cinder-master-3-smb devstack@placement-api.service[106911]: INFO placement.requestlog [req-4c52d0b9-d180-4bf5-8847-f550697738cc req-0aa91de3-1ce5-4f1e-b673-723e0de58c44 service placement] 10.222.0.40 "GET /placement/allocations/d565fdef-fb92-4ba2-8857-3d3d56a91717" status: 200 len: 258 microversion: 1.28
Sep 30 09:36:59.148378 dv-cinder-master-3-smb devstack@placement-api.service[106911]: [pid: 106911|app: 0|req: 27/54] 10.222.0.40 () {60 vars in 1377 bytes} [Fri Sep 30 09:36:59 2022] GET /placement/allocations/d565fdef-fb92-4ba2-8857-3d3d56a91717 => generated 258 bytes in 32 msecs (HTTP/1.1 200) 8 headers in 296 bytes (2 switches on core 0)
Sep 30 09:36:59.154194 dv-cinder-master-3-smb devstack@placement-api.service[106910]: DEBUG placement.requestlog [req-4c52d0b9-d180-4bf5-8847-f550697738cc req-dd8916df-8cfd-4169-b239-967d21edfa9c None None] Starting request: 10.222.0.40 "GET /placement/allocations/a85f5874-4497-40f9-b65a-cf96396c1a41" {{(pid=106910) __call__ /opt/stack/placement/placement/requestlog.py:55}}
Sep 30 09:36:59.187393 dv-cinder-master-3-smb devstack@placement-api.service[106910]: INFO placement.requestlog [req-4c52d0b9-d180-4bf5-8847-f550697738cc req-dd8916df-8cfd-4169-b239-967d21edfa9c service placement] 10.222.0.40 "GET /placement/allocations/a85f5874-4497-40f9-b65a-cf96396c1a41" status: 200 len: 258 microversion: 1.28
Sep 30 09:36:59.189539 dv-cinder-master-3-smb devstack@placement-api.service[106910]: [pid: 106910|app: 0|req: 28/55] 10.222.0.40 () {60 vars in 1377 bytes} [Fri Sep 30 09:36:59 2022] GET /placement/allocations/a85f5874-4497-40f9-b65a-cf96396c1a41 => generated 258 bytes in 36 msecs (HTTP/1.1 200) 8 headers in 296 bytes (1 switches on core 0)
Sep 30 09:36:59.196988 dv-cinder-master-3-smb devstack@placement-api.service[106911]: DEBUG placement.requestlog [req-4c52d0b9-d180-4bf5-8847-f550697738cc req-007de749-bfef-4a21-b78b-bd8b0eefc510 None None] Starting request: 10.222.0.40 "GET /placement/allocations/7afabbde-d38f-4220-ba51-d309cf29ab34" {{(pid=106911) __call__ /opt/stack/placement/placement/requestlog.py:55}}
Sep 30 09:36:59.240528 dv-cinder-master-3-smb devstack@placement-api.service[106911]: INFO placement.requestlog [req-4c52d0b9-d180-4bf5-8847-f550697738cc req-007de749-bfef-4a21-b78b-bd8b0eefc510 service placement] 10.222.0.40 "GET /placement/allocations/7afabbde-d38f-4220-ba51-d309cf29ab34" status: 200 len: 258 microversion: 1.28
Sep 30 09:36:59.243446 dv-cinder-master-3-smb devstack@placement-api.service[106911]: [pid: 106911|app: 0|req: 28/56] 10.222.0.40 () {60 vars in 1377 bytes} [Fri Sep 30 09:36:59 2022] GET /placement/allocations/7afabbde-d38f-4220-ba51-d309cf29ab34 => generated 258 bytes in 45 msecs (HTTP/1.1 200) 8 headers in 296 bytes (1 switches on core 0)
Sep 30 09:36:59.250382 dv-cinder-master-3-smb devstack@placement-api.service[106910]: DEBUG placement.requestlog [req-4c52d0b9-d180-4bf5-8847-f550697738cc req-4c3c243d-f7ae-4bba-aa22-506d8ca095ef None None] Starting request: 10.222.0.40 "GET /placement/allocations/aa45afac-631e-4b21-b7fd-d72725a08efd" {{(pid=106910) __call__ /opt/stack/placement/placement/requestlog.py:55}}
Sep 30 09:36:59.309479 dv-cinder-master-3-smb devstack@placement-api.service[106910]: INFO placement.requestlog [req-4c52d0b9-d180-4bf5-8847-f550697738cc req-4c3c243d-f7ae-4bba-aa22-506d8ca095ef service placement] 10.222.0.40 "GET /placement/allocations/aa45afac-631e-4b21-b7fd-d72725a08efd" status: 200 len: 258 microversion: 1.28
Sep 30 09:36:59.310688 dv-cinder-master-3-smb devstack@placement-api.service[106910]: [pid: 106910|app: 0|req: 29/57] 10.222.0.40 () {60 vars in 1377 bytes} [Fri Sep 30 09:36:59 2022] GET /placement/allocations/aa45afac-631e-4b21-b7fd-d72725a08efd => generated 258 bytes in 60 msecs (HTTP/1.1 200) 8 headers in 296 bytes (1 switches on core 0)
Sep 30 09:37:04.102472 dv-cinder-master-3-smb devstack@placement-api.service[106911]: DEBUG placement.requestlog [req-b179e9ce-aa8a-4f5a-9a12-b65c785d62da req-aa16b0c8-c411-4be7-9cd2-4357bc755770 None None] Starting request: 10.222.0.40 "GET /placement/resource_providers/843a726b-a780-4772-83ab-4d77fc0ec935/allocations" {{(pid=106911) __call__ /opt/stack/placement/placement/requestlog.py:55}}
Sep 30 09:37:04.207444 dv-cinder-master-3-smb devstack@placement-api.service[106911]: INFO placement.requestlog [req-b179e9ce-aa8a-4f5a-9a12-b65c785d62da req-aa16b0c8-c411-4be7-9cd2-4357bc755770 service placement] 10.222.0.40 "GET /placement/resource_providers/843a726b-a780-4772-83ab-4d77fc0ec935/allocations" status: 200 len: 456 microversion: 1.0
