Sep 30 09:36:41.573407 dv-cinder-master-3-smb devstack@c-api.service[113427]: INFO cinder.volume.api [None req-d7874edd-e3c7-4a7e-9c67-1985ad3783e9 tempest-SnapshotsActionsTest-492265436 tempest-SnapshotsActionsTest-492265436-project] Snapshot retrieved successfully.
Sep 30 09:36:41.575240 dv-cinder-master-3-smb devstack@c-api.service[113427]: INFO cinder.api.openstack.wsgi [None req-d7874edd-e3c7-4a7e-9c67-1985ad3783e9 tempest-SnapshotsActionsTest-492265436 tempest-SnapshotsActionsTest-492265436-project] http://10.222.0.15/volume/v3/d2e34f0da33544549e5636cd9f815a90/snapshots/11644de4-216f-4f30-aacb-e220b293e5b4 returned with HTTP 200
Sep 30 09:36:41.576224 dv-cinder-master-3-smb devstack@c-api.service[113427]: [pid: 113427|app: 0|req: 141/280] 10.222.0.15 () {58 vars in 1331 bytes} [Fri Sep 30 09:36:41 2022] GET /volume/v3/d2e34f0da33544549e5636cd9f815a90/snapshots/11644de4-216f-4f30-aacb-e220b293e5b4 => generated 532 bytes in 158 msecs (HTTP/1.1 200) 7 headers in 285 bytes (1 switches on core 0)
Sep 30 09:36:41.589247 dv-cinder-master-3-smb devstack@c-api.service[113427]: DEBUG cinder.api.middleware.request_id [None req-847d3816-69e9-42ff-beea-be0452cf76e4 None None] RequestId filter calling following filter/app {{(pid=113427) _context_setter /opt/stack/cinder/cinder/api/middleware/request_id.py:62}}
Sep 30 09:36:41.593158 dv-cinder-master-3-smb devstack@c-api.service[113427]: INFO cinder.api.openstack.wsgi [None req-847d3816-69e9-42ff-beea-be0452cf76e4 tempest-SnapshotsActionsTest-492265436 tempest-SnapshotsActionsTest-492265436-project] POST http://10.222.0.15/volume/v3/d2e34f0da33544549e5636cd9f815a90/snapshots
Sep 30 09:36:41.594154 dv-cinder-master-3-smb devstack@c-api.service[113427]: DEBUG cinder.api.openstack.wsgi [None req-847d3816-69e9-42ff-beea-be0452cf76e4 tempest-SnapshotsActionsTest-492265436 tempest-SnapshotsActionsTest-492265436-project] Action: 'create', calling method: create, body: {"snapshot": {"volume_id": "54aafaea-854b-4d7d-a898-76a34f359684", "name": "tempest-SnapshotsActionsTest-Snapshot-1805560110"}} {{(pid=113427) _process_stack /opt/stack/cinder/cinder/api/openstack/wsgi.py:866}}
Sep 30 09:36:41.610831 dv-cinder-master-3-smb devstack@c-api.service[113427]: /usr/local/lib/python3.8/dist-packages/oslo_context/context.py:100: DeprecationWarning: Policy enforcement is depending on the value of is_admin. This key is deprecated. Please update your policy file to use the standard policy values.
Sep 30 09:36:41.610831 dv-cinder-master-3-smb devstack@c-api.service[113427]: warnings.warn('Policy enforcement is depending on the value of '
Sep 30 09:36:41.611966 dv-cinder-master-3-smb devstack@c-api.service[113427]: INFO cinder.volume.api [None req-847d3816-69e9-42ff-beea-be0452cf76e4 tempest-SnapshotsActionsTest-492265436 tempest-SnapshotsActionsTest-492265436-project] Volume info retrieved successfully.
Sep 30 09:36:41.612290 dv-cinder-master-3-smb devstack@c-api.service[113427]: INFO cinder.api.v3.snapshots [None req-847d3816-69e9-42ff-beea-be0452cf76e4 tempest-SnapshotsActionsTest-492265436 tempest-SnapshotsActionsTest-492265436-project] Create snapshot from volume 54aafaea-854b-4d7d-a898-76a34f359684
Sep 30 09:36:41.665488 dv-cinder-master-3-smb devstack@c-api.service[113428]: INFO cinder.api.openstack.wsgi [None req-660f3b8f-01b8-4959-9c2a-e125de232971 tempest-VolumeManageAdminTest-2031855590 tempest-VolumeManageAdminTest-2031855590-project] POST http://10.222.0.15/volume/v3/afea87e6436644bb9cd4e4e2be7e117a/volumes
Sep 30 09:36:41.666220 dv-cinder-master-3-smb devstack@c-api.service[113428]: DEBUG cinder.api.openstack.wsgi [None req-660f3b8f-01b8-4959-9c2a-e125de232971 tempest-VolumeManageAdminTest-2031855590 tempest-VolumeManageAdminTest-2031855590-project] Action: 'create', calling method: create, body: {"volume": {"size": 1, "name": "tempest-VolumeManageAdminTest-Volume-53808067"}} {{(pid=113428) _process_stack /opt/stack/cinder/cinder/api/openstack/wsgi.py:866}}
Sep 30 09:36:41.669239 dv-cinder-master-3-smb devstack@c-api.service[113428]: DEBUG cinder.api.v3.volumes [None req-660f3b8f-01b8-4959-9c2a-e125de232971 tempest-VolumeManageAdminTest-2031855590 tempest-VolumeManageAdminTest-2031855590-project] Create volume request body: {'volume': {'size': 1, 'name': 'tempest-VolumeManageAdminTest-Volume-53808067'}} {{(pid=113428) create /opt/stack/cinder/cinder/api/v3/volumes.py:298}}
Sep 30 09:36:41.669516 dv-cinder-master-3-smb devstack@c-api.service[113428]: INFO cinder.api.v3.volumes [None req-660f3b8f-01b8-4959-9c2a-e125de232971 tempest-VolumeManageAdminTest-2031855590 tempest-VolumeManageAdminTest-2031855590-project] Create volume of 1 GB
Sep 30 09:36:41.670643 dv-cinder-master-3-smb devstack@c-api.service[113428]: /usr/local/lib/python3.8/dist-packages/oslo_context/context.py:100: DeprecationWarning: Policy enforcement is depending on the value of is_admin. This key is deprecated. Please update your policy file to use the standard policy values.
Sep 30 09:36:41.670643 dv-cinder-master-3-smb devstack@c-api.service[113428]: warnings.warn('Policy enforcement is depending on the value of '
Sep 30 09:36:41.684416 dv-cinder-master-3-smb devstack@c-api.service[113427]: DEBUG cinder.quota [None req-847d3816-69e9-42ff-beea-be0452cf76e4 tempest-SnapshotsActionsTest-492265436 tempest-SnapshotsActionsTest-492265436-project] Created reservations ['3f664ce6-62c0-4b0f-aab3-f0995c20d8d2', '75fe3460-4e42-4828-86ab-8582b5447b88', '9d45c6ff-126d-4827-b2ac-48ba8951b01f', 'c46fb921-b947-474c-ba0b-df2f768f3785'] {{(pid=113427) reserve /opt/stack/cinder/cinder/quota.py:755}}
Sep 30 09:36:41.686180 dv-cinder-master-3-smb devstack@c-api.service[113428]: INFO cinder.volume.api [None req-660f3b8f-01b8-4959-9c2a-e125de232971 tempest-VolumeManageAdminTest-2031855590 tempest-VolumeManageAdminTest-2031855590-project] Availability Zones retrieved successfully.
Sep 30 09:36:41.708966 dv-cinder-master-3-smb devstack@c-api.service[113428]: DEBUG cinder.volume.api [None req-660f3b8f-01b8-4959-9c2a-e125de232971 tempest-VolumeManageAdminTest-2031855590 tempest-VolumeManageAdminTest-2031855590-project] Flow 'volume_create_api' (9e711eae-2863-43db-ba9a-6df0b47c7c68) transitioned into state 'RUNNING' from state 'PENDING' {{(pid=113428) _flow_receiver /usr/local/lib/python3.8/dist-packages/taskflow/listeners/logging.py:141}}
Sep 30 09:36:41.711938 dv-cinder-master-3-smb devstack@c-api.service[113428]: DEBUG cinder.volume.api [None req-660f3b8f-01b8-4959-9c2a-e125de232971 tempest-VolumeManageAdminTest-2031855590 tempest-VolumeManageAdminTest-2031855590-project] Task 'cinder.volume.flows.api.create_volume.ExtractVolumeRequestTask;volume:create' (382c8682-bdf3-4da6-ac09-7a526fb92505) transitioned into state 'RUNNING' from state 'PENDING' {{(pid=113428) _task_receiver /usr/local/lib/python3.8/dist-packages/taskflow/listeners/logging.py:190}}
Sep 30 09:36:41.715195 dv-cinder-master-3-smb devstack@c-api.service[113428]: DEBUG cinder.volume.flows.api.create_volume [None req-660f3b8f-01b8-4959-9c2a-e125de232971 tempest-VolumeManageAdminTest-2031855590 tempest-VolumeManageAdminTest-2031855590-project] Validating volume size '1' using validate_int {{(pid=113428) _extract_size /opt/stack/cinder/cinder/volume/flows/api/create_volume.py:228}}
Sep 30 09:36:41.774455 dv-cinder-master-3-smb devstack@c-api.service[113428]: DEBUG cinder.volume.api [None req-660f3b8f-01b8-4959-9c2a-e125de232971 tempest-VolumeManageAdminTest-2031855590 tempest-VolumeManageAdminTest-2031855590-project] Task 'cinder.volume.flows.api.create_volume.ExtractVolumeRequestTask;volume:create' (382c8682-bdf3-4da6-ac09-7a526fb92505) transitioned into state 'SUCCESS' from state 'RUNNING' with result '{'size': 1, 'snapshot_id': None, 'source_volid': None, 'volume_type': VolumeType(created_at=2022-09-30T09:25:45Z,deleted=False,deleted_at=None,description='Default Volume Type',extra_specs={},id=7c173750-68b8-42ba-9e1d-c005b31dd7a9,is_public=True,name='__DEFAULT__',projects=[],qos_specs=,qos_specs_id=None,updated_at=2022-09-30T09:25:45Z), 'volume_type_id': '7c173750-68b8-42ba-9e1d-c005b31dd7a9', 'encryption_key_id': None, 'qos_specs': None, 'consistencygroup_id': None, 'cgsnapshot_id': None, 'group_id': None, 'replication_status': 'disabled', 'refresh_az': False, 'backup_id': None, 'multiattach': False, 'availability_zones': ['nova']}' {{(pid=113428) _task_receiver /usr/local/lib/python3.8/dist-packages/taskflow/listeners/logging.py:178}}
Sep 30 09:36:41.775839 dv-cinder-master-3-smb devstack@c-api.service[113427]: INFO cinder.volume.api [None req-847d3816-69e9-42ff-beea-be0452cf76e4 tempest-SnapshotsActionsTest-492265436 tempest-SnapshotsActionsTest-492265436-project] Snapshot create request issued successfully.
Sep 30 09:36:41.776551 dv-cinder-master-3-smb devstack@c-api.service[113427]: INFO cinder.api.openstack.wsgi [None req-847d3816-69e9-42ff-beea-be0452cf76e4 tempest-SnapshotsActionsTest-492265436 tempest-SnapshotsActionsTest-492265436-project] http://10.222.0.15/volume/v3/d2e34f0da33544549e5636cd9f815a90/snapshots returned with HTTP 202
Sep 30 09:36:41.777508 dv-cinder-master-3-smb devstack@c-api.service[113427]: [pid: 113427|app: 0|req: 142/281] 10.222.0.15 () {60 vars in 1242 bytes} [Fri Sep 30 09:36:41 2022] POST /volume/v3/d2e34f0da33544549e5636cd9f815a90/snapshots => generated 307 bytes in 189 msecs (HTTP/1.1 202) 7 headers in 291 bytes (1 switches on core 0)
Sep 30 09:36:41.778515 dv-cinder-master-3-smb devstack@c-api.service[113428]: DEBUG cinder.volume.api [None req-660f3b8f-01b8-4959-9c2a-e125de232971 tempest-VolumeManageAdminTest-2031855590 tempest-VolumeManageAdminTest-2031855590-project] Task 'cinder.volume.flows.api.create_volume.QuotaReserveTask;volume:create' (b562259d-fd80-4a9a-9294-fd81a512c255) transitioned into state 'RUNNING' from state 'PENDING' {{(pid=113428) _task_receiver /usr/local/lib/python3.8/dist-packages/taskflow/listeners/logging.py:190}}
Sep 30 09:36:41.782575 dv-cinder-master-3-smb devstack@c-api.service[113427]: DEBUG cinder.api.middleware.request_id [None req-5a54f218-d334-402c-a986-fd3ed5e23065 None None] RequestId filter calling following filter/app {{(pid=113427) _context_setter /opt/stack/cinder/cinder/api/middleware/request_id.py:62}}
Sep 30 09:36:41.793085 dv-cinder-master-3-smb devstack@c-api.service[113427]: INFO cinder.api.openstack.wsgi [None req-5a54f218-d334-402c-a986-fd3ed5e23065 tempest-GroupSnapshotsTest-1318660625 tempest-GroupSnapshotsTest-1318660625-project] GET http://10.222.0.15/volume/v3/224e853b2f0740cc838a60ae46d63a2f/groups/978c93d8-8666-4090-8939-bc2ecd497e31
Sep 30 09:36:41.793600 dv-cinder-master-3-smb devstack@c-api.service[113427]: DEBUG cinder.api.openstack.wsgi [None req-5a54f218-d334-402c-a986-fd3ed5e23065 tempest-GroupSnapshotsTest-1318660625 tempest-GroupSnapshotsTest-1318660625-project] Empty body provided in request {{(pid=113427) get_body /opt/stack/cinder/cinder/api/openstack/wsgi.py:715}}
Sep 30 09:36:41.795680 dv-cinder-master-3-smb devstack@c-api.service[113427]: DEBUG cinder.api.openstack.wsgi [None req-5a54f218-d334-402c-a986-fd3ed5e23065 tempest-GroupSnapshotsTest-1318660625 tempest-GroupSnapshotsTest-1318660625-project] Calling method 'version_select' {{(pid=113427) _process_stack /opt/stack/cinder/cinder/api/openstack/wsgi.py:868}}
Sep 30 09:36:41.796046 dv-cinder-master-3-smb devstack@c-api.service[113427]: DEBUG cinder.api.v3.groups [None req-5a54f218-d334-402c-a986-fd3ed5e23065 tempest-GroupSnapshotsTest-1318660625 tempest-GroupSnapshotsTest-1318660625-project] show called for member 978c93d8-8666-4090-8939-bc2ecd497e31 {{(pid=113427) show /opt/stack/cinder/cinder/api/v3/groups.py:58}}
Sep 30 09:36:41.821804 dv-cinder-master-3-smb devstack@c-api.service[113427]: /usr/local/lib/python3.8/dist-packages/oslo_context/context.py:100: DeprecationWarning: Policy enforcement is depending on the value of is_admin. This key is deprecated. Please update your policy file to use the standard policy values.
Sep 30 09:36:41.821804 dv-cinder-master-3-smb devstack@c-api.service[113427]: warnings.warn('Policy enforcement is depending on the value of '
Sep 30 09:36:41.843663 dv-cinder-master-3-smb devstack@c-api.service[113427]: INFO cinder.api.openstack.wsgi [None req-5a54f218-d334-402c-a986-fd3ed5e23065 tempest-GroupSnapshotsTest-1318660625 tempest-GroupSnapshotsTest-1318660625-project] http://10.222.0.15/volume/v3/224e853b2f0740cc838a60ae46d63a2f/groups/978c93d8-8666-4090-8939-bc2ecd497e31 returned with HTTP 200
Sep 30 09:36:41.844766 dv-cinder-master-3-smb devstack@c-api.service[113427]: [pid: 113427|app: 0|req: 143/282] 10.222.0.15 () {60 vars in 1363 bytes} [Fri Sep 30 09:36:41 2022] GET /volume/v3/224e853b2f0740cc838a60ae46d63a2f/groups/978c93d8-8666-4090-8939-bc2ecd497e31 => generated 393 bytes in 67 msecs (HTTP/1.1 200) 7 headers in 286 bytes (1 switches on core 0)
Sep 30 09:36:41.846413 dv-cinder-master-3-smb devstack@c-api.service[113427]: DEBUG cinder.api.middleware.request_id [None req-d17c2811-13de-4218-86d7-c05d12fd732e None None] RequestId filter calling following filter/app {{(pid=113427) _context_setter /opt/stack/cinder/cinder/api/middleware/request_id.py:62}}
Sep 30 09:36:41.851094 dv-cinder-master-3-smb devstack@c-api.service[113427]: INFO cinder.api.openstack.wsgi [None req-d17c2811-13de-4218-86d7-c05d12fd732e tempest-GroupsTest-2105719967 tempest-GroupsTest-2105719967-project] GET http://10.222.0.15/volume/v3/7c2d8e595a7d4edba9d798b892dfc32f/volumes/19c3ce92-d812-4efa-a381-707538259f78
Sep 30 09:36:41.851592 dv-cinder-master-3-smb devstack@c-api.service[113427]: DEBUG cinder.api.openstack.wsgi [None req-d17c2811-13de-4218-86d7-c05d12fd732e tempest-GroupsTest-2105719967 tempest-GroupsTest-2105719967-project] Empty body provided in request {{(pid=113427) get_body /opt/stack/cinder/cinder/api/openstack/wsgi.py:715}}
Sep 30 09:36:41.852078 dv-cinder-master-3-smb devstack@c-api.service[113427]: DEBUG cinder.api.openstack.wsgi [None req-d17c2811-13de-4218-86d7-c05d12fd732e tempest-GroupsTest-2105719967 tempest-GroupsTest-2105719967-project] Calling method 'show' {{(pid=113427) _process_stack /opt/stack/cinder/cinder/api/openstack/wsgi.py:868}}
Sep 30 09:36:41.870935 dv-cinder-master-3-smb devstack@c-api.service[113427]: INFO cinder.api.openstack.wsgi [None req-d17c2811-13de-4218-86d7-c05d12fd732e tempest-GroupsTest-2105719967 tempest-GroupsTest-2105719967-project] http://10.222.0.15/volume/v3/7c2d8e595a7d4edba9d798b892dfc32f/volumes/19c3ce92-d812-4efa-a381-707538259f78 returned with HTTP 404
Sep 30 09:36:41.871911 dv-cinder-master-3-smb devstack@c-api.service[113427]: [pid: 113427|app: 0|req: 144/283] 10.222.0.15 () {60 vars in 1366 bytes} [Fri Sep 30 09:36:41 2022] GET /volume/v3/7c2d8e595a7d4edba9d798b892dfc32f/volumes/19c3ce92-d812-4efa-a381-707538259f78 => generated 109 bytes in 27 msecs (HTTP/1.1 404) 7 headers in 293 bytes (1 switches on core 0)
Sep 30 09:36:41.877722 dv-cinder-master-3-smb devstack@c-api.service[113427]: DEBUG cinder.api.middleware.request_id [None req-cf6bf9c6-85cc-453c-ae78-8dcbeb18be22 None None] RequestId filter calling following filter/app {{(pid=113427) _context_setter /opt/stack/cinder/cinder/api/middleware/request_id.py:62}}
Sep 30 09:36:41.883774 dv-cinder-master-3-smb devstack@c-api.service[113427]: INFO cinder.api.openstack.wsgi [None req-cf6bf9c6-85cc-453c-ae78-8dcbeb18be22 tempest-SnapshotsActionsTest-492265436 tempest-SnapshotsActionsTest-492265436-project] GET http://10.222.0.15/volume/v3/d2e34f0da33544549e5636cd9f815a90/snapshots/c50bf20b-ce0f-479d-8d31-041232af6713
Sep 30 09:36:41.884779 dv-cinder-master-3-smb devstack@c-api.service[113427]: DEBUG cinder.api.openstack.wsgi [None req-cf6bf9c6-85cc-453c-ae78-8dcbeb18be22 tempest-SnapshotsActionsTest-492265436 tempest-SnapshotsActionsTest-492265436-project] Empty body provided in request {{(pid=113427) get_body /opt/stack/cinder/cinder/api/openstack/wsgi.py:715}}
Sep 30 09:36:41.885258 dv-cinder-master-3-smb devstack@c-api.service[113427]: DEBUG cinder.api.openstack.wsgi [None req-cf6bf9c6-85cc-453c-ae78-8dcbeb18be22 tempest-SnapshotsActionsTest-492265436 tempest-SnapshotsActionsTest-492265436-project] Calling method 'show' {{(pid=113427) _process_stack /opt/stack/cinder/cinder/api/openstack/wsgi.py:868}}
Sep 30 09:36:41.904098 dv-cinder-master-3-smb devstack@c-api.service[113427]: /usr/local/lib/python3.8/dist-packages/oslo_context/context.py:100: DeprecationWarning: Policy enforcement is depending on the value of is_admin. This key is deprecated. Please update your policy file to use the standard policy values.
Sep 30 09:36:41.904098 dv-cinder-master-3-smb devstack@c-api.service[113427]: warnings.warn('Policy enforcement is depending on the value of '
Sep 30 09:36:41.905830 dv-cinder-master-3-smb devstack@c-api.service[113427]: INFO cinder.volume.api [None req-cf6bf9c6-85cc-453c-ae78-8dcbeb18be22 tempest-SnapshotsActionsTest-492265436 tempest-SnapshotsActionsTest-492265436-project] Snapshot retrieved successfully.
Sep 30 09:36:41.908454 dv-cinder-master-3-smb devstack@c-api.service[113427]: INFO cinder.api.openstack.wsgi [None req-cf6bf9c6-85cc-453c-ae78-8dcbeb18be22 tempest-SnapshotsActionsTest-492265436 tempest-SnapshotsActionsTest-492265436-project] http://10.222.0.15/volume/v3/d2e34f0da33544549e5636cd9f815a90/snapshots/c50bf20b-ce0f-479d-8d31-041232af6713 returned with HTTP 200
Sep 30 09:36:41.915097 dv-cinder-master-3-smb devstack@c-api.service[113427]: [pid: 113427|app: 0|req: 145/284] 10.222.0.15 () {58 vars in 1331 bytes} [Fri Sep 30 09:36:41 2022] GET /volume/v3/d2e34f0da33544549e5636cd9f815a90/snapshots/c50bf20b-ce0f-479d-8d31-041232af6713 => generated 439 bytes in 41 msecs (HTTP/1.1 200) 7 headers in 285 bytes (1 switches on core 0)
Sep 30 09:36:41.916004 dv-cinder-master-3-smb devstack@c-api.service[113427]: DEBUG cinder.api.middleware.request_id [None req-649e95cb-970e-43ab-ac95-ff163236ddce None None] RequestId filter calling following filter/app {{(pid=113427) _context_setter /opt/stack/cinder/cinder/api/middleware/request_id.py:62}}
Sep 30 09:36:41.922727 dv-cinder-master-3-smb devstack@c-api.service[113427]: INFO cinder.api.openstack.wsgi [None req-649e95cb-970e-43ab-ac95-ff163236ddce tempest-GroupSnapshotsTest-1318660625 tempest-GroupSnapshotsTest-1318660625-project] PUT http://10.222.0.15/volume/v3/224e853b2f0740cc838a60ae46d63a2f/groups/978c93d8-8666-4090-8939-bc2ecd497e31
Sep 30 09:36:41.923218 dv-cinder-master-3-smb devstack@c-api.service[113427]: DEBUG cinder.api.openstack.wsgi [None req-649e95cb-970e-43ab-ac95-ff163236ddce tempest-GroupSnapshotsTest-1318660625 tempest-GroupSnapshotsTest-1318660625-project] Action: 'update', calling method: version_select, body: {"group": {"remove_volumes": "0e5e7b52-d917-41f8-a23f-b65cf5160d38"}} {{(pid=113427) _process_stack /opt/stack/cinder/cinder/api/openstack/wsgi.py:866}}
Sep 30 09:36:41.925677 dv-cinder-master-3-smb devstack@c-api.service[113427]: DEBUG cinder.api.v3.groups [None req-649e95cb-970e-43ab-ac95-ff163236ddce tempest-GroupSnapshotsTest-1318660625 tempest-GroupSnapshotsTest-1318660625-project] Update called for group 978c93d8-8666-4090-8939-bc2ecd497e31. {{(pid=113427) update /opt/stack/cinder/cinder/api/v3/groups.py:302}}
Sep 30 09:36:41.925817 dv-cinder-master-3-smb devstack@c-api.service[113427]: INFO cinder.api.v3.groups [None req-649e95cb-970e-43ab-ac95-ff163236ddce tempest-GroupSnapshotsTest-1318660625 tempest-GroupSnapshotsTest-1318660625-project] Updating group 978c93d8-8666-4090-8939-bc2ecd497e31 with name None description: None add_volumes: None remove_volumes: 0e5e7b52-d917-41f8-a23f-b65cf5160d38.
Sep 30 09:36:41.930285 dv-cinder-master-3-smb devstack@c-api.service[113428]: DEBUG dbcounter [-] [113428] Writing DB stats cinder:SELECT=86,cinder:UPDATE=6,cinder:DELETE=2,cinder:INSERT=6 {{(pid=113428) stat_writer /usr/local/lib/python3.8/dist-packages/dbcounter.py:114}}
Sep 30 09:36:41.936236 dv-cinder-master-3-smb devstack@c-api.service[113427]: /usr/local/lib/python3.8/dist-packages/oslo_context/context.py:100: DeprecationWarning: Policy enforcement is depending on the value of is_admin. This key is deprecated. Please update your policy file to use the standard policy values.
Sep 30 09:36:41.936236 dv-cinder-master-3-smb devstack@c-api.service[113427]: warnings.warn('Policy enforcement is depending on the value of '
Sep 30 09:36:41.947468 dv-cinder-master-3-smb devstack@c-api.service[113427]: DEBUG dbcounter [-] [113427] Writing DB stats cinder:SELECT=77,cinder:UPDATE=14,cinder:INSERT=9 {{(pid=113427) stat_writer /usr/local/lib/python3.8/dist-packages/dbcounter.py:114}}
Sep 30 09:36:41.948959 dv-cinder-master-3-smb devstack@c-api.service[113428]: DEBUG cinder.quota [None req-660f3b8f-01b8-4959-9c2a-e125de232971 tempest-VolumeManageAdminTest-2031855590 tempest-VolumeManageAdminTest-2031855590-project] Created reservations ['daa31b97-cc5c-424c-8b46-db6f59fc8279', 'f6872eef-23dc-42cb-b9f8-821830043bdf', 'df92da86-4de3-4c42-9f57-e6d6e63353eb', '5c5f8a9e-a4e5-4a32-873d-128630b06d09'] {{(pid=113428) reserve /opt/stack/cinder/cinder/quota.py:755}}
Sep 30 09:36:41.952299 dv-cinder-master-3-smb devstack@c-api.service[113428]: DEBUG cinder.volume.api [None req-660f3b8f-01b8-4959-9c2a-e125de232971 tempest-VolumeManageAdminTest-2031855590 tempest-VolumeManageAdminTest-2031855590-project] Task 'cinder.volume.flows.api.create_volume.QuotaReserveTask;volume:create' (b562259d-fd80-4a9a-9294-fd81a512c255) transitioned into state 'SUCCESS' from state 'RUNNING' with result '{'reservations': ['daa31b97-cc5c-424c-8b46-db6f59fc8279', 'f6872eef-23dc-42cb-b9f8-821830043bdf', 'df92da86-4de3-4c42-9f57-e6d6e63353eb', '5c5f8a9e-a4e5-4a32-873d-128630b06d09']}' {{(pid=113428) _task_receiver /usr/local/lib/python3.8/dist-packages/taskflow/listeners/logging.py:178}}
Sep 30 09:36:41.957127 dv-cinder-master-3-smb devstack@c-api.service[113428]: DEBUG cinder.volume.api [None req-660f3b8f-01b8-4959-9c2a-e125de232971 tempest-VolumeManageAdminTest-2031855590 tempest-VolumeManageAdminTest-2031855590-project] Task 'cinder.volume.flows.api.create_volume.EntryCreateTask;volume:create' (f1f926b4-8fa2-4778-b723-69892516e558) transitioned into state 'RUNNING' from state 'PENDING' {{(pid=113428) _task_receiver /usr/local/lib/python3.8/dist-packages/taskflow/listeners/logging.py:190}}
Sep 30 09:36:41.975953 dv-cinder-master-3-smb devstack@c-api.service[113427]: INFO cinder.api.openstack.wsgi [None req-649e95cb-970e-43ab-ac95-ff163236ddce tempest-GroupSnapshotsTest-1318660625 tempest-GroupSnapshotsTest-1318660625-project] http://10.222.0.15/volume/v3/224e853b2f0740cc838a60ae46d63a2f/groups/978c93d8-8666-4090-8939-bc2ecd497e31 returned with HTTP 202
Sep 30 09:36:41.977068 dv-cinder-master-3-smb devstack@c-api.service[113427]: [pid: 113427|app: 0|req: 146/285] 10.222.0.15 () {62 vars in 1383 bytes} [Fri Sep 30 09:36:41 2022] PUT /volume/v3/224e853b2f0740cc838a60ae46d63a2f/groups/978c93d8-8666-4090-8939-bc2ecd497e31 => generated 0 bytes in 62 msecs (HTTP/1.1 202) 6 headers in 234 bytes (1 switches on core 0)
Sep 30 09:36:41.984608 dv-cinder-master-3-smb devstack@c-api.service[113427]: DEBUG cinder.api.middleware.request_id [None req-3e0f60ce-2165-4a28-a24b-ad74bc555492 None None] RequestId filter calling following filter/app {{(pid=113427) _context_setter /opt/stack/cinder/cinder/api/middleware/request_id.py:62}}
Sep 30 09:36:41.988534 dv-cinder-master-3-smb devstack@c-api.service[113427]: INFO cinder.api.openstack.wsgi [None req-3e0f60ce-2165-4a28-a24b-ad74bc555492 tempest-GroupsTest-2105719967 tempest-GroupsTest-2105719967-project] GET http://10.222.0.15/volume/v3/7c2d8e595a7d4edba9d798b892dfc32f/volumes/3ba05f28-5bc1-40d7-99f6-6bd0ce01262c
Sep 30 09:36:41.989105 dv-cinder-master-3-smb devstack@c-api.service[113427]: DEBUG cinder.api.openstack.wsgi [None req-3e0f60ce-2165-4a28-a24b-ad74bc555492 tempest-GroupsTest-2105719967 tempest-GroupsTest-2105719967-project] Empty body provided in request {{(pid=113427) get_body /opt/stack/cinder/cinder/api/openstack/wsgi.py:715}}
Sep 30 09:36:41.990161 dv-cinder-master-3-smb devstack@c-api.service[113427]: DEBUG cinder.api.openstack.wsgi [None req-3e0f60ce-2165-4a28-a24b-ad74bc555492 tempest-GroupsTest-2105719967 tempest-GroupsTest-2105719967-project] Calling method 'show' {{(pid=113427) _process_stack /opt/stack/cinder/cinder/api/openstack/wsgi.py:868}}
Sep 30 09:36:41.998059 dv-cinder-master-3-smb devstack@c-api.service[113428]: DEBUG cinder.volume.api [None req-660f3b8f-01b8-4959-9c2a-e125de232971 tempest-VolumeManageAdminTest-2031855590 tempest-VolumeManageAdminTest-2031855590-project] Task 'cinder.volume.flows.api.create_volume.EntryCreateTask;volume:create' (f1f926b4-8fa2-4778-b723-69892516e558) transitioned into state 'SUCCESS' from state 'RUNNING' with result '{'volume_id': 'e7e201ac-150e-4ed8-a84d-738a633ec748', 'volume_properties': VolumeProperties(attach_status='detached',availability_zone='nova',cgsnapshot_id=None,consistencygroup_id=None,display_description=None,display_name='tempest-VolumeManageAdminTest-Volume-53808067',encryption_key_id=None,group_id=None,group_type_id=,metadata={},multiattach=False,project_id='afea87e6436644bb9cd4e4e2be7e117a',qos_specs=None,replication_status=,reservations=['daa31b97-cc5c-424c-8b46-db6f59fc8279','f6872eef-23dc-42cb-b9f8-821830043bdf','df92da86-4de3-4c42-9f57-e6d6e63353eb','5c5f8a9e-a4e5-4a32-873d-128630b06d09'],size=1,snapshot_id=None,source_replicaid=,source_volid=None,status='creating',user_id='43acddbd8f7044c28881eabe3809b0a1',volume_type_id=7c173750-68b8-42ba-9e1d-c005b31dd7a9), 'volume': Volume(_name_id=None,admin_metadata=,attach_status='detached',availability_zone='nova',bootable=False,cluster=,cluster_name=None,consistencygroup=,consistencygroup_id=None,created_at=2022-09-30T09:36:41Z,deleted=False,deleted_at=None,display_description=None,display_name='tempest-VolumeManageAdminTest-Volume-53808067',ec2_id=None,encryption_key_id=None,glance_metadata=,group=,group_id=None,host=None,id=e7e201ac-150e-4ed8-a84d-738a633ec748,launched_at=None,metadata={},migration_status=None,multiattach=False,previous_status=None,project_id='afea87e6436644bb9cd4e4e2be7e117a',provider_auth=None,provider_geometry=None,provider_id=None,provider_location=None,replication_driver_data=None,replication_extended_status=None,replication_status=None,scheduled_at=None,service_uuid=None,shared_targets=True,size=1,snapshot_id=None,snapshots=,source_volid=None,status='creating',terminated_at=None,updated_at=None,use_quota=True,user_id='43acddbd8f7044c28881eabe3809b0a1',volume_attachment=VolumeAttachmentList,volume_type=VolumeType(7c173750-68b8-42ba-9e1d-c005b31dd7a9),volume_type_id=7c173750-68b8-42ba-9e1d-c005b31dd7a9)}' {{(pid=113428) _task_receiver /usr/local/lib/python3.8/dist-packages/taskflow/listeners/logging.py:178}}
Sep 30 09:36:42.000213 dv-cinder-master-3-smb devstack@c-api.service[113428]: DEBUG cinder.volume.api [None req-660f3b8f-01b8-4959-9c2a-e125de232971 tempest-VolumeManageAdminTest-2031855590 tempest-VolumeManageAdminTest-2031855590-project] Task 'cinder.volume.flows.api.create_volume.QuotaCommitTask;volume:create' (67d06923-8c18-4de4-b564-0f71b4a4338f) transitioned into state 'RUNNING' from state 'PENDING' {{(pid=113428) _task_receiver /usr/local/lib/python3.8/dist-packages/taskflow/listeners/logging.py:190}}
Sep 30 09:36:42.005023 dv-cinder-master-3-smb devstack@c-api.service[113427]: INFO cinder.api.openstack.wsgi [None req-3e0f60ce-2165-4a28-a24b-ad74bc555492 tempest-GroupsTest-2105719967 tempest-GroupsTest-2105719967-project] http://10.222.0.15/volume/v3/7c2d8e595a7d4edba9d798b892dfc32f/volumes/3ba05f28-5bc1-40d7-99f6-6bd0ce01262c returned with HTTP 404
Sep 30 09:36:42.006820 dv-cinder-master-3-smb devstack@c-api.service[113427]: [pid: 113427|app: 0|req: 147/286] 10.222.0.15 () {60 vars in 1366 bytes} [Fri Sep 30 09:36:41 2022] GET /volume/v3/7c2d8e595a7d4edba9d798b892dfc32f/volumes/3ba05f28-5bc1-40d7-99f6-6bd0ce01262c => generated 109 bytes in 26 msecs (HTTP/1.1 404) 7 headers in 293 bytes (1 switches on core 0)
Sep 30 09:36:42.008603 dv-cinder-master-3-smb devstack@c-api.service[113427]: DEBUG cinder.api.middleware.request_id [None req-08425014-3156-4f8f-b537-4d211192de2b None None] RequestId filter calling following filter/app {{(pid=113427) _context_setter /opt/stack/cinder/cinder/api/middleware/request_id.py:62}}
Sep 30 09:36:42.017465 dv-cinder-master-3-smb devstack@c-api.service[113427]: INFO cinder.api.openstack.wsgi [None req-08425014-3156-4f8f-b537-4d211192de2b tempest-GroupSnapshotsTest-1318660625 tempest-GroupSnapshotsTest-1318660625-project] GET http://10.222.0.15/volume/v3/224e853b2f0740cc838a60ae46d63a2f/groups/978c93d8-8666-4090-8939-bc2ecd497e31
Sep 30 09:36:42.018240 dv-cinder-master-3-smb devstack@c-api.service[113427]: DEBUG cinder.api.openstack.wsgi [None req-08425014-3156-4f8f-b537-4d211192de2b tempest-GroupSnapshotsTest-1318660625 tempest-GroupSnapshotsTest-1318660625-project] Empty body provided in request {{(pid=113427) get_body /opt/stack/cinder/cinder/api/openstack/wsgi.py:715}}
Sep 30 09:36:42.018691 dv-cinder-master-3-smb devstack@c-api.service[113427]: DEBUG cinder.api.openstack.wsgi [None req-08425014-3156-4f8f-b537-4d211192de2b tempest-GroupSnapshotsTest-1318660625 tempest-GroupSnapshotsTest-1318660625-project] Calling method 'version_select' {{(pid=113427) _process_stack /opt/stack/cinder/cinder/api/openstack/wsgi.py:868}}
Sep 30 09:36:42.019033 dv-cinder-master-3-smb devstack@c-api.service[113427]: DEBUG cinder.api.v3.groups [None req-08425014-3156-4f8f-b537-4d211192de2b tempest-GroupSnapshotsTest-1318660625 tempest-GroupSnapshotsTest-1318660625-project] show called for member 978c93d8-8666-4090-8939-bc2ecd497e31 {{(pid=113427) show /opt/stack/cinder/cinder/api/v3/groups.py:58}}
Sep 30 09:36:42.028477 dv-cinder-master-3-smb devstack@c-api.service[113427]: /usr/local/lib/python3.8/dist-packages/oslo_context/context.py:100: DeprecationWarning: Policy enforcement is depending on the value of is_admin. This key is deprecated. Please update your policy file to use the standard policy values.
Sep 30 09:36:42.028477 dv-cinder-master-3-smb devstack@c-api.service[113427]: warnings.warn('Policy enforcement is depending on the value of '
Sep 30 09:36:42.048290 dv-cinder-master-3-smb devstack@c-api.service[113428]: DEBUG cinder.volume.api [None req-660f3b8f-01b8-4959-9c2a-e125de232971 tempest-VolumeManageAdminTest-2031855590 tempest-VolumeManageAdminTest-2031855590-project] Task 'cinder.volume.flows.api.create_volume.QuotaCommitTask;volume:create' (67d06923-8c18-4de4-b564-0f71b4a4338f) transitioned into state 'SUCCESS' from state 'RUNNING' with result '{'volume_properties': VolumeProperties(attach_status='detached',availability_zone='nova',cgsnapshot_id=None,consistencygroup_id=None,display_description=None,display_name='tempest-VolumeManageAdminTest-Volume-53808067',encryption_key_id=None,group_id=None,group_type_id=,metadata={},multiattach=False,project_id='afea87e6436644bb9cd4e4e2be7e117a',qos_specs=None,replication_status=,reservations=['daa31b97-cc5c-424c-8b46-db6f59fc8279','f6872eef-23dc-42cb-b9f8-821830043bdf','df92da86-4de3-4c42-9f57-e6d6e63353eb','5c5f8a9e-a4e5-4a32-873d-128630b06d09'],size=1,snapshot_id=None,source_replicaid=,source_volid=None,status='creating',user_id='43acddbd8f7044c28881eabe3809b0a1',volume_type_id=7c173750-68b8-42ba-9e1d-c005b31dd7a9)}' {{(pid=113428) _task_receiver /usr/local/lib/python3.8/dist-packages/taskflow/listeners/logging.py:178}}
Sep 30 09:36:42.048676 dv-cinder-master-3-smb devstack@c-api.service[113427]: INFO cinder.api.openstack.wsgi [None req-08425014-3156-4f8f-b537-4d211192de2b tempest-GroupSnapshotsTest-1318660625 tempest-GroupSnapshotsTest-1318660625-project] http://10.222.0.15/volume/v3/224e853b2f0740cc838a60ae46d63a2f/groups/978c93d8-8666-4090-8939-bc2ecd497e31 returned with HTTP 200
Sep 30 09:36:42.049602 dv-cinder-master-3-smb devstack@c-api.service[113427]: [pid: 113427|app: 0|req: 148/287] 10.222.0.15 () {60 vars in 1363 bytes} [Fri Sep 30 09:36:42 2022] GET /volume/v3/224e853b2f0740cc838a60ae46d63a2f/groups/978c93d8-8666-4090-8939-bc2ecd497e31 => generated 392 bytes in 42 msecs (HTTP/1.1 200) 7 headers in 286 bytes (1 switches on core 0)
Sep 30 09:36:42.054053 dv-cinder-master-3-smb devstack@c-api.service[113427]: DEBUG cinder.api.middleware.request_id [None req-8af971f7-cf5f-46c2-9f30-9b83920892c5 None None] RequestId filter calling following filter/app {{(pid=113427) _context_setter /opt/stack/cinder/cinder/api/middleware/request_id.py:62}}
Sep 30 09:36:42.055243 dv-cinder-master-3-smb devstack@c-api.service[113428]: DEBUG cinder.volume.api [None req-660f3b8f-01b8-4959-9c2a-e125de232971 tempest-VolumeManageAdminTest-2031855590 tempest-VolumeManageAdminTest-2031855590-project] Task 'cinder.volume.flows.api.create_volume.VolumeCastTask;volume:create' (1d1bd86d-4ff9-49c0-90cc-2efd3f36a656) transitioned into state 'RUNNING' from state 'PENDING' {{(pid=113428) _task_receiver /usr/local/lib/python3.8/dist-packages/taskflow/listeners/logging.py:190}}
Sep 30 09:36:42.063431 dv-cinder-master-3-smb devstack@c-api.service[113427]: INFO cinder.api.openstack.wsgi [None req-8af971f7-cf5f-46c2-9f30-9b83920892c5 tempest-GroupsTest-2105719967 tempest-GroupsTest-2105719967-project] GET http://10.222.0.15/volume/v3/7c2d8e595a7d4edba9d798b892dfc32f/groups/076f7c25-d235-4a21-92b0-16ad9fb7773a
Sep 30 09:36:42.064096 dv-cinder-master-3-smb devstack@c-api.service[113427]: DEBUG cinder.api.openstack.wsgi [None req-8af971f7-cf5f-46c2-9f30-9b83920892c5 tempest-GroupsTest-2105719967 tempest-GroupsTest-2105719967-project] Empty body provided in request {{(pid=113427) get_body /opt/stack/cinder/cinder/api/openstack/wsgi.py:715}}
Sep 30 09:36:42.064627 dv-cinder-master-3-smb devstack@c-api.service[113427]: DEBUG cinder.api.openstack.wsgi [None req-8af971f7-cf5f-46c2-9f30-9b83920892c5 tempest-GroupsTest-2105719967 tempest-GroupsTest-2105719967-project] Calling method 'version_select' {{(pid=113427) _process_stack /opt/stack/cinder/cinder/api/openstack/wsgi.py:868}}
Sep 30 09:36:42.065141 dv-cinder-master-3-smb devstack@c-api.service[113427]: DEBUG cinder.api.v3.groups [None req-8af971f7-cf5f-46c2-9f30-9b83920892c5 tempest-GroupsTest-2105719967 tempest-GroupsTest-2105719967-project] show called for member 076f7c25-d235-4a21-92b0-16ad9fb7773a {{(pid=113427) show /opt/stack/cinder/cinder/api/v3/groups.py:58}}
Sep 30 09:36:42.073975 dv-cinder-master-3-smb devstack@c-api.service[113428]: DEBUG cinder.volume.api [None req-660f3b8f-01b8-4959-9c2a-e125de232971 tempest-VolumeManageAdminTest-2031855590 tempest-VolumeManageAdminTest-2031855590-project] Task 'cinder.volume.flows.api.create_volume.VolumeCastTask;volume:create' (1d1bd86d-4ff9-49c0-90cc-2efd3f36a656) transitioned into state 'SUCCESS' from state 'RUNNING' with result 'None' {{(pid=113428) _task_receiver /usr/local/lib/python3.8/dist-packages/taskflow/listeners/logging.py:178}}
Sep 30 09:36:42.077191 dv-cinder-master-3-smb devstack@c-api.service[113428]: DEBUG cinder.volume.api [None req-660f3b8f-01b8-4959-9c2a-e125de232971 tempest-VolumeManageAdminTest-2031855590 tempest-VolumeManageAdminTest-2031855590-project] Flow 'volume_create_api' (9e711eae-2863-43db-ba9a-6df0b47c7c68) transitioned into state 'SUCCESS' from state 'RUNNING' {{(pid=113428) _flow_receiver /usr/local/lib/python3.8/dist-packages/taskflow/listeners/logging.py:141}}
Sep 30 09:36:42.078107 dv-cinder-master-3-smb devstack@c-api.service[113428]: INFO cinder.volume.api [None req-660f3b8f-01b8-4959-9c2a-e125de232971 tempest-VolumeManageAdminTest-2031855590 tempest-VolumeManageAdminTest-2031855590-project] Create volume request issued successfully.
Sep 30 09:36:42.079433 dv-cinder-master-3-smb devstack@c-api.service[113428]: INFO cinder.api.openstack.wsgi [None req-660f3b8f-01b8-4959-9c2a-e125de232971 tempest-VolumeManageAdminTest-2031855590 tempest-VolumeManageAdminTest-2031855590-project] http://10.222.0.15/volume/v3/afea87e6436644bb9cd4e4e2be7e117a/volumes returned with HTTP 202
Sep 30 09:36:42.082003 dv-cinder-master-3-smb devstack@c-api.service[113428]: [pid: 113428|app: 0|req: 140/288] 10.222.0.15 () {60 vars in 1235 bytes} [Fri Sep 30 09:36:41 2022] POST /volume/v3/afea87e6436644bb9cd4e4e2be7e117a/volumes => generated 819 bytes in 618 msecs (HTTP/1.1 202) 7 headers in 291 bytes (2 switches on core 0)
Sep 30 09:36:42.097997 dv-cinder-master-3-smb devstack@c-api.service[113427]: INFO cinder.api.openstack.wsgi [None req-8af971f7-cf5f-46c2-9f30-9b83920892c5 tempest-GroupsTest-2105719967 tempest-GroupsTest-2105719967-project] http://10.222.0.15/volume/v3/7c2d8e595a7d4edba9d798b892dfc32f/groups/076f7c25-d235-4a21-92b0-16ad9fb7773a returned with HTTP 404
Sep 30 09:36:42.099099 dv-cinder-master-3-smb devstack@c-api.service[113427]: [pid: 113427|app: 0|req: 149/289] 10.222.0.15 () {60 vars in 1363 bytes} [Fri Sep 30 09:36:42 2022] GET /volume/v3/7c2d8e595a7d4edba9d798b892dfc32f/groups/076f7c25-d235-4a21-92b0-16ad9fb7773a => generated 108 bytes in 49 msecs (HTTP/1.1 404) 7 headers in 293 bytes (1 switches on core 0)
Sep 30 09:36:42.099272 dv-cinder-master-3-smb devstack@c-api.service[113428]: DEBUG cinder.api.middleware.request_id [None req-51a9fc86-6d52-4f4d-8866-1064d308fc56 None None] RequestId filter calling following filter/app {{(pid=113428) _context_setter /opt/stack/cinder/cinder/api/middleware/request_id.py:62}}
Sep 30 09:36:42.104189 dv-cinder-master-3-smb devstack@c-api.service[113428]: INFO cinder.api.openstack.wsgi [None req-51a9fc86-6d52-4f4d-8866-1064d308fc56 tempest-VolumeManageAdminTest-2031855590 tempest-VolumeManageAdminTest-2031855590-project] GET http://10.222.0.15/volume/v3/afea87e6436644bb9cd4e4e2be7e117a/volumes/e7e201ac-150e-4ed8-a84d-738a633ec748
Sep 30 09:36:42.104770 dv-cinder-master-3-smb devstack@c-api.service[113428]: DEBUG cinder.api.openstack.wsgi [None req-51a9fc86-6d52-4f4d-8866-1064d308fc56 tempest-VolumeManageAdminTest-2031855590 tempest-VolumeManageAdminTest-2031855590-project] Empty body provided in request {{(pid=113428) get_body /opt/stack/cinder/cinder/api/openstack/wsgi.py:715}}
Sep 30 09:36:42.105314 dv-cinder-master-3-smb devstack@c-api.service[113428]: DEBUG cinder.api.openstack.wsgi [None req-51a9fc86-6d52-4f4d-8866-1064d308fc56 tempest-VolumeManageAdminTest-2031855590 tempest-VolumeManageAdminTest-2031855590-project] Calling method 'show' {{(pid=113428) _process_stack /opt/stack/cinder/cinder/api/openstack/wsgi.py:868}}
Sep 30 09:36:42.108814 dv-cinder-master-3-smb devstack@c-api.service[113427]: DEBUG cinder.api.middleware.request_id [None req-c8eca1eb-1c1e-4225-bed3-8ace7d957837 None None] RequestId filter calling following filter/app {{(pid=113427) _context_setter /opt/stack/cinder/cinder/api/middleware/request_id.py:62}}
Sep 30 09:36:42.114066 dv-cinder-master-3-smb devstack@c-api.service[113427]: INFO cinder.api.openstack.wsgi [None req-c8eca1eb-1c1e-4225-bed3-8ace7d957837 tempest-GroupsTest-2118144339 tempest-GroupsTest-2118144339-project-admin] DELETE http://10.222.0.15/volume/v3/574f5dfe9f4344bfabe064c2367098cd/group_types/3ed4486d-e5b1-4979-84ad-b90275e8eead
Sep 30 09:36:42.115419 dv-cinder-master-3-smb devstack@c-api.service[113427]: DEBUG cinder.api.openstack.wsgi [None req-c8eca1eb-1c1e-4225-bed3-8ace7d957837 tempest-GroupsTest-2118144339 tempest-GroupsTest-2118144339-project-admin] Empty body provided in request {{(pid=113427) get_body /opt/stack/cinder/cinder/api/openstack/wsgi.py:715}}
Sep 30 09:36:42.116338 dv-cinder-master-3-smb devstack@c-api.service[113427]: DEBUG cinder.api.openstack.wsgi [None req-c8eca1eb-1c1e-4225-bed3-8ace7d957837 tempest-GroupsTest-2118144339 tempest-GroupsTest-2118144339-project-admin] Calling method 'version_select' {{(pid=113427) _process_stack /opt/stack/cinder/cinder/api/openstack/wsgi.py:868}}
Sep 30 09:36:42.117138 dv-cinder-master-3-smb devstack@c-api.service[113427]: /usr/local/lib/python3.8/dist-packages/oslo_context/context.py:100: DeprecationWarning: Policy enforcement is depending on the value of is_admin. This key is deprecated. Please update your policy file to use the standard policy values.
Sep 30 09:36:42.117138 dv-cinder-master-3-smb devstack@c-api.service[113427]: warnings.warn('Policy enforcement is depending on the value of '
Sep 30 09:36:42.138632 dv-cinder-master-3-smb devstack@c-api.service[113428]: /usr/local/lib/python3.8/dist-packages/oslo_context/context.py:100: DeprecationWarning: Policy enforcement is depending on the value of is_admin. This key is deprecated. Please update your policy file to use the standard policy values.
Sep 30 09:36:42.138632 dv-cinder-master-3-smb devstack@c-api.service[113428]: warnings.warn('Policy enforcement is depending on the value of '
Sep 30 09:36:42.148784 dv-cinder-master-3-smb devstack@c-api.service[113427]: INFO cinder.api.openstack.wsgi [None req-c8eca1eb-1c1e-4225-bed3-8ace7d957837 tempest-GroupsTest-2118144339 tempest-GroupsTest-2118144339-project-admin] http://10.222.0.15/volume/v3/574f5dfe9f4344bfabe064c2367098cd/group_types/3ed4486d-e5b1-4979-84ad-b90275e8eead returned with HTTP 202
Sep 30 09:36:42.155853 dv-cinder-master-3-smb devstack@c-api.service[113427]: [pid: 113427|app: 0|req: 150/290] 10.222.0.15 () {60 vars in 1381 bytes} [Fri Sep 30 09:36:42 2022] DELETE /volume/v3/574f5dfe9f4344bfabe064c2367098cd/group_types/3ed4486d-e5b1-4979-84ad-b90275e8eead => generated 0 bytes in 49 msecs (HTTP/1.1 202) 6 headers in 234 bytes (1 switches on core 0)
Sep 30 09:36:42.156268 dv-cinder-master-3-smb devstack@c-api.service[113428]: INFO cinder.volume.api [None req-51a9fc86-6d52-4f4d-8866-1064d308fc56 tempest-VolumeManageAdminTest-2031855590 tempest-VolumeManageAdminTest-2031855590-project] Volume info retrieved successfully.
Sep 30 09:36:42.158142 dv-cinder-master-3-smb devstack@c-api.service[113427]: DEBUG cinder.api.middleware.request_id [None req-67c59239-09cf-4b65-9da1-46c9e65dd7e1 None None] RequestId filter calling following filter/app {{(pid=113427) _context_setter /opt/stack/cinder/cinder/api/middleware/request_id.py:62}}
Sep 30 09:36:42.162627 dv-cinder-master-3-smb devstack@c-api.service[113427]: INFO cinder.api.openstack.wsgi [None req-67c59239-09cf-4b65-9da1-46c9e65dd7e1 tempest-GroupsTest-2105719967 tempest-GroupsTest-2105719967-project] DELETE http://10.222.0.15/volume/v3/7c2d8e595a7d4edba9d798b892dfc32f/volumes/19c3ce92-d812-4efa-a381-707538259f78
Sep 30 09:36:42.163301 dv-cinder-master-3-smb devstack@c-api.service[113427]: DEBUG cinder.api.openstack.wsgi [None req-67c59239-09cf-4b65-9da1-46c9e65dd7e1 tempest-GroupsTest-2105719967 tempest-GroupsTest-2105719967-project] Empty body provided in request {{(pid=113427) get_body /opt/stack/cinder/cinder/api/openstack/wsgi.py:715}}
Sep 30 09:36:42.163864 dv-cinder-master-3-smb devstack@c-api.service[113427]: DEBUG cinder.api.openstack.wsgi [None req-67c59239-09cf-4b65-9da1-46c9e65dd7e1 tempest-GroupsTest-2105719967 tempest-GroupsTest-2105719967-project] Calling method 'delete' {{(pid=113427) _process_stack /opt/stack/cinder/cinder/api/openstack/wsgi.py:868}}
Sep 30 09:36:42.164354 dv-cinder-master-3-smb devstack@c-api.service[113427]: INFO cinder.api.v3.volumes [None req-67c59239-09cf-4b65-9da1-46c9e65dd7e1 tempest-GroupsTest-2105719967 tempest-GroupsTest-2105719967-project] Delete volume with id: 19c3ce92-d812-4efa-a381-707538259f78
Sep 30 09:36:42.174816 dv-cinder-master-3-smb devstack@c-api.service[113428]: INFO cinder.api.openstack.wsgi [None req-51a9fc86-6d52-4f4d-8866-1064d308fc56 tempest-VolumeManageAdminTest-2031855590 tempest-VolumeManageAdminTest-2031855590-project] http://10.222.0.15/volume/v3/afea87e6436644bb9cd4e4e2be7e117a/volumes/e7e201ac-150e-4ed8-a84d-738a633ec748 returned with HTTP 200
Sep 30 09:36:42.175784 dv-cinder-master-3-smb devstack@c-api.service[113428]: [pid: 113428|app: 0|req: 141/291] 10.222.0.15 () {58 vars in 1325 bytes} [Fri Sep 30 09:36:42 2022] GET /volume/v3/afea87e6436644bb9cd4e4e2be7e117a/volumes/e7e201ac-150e-4ed8-a84d-738a633ec748 => generated 887 bytes in 78 msecs (HTTP/1.1 200) 7 headers in 285 bytes (1 switches on core 0)
Sep 30 09:36:42.202855 dv-cinder-master-3-smb devstack@c-api.service[113427]: INFO cinder.api.openstack.wsgi [None req-67c59239-09cf-4b65-9da1-46c9e65dd7e1 tempest-GroupsTest-2105719967 tempest-GroupsTest-2105719967-project] http://10.222.0.15/volume/v3/7c2d8e595a7d4edba9d798b892dfc32f/volumes/19c3ce92-d812-4efa-a381-707538259f78 returned with HTTP 404
Sep 30 09:36:42.205861 dv-cinder-master-3-smb devstack@c-api.service[113427]: [pid: 113427|app: 0|req: 151/292] 10.222.0.15 () {60 vars in 1369 bytes} [Fri Sep 30 09:36:42 2022] DELETE /volume/v3/7c2d8e595a7d4edba9d798b892dfc32f/volumes/19c3ce92-d812-4efa-a381-707538259f78 => generated 109 bytes in 47 msecs (HTTP/1.1 404) 7 headers in 293 bytes (1 switches on core 0)
Sep 30 09:36:42.209164 dv-cinder-master-3-smb devstack@c-api.service[113428]: DEBUG cinder.api.middleware.request_id [None req-730b9c9f-7bbe-4ca7-84a9-bc6fecf73c63 None None] RequestId filter calling following filter/app {{(pid=113428) _context_setter /opt/stack/cinder/cinder/api/middleware/request_id.py:62}}
Sep 30 09:36:42.213595 dv-cinder-master-3-smb devstack@c-api.service[113428]: INFO cinder.api.openstack.wsgi [None req-730b9c9f-7bbe-4ca7-84a9-bc6fecf73c63 tempest-GroupsTest-2105719967 tempest-GroupsTest-2105719967-project] DELETE http://10.222.0.15/volume/v3/7c2d8e595a7d4edba9d798b892dfc32f/volumes/3ba05f28-5bc1-40d7-99f6-6bd0ce01262c
Sep 30 09:36:42.214083 dv-cinder-master-3-smb devstack@c-api.service[113428]: DEBUG cinder.api.openstack.wsgi [None req-730b9c9f-7bbe-4ca7-84a9-bc6fecf73c63 tempest-GroupsTest-2105719967 tempest-GroupsTest-2105719967-project] Empty body provided in request {{(pid=113428) get_body /opt/stack/cinder/cinder/api/openstack/wsgi.py:715}}
Sep 30 09:36:42.214584 dv-cinder-master-3-smb devstack@c-api.service[113428]: DEBUG cinder.api.openstack.wsgi [None req-730b9c9f-7bbe-4ca7-84a9-bc6fecf73c63 tempest-GroupsTest-2105719967 tempest-GroupsTest-2105719967-project] Calling method 'delete' {{(pid=113428) _process_stack /opt/stack/cinder/cinder/api/openstack/wsgi.py:868}}
Sep 30 09:36:42.215066 dv-cinder-master-3-smb devstack@c-api.service[113428]: INFO cinder.api.v3.volumes [None req-730b9c9f-7bbe-4ca7-84a9-bc6fecf73c63 tempest-GroupsTest-2105719967 tempest-GroupsTest-2105719967-project] Delete volume with id: 3ba05f28-5bc1-40d7-99f6-6bd0ce01262c
Sep 30 09:36:42.229734 dv-cinder-master-3-smb devstack@c-api.service[113428]: INFO cinder.api.openstack.wsgi [None req-730b9c9f-7bbe-4ca7-84a9-bc6fecf73c63 tempest-GroupsTest-2105719967 tempest-GroupsTest-2105719967-project] http://10.222.0.15/volume/v3/7c2d8e595a7d4edba9d798b892dfc32f/volumes/3ba05f28-5bc1-40d7-99f6-6bd0ce01262c returned with HTTP 404
Sep 30 09:36:42.230777 dv-cinder-master-3-smb devstack@c-api.service[113428]: [pid: 113428|app: 0|req: 142/293] 10.222.0.15 () {60 vars in 1369 bytes} [Fri Sep 30 09:36:42 2022] DELETE /volume/v3/7c2d8e595a7d4edba9d798b892dfc32f/volumes/3ba05f28-5bc1-40d7-99f6-6bd0ce01262c => generated 109 bytes in 24 msecs (HTTP/1.1 404) 7 headers in 293 bytes (1 switches on core 0)
Sep 30 09:36:42.235699 dv-cinder-master-3-smb devstack@c-api.service[113427]: DEBUG cinder.api.middleware.request_id [None req-9d86e267-1961-4ce3-a425-ce14b1f7ebed None None] RequestId filter calling following filter/app {{(pid=113427) _context_setter /opt/stack/cinder/cinder/api/middleware/request_id.py:62}}
Sep 30 09:36:42.241105 dv-cinder-master-3-smb devstack@c-api.service[113427]: INFO cinder.api.openstack.wsgi [None req-9d86e267-1961-4ce3-a425-ce14b1f7ebed tempest-GroupsTest-2118144339 tempest-GroupsTest-2118144339-project-admin] DELETE http://10.222.0.15/volume/v3/574f5dfe9f4344bfabe064c2367098cd/types/9f7f1d82-d283-46da-96b9-3ca5f5a6738f
Sep 30 09:36:42.241861 dv-cinder-master-3-smb devstack@c-api.service[113427]: DEBUG cinder.api.openstack.wsgi [None req-9d86e267-1961-4ce3-a425-ce14b1f7ebed tempest-GroupsTest-2118144339 tempest-GroupsTest-2118144339-project-admin] Empty body provided in request {{(pid=113427) get_body /opt/stack/cinder/cinder/api/openstack/wsgi.py:715}}
Sep 30 09:36:42.242309 dv-cinder-master-3-smb devstack@c-api.service[113427]: DEBUG cinder.api.openstack.wsgi [None req-9d86e267-1961-4ce3-a425-ce14b1f7ebed tempest-GroupsTest-2118144339 tempest-GroupsTest-2118144339-project-admin] Calling method '_delete' {{(pid=113427) _process_stack /opt/stack/cinder/cinder/api/openstack/wsgi.py:868}}
Sep 30 09:36:42.289021 dv-cinder-master-3-smb devstack@c-api.service[113427]: INFO cinder.api.openstack.wsgi [None req-9d86e267-1961-4ce3-a425-ce14b1f7ebed tempest-GroupsTest-2118144339 tempest-GroupsTest-2118144339-project-admin] http://10.222.0.15/volume/v3/574f5dfe9f4344bfabe064c2367098cd/types/9f7f1d82-d283-46da-96b9-3ca5f5a6738f returned with HTTP 202
Sep 30 09:36:42.289827 dv-cinder-master-3-smb devstack@c-api.service[113427]: [pid: 113427|app: 0|req: 152/294] 10.222.0.15 () {58 vars in 1322 bytes} [Fri Sep 30 09:36:42 2022] DELETE /volume/v3/574f5dfe9f4344bfabe064c2367098cd/types/9f7f1d82-d283-46da-96b9-3ca5f5a6738f => generated 0 bytes in 55 msecs (HTTP/1.1 202) 6 headers in 233 bytes (1 switches on core 0)
Sep 30 09:36:42.294795 dv-cinder-master-3-smb devstack@c-api.service[113428]: DEBUG cinder.api.middleware.request_id [None req-98bf7b33-50ab-4618-8fcb-218f8d1dd1c3 None None] RequestId filter calling following filter/app {{(pid=113428) _context_setter /opt/stack/cinder/cinder/api/middleware/request_id.py:62}}
Sep 30 09:36:42.298761 dv-cinder-master-3-smb devstack@c-api.service[113428]: INFO cinder.api.openstack.wsgi [None req-98bf7b33-50ab-4618-8fcb-218f8d1dd1c3 tempest-GroupsTest-2118144339 tempest-GroupsTest-2118144339-project-admin] GET http://10.222.0.15/volume/v3/574f5dfe9f4344bfabe064c2367098cd/types/9f7f1d82-d283-46da-96b9-3ca5f5a6738f
