Sep 04 01:07:21.249358 dv-cinder-master-3-smb neutron-server[106860]: INFO neutron.wsgi [req-65bc57c5-37f1-46e6-ab4e-a59f4f603f2c req-e791d3ba-afa8-451e-bc76-4cd37ffe91ce tempest-AttachVolumeNegativeTest-1528808182 tempest-AttachVolumeNegativeTest-1528808182-project] 10.222.0.27 "GET /networking/v2.0/security-groups?id=81cbd4c8-a9d1-48ba-8006-275b222ad782&fields=id&fields=name HTTP/1.1" status: 200 len: 313 time: 0.0432534
Sep 04 01:07:21.250697 dv-cinder-master-3-smb neutron-server[106859]: DEBUG dbcounter [-] [106859] Writing DB stats neutron:SELECT=96,neutron:DELETE=4 {{(pid=106859) stat_writer /usr/local/lib/python3.8/dist-packages/dbcounter.py:114}}
Sep 04 01:07:21.332565 dv-cinder-master-3-smb neutron-server[106860]: DEBUG neutron.wsgi [-] (106860) accepted ('10.222.0.27', 60730) {{(pid=106860) server /usr/local/lib/python3.8/dist-packages/eventlet/wsgi.py:1004}}
Sep 04 01:07:21.345622 dv-cinder-master-3-smb neutron-server[106860]: DEBUG neutron_lib.callbacks.manager [None req-07cde966-ee03-433e-b2fa-fb33bdf4cab9 admin admin] Publish callbacks [] for security_group (None), before_create {{(pid=106860) _notify_loop /usr/local/lib/python3.8/dist-packages/neutron_lib/callbacks/manager.py:176}}
Sep 04 01:07:21.359311 dv-cinder-master-3-smb neutron-server[106861]: DEBUG neutron.plugins.ml2.rpc [None req-ffaca3a8-f3b2-4dfe-9a38-10324d3ead57 None None] Device 9fa8cd8f-9f3c-4fc6-8f4b-295f7ff655ae details requested by agent hyperv_hv-cinder-maste with host hv-cinder-maste {{(pid=106861) get_device_details /opt/stack/neutron/neutron/plugins/ml2/rpc.py:102}}
Sep 04 01:07:21.374211 dv-cinder-master-3-smb neutron-server[106861]: DEBUG neutron.plugins.ml2.rpc [None req-ffaca3a8-f3b2-4dfe-9a38-10324d3ead57 None None] Device 71a78a3b-1fca-47fc-964a-818c95e4c544 up at agent hyperv_hv-cinder-maste {{(pid=106861) update_device_up /opt/stack/neutron/neutron/plugins/ml2/rpc.py:296}}
Sep 04 01:07:21.379574 dv-cinder-master-3-smb neutron-server[106859]: DEBUG neutron.wsgi [-] (106859) accepted ('10.222.0.27', 60732) {{(pid=106859) server /usr/local/lib/python3.8/dist-packages/eventlet/wsgi.py:1004}}
Sep 04 01:07:21.399260 dv-cinder-master-3-smb neutron-server[106859]: DEBUG neutron_lib.callbacks.manager [None req-9bf1d03b-fb7c-45bf-a057-3994ba884ef0 admin admin] Publish callbacks [] for security_group (None), before_create {{(pid=106859) _notify_loop /usr/local/lib/python3.8/dist-packages/neutron_lib/callbacks/manager.py:176}}
Sep 04 01:07:21.449070 dv-cinder-master-3-smb neutron-server[106860]: DEBUG neutron_lib.callbacks.manager [None req-07cde966-ee03-433e-b2fa-fb33bdf4cab9 admin admin] Publish callbacks [] for security_group (0c5a8c29-bbb1-49b0-91d4-7d2e05394be1), precommit_create {{(pid=106860) _notify_loop /usr/local/lib/python3.8/dist-packages/neutron_lib/callbacks/manager.py:176}}
Sep 04 01:07:21.489102 dv-cinder-master-3-smb neutron-server[106859]: DEBUG neutron_lib.callbacks.manager [None req-9bf1d03b-fb7c-45bf-a057-3994ba884ef0 admin admin] Publish callbacks [] for security_group (257ea3f6-4aec-4661-beab-c72cfdb994a4), precommit_create {{(pid=106859) _notify_loop /usr/local/lib/python3.8/dist-packages/neutron_lib/callbacks/manager.py:176}}
Sep 04 01:07:21.500589 dv-cinder-master-3-smb neutron-server[106861]: DEBUG neutron.db.provisioning_blocks [None req-ffaca3a8-f3b2-4dfe-9a38-10324d3ead57 None None] Provisioning for port 71a78a3b-1fca-47fc-964a-818c95e4c544 completed by entity L2. {{(pid=106861) provisioning_complete /opt/stack/neutron/neutron/db/provisioning_blocks.py:136}}
Sep 04 01:07:21.527486 dv-cinder-master-3-smb neutron-server[106861]: DEBUG neutron.plugins.ml2.db [None req-ffaca3a8-f3b2-4dfe-9a38-10324d3ead57 None None] For port 9fa8cd8f-9f3c-4fc6-8f4b-295f7ff655ae, host hv-cinder-maste, got binding levels [PortBindingLevel(driver='hyperv',host='hv-cinder-maste',level=0,port_id=9fa8cd8f-9f3c-4fc6-8f4b-295f7ff655ae,segment=NetworkSegment(a86e5189-65c9-4b61-b27a-ad3dce07ee91),segment_id=a86e5189-65c9-4b61-b27a-ad3dce07ee91)] {{(pid=106861) get_binding_level_objs /opt/stack/neutron/neutron/plugins/ml2/db.py:74}}
Sep 04 01:07:21.539010 dv-cinder-master-3-smb neutron-server[106861]: DEBUG neutron.plugins.ml2.rpc [None req-ffaca3a8-f3b2-4dfe-9a38-10324d3ead57 None None] Returning: {'device': '9fa8cd8f-9f3c-4fc6-8f4b-295f7ff655ae', 'network_id': 'db02f1f3-e31f-46bf-8240-058198049bb3', 'port_id': '9fa8cd8f-9f3c-4fc6-8f4b-295f7ff655ae', 'mac_address': 'fa:16:3e:2d:2f:57', 'admin_state_up': True, 'network_type': 'vlan', 'segmentation_id': 384, 'physical_network': 'physnet1', 'mtu': 1500, 'fixed_ips': [{'subnet_id': 'ef36a46d-6bd6-4eb0-8b4b-41fe2110e8e2', 'ip_address': '172.20.0.4'}], 'device_owner': 'compute:nova', 'allowed_address_pairs': [], 'port_security_enabled': True, 'qos_policy_id': None, 'qos_network_policy_id': None, 'profile': {}, 'propagate_uplink_status': False} {{(pid=106861) _get_device_details /opt/stack/neutron/neutron/plugins/ml2/rpc.py:184}}
Sep 04 01:07:21.541647 dv-cinder-master-3-smb neutron-server[106860]: DEBUG neutron_lib.callbacks.manager [None req-07cde966-ee03-433e-b2fa-fb33bdf4cab9 admin admin] Publish callbacks ['neutron.plugins.ml2.ovo_rpc._ObjectChangeHandler.handle_event-2068626'] for security_group (0c5a8c29-bbb1-49b0-91d4-7d2e05394be1), after_create {{(pid=106860) _notify_loop /usr/local/lib/python3.8/dist-packages/neutron_lib/callbacks/manager.py:176}}
Sep 04 01:07:21.574766 dv-cinder-master-3-smb neutron-server[106859]: DEBUG neutron_lib.callbacks.manager [None req-9bf1d03b-fb7c-45bf-a057-3994ba884ef0 admin admin] Publish callbacks ['neutron.plugins.ml2.ovo_rpc._ObjectChangeHandler.handle_event-2068626'] for security_group (257ea3f6-4aec-4661-beab-c72cfdb994a4), after_create {{(pid=106859) _notify_loop /usr/local/lib/python3.8/dist-packages/neutron_lib/callbacks/manager.py:176}}
Sep 04 01:07:21.574968 dv-cinder-master-3-smb neutron-server[106861]: DEBUG neutron.db.provisioning_blocks [None req-ffaca3a8-f3b2-4dfe-9a38-10324d3ead57 None None] Provisioning complete for port 71a78a3b-1fca-47fc-964a-818c95e4c544 triggered by entity L2. {{(pid=106861) provisioning_complete /opt/stack/neutron/neutron/db/provisioning_blocks.py:144}}
Sep 04 01:07:21.575283 dv-cinder-master-3-smb neutron-server[106861]: DEBUG neutron_lib.callbacks.manager [None req-ffaca3a8-f3b2-4dfe-9a38-10324d3ead57 None None] Publish callbacks ['neutron.plugins.ml2.plugin.Ml2Plugin._port_provisioned-1012489'] for port (71a78a3b-1fca-47fc-964a-818c95e4c544), provisioning_complete {{(pid=106861) _notify_loop /usr/local/lib/python3.8/dist-packages/neutron_lib/callbacks/manager.py:176}}
Sep 04 01:07:21.576963 dv-cinder-master-3-smb neutron-server[106861]: DEBUG dbcounter [-] [106861] Writing DB stats neutron:SELECT=99,neutron:DELETE=1 {{(pid=106861) stat_writer /usr/local/lib/python3.8/dist-packages/dbcounter.py:114}}
Sep 04 01:07:21.578744 dv-cinder-master-3-smb neutron-server[106861]: DEBUG neutron.plugins.ml2.plugin [None req-ffaca3a8-f3b2-4dfe-9a38-10324d3ead57 None None] Current status of the port 9fa8cd8f-9f3c-4fc6-8f4b-295f7ff655ae is: DOWN; New status is: BUILD {{(pid=106861) _update_individual_port_db_status /opt/stack/neutron/neutron/plugins/ml2/plugin.py:2302}}
Sep 04 01:07:21.579535 dv-cinder-master-3-smb neutron-server[106861]: DEBUG neutron_lib.callbacks.manager [None req-ffaca3a8-f3b2-4dfe-9a38-10324d3ead57 None None] Publish callbacks ['neutron.plugins.ml2.plugin.SecurityGroupDbMixin._ensure_default_security_group_handler-660642'] for port (9fa8cd8f-9f3c-4fc6-8f4b-295f7ff655ae), before_update {{(pid=106861) _notify_loop /usr/local/lib/python3.8/dist-packages/neutron_lib/callbacks/manager.py:176}}
Sep 04 01:07:21.585150 dv-cinder-master-3-smb neutron-server[106860]: INFO neutron.wsgi [None req-07cde966-ee03-433e-b2fa-fb33bdf4cab9 admin admin] 10.222.0.27 "GET /networking/v2.0/security-groups?tenant_id=e5adef07772a42e9a4fdb7800aaee4c9&name=default HTTP/1.1" status: 200 len: 2996 time: 0.2514923
Sep 04 01:07:21.593100 dv-cinder-master-3-smb neutron-server[106860]: DEBUG neutron.wsgi [-] (106860) accepted ('10.222.0.27', 60736) {{(pid=106860) server /usr/local/lib/python3.8/dist-packages/eventlet/wsgi.py:1004}}
Sep 04 01:07:21.621346 dv-cinder-master-3-smb neutron-server[106861]: DEBUG neutron.notifiers.nova [None req-ffaca3a8-f3b2-4dfe-9a38-10324d3ead57 None None] Ignoring state change previous_port_status: DOWN current_port_status: BUILD port_id 9fa8cd8f-9f3c-4fc6-8f4b-295f7ff655ae {{(pid=106861) record_port_status_changed /opt/stack/neutron/neutron/notifiers/nova.py:233}}
Sep 04 01:07:21.627963 dv-cinder-master-3-smb neutron-server[106859]: INFO neutron.wsgi [None req-9bf1d03b-fb7c-45bf-a057-3994ba884ef0 admin admin] 10.222.0.27 "GET /networking/v2.0/security-groups?tenant_id=6296c1ca3139499f85797dc5f7120cf0&name=default HTTP/1.1" status: 200 len: 2996 time: 0.2468362
Sep 04 01:07:21.631037 dv-cinder-master-3-smb neutron-server[106859]: DEBUG neutron.api.rpc.handlers.resources_rpc [None req-9bf1d03b-fb7c-45bf-a057-3994ba884ef0 admin admin] Pushing event updated for resources: {'SecurityGroup': ['ID=257ea3f6-4aec-4661-beab-c72cfdb994a4,revision_number=1']} {{(pid=106859) push /opt/stack/neutron/neutron/api/rpc/handlers/resources_rpc.py:237}}
Sep 04 01:07:21.633029 dv-cinder-master-3-smb neutron-server[106860]: DEBUG neutron.api.rpc.handlers.resources_rpc [None req-07cde966-ee03-433e-b2fa-fb33bdf4cab9 admin admin] Pushing event updated for resources: {'SecurityGroup': ['ID=0c5a8c29-bbb1-49b0-91d4-7d2e05394be1,revision_number=1']} {{(pid=106860) push /opt/stack/neutron/neutron/api/rpc/handlers/resources_rpc.py:237}}
Sep 04 01:07:21.634773 dv-cinder-master-3-smb neutron-server[106859]: DEBUG neutron.wsgi [-] (106859) accepted ('10.222.0.27', 60740) {{(pid=106859) server /usr/local/lib/python3.8/dist-packages/eventlet/wsgi.py:1004}}
Sep 04 01:07:21.655467 dv-cinder-master-3-smb neutron-server[106861]: DEBUG neutron.plugins.ml2.db [None req-ffaca3a8-f3b2-4dfe-9a38-10324d3ead57 None None] For port 9fa8cd8f-9f3c-4fc6-8f4b-295f7ff655ae, host hv-cinder-maste, got binding levels [PortBindingLevel(driver='hyperv',host='hv-cinder-maste',level=0,port_id=9fa8cd8f-9f3c-4fc6-8f4b-295f7ff655ae,segment=NetworkSegment(a86e5189-65c9-4b61-b27a-ad3dce07ee91),segment_id=a86e5189-65c9-4b61-b27a-ad3dce07ee91)] {{(pid=106861) get_binding_level_objs /opt/stack/neutron/neutron/plugins/ml2/db.py:74}}
Sep 04 01:07:21.691687 dv-cinder-master-3-smb neutron-server[106860]: DEBUG neutron_lib.callbacks.manager [None req-31812bc2-5c83-4080-a4a0-f591ec02fcaa admin admin] Publish callbacks [] for security_group (0c5a8c29-bbb1-49b0-91d4-7d2e05394be1), before_delete {{(pid=106860) _notify_loop /usr/local/lib/python3.8/dist-packages/neutron_lib/callbacks/manager.py:176}}
Sep 04 01:07:21.718095 dv-cinder-master-3-smb neutron-server[106860]: DEBUG neutron_lib.callbacks.manager [None req-31812bc2-5c83-4080-a4a0-f591ec02fcaa admin admin] Publish callbacks [] for security_group (0c5a8c29-bbb1-49b0-91d4-7d2e05394be1), precommit_delete {{(pid=106860) _notify_loop /usr/local/lib/python3.8/dist-packages/neutron_lib/callbacks/manager.py:176}}
Sep 04 01:07:21.719628 dv-cinder-master-3-smb neutron-server[106861]: DEBUG neutron.plugins.ml2.plugin [None req-ffaca3a8-f3b2-4dfe-9a38-10324d3ead57 None None] Current status of the port 71a78a3b-1fca-47fc-964a-818c95e4c544 is: BUILD; New status is: ACTIVE {{(pid=106861) _update_individual_port_db_status /opt/stack/neutron/neutron/plugins/ml2/plugin.py:2302}}
Sep 04 01:07:21.720073 dv-cinder-master-3-smb neutron-server[106861]: DEBUG neutron_lib.callbacks.manager [None req-ffaca3a8-f3b2-4dfe-9a38-10324d3ead57 None None] Publish callbacks ['neutron.plugins.ml2.plugin.SecurityGroupDbMixin._ensure_default_security_group_handler-660642'] for port (71a78a3b-1fca-47fc-964a-818c95e4c544), before_update {{(pid=106861) _notify_loop /usr/local/lib/python3.8/dist-packages/neutron_lib/callbacks/manager.py:176}}
Sep 04 01:07:21.746001 dv-cinder-master-3-smb neutron-server[106861]: DEBUG neutron_lib.callbacks.manager [None req-ffaca3a8-f3b2-4dfe-9a38-10324d3ead57 None None] Publish callbacks ['neutron.plugins.ml2.plugin.SecurityGroupServerNotifierRpcMixin._notify_sg_on_port_change-660705', 'neutron.plugins.ml2.ovo_rpc._ObjectChangeHandler.handle_event-187830', 'neutron.api.rpc.agentnotifiers.dhcp_rpc_agent_api.DhcpAgentNotifyAPI._native_event_send_dhcp_notification-1585314', 'neutron.db.l3_db.L3RpcNotifierMixin._notify_gateway_port_ip_changed-8773495453314', 'neutron.db.l3_dvrscheduler_db._notify_l3_agent_port_update-8773494926219', 'neutron.db.l3_hascheduler_db._notify_l3_agent_ha_port_update-8773494926237'] for port (9fa8cd8f-9f3c-4fc6-8f4b-295f7ff655ae), after_update {{(pid=106861) _notify_loop /usr/local/lib/python3.8/dist-packages/neutron_lib/callbacks/manager.py:176}}
Sep 04 01:07:21.781156 dv-cinder-master-3-smb neutron-server[106859]: DEBUG neutron_lib.callbacks.manager [None req-67530e6a-f898-402b-ad14-08193e0675ba admin admin] Publish callbacks [] for security_group (257ea3f6-4aec-4661-beab-c72cfdb994a4), before_delete {{(pid=106859) _notify_loop /usr/local/lib/python3.8/dist-packages/neutron_lib/callbacks/manager.py:176}}
Sep 04 01:07:21.790414 dv-cinder-master-3-smb neutron-server[106860]: DEBUG dbcounter [-] [106860] Writing DB stats neutron:SELECT=92,neutron:INSERT=7,neutron:UPDATE=1 {{(pid=106860) stat_writer /usr/local/lib/python3.8/dist-packages/dbcounter.py:114}}
Sep 04 01:07:21.800779 dv-cinder-master-3-smb neutron-server[106861]: DEBUG neutron.plugins.ml2.db [None req-ffaca3a8-f3b2-4dfe-9a38-10324d3ead57 None None] For port 71a78a3b-1fca-47fc-964a-818c95e4c544, host hv-cinder-maste, got binding levels [PortBindingLevel(driver='hyperv',host='hv-cinder-maste',level=0,port_id=71a78a3b-1fca-47fc-964a-818c95e4c544,segment=NetworkSegment(0da5ddb5-18f2-410e-9a84-4f93a63847d1),segment_id=0da5ddb5-18f2-410e-9a84-4f93a63847d1)] {{(pid=106861) get_binding_level_objs /opt/stack/neutron/neutron/plugins/ml2/db.py:74}}
Sep 04 01:07:21.804869 dv-cinder-master-3-smb neutron-server[106859]: DEBUG neutron_lib.callbacks.manager [None req-67530e6a-f898-402b-ad14-08193e0675ba admin admin] Publish callbacks [] for security_group (257ea3f6-4aec-4661-beab-c72cfdb994a4), precommit_delete {{(pid=106859) _notify_loop /usr/local/lib/python3.8/dist-packages/neutron_lib/callbacks/manager.py:176}}
Sep 04 01:07:21.817237 dv-cinder-master-3-smb neutron-server[106861]: DEBUG neutron.api.rpc.handlers.resources_rpc [None req-ffaca3a8-f3b2-4dfe-9a38-10324d3ead57 None None] Pushing event updated for resources: {'Port': ['ID=9fa8cd8f-9f3c-4fc6-8f4b-295f7ff655ae,revision_number=4']} {{(pid=106861) push /opt/stack/neutron/neutron/api/rpc/handlers/resources_rpc.py:237}}
Sep 04 01:07:21.901571 dv-cinder-master-3-smb neutron-server[106860]: DEBUG neutron_lib.callbacks.manager [None req-31812bc2-5c83-4080-a4a0-f591ec02fcaa admin admin] Publish callbacks ['neutron.plugins.ml2.ovo_rpc._ObjectChangeHandler.handle_event-2068626'] for security_group (0c5a8c29-bbb1-49b0-91d4-7d2e05394be1), after_delete {{(pid=106860) _notify_loop /usr/local/lib/python3.8/dist-packages/neutron_lib/callbacks/manager.py:176}}
Sep 04 01:07:21.901795 dv-cinder-master-3-smb neutron-server[106861]: DEBUG neutron_lib.callbacks.manager [None req-ffaca3a8-f3b2-4dfe-9a38-10324d3ead57 None None] Publish callbacks ['neutron.plugins.ml2.plugin.SecurityGroupServerNotifierRpcMixin._notify_sg_on_port_change-660705', 'neutron.plugins.ml2.ovo_rpc._ObjectChangeHandler.handle_event-187830', 'neutron.api.rpc.agentnotifiers.dhcp_rpc_agent_api.DhcpAgentNotifyAPI._native_event_send_dhcp_notification-1585314', 'neutron.db.l3_db.L3RpcNotifierMixin._notify_gateway_port_ip_changed-8773495453314', 'neutron.db.l3_dvrscheduler_db._notify_l3_agent_port_update-8773494926219', 'neutron.db.l3_hascheduler_db._notify_l3_agent_ha_port_update-8773494926237'] for port (71a78a3b-1fca-47fc-964a-818c95e4c544), after_update {{(pid=106861) _notify_loop /usr/local/lib/python3.8/dist-packages/neutron_lib/callbacks/manager.py:176}}
Sep 04 01:07:21.904196 dv-cinder-master-3-smb neutron-server[106860]: DEBUG neutron_lib.callbacks.manager [None req-31812bc2-5c83-4080-a4a0-f591ec02fcaa admin admin] Publish callbacks [] for security_group (None), before_response {{(pid=106860) _notify_loop /usr/local/lib/python3.8/dist-packages/neutron_lib/callbacks/manager.py:176}}
Sep 04 01:07:21.908298 dv-cinder-master-3-smb neutron-server[106860]: INFO neutron.wsgi [None req-31812bc2-5c83-4080-a4a0-f591ec02fcaa admin admin] 10.222.0.27 "DELETE /networking/v2.0/security-groups/0c5a8c29-bbb1-49b0-91d4-7d2e05394be1 HTTP/1.1" status: 204 len: 168 time: 0.2953639
Sep 04 01:07:21.914151 dv-cinder-master-3-smb neutron-server[106860]: DEBUG neutron.api.rpc.handlers.resources_rpc [None req-31812bc2-5c83-4080-a4a0-f591ec02fcaa admin admin] Pushing event deleted for resources: {'SecurityGroup': ['ID=0c5a8c29-bbb1-49b0-91d4-7d2e05394be1,revision_number=None']} {{(pid=106860) push /opt/stack/neutron/neutron/api/rpc/handlers/resources_rpc.py:237}}
Sep 04 01:07:21.928432 dv-cinder-master-3-smb neutron-server[106860]: DEBUG dbcounter [-] [106860] Writing DB stats neutron:SELECT=96,neutron:DELETE=4 {{(pid=106860) stat_writer /usr/local/lib/python3.8/dist-packages/dbcounter.py:114}}
Sep 04 01:07:21.932384 dv-cinder-master-3-smb neutron-server[106859]: DEBUG neutron_lib.callbacks.manager [None req-67530e6a-f898-402b-ad14-08193e0675ba admin admin] Publish callbacks ['neutron.plugins.ml2.ovo_rpc._ObjectChangeHandler.handle_event-2068626'] for security_group (257ea3f6-4aec-4661-beab-c72cfdb994a4), after_delete {{(pid=106859) _notify_loop /usr/local/lib/python3.8/dist-packages/neutron_lib/callbacks/manager.py:176}}
Sep 04 01:07:21.935041 dv-cinder-master-3-smb neutron-server[106859]: DEBUG neutron_lib.callbacks.manager [None req-67530e6a-f898-402b-ad14-08193e0675ba admin admin] Publish callbacks [] for security_group (None), before_response {{(pid=106859) _notify_loop /usr/local/lib/python3.8/dist-packages/neutron_lib/callbacks/manager.py:176}}
Sep 04 01:07:21.942401 dv-cinder-master-3-smb neutron-server[106859]: INFO neutron.wsgi [None req-67530e6a-f898-402b-ad14-08193e0675ba admin admin] 10.222.0.27 "DELETE /networking/v2.0/security-groups/257ea3f6-4aec-4661-beab-c72cfdb994a4 HTTP/1.1" status: 204 len: 168 time: 0.2734022
Sep 04 01:07:21.949447 dv-cinder-master-3-smb neutron-server[106859]: DEBUG neutron.api.rpc.handlers.resources_rpc [None req-67530e6a-f898-402b-ad14-08193e0675ba admin admin] Pushing event deleted for resources: {'SecurityGroup': ['ID=257ea3f6-4aec-4661-beab-c72cfdb994a4,revision_number=None']} {{(pid=106859) push /opt/stack/neutron/neutron/api/rpc/handlers/resources_rpc.py:237}}
Sep 04 01:07:21.982804 dv-cinder-master-3-smb neutron-server[106859]: DEBUG neutron.pecan_wsgi.hooks.policy_enforcement [req-9ac561b2-6b7d-4f7d-96aa-01736f68628e req-846e1cbe-c208-4c02-aa9e-d1acc4ef9dfc tempest-DeleteServersTestJSON-950453850 tempest-DeleteServersTestJSON-950453850-project] Attributes excluded by policy engine: ['standard_attr_id', 'binding:profile', 'binding:host_id', 'binding:vif_type', 'binding:vif_details'] {{(pid=106859) _exclude_attributes_by_policy /opt/stack/neutron/neutron/pecan_wsgi/hooks/policy_enforcement.py:259}}
Sep 04 01:07:21.984378 dv-cinder-master-3-smb neutron-server[106859]: INFO neutron.wsgi [req-9ac561b2-6b7d-4f7d-96aa-01736f68628e req-846e1cbe-c208-4c02-aa9e-d1acc4ef9dfc tempest-DeleteServersTestJSON-950453850 tempest-DeleteServersTestJSON-950453850-project] 10.222.0.27 "GET /networking/v2.0/ports?device_id=65105ce3-9ff8-4e32-909a-3068131ae3c8 HTTP/1.1" status: 200 len: 946 time: 0.0862687
Sep 04 01:07:22.041609 dv-cinder-master-3-smb neutron-server[106859]: INFO neutron.wsgi [req-9ac561b2-6b7d-4f7d-96aa-01736f68628e req-7d25c791-aa7e-4b1f-8e03-177313c44a78 tempest-DeleteServersTestJSON-950453850 tempest-DeleteServersTestJSON-950453850-project] 10.222.0.27 "GET /networking/v2.0/security-groups?id=26caa0a6-81ea-4f76-adca-b99ef9c3762c&fields=id&fields=name HTTP/1.1" status: 200 len: 286 time: 0.0499830
Sep 04 01:07:22.114754 dv-cinder-master-3-smb neutron-server[106861]: DEBUG neutron.api.rpc.handlers.resources_rpc [None req-ffaca3a8-f3b2-4dfe-9a38-10324d3ead57 None None] Pushing event updated for resources: {'Port': ['ID=71a78a3b-1fca-47fc-964a-818c95e4c544,revision_number=5']} {{(pid=106861) push /opt/stack/neutron/neutron/api/rpc/handlers/resources_rpc.py:237}}
Sep 04 01:07:22.158732 dv-cinder-master-3-smb neutron-server[106860]: DEBUG neutron.pecan_wsgi.hooks.policy_enforcement [req-2d05838a-4053-4cf5-a615-c1ec170118aa req-6d752aea-3065-404a-a2f9-dba45354e6ef tempest-AttachVolumeShelveTestJSON-1720368543 tempest-AttachVolumeShelveTestJSON-1720368543-project] Attributes excluded by policy engine: ['standard_attr_id', 'binding:profile', 'binding:host_id', 'binding:vif_type', 'binding:vif_details'] {{(pid=106860) _exclude_attributes_by_policy /opt/stack/neutron/neutron/pecan_wsgi/hooks/policy_enforcement.py:259}}
Sep 04 01:07:22.160418 dv-cinder-master-3-smb neutron-server[106860]: INFO neutron.wsgi [req-2d05838a-4053-4cf5-a615-c1ec170118aa req-6d752aea-3065-404a-a2f9-dba45354e6ef tempest-AttachVolumeShelveTestJSON-1720368543 tempest-AttachVolumeShelveTestJSON-1720368543-project] 10.222.0.27 "GET /networking/v2.0/ports?device_id=1824238e-f644-41a1-981f-e90d40bbbdfc HTTP/1.1" status: 200 len: 944 time: 0.0515571
Sep 04 01:07:22.208225 dv-cinder-master-3-smb neutron-server[106860]: INFO neutron.wsgi [req-2d05838a-4053-4cf5-a615-c1ec170118aa req-a47d39f9-ed7e-4b7f-9659-589229079ae1 tempest-AttachVolumeShelveTestJSON-1720368543 tempest-AttachVolumeShelveTestJSON-1720368543-project] 10.222.0.27 "GET /networking/v2.0/security-groups?id=3d206eea-0559-47bc-bc13-0a9baaf0d4a0&fields=id&fields=name HTTP/1.1" status: 200 len: 312 time: 0.0421779
Sep 04 01:07:22.240148 dv-cinder-master-3-smb neutron-server[106859]: DEBUG dbcounter [-] [106859] Writing DB stats neutron:SELECT=88,neutron:INSERT=11,neutron:UPDATE=1 {{(pid=106859) stat_writer /usr/local/lib/python3.8/dist-packages/dbcounter.py:114}}
Sep 04 01:07:22.255351 dv-cinder-master-3-smb neutron-server[106859]: DEBUG neutron.pecan_wsgi.hooks.policy_enforcement [req-f7566695-8428-4ffc-a197-039473c712c8 req-1b597f9e-665d-49dd-94a7-854a1ce7d603 tempest-ServerRescueNegativeTestJSON-211826213 tempest-ServerRescueNegativeTestJSON-211826213-project] Attributes excluded by policy engine: ['standard_attr_id', 'binding:profile', 'binding:host_id', 'binding:vif_type', 'binding:vif_details'] {{(pid=106859) _exclude_attributes_by_policy /opt/stack/neutron/neutron/pecan_wsgi/hooks/policy_enforcement.py:259}}
Sep 04 01:07:22.260921 dv-cinder-master-3-smb neutron-server[106859]: INFO neutron.wsgi [req-f7566695-8428-4ffc-a197-039473c712c8 req-1b597f9e-665d-49dd-94a7-854a1ce7d603 tempest-ServerRescueNegativeTestJSON-211826213 tempest-ServerRescueNegativeTestJSON-211826213-project] 10.222.0.27 "GET /networking/v2.0/ports?device_id=90e477c1-a604-4738-96c1-c984698ba6b6 HTTP/1.1" status: 200 len: 944 time: 0.0588090
Sep 04 01:07:22.270093 dv-cinder-master-3-smb neutron-server[106861]: DEBUG neutron.plugins.ml2.db [None req-ffaca3a8-f3b2-4dfe-9a38-10324d3ead57 None None] get_ports_and_sgs() called for port_ids ['9fa8cd8f-9f3c-4fc6-8f4b-295f7ff655ae'] {{(pid=106861) get_ports_and_sgs /opt/stack/neutron/neutron/plugins/ml2/db.py:163}}
Sep 04 01:07:22.308384 dv-cinder-master-3-smb neutron-server[106859]: INFO neutron.wsgi [req-f7566695-8428-4ffc-a197-039473c712c8 req-707ab239-0efa-4704-a8a7-b4ba6cfa3d8e tempest-ServerRescueNegativeTestJSON-211826213 tempest-ServerRescueNegativeTestJSON-211826213-project] 10.222.0.27 "GET /networking/v2.0/security-groups?id=b35993a2-7d28-4819-9a49-7a6a5e5f4673&fields=id&fields=name HTTP/1.1" status: 200 len: 286 time: 0.0458937
Sep 04 01:07:22.371325 dv-cinder-master-3-smb neutron-server[106861]: DEBUG neutron.notifiers.nova [-] Sending events: [{'server_uuid': '65105ce3-9ff8-4e32-909a-3068131ae3c8', 'name': 'network-vif-plugged', 'status': 'completed', 'tag': '71a78a3b-1fca-47fc-964a-818c95e4c544'}] {{(pid=106861) send_events /opt/stack/neutron/neutron/notifiers/nova.py:271}}
Sep 04 01:07:22.373589 dv-cinder-master-3-smb neutron-server[106861]: DEBUG novaclient.v2.client [-] REQ: curl -g -i --cacert "/opt/stack/data/ca-bundle.pem" -X POST http://10.222.0.27/compute/v2.1/os-server-external-events -H "Accept: application/json" -H "Content-Type: application/json" -H "User-Agent: python-novaclient" -H "X-Auth-Token: {SHA256}2c969ecd6bcd8dc50d0740039c4ff2269640364b4b29145ad1511bb2658a750a" -H "X-OpenStack-Nova-API-Version: 2.1" -H "X-OpenStack-Request-ID: req-222310d9-e2d1-4ec6-a2b7-7754f9d40a60" -d '{"events": [{"server_uuid": "65105ce3-9ff8-4e32-909a-3068131ae3c8", "name": "network-vif-plugged", "status": "completed", "tag": "71a78a3b-1fca-47fc-964a-818c95e4c544"}]}' {{(pid=106861) _http_log_request /usr/local/lib/python3.8/dist-packages/keystoneauth1/session.py:519}}
Sep 04 01:07:22.399212 dv-cinder-master-3-smb neutron-server[106860]: DEBUG neutron.pecan_wsgi.hooks.policy_enforcement [req-af9d012b-fada-465b-8d30-2bcf7de1e53f req-7e9005dd-d662-4884-9e08-b73cd65beeda tempest-AttachVolumeNegativeTest-1528808182 tempest-AttachVolumeNegativeTest-1528808182-project] Attributes excluded by policy engine: ['standard_attr_id', 'binding:profile', 'binding:host_id', 'binding:vif_type', 'binding:vif_details'] {{(pid=106860) _exclude_attributes_by_policy /opt/stack/neutron/neutron/pecan_wsgi/hooks/policy_enforcement.py:259}}
Sep 04 01:07:22.401218 dv-cinder-master-3-smb neutron-server[106860]: INFO neutron.wsgi [req-af9d012b-fada-465b-8d30-2bcf7de1e53f req-7e9005dd-d662-4884-9e08-b73cd65beeda tempest-AttachVolumeNegativeTest-1528808182 tempest-AttachVolumeNegativeTest-1528808182-project] 10.222.0.27 "GET /networking/v2.0/ports?device_id=c3ae8c6a-0583-43a7-b43d-d920ad04325f HTTP/1.1" status: 200 len: 944 time: 0.0640607
Sep 04 01:07:22.435490 dv-cinder-master-3-smb neutron-server[106861]: DEBUG novaclient.v2.client [-] RESP: [200] Connection: close Content-Length: 183 Content-Type: application/json Date: Sun, 04 Sep 2022 01:07:22 GMT OpenStack-API-Version: compute 2.1 Server: Apache/2.4.41 (Ubuntu) Vary: OpenStack-API-Version,X-OpenStack-Nova-API-Version X-OpenStack-Nova-API-Version: 2.1 x-compute-request-id: req-f1d8b59b-c71c-43d1-a089-fcf2ef4b198a x-openstack-request-id: req-f1d8b59b-c71c-43d1-a089-fcf2ef4b198a {{(pid=106861) _http_log_response /usr/local/lib/python3.8/dist-packages/keystoneauth1/session.py:550}}
Sep 04 01:07:22.435995 dv-cinder-master-3-smb neutron-server[106861]: DEBUG novaclient.v2.client [-] RESP BODY: {"events": [{"server_uuid": "65105ce3-9ff8-4e32-909a-3068131ae3c8", "name": "network-vif-plugged", "status": "completed", "tag": "71a78a3b-1fca-47fc-964a-818c95e4c544", "code": 200}]} {{(pid=106861) _http_log_response /usr/local/lib/python3.8/dist-packages/keystoneauth1/session.py:582}}
Sep 04 01:07:22.436228 dv-cinder-master-3-smb neutron-server[106861]: DEBUG novaclient.v2.client [-] POST call to compute for http://10.222.0.27/compute/v2.1/os-server-external-events used request id req-f1d8b59b-c71c-43d1-a089-fcf2ef4b198a {{(pid=106861) request /usr/local/lib/python3.8/dist-packages/keystoneauth1/session.py:954}}
Sep 04 01:07:22.436447 dv-cinder-master-3-smb neutron-server[106861]: INFO neutron.notifiers.nova [-] Nova event matching ['req-f1d8b59b-c71c-43d1-a089-fcf2ef4b198a'] response: {'server_uuid': '65105ce3-9ff8-4e32-909a-3068131ae3c8', 'name': 'network-vif-plugged', 'status': 'completed', 'tag': '71a78a3b-1fca-47fc-964a-818c95e4c544', 'code': 200}
Sep 04 01:07:22.464576 dv-cinder-master-3-smb neutron-server[106860]: INFO neutron.wsgi [req-af9d012b-fada-465b-8d30-2bcf7de1e53f req-45b76988-66bd-4278-b672-3d3759a4c805 tempest-AttachVolumeNegativeTest-1528808182 tempest-AttachVolumeNegativeTest-1528808182-project] 10.222.0.27 "GET /networking/v2.0/security-groups?id=81cbd4c8-a9d1-48ba-8006-275b222ad782&fields=id&fields=name HTTP/1.1" status: 200 len: 313 time: 0.0567129
Sep 04 01:07:22.647787 dv-cinder-master-3-smb neutron-server[106859]: DEBUG dbcounter [-] [106859] Writing DB stats neutron:SELECT=96,neutron:DELETE=4 {{(pid=106859) stat_writer /usr/local/lib/python3.8/dist-packages/dbcounter.py:114}}
Sep 04 01:07:23.080065 dv-cinder-master-3-smb neutron-server[106859]: DEBUG neutron.wsgi [-] (106859) accepted ('10.222.0.27', 60800) {{(pid=106859) server /usr/local/lib/python3.8/dist-packages/eventlet/wsgi.py:1004}}
Sep 04 01:07:23.151039 dv-cinder-master-3-smb neutron-server[106860]: DEBUG dbcounter [-] [106860] Writing DB stats neutron:SELECT=89,neutron:INSERT=8,neutron:UPDATE=1,neutron:DELETE=2 {{(pid=106860) stat_writer /usr/local/lib/python3.8/dist-packages/dbcounter.py:114}}
Sep 04 01:07:23.186627 dv-cinder-master-3-smb neutron-server[106859]: DEBUG neutron.pecan_wsgi.hooks.policy_enforcement [req-bbed41d9-477e-49af-b2a7-2d2a414ab495 req-b06d6fcd-64fd-4750-8606-5826fd126e1e tempest-DeleteServersTestJSON-950453850 tempest-DeleteServersTestJSON-950453850-project] Attributes excluded by policy engine: ['standard_attr_id', 'binding:profile', 'binding:host_id', 'binding:vif_type', 'binding:vif_details'] {{(pid=106859) _exclude_attributes_by_policy /opt/stack/neutron/neutron/pecan_wsgi/hooks/policy_enforcement.py:259}}
Sep 04 01:07:23.189107 dv-cinder-master-3-smb neutron-server[106859]: INFO neutron.wsgi [req-bbed41d9-477e-49af-b2a7-2d2a414ab495 req-b06d6fcd-64fd-4750-8606-5826fd126e1e tempest-DeleteServersTestJSON-950453850 tempest-DeleteServersTestJSON-950453850-project] 10.222.0.27 "GET /networking/v2.0/ports?device_id=65105ce3-9ff8-4e32-909a-3068131ae3c8 HTTP/1.1" status: 200 len: 946 time: 0.0565434
Sep 04 01:07:23.240646 dv-cinder-master-3-smb neutron-server[106859]: INFO neutron.wsgi [req-bbed41d9-477e-49af-b2a7-2d2a414ab495 req-b68f4535-6629-4b41-b0cc-fbf73530edb0 tempest-DeleteServersTestJSON-950453850 tempest-DeleteServersTestJSON-950453850-project] 10.222.0.27 "GET /networking/v2.0/security-groups?id=26caa0a6-81ea-4f76-adca-b99ef9c3762c&fields=id&fields=name HTTP/1.1" status: 200 len: 286 time: 0.0460072
Sep 04 01:07:23.288158 dv-cinder-master-3-smb neutron-server[106859]: DEBUG neutron_lib.callbacks.manager [None req-7df3e331-d530-4daf-9da8-7b3ce8b0a285 admin admin] Publish callbacks [] for security_group (None), before_create {{(pid=106859) _notify_loop /usr/local/lib/python3.8/dist-packages/neutron_lib/callbacks/manager.py:176}}
Sep 04 01:07:23.365031 dv-cinder-master-3-smb neutron-server[106860]: DEBUG neutron.pecan_wsgi.hooks.policy_enforcement [req-1f3faaf6-12ea-435a-af30-b765b6cb09a8 req-65cd77ff-8eb6-4113-8471-702ff4126daa tempest-AttachVolumeShelveTestJSON-1720368543 tempest-AttachVolumeShelveTestJSON-1720368543-project] Attributes excluded by policy engine: ['standard_attr_id', 'binding:profile', 'binding:host_id', 'binding:vif_type', 'binding:vif_details'] {{(pid=106860) _exclude_attributes_by_policy /opt/stack/neutron/neutron/pecan_wsgi/hooks/policy_enforcement.py:259}}
Sep 04 01:07:23.366591 dv-cinder-master-3-smb neutron-server[106860]: INFO neutron.wsgi [req-1f3faaf6-12ea-435a-af30-b765b6cb09a8 req-65cd77ff-8eb6-4113-8471-702ff4126daa tempest-AttachVolumeShelveTestJSON-1720368543 tempest-AttachVolumeShelveTestJSON-1720368543-project] 10.222.0.27 "GET /networking/v2.0/ports?device_id=1824238e-f644-41a1-981f-e90d40bbbdfc HTTP/1.1" status: 200 len: 944 time: 0.0507321
Sep 04 01:07:23.383752 dv-cinder-master-3-smb neutron-server[106859]: DEBUG neutron_lib.callbacks.manager [None req-7df3e331-d530-4daf-9da8-7b3ce8b0a285 admin admin] Publish callbacks [] for security_group (62d4d223-30df-4755-bf27-7e7ab75f2813), precommit_create {{(pid=106859) _notify_loop /usr/local/lib/python3.8/dist-packages/neutron_lib/callbacks/manager.py:176}}
Sep 04 01:07:23.403339 dv-cinder-master-3-smb neutron-server[106861]: DEBUG neutron.plugins.ml2.rpc [None req-ffaca3a8-f3b2-4dfe-9a38-10324d3ead57 None None] Device 03ba5432-d158-4dfd-9e61-2dd4ffb23766 details requested by agent hyperv_hv-cinder-maste with host hv-cinder-maste {{(pid=106861) get_device_details /opt/stack/neutron/neutron/plugins/ml2/rpc.py:102}}
Sep 04 01:07:23.419456 dv-cinder-master-3-smb neutron-server[106861]: DEBUG neutron.plugins.ml2.rpc [None req-ffaca3a8-f3b2-4dfe-9a38-10324d3ead57 None None] Device 9fa8cd8f-9f3c-4fc6-8f4b-295f7ff655ae up at agent hyperv_hv-cinder-maste {{(pid=106861) update_device_up /opt/stack/neutron/neutron/plugins/ml2/rpc.py:296}}
Sep 04 01:07:23.422964 dv-cinder-master-3-smb neutron-server[106860]: INFO neutron.wsgi [req-1f3faaf6-12ea-435a-af30-b765b6cb09a8 req-cf8e758f-1942-4d17-a7e4-c6855007445c tempest-AttachVolumeShelveTestJSON-1720368543 tempest-AttachVolumeShelveTestJSON-1720368543-project] 10.222.0.27 "GET /networking/v2.0/security-groups?id=3d206eea-0559-47bc-bc13-0a9baaf0d4a0&fields=id&fields=name HTTP/1.1" status: 200 len: 312 time: 0.0507555
Sep 04 01:07:23.451726 dv-cinder-master-3-smb neutron-server[106859]: DEBUG neutron.pecan_wsgi.hooks.policy_enforcement [req-a83ebc68-9e3a-4681-bf2f-59f4fc9e1fb3 req-9843d0e9-83be-45ff-bd65-cdf1bb02ad8c tempest-ServerRescueNegativeTestJSON-211826213 tempest-ServerRescueNegativeTestJSON-211826213-project] Attributes excluded by policy engine: ['standard_attr_id', 'binding:profile', 'binding:host_id', 'binding:vif_type', 'binding:vif_details'] {{(pid=106859) _exclude_attributes_by_policy /opt/stack/neutron/neutron/pecan_wsgi/hooks/policy_enforcement.py:259}}
Sep 04 01:07:23.453968 dv-cinder-master-3-smb neutron-server[106859]: INFO neutron.wsgi [req-a83ebc68-9e3a-4681-bf2f-59f4fc9e1fb3 req-9843d0e9-83be-45ff-bd65-cdf1bb02ad8c tempest-ServerRescueNegativeTestJSON-211826213 tempest-ServerRescueNegativeTestJSON-211826213-project] 10.222.0.27 "GET /networking/v2.0/ports?device_id=90e477c1-a604-4738-96c1-c984698ba6b6 HTTP/1.1" status: 200 len: 944 time: 0.0646651
Sep 04 01:07:23.482770 dv-cinder-master-3-smb neutron-server[106859]: DEBUG neutron_lib.callbacks.manager [None req-7df3e331-d530-4daf-9da8-7b3ce8b0a285 admin admin] Publish callbacks ['neutron.plugins.ml2.ovo_rpc._ObjectChangeHandler.handle_event-2068626'] for security_group (62d4d223-30df-4755-bf27-7e7ab75f2813), after_create {{(pid=106859) _notify_loop /usr/local/lib/python3.8/dist-packages/neutron_lib/callbacks/manager.py:176}}
Sep 04 01:07:23.510330 dv-cinder-master-3-smb neutron-server[106860]: DEBUG dbcounter [-] [106860] Writing DB stats neutron:SELECT=95,neutron:INSERT=3,neutron:DELETE=2 {{(pid=106860) stat_writer /usr/local/lib/python3.8/dist-packages/dbcounter.py:114}}
Sep 04 01:07:23.562152 dv-cinder-master-3-smb neutron-server[106861]: DEBUG neutron.db.provisioning_blocks [None req-ffaca3a8-f3b2-4dfe-9a38-10324d3ead57 None None] Provisioning for port 9fa8cd8f-9f3c-4fc6-8f4b-295f7ff655ae completed by entity L2. {{(pid=106861) provisioning_complete /opt/stack/neutron/neutron/db/provisioning_blocks.py:136}}
Sep 04 01:07:23.605100 dv-cinder-master-3-smb neutron-server[106861]: DEBUG dbcounter [-] [106861] Writing DB stats neutron:SELECT=97,neutron:UPDATE=3 {{(pid=106861) stat_writer /usr/local/lib/python3.8/dist-packages/dbcounter.py:114}}
Sep 04 01:07:23.606756 dv-cinder-master-3-smb neutron-server[106859]: DEBUG neutron.api.rpc.handlers.resources_rpc [None req-7df3e331-d530-4daf-9da8-7b3ce8b0a285 admin admin] Pushing event updated for resources: {'SecurityGroup': ['ID=62d4d223-30df-4755-bf27-7e7ab75f2813,revision_number=1']} {{(pid=106859) push /opt/stack/neutron/neutron/api/rpc/handlers/resources_rpc.py:237}}
Sep 04 01:07:23.617027 dv-cinder-master-3-smb neutron-server[106861]: DEBUG neutron.plugins.ml2.db [None req-ffaca3a8-f3b2-4dfe-9a38-10324d3ead57 None None] For port 03ba5432-d158-4dfd-9e61-2dd4ffb23766, host hv-cinder-maste, got binding levels [PortBindingLevel(driver='hyperv',host='hv-cinder-maste',level=0,port_id=03ba5432-d158-4dfd-9e61-2dd4ffb23766,segment=NetworkSegment(7756e402-c9de-42d2-8f39-63e74fa1481d),segment_id=7756e402-c9de-42d2-8f39-63e74fa1481d)] {{(pid=106861) get_binding_level_objs /opt/stack/neutron/neutron/plugins/ml2/db.py:74}}
Sep 04 01:07:23.632845 dv-cinder-master-3-smb neutron-server[106859]: INFO neutron.wsgi [None req-7df3e331-d530-4daf-9da8-7b3ce8b0a285 admin admin] 10.222.0.27 "GET /networking/v2.0/security-groups?tenant_id=bc3ba581f882400dbc65d9a28d0de9fc&name=default HTTP/1.1" status: 200 len: 2996 time: 0.5490606
Sep 04 01:07:23.633845 dv-cinder-master-3-smb neutron-server[106861]: DEBUG neutron.plugins.ml2.rpc [None req-ffaca3a8-f3b2-4dfe-9a38-10324d3ead57 None None] Returning: {'device': '03ba5432-d158-4dfd-9e61-2dd4ffb23766', 'network_id': '2b20c706-eedb-40a9-af04-eb1e93ffe3a6', 'port_id': '03ba5432-d158-4dfd-9e61-2dd4ffb23766', 'mac_address': 'fa:16:3e:8b:00:3b', 'admin_state_up': True, 'network_type': 'vlan', 'segmentation_id': 378, 'physical_network': 'physnet1', 'mtu': 1500, 'fixed_ips': [{'subnet_id': 'b9667620-66b6-4db4-9e52-1b9154b20d29', 'ip_address': '172.20.0.14'}], 'device_owner': 'compute:nova', 'allowed_address_pairs': [], 'port_security_enabled': True, 'qos_policy_id': None, 'qos_network_policy_id': None, 'profile': {}, 'propagate_uplink_status': False} {{(pid=106861) _get_device_details /opt/stack/neutron/neutron/plugins/ml2/rpc.py:184}}
Sep 04 01:07:23.637998 dv-cinder-master-3-smb neutron-server[106860]: DEBUG neutron.wsgi [-] (106860) accepted ('10.222.0.27', 60828) {{(pid=106860) server /usr/local/lib/python3.8/dist-packages/eventlet/wsgi.py:1004}}
Sep 04 01:07:23.649381 dv-cinder-master-3-smb neutron-server[106859]: INFO neutron.wsgi [req-a83ebc68-9e3a-4681-bf2f-59f4fc9e1fb3 req-a017f19c-3594-4aa4-a5e5-94f58a4b6420 tempest-ServerRescueNegativeTestJSON-211826213 tempest-ServerRescueNegativeTestJSON-211826213-project] 10.222.0.27 "GET /networking/v2.0/security-groups?id=b35993a2-7d28-4819-9a49-7a6a5e5f4673&fields=id&fields=name HTTP/1.1" status: 200 len: 286 time: 0.1743262
Sep 04 01:07:23.662489 dv-cinder-master-3-smb neutron-server[106861]: DEBUG neutron.db.provisioning_blocks [None req-ffaca3a8-f3b2-4dfe-9a38-10324d3ead57 None None] Provisioning complete for port 9fa8cd8f-9f3c-4fc6-8f4b-295f7ff655ae triggered by entity L2. {{(pid=106861) provisioning_complete /opt/stack/neutron/neutron/db/provisioning_blocks.py:144}}
Sep 04 01:07:23.663086 dv-cinder-master-3-smb neutron-server[106861]: DEBUG neutron_lib.callbacks.manager [None req-ffaca3a8-f3b2-4dfe-9a38-10324d3ead57 None None] Publish callbacks ['neutron.plugins.ml2.plugin.Ml2Plugin._port_provisioned-1012489'] for port (9fa8cd8f-9f3c-4fc6-8f4b-295f7ff655ae), provisioning_complete {{(pid=106861) _notify_loop /usr/local/lib/python3.8/dist-packages/neutron_lib/callbacks/manager.py:176}}
Sep 04 01:07:23.682280 dv-cinder-master-3-smb neutron-server[106860]: DEBUG neutron.pecan_wsgi.hooks.policy_enforcement [req-04a7438a-6047-43ce-b4f9-70067ffe46e5 req-39cd4a22-2870-4cd9-93ac-372c3c62c7da tempest-AttachVolumeNegativeTest-1528808182 tempest-AttachVolumeNegativeTest-1528808182-project] Attributes excluded by policy engine: ['standard_attr_id', 'binding:profile', 'binding:host_id', 'binding:vif_type', 'binding:vif_details'] {{(pid=106860) _exclude_attributes_by_policy /opt/stack/neutron/neutron/pecan_wsgi/hooks/policy_enforcement.py:259}}
Sep 04 01:07:23.683744 dv-cinder-master-3-smb neutron-server[106860]: INFO neutron.wsgi [req-04a7438a-6047-43ce-b4f9-70067ffe46e5 req-39cd4a22-2870-4cd9-93ac-372c3c62c7da tempest-AttachVolumeNegativeTest-1528808182 tempest-AttachVolumeNegativeTest-1528808182-project] 10.222.0.27 "GET /networking/v2.0/ports?device_id=c3ae8c6a-0583-43a7-b43d-d920ad04325f HTTP/1.1" status: 200 len: 944 time: 0.0986915
Sep 04 01:07:23.696835 dv-cinder-master-3-smb neutron-server[106861]: DEBUG neutron.plugins.ml2.plugin [None req-ffaca3a8-f3b2-4dfe-9a38-10324d3ead57 None None] Current status of the port 03ba5432-d158-4dfd-9e61-2dd4ffb23766 is: DOWN; New status is: BUILD {{(pid=106861) _update_individual_port_db_status /opt/stack/neutron/neutron/plugins/ml2/plugin.py:2302}}
Sep 04 01:07:23.697223 dv-cinder-master-3-smb neutron-server[106861]: DEBUG neutron_lib.callbacks.manager [None req-ffaca3a8-f3b2-4dfe-9a38-10324d3ead57 None None] Publish callbacks ['neutron.plugins.ml2.plugin.SecurityGroupDbMixin._ensure_default_security_group_handler-660642'] for port (03ba5432-d158-4dfd-9e61-2dd4ffb23766), before_update {{(pid=106861) _notify_loop /usr/local/lib/python3.8/dist-packages/neutron_lib/callbacks/manager.py:176}}
Sep 04 01:07:23.701979 dv-cinder-master-3-smb neutron-server[106859]: DEBUG dbcounter [-] [106859] Writing DB stats neutron:SELECT=96,neutron:DELETE=4 {{(pid=106859) stat_writer /usr/local/lib/python3.8/dist-packages/dbcounter.py:114}}
Sep 04 01:07:23.721532 dv-cinder-master-3-smb neutron-server[106861]: DEBUG neutron.notifiers.nova [None req-ffaca3a8-f3b2-4dfe-9a38-10324d3ead57 None None] Ignoring state change previous_port_status: DOWN current_port_status: BUILD port_id 03ba5432-d158-4dfd-9e61-2dd4ffb23766 {{(pid=106861) record_port_status_changed /opt/stack/neutron/neutron/notifiers/nova.py:233}}
Sep 04 01:07:23.748906 dv-cinder-master-3-smb neutron-server[106860]: DEBUG neutron_lib.callbacks.manager [None req-06811bd0-0d98-413a-94a6-1a9f4001821f admin admin] Publish callbacks [] for security_group (62d4d223-30df-4755-bf27-7e7ab75f2813), before_delete {{(pid=106860) _notify_loop /usr/local/lib/python3.8/dist-packages/neutron_lib/callbacks/manager.py:176}}
Sep 04 01:07:23.749758 dv-cinder-master-3-smb neutron-server[106861]: DEBUG neutron.plugins.ml2.db [None req-ffaca3a8-f3b2-4dfe-9a38-10324d3ead57 None None] For port 03ba5432-d158-4dfd-9e61-2dd4ffb23766, host hv-cinder-maste, got binding levels [PortBindingLevel(driver='hyperv',host='hv-cinder-maste',level=0,port_id=03ba5432-d158-4dfd-9e61-2dd4ffb23766,segment=NetworkSegment(7756e402-c9de-42d2-8f39-63e74fa1481d),segment_id=7756e402-c9de-42d2-8f39-63e74fa1481d)] {{(pid=106861) get_binding_level_objs /opt/stack/neutron/neutron/plugins/ml2/db.py:74}}
Sep 04 01:07:23.772030 dv-cinder-master-3-smb neutron-server[106860]: INFO neutron.wsgi [req-04a7438a-6047-43ce-b4f9-70067ffe46e5 req-f9356394-7792-441e-b282-d3f9d55e8209 tempest-AttachVolumeNegativeTest-1528808182 tempest-AttachVolumeNegativeTest-1528808182-project] 10.222.0.27 "GET /networking/v2.0/security-groups?id=81cbd4c8-a9d1-48ba-8006-275b222ad782&fields=id&fields=name HTTP/1.1" status: 200 len: 313 time: 0.0805266
Sep 04 01:07:23.792228 dv-cinder-master-3-smb neutron-server[106860]: DEBUG neutron_lib.callbacks.manager [None req-06811bd0-0d98-413a-94a6-1a9f4001821f admin admin] Publish callbacks [] for security_group (62d4d223-30df-4755-bf27-7e7ab75f2813), precommit_delete {{(pid=106860) _notify_loop /usr/local/lib/python3.8/dist-packages/neutron_lib/callbacks/manager.py:176}}
Sep 04 01:07:23.794449 dv-cinder-master-3-smb neutron-server[106861]: DEBUG neutron.plugins.ml2.plugin [None req-ffaca3a8-f3b2-4dfe-9a38-10324d3ead57 None None] Current status of the port 9fa8cd8f-9f3c-4fc6-8f4b-295f7ff655ae is: BUILD; New status is: ACTIVE {{(pid=106861) _update_individual_port_db_status /opt/stack/neutron/neutron/plugins/ml2/plugin.py:2302}}
Sep 04 01:07:23.794897 dv-cinder-master-3-smb neutron-server[106861]: DEBUG neutron_lib.callbacks.manager [None req-ffaca3a8-f3b2-4dfe-9a38-10324d3ead57 None None] Publish callbacks ['neutron.plugins.ml2.plugin.SecurityGroupDbMixin._ensure_default_security_group_handler-660642'] for port (9fa8cd8f-9f3c-4fc6-8f4b-295f7ff655ae), before_update {{(pid=106861) _notify_loop /usr/local/lib/python3.8/dist-packages/neutron_lib/callbacks/manager.py:176}}
Sep 04 01:07:23.804580 dv-cinder-master-3-smb neutron-server[106861]: DEBUG neutron_lib.callbacks.manager [None req-ffaca3a8-f3b2-4dfe-9a38-10324d3ead57 None None] Publish callbacks ['neutron.plugins.ml2.plugin.SecurityGroupServerNotifierRpcMixin._notify_sg_on_port_change-660705', 'neutron.plugins.ml2.ovo_rpc._ObjectChangeHandler.handle_event-187830', 'neutron.api.rpc.agentnotifiers.dhcp_rpc_agent_api.DhcpAgentNotifyAPI._native_event_send_dhcp_notification-1585314', 'neutron.db.l3_db.L3RpcNotifierMixin._notify_gateway_port_ip_changed-8773495453314', 'neutron.db.l3_dvrscheduler_db._notify_l3_agent_port_update-8773494926219', 'neutron.db.l3_hascheduler_db._notify_l3_agent_ha_port_update-8773494926237'] for port (03ba5432-d158-4dfd-9e61-2dd4ffb23766), after_update {{(pid=106861) _notify_loop /usr/local/lib/python3.8/dist-packages/neutron_lib/callbacks/manager.py:176}}
Sep 04 01:07:23.829185 dv-cinder-master-3-smb neutron-server[106861]: DEBUG dbcounter [-] [106861] Writing DB stats neutron:SELECT=97,neutron:UPDATE=2,neutron:DELETE=1 {{(pid=106861) stat_writer /usr/local/lib/python3.8/dist-packages/dbcounter.py:114}}
Sep 04 01:07:23.852911 dv-cinder-master-3-smb neutron-server[106861]: DEBUG neutron.plugins.ml2.db [None req-ffaca3a8-f3b2-4dfe-9a38-10324d3ead57 None None] For port 9fa8cd8f-9f3c-4fc6-8f4b-295f7ff655ae, host hv-cinder-maste, got binding levels [PortBindingLevel(driver='hyperv',host='hv-cinder-maste',level=0,port_id=9fa8cd8f-9f3c-4fc6-8f4b-295f7ff655ae,segment=NetworkSegment(a86e5189-65c9-4b61-b27a-ad3dce07ee91),segment_id=a86e5189-65c9-4b61-b27a-ad3dce07ee91)] {{(pid=106861) get_binding_level_objs /opt/stack/neutron/neutron/plugins/ml2/db.py:74}}
Sep 04 01:07:23.870504 dv-cinder-master-3-smb neutron-server[106859]: DEBUG dbcounter [-] [106859] Writing DB stats neutron:SELECT=88,neutron:INSERT=11,neutron:UPDATE=1 {{(pid=106859) stat_writer /usr/local/lib/python3.8/dist-packages/dbcounter.py:114}}
Sep 04 01:07:23.878992 dv-cinder-master-3-smb neutron-server[106861]: DEBUG neutron.api.rpc.handlers.resources_rpc [None req-ffaca3a8-f3b2-4dfe-9a38-10324d3ead57 None None] Pushing event updated for resources: {'Port': ['ID=03ba5432-d158-4dfd-9e61-2dd4ffb23766,revision_number=4']} {{(pid=106861) push /opt/stack/neutron/neutron/api/rpc/handlers/resources_rpc.py:237}}
Sep 04 01:07:23.922380 dv-cinder-master-3-smb neutron-server[106861]: DEBUG neutron_lib.callbacks.manager [None req-ffaca3a8-f3b2-4dfe-9a38-10324d3ead57 None None] Publish callbacks ['neutron.plugins.ml2.plugin.SecurityGroupServerNotifierRpcMixin._notify_sg_on_port_change-660705', 'neutron.plugins.ml2.ovo_rpc._ObjectChangeHandler.handle_event-187830', 'neutron.api.rpc.agentnotifiers.dhcp_rpc_agent_api.DhcpAgentNotifyAPI._native_event_send_dhcp_notification-1585314', 'neutron.db.l3_db.L3RpcNotifierMixin._notify_gateway_port_ip_changed-8773495453314', 'neutron.db.l3_dvrscheduler_db._notify_l3_agent_port_update-8773494926219', 'neutron.db.l3_hascheduler_db._notify_l3_agent_ha_port_update-8773494926237'] for port (9fa8cd8f-9f3c-4fc6-8f4b-295f7ff655ae), after_update {{(pid=106861) _notify_loop /usr/local/lib/python3.8/dist-packages/neutron_lib/callbacks/manager.py:176}}
Sep 04 01:07:23.931255 dv-cinder-master-3-smb neutron-server[106860]: DEBUG neutron_lib.callbacks.manager [None req-06811bd0-0d98-413a-94a6-1a9f4001821f admin admin] Publish callbacks ['neutron.plugins.ml2.ovo_rpc._ObjectChangeHandler.handle_event-2068626'] for security_group (62d4d223-30df-4755-bf27-7e7ab75f2813), after_delete {{(pid=106860) _notify_loop /usr/local/lib/python3.8/dist-packages/neutron_lib/callbacks/manager.py:176}}
Sep 04 01:07:23.934450 dv-cinder-master-3-smb neutron-server[106860]: DEBUG neutron_lib.callbacks.manager [None req-06811bd0-0d98-413a-94a6-1a9f4001821f admin admin] Publish callbacks [] for security_group (None), before_response {{(pid=106860) _notify_loop /usr/local/lib/python3.8/dist-packages/neutron_lib/callbacks/manager.py:176}}
Sep 04 01:07:23.935594 dv-cinder-master-3-smb neutron-server[106860]: INFO neutron.wsgi [None req-06811bd0-0d98-413a-94a6-1a9f4001821f admin admin] 10.222.0.27 "DELETE /networking/v2.0/security-groups/62d4d223-30df-4755-bf27-7e7ab75f2813 HTTP/1.1" status: 204 len: 168 time: 0.2963228
Sep 04 01:07:23.944420 dv-cinder-master-3-smb neutron-server[106860]: DEBUG neutron.api.rpc.handlers.resources_rpc [None req-06811bd0-0d98-413a-94a6-1a9f4001821f admin admin] Pushing event deleted for resources: {'SecurityGroup': ['ID=62d4d223-30df-4755-bf27-7e7ab75f2813,revision_number=None']} {{(pid=106860) push /opt/stack/neutron/neutron/api/rpc/handlers/resources_rpc.py:237}}
Sep 04 01:07:23.993370 dv-cinder-master-3-smb neutron-server[106861]: DEBUG neutron.api.rpc.handlers.resources_rpc [None req-ffaca3a8-f3b2-4dfe-9a38-10324d3ead57 None None] Pushing event updated for resources: {'Port': ['ID=9fa8cd8f-9f3c-4fc6-8f4b-295f7ff655ae,revision_number=5']} {{(pid=106861) push /opt/stack/neutron/neutron/api/rpc/handlers/resources_rpc.py:237}}
Sep 04 01:07:24.079705 dv-cinder-master-3-smb neutron-server[106860]: INFO neutron.wsgi [req-6f302ade-9a32-405e-bad7-d21487735220 req-6ad2f9fb-a81f-49fe-97a3-93c9b5b072df service neutron] 10.222.0.55 "GET /networking/v2.0/networks/761493cb-9c37-4208-8cf3-32be61673510?fields=provider%3Aphysical_network&fields=provider%3Anetwork_type HTTP/1.1" status: 200 len: 281 time: 0.1216242
Sep 04 01:07:24.223771 dv-cinder-master-3-smb neutron-server[106860]: DEBUG neutron.pecan_wsgi.hooks.policy_enforcement [req-6f302ade-9a32-405e-bad7-d21487735220 req-e48d2ff5-854c-420f-8db1-8f7b11be1b02 service neutron] Attributes excluded by policy engine: ['standard_attr_id'] {{(pid=106860) _exclude_attributes_by_policy /opt/stack/neutron/neutron/pecan_wsgi/hooks/policy_enforcement.py:259}}
Sep 04 01:07:24.226278 dv-cinder-master-3-smb neutron-server[106860]: INFO neutron.wsgi [req-6f302ade-9a32-405e-bad7-d21487735220 req-e48d2ff5-854c-420f-8db1-8f7b11be1b02 service neutron] 10.222.0.55 "GET /networking/v2.0/ports?tenant_id=ef5de4321f9c4687a0bae83183b59a39&device_id=c3ae8c6a-0583-43a7-b43d-d920ad04325f HTTP/1.1" status: 200 len: 1129 time: 0.0452900
