Sep 04 00:47:41.825799 dv-cinder-master-3-smb devstack@keystone.service[81630]: DEBUG keystone.server.flask.request_processing.middleware.auth_context [None req-45339bea-fd4b-4690-b29e-ed28dc44beca None admin] RBAC: auth_context: {'token': , 'domain_id': None, 'trust_id': None, 'trustor_id': None, 'trustee_id': None, 'domain_name': None, 'group_ids': [], 'user_id': '644f0b1b120742d2aca15aeeaa76abcc', 'user_domain_id': 'default', 'system_scope': 'all', 'project_id': None, 'project_domain_id': None, 'roles': ['admin', 'member', 'reader'], 'is_admin_project': True, 'service_user_id': None, 'service_user_domain_id': None, 'service_project_id': None, 'service_project_domain_id': None, 'service_roles': []} {{(pid=81630) fill_context /opt/stack/keystone/keystone/server/flask/request_processing/middleware/auth_context.py:478}}
Sep 04 00:47:41.826492 dv-cinder-master-3-smb devstack@keystone.service[81630]: DEBUG keystone.server.flask.request_processing.req_logging [None req-45339bea-fd4b-4690-b29e-ed28dc44beca None admin] REQUEST_METHOD: `GET` {{(pid=81630) log_request_info /opt/stack/keystone/keystone/server/flask/request_processing/req_logging.py:27}}
Sep 04 00:47:41.826795 dv-cinder-master-3-smb devstack@keystone.service[81630]: DEBUG keystone.server.flask.request_processing.req_logging [None req-45339bea-fd4b-4690-b29e-ed28dc44beca None admin] SCRIPT_NAME: `/identity` {{(pid=81630) log_request_info /opt/stack/keystone/keystone/server/flask/request_processing/req_logging.py:28}}
Sep 04 00:47:41.827088 dv-cinder-master-3-smb devstack@keystone.service[81630]: DEBUG keystone.server.flask.request_processing.req_logging [None req-45339bea-fd4b-4690-b29e-ed28dc44beca None admin] PATH_INFO: `/v3/roles` {{(pid=81630) log_request_info /opt/stack/keystone/keystone/server/flask/request_processing/req_logging.py:29}}
Sep 04 00:47:41.827822 dv-cinder-master-3-smb devstack@keystone.service[81630]: DEBUG keystone.common.rbac_enforcer.enforcer [None req-45339bea-fd4b-4690-b29e-ed28dc44beca None admin] RBAC: Adding query filter params (name=admin) {{(pid=81630) _extract_filter_values /opt/stack/keystone/keystone/common/rbac_enforcer/enforcer.py:167}}
Sep 04 00:47:41.828126 dv-cinder-master-3-smb devstack@keystone.service[81630]: DEBUG keystone.common.rbac_enforcer.enforcer [None req-45339bea-fd4b-4690-b29e-ed28dc44beca None admin] RBAC: Authorizing `identity:list_roles()` {{(pid=81630) enforce_call /opt/stack/keystone/keystone/common/rbac_enforcer/enforcer.py:449}}
Sep 04 00:47:41.829668 dv-cinder-master-3-smb devstack@keystone.service[81630]: DEBUG keystone.common.rbac_enforcer.enforcer [None req-45339bea-fd4b-4690-b29e-ed28dc44beca None admin] RBAC: Authorization granted {{(pid=81630) enforce_call /opt/stack/keystone/keystone/common/rbac_enforcer/enforcer.py:457}}
Sep 04 00:47:41.840899 dv-cinder-master-3-smb devstack@keystone.service[81630]: [pid: 81630|app: 0|req: 100/190] 10.222.0.27 () {56 vars in 1099 bytes} [Sun Sep 4 00:47:41 2022] GET /identity/v3/roles?name=admin => generated 339 bytes in 158 msecs (HTTP/1.1 200) 5 headers in 177 bytes (1 switches on core 0)
Sep 04 00:47:41.842104 dv-cinder-master-3-smb devstack@keystone.service[81630]: DEBUG keystone.server.flask.request_processing.middleware.auth_context [None req-45339bea-fd4b-4690-b29e-ed28dc44beca None admin] Authenticating user token {{(pid=81630) process_request /usr/local/lib/python3.8/dist-packages/keystonemiddleware/auth_token/__init__.py:407}}
Sep 04 00:47:41.899473 dv-cinder-master-3-smb devstack@keystone.service[81630]: DEBUG dbcounter [-] [81630] Writing DB stats keystone:SELECT=100 {{(pid=81630) stat_writer /usr/local/lib/python3.8/dist-packages/dbcounter.py:114}}
Sep 04 00:47:41.905237 dv-cinder-master-3-smb devstack@keystone.service[81629]: DEBUG keystone.server.flask.request_processing.middleware.auth_context [None req-4d03cbd4-1ad2-4e93-bd13-137ce068fabf None admin] Validating token access rules against request {{(pid=81629) validate_allowed_request /usr/local/lib/python3.8/dist-packages/keystonemiddleware/auth_token/__init__.py:545}}
Sep 04 00:47:41.920181 dv-cinder-master-3-smb devstack@keystone.service[81629]: DEBUG dbcounter [-] [81629] Writing DB stats keystone:SELECT=100 {{(pid=81629) stat_writer /usr/local/lib/python3.8/dist-packages/dbcounter.py:114}}
Sep 04 00:47:41.948375 dv-cinder-master-3-smb devstack@keystone.service[81629]: DEBUG keystone.server.flask.request_processing.middleware.auth_context [None req-472cf347-7023-48ee-91d2-a9acf40987eb None admin] RBAC: auth_context: {'token': , 'domain_id': None, 'trust_id': None, 'trustor_id': None, 'trustee_id': None, 'domain_name': None, 'group_ids': [], 'user_id': '644f0b1b120742d2aca15aeeaa76abcc', 'user_domain_id': 'default', 'system_scope': 'all', 'project_id': None, 'project_domain_id': None, 'roles': ['admin', 'member', 'reader'], 'is_admin_project': True, 'service_user_id': None, 'service_user_domain_id': None, 'service_project_id': None, 'service_project_domain_id': None, 'service_roles': []} {{(pid=81629) fill_context /opt/stack/keystone/keystone/server/flask/request_processing/middleware/auth_context.py:478}}
Sep 04 00:47:41.949281 dv-cinder-master-3-smb devstack@keystone.service[81629]: DEBUG keystone.server.flask.request_processing.req_logging [None req-472cf347-7023-48ee-91d2-a9acf40987eb None admin] REQUEST_METHOD: `GET` {{(pid=81629) log_request_info /opt/stack/keystone/keystone/server/flask/request_processing/req_logging.py:27}}
Sep 04 00:47:41.949723 dv-cinder-master-3-smb devstack@keystone.service[81629]: DEBUG keystone.server.flask.request_processing.req_logging [None req-472cf347-7023-48ee-91d2-a9acf40987eb None admin] SCRIPT_NAME: `/identity` {{(pid=81629) log_request_info /opt/stack/keystone/keystone/server/flask/request_processing/req_logging.py:28}}
Sep 04 00:47:41.950135 dv-cinder-master-3-smb devstack@keystone.service[81629]: DEBUG keystone.server.flask.request_processing.req_logging [None req-472cf347-7023-48ee-91d2-a9acf40987eb None admin] PATH_INFO: `/v3/roles/anotherrole` {{(pid=81629) log_request_info /opt/stack/keystone/keystone/server/flask/request_processing/req_logging.py:29}}
Sep 04 00:47:41.954203 dv-cinder-master-3-smb devstack@keystone.service[81630]: DEBUG keystone.server.flask.request_processing.middleware.auth_context [None req-45339bea-fd4b-4690-b29e-ed28dc44beca None admin] Validating token access rules against request {{(pid=81630) validate_allowed_request /usr/local/lib/python3.8/dist-packages/keystonemiddleware/auth_token/__init__.py:545}}
Sep 04 00:47:41.963305 dv-cinder-master-3-smb devstack@keystone.service[81629]: DEBUG keystone.common.rbac_enforcer.enforcer [None req-472cf347-7023-48ee-91d2-a9acf40987eb None admin] Extracting inferred target data resulted in "NOT FOUND (404)". {{(pid=81629) enforce_call /opt/stack/keystone/keystone/common/rbac_enforcer/enforcer.py:409}}
Sep 04 00:47:41.968724 dv-cinder-master-3-smb devstack@keystone.service[81629]: ERROR keystone.server.flask.application [None req-472cf347-7023-48ee-91d2-a9acf40987eb None admin] Could not find role: anotherrole.: keystone.exception.RoleNotFound: Could not find role: anotherrole.
Sep 04 00:47:41.968724 dv-cinder-master-3-smb devstack@keystone.service[81629]: ERROR keystone.server.flask.application
Traceback (most recent call last):
Sep 04 00:47:41.968724 dv-cinder-master-3-smb devstack@keystone.service[81629]: ERROR keystone.server.flask.application
File "/usr/local/lib/python3.8/dist-packages/flask/app.py", line 1820, in full_dispatch_request
Sep 04 00:47:41.968724 dv-cinder-master-3-smb devstack@keystone.service[81629]: ERROR keystone.server.flask.application rv = self.dispatch_request()
Sep 04 00:47:41.968724 dv-cinder-master-3-smb devstack@keystone.service[81629]: ERROR keystone.server.flask.application
File "/usr/local/lib/python3.8/dist-packages/flask/app.py", line 1796, in dispatch_request
Sep 04 00:47:41.968724 dv-cinder-master-3-smb devstack@keystone.service[81629]: ERROR keystone.server.flask.application return self.ensure_sync(self.view_functions[rule.endpoint])(**view_args)
Sep 04 00:47:41.968724 dv-cinder-master-3-smb devstack@keystone.service[81629]: ERROR keystone.server.flask.application
File "/usr/local/lib/python3.8/dist-packages/flask_restful/__init__.py", line 467, in wrapper
Sep 04 00:47:41.968724 dv-cinder-master-3-smb devstack@keystone.service[81629]: ERROR keystone.server.flask.application resp = resource(*args, **kwargs)
Sep 04 00:47:41.968724 dv-cinder-master-3-smb devstack@keystone.service[81629]: ERROR keystone.server.flask.application
File "/usr/local/lib/python3.8/dist-packages/flask/views.py", line 107, in view
Sep 04 00:47:41.968724 dv-cinder-master-3-smb devstack@keystone.service[81629]: ERROR keystone.server.flask.application return current_app.ensure_sync(self.dispatch_request)(**kwargs)
Sep 04 00:47:41.968724 dv-cinder-master-3-smb devstack@keystone.service[81629]: ERROR keystone.server.flask.application
File "/usr/local/lib/python3.8/dist-packages/flask_restful/__init__.py", line 582, in dispatch_request
Sep 04 00:47:41.968724 dv-cinder-master-3-smb devstack@keystone.service[81629]: ERROR keystone.server.flask.application resp = meth(*args, **kwargs)
Sep 04 00:47:41.968724 dv-cinder-master-3-smb devstack@keystone.service[81629]: ERROR keystone.server.flask.application
File "/opt/stack/keystone/keystone/api/roles.py", line 50, in get
Sep 04 00:47:41.968724 dv-cinder-master-3-smb devstack@keystone.service[81629]: ERROR keystone.server.flask.application return self._get_role(role_id)
Sep 04 00:47:41.968724 dv-cinder-master-3-smb devstack@keystone.service[81629]: ERROR keystone.server.flask.application
File "/opt/stack/keystone/keystone/api/roles.py", line 70, in _get_role
Sep 04 00:47:41.968724 dv-cinder-master-3-smb devstack@keystone.service[81629]: ERROR keystone.server.flask.application ENFORCER.enforce_call(action='identity:get_role')
Sep 04 00:47:41.969643 dv-cinder-master-3-smb devstack@keystone.service[81629]: ERROR keystone.server.flask.application
File "/opt/stack/keystone/keystone/common/rbac_enforcer/enforcer.py", line 402, in enforce_call
Sep 04 00:47:41.969643 dv-cinder-master-3-smb devstack@keystone.service[81629]: ERROR keystone.server.flask.application policy_dict.update(cls._extract_member_target_data(
Sep 04 00:47:41.969643 dv-cinder-master-3-smb devstack@keystone.service[81629]: ERROR keystone.server.flask.application
File "/opt/stack/keystone/keystone/common/rbac_enforcer/enforcer.py", line 234, in _extract_member_target_data
Sep 04 00:47:41.969643 dv-cinder-master-3-smb devstack@keystone.service[81629]: ERROR keystone.server.flask.application member_name: func(flask.request.view_args[key])
Sep 04 00:47:41.969643 dv-cinder-master-3-smb devstack@keystone.service[81629]: ERROR keystone.server.flask.application
File "/opt/stack/keystone/keystone/common/manager.py", line 115, in wrapped
Sep 04 00:47:41.969643 dv-cinder-master-3-smb devstack@keystone.service[81629]: ERROR keystone.server.flask.application __ret_val = __f(*args, **kwargs)
Sep 04 00:47:41.969643 dv-cinder-master-3-smb devstack@keystone.service[81629]: ERROR keystone.server.flask.application
File "/usr/local/lib/python3.8/dist-packages/decorator.py", line 232, in fun
Sep 04 00:47:41.969643 dv-cinder-master-3-smb devstack@keystone.service[81629]: ERROR keystone.server.flask.application return caller(func, *(extras + args), **kw)
Sep 04 00:47:41.969643 dv-cinder-master-3-smb devstack@keystone.service[81629]: ERROR keystone.server.flask.application
File "/usr/local/lib/python3.8/dist-packages/dogpile/cache/region.py", line 1577, in get_or_create_for_user_func
Sep 04 00:47:41.969643 dv-cinder-master-3-smb devstack@keystone.service[81629]: ERROR keystone.server.flask.application return self.get_or_create(
Sep 04 00:47:41.969643 dv-cinder-master-3-smb devstack@keystone.service[81629]: ERROR keystone.server.flask.application
File "/usr/local/lib/python3.8/dist-packages/dogpile/cache/region.py", line 1042, in get_or_create
Sep 04 00:47:41.969643 dv-cinder-master-3-smb devstack@keystone.service[81629]: ERROR keystone.server.flask.application with Lock(
Sep 04 00:47:41.969643 dv-cinder-master-3-smb devstack@keystone.service[81629]: ERROR keystone.server.flask.application
File "/usr/local/lib/python3.8/dist-packages/dogpile/lock.py", line 185, in __enter__
Sep 04 00:47:41.969643 dv-cinder-master-3-smb devstack@keystone.service[81629]: ERROR keystone.server.flask.application return self._enter()
Sep 04 00:47:41.969643 dv-cinder-master-3-smb devstack@keystone.service[81629]: ERROR keystone.server.flask.application
File "/usr/local/lib/python3.8/dist-packages/dogpile/lock.py", line 94, in _enter
Sep 04 00:47:41.969643 dv-cinder-master-3-smb devstack@keystone.service[81629]: ERROR keystone.server.flask.application generated = self._enter_create(value, createdtime)
Sep 04 00:47:41.970469 dv-cinder-master-3-smb devstack@keystone.service[81629]: ERROR keystone.server.flask.application
File "/usr/local/lib/python3.8/dist-packages/dogpile/lock.py", line 178, in _enter_create
Sep 04 00:47:41.970469 dv-cinder-master-3-smb devstack@keystone.service[81629]: ERROR keystone.server.flask.application return self.creator()
Sep 04 00:47:41.970469 dv-cinder-master-3-smb devstack@keystone.service[81629]: ERROR keystone.server.flask.application
File "/usr/local/lib/python3.8/dist-packages/dogpile/cache/region.py", line 995, in gen_value
Sep 04 00:47:41.970469 dv-cinder-master-3-smb devstack@keystone.service[81629]: ERROR keystone.server.flask.application created_value = creator(
Sep 04 00:47:41.970469 dv-cinder-master-3-smb devstack@keystone.service[81629]: ERROR keystone.server.flask.application
File "/opt/stack/keystone/keystone/assignment/core.py", line 1276, in get_role
Sep 04 00:47:41.970469 dv-cinder-master-3-smb devstack@keystone.service[81629]: ERROR keystone.server.flask.application return self.driver.get_role(role_id)
Sep 04 00:47:41.970469 dv-cinder-master-3-smb devstack@keystone.service[81629]: ERROR keystone.server.flask.application
File "/opt/stack/keystone/keystone/assignment/role_backends/sql.py", line 70, in get_role
Sep 04 00:47:41.970469 dv-cinder-master-3-smb devstack@keystone.service[81629]: ERROR keystone.server.flask.application return self._get_role(session, role_id).to_dict()
Sep 04 00:47:41.970469 dv-cinder-master-3-smb devstack@keystone.service[81629]: ERROR keystone.server.flask.application
File "/opt/stack/keystone/keystone/assignment/role_backends/sql.py", line 65, in _get_role
Sep 04 00:47:41.970469 dv-cinder-master-3-smb devstack@keystone.service[81629]: ERROR keystone.server.flask.application raise exception.RoleNotFound(role_id=role_id)
Sep 04 00:47:41.970469 dv-cinder-master-3-smb devstack@keystone.service[81629]: ERROR keystone.server.flask.application keystone.exception.RoleNotFound: Could not find role: anotherrole.
Sep 04 00:47:41.970469 dv-cinder-master-3-smb devstack@keystone.service[81629]: ERROR keystone.server.flask.application
Sep 04 00:47:41.970469 dv-cinder-master-3-smb devstack@keystone.service[81629]: [pid: 81629|app: 0|req: 91/191] 10.222.0.27 () {56 vars in 1114 bytes} [Sun Sep 4 00:47:41 2022] GET /identity/v3/roles/anotherrole => generated 89 bytes in 189 msecs (HTTP/1.1 404) 5 headers in 183 bytes (1 switches on core 0)
Sep 04 00:47:41.971146 dv-cinder-master-3-smb devstack@keystone.service[81629]: DEBUG keystone.server.flask.request_processing.middleware.auth_context [None req-472cf347-7023-48ee-91d2-a9acf40987eb None admin] Authenticating user token {{(pid=81629) process_request /usr/local/lib/python3.8/dist-packages/keystonemiddleware/auth_token/__init__.py:407}}
Sep 04 00:47:41.992923 dv-cinder-master-3-smb devstack@keystone.service[81630]: DEBUG keystone.server.flask.request_processing.middleware.auth_context [None req-b7a02e71-52d4-42f5-826d-a442d99832cd None admin] RBAC: auth_context: {'token': , 'domain_id': None, 'trust_id': None, 'trustor_id': None, 'trustee_id': None, 'domain_name': None, 'group_ids': [], 'user_id': '644f0b1b120742d2aca15aeeaa76abcc', 'user_domain_id': 'default', 'system_scope': 'all', 'project_id': None, 'project_domain_id': None, 'roles': ['admin', 'member', 'reader'], 'is_admin_project': True, 'service_user_id': None, 'service_user_domain_id': None, 'service_project_id': None, 'service_project_domain_id': None, 'service_roles': []} {{(pid=81630) fill_context /opt/stack/keystone/keystone/server/flask/request_processing/middleware/auth_context.py:478}}
Sep 04 00:47:41.993358 dv-cinder-master-3-smb devstack@keystone.service[81630]: DEBUG keystone.server.flask.request_processing.req_logging [None req-b7a02e71-52d4-42f5-826d-a442d99832cd None admin] REQUEST_METHOD: `GET` {{(pid=81630) log_request_info /opt/stack/keystone/keystone/server/flask/request_processing/req_logging.py:27}}
Sep 04 00:47:41.993639 dv-cinder-master-3-smb devstack@keystone.service[81630]: DEBUG keystone.server.flask.request_processing.req_logging [None req-b7a02e71-52d4-42f5-826d-a442d99832cd None admin] SCRIPT_NAME: `/identity` {{(pid=81630) log_request_info /opt/stack/keystone/keystone/server/flask/request_processing/req_logging.py:28}}
Sep 04 00:47:41.993904 dv-cinder-master-3-smb devstack@keystone.service[81630]: DEBUG keystone.server.flask.request_processing.req_logging [None req-b7a02e71-52d4-42f5-826d-a442d99832cd None admin] PATH_INFO: `/v3/domains/default` {{(pid=81630) log_request_info /opt/stack/keystone/keystone/server/flask/request_processing/req_logging.py:29}}
Sep 04 00:47:41.995041 dv-cinder-master-3-smb devstack@keystone.service[81630]: DEBUG keystone.common.rbac_enforcer.enforcer [None req-b7a02e71-52d4-42f5-826d-a442d99832cd None admin] RBAC: Authorizing `identity:get_domain(domain_id=default)` {{(pid=81630) enforce_call /opt/stack/keystone/keystone/common/rbac_enforcer/enforcer.py:449}}
Sep 04 00:47:41.996538 dv-cinder-master-3-smb devstack@keystone.service[81630]: DEBUG keystone.common.rbac_enforcer.enforcer [None req-b7a02e71-52d4-42f5-826d-a442d99832cd None admin] RBAC: Authorization granted {{(pid=81630) enforce_call /opt/stack/keystone/keystone/common/rbac_enforcer/enforcer.py:457}}
Sep 04 00:47:41.998313 dv-cinder-master-3-smb devstack@keystone.service[81630]: [pid: 81630|app: 0|req: 101/192] 10.222.0.27 () {56 vars in 1108 bytes} [Sun Sep 4 00:47:41 2022] GET /identity/v3/domains/default => generated 199 bytes in 156 msecs (HTTP/1.1 200) 5 headers in 177 bytes (1 switches on core 0)
Sep 04 00:47:41.998911 dv-cinder-master-3-smb devstack@keystone.service[81630]: DEBUG keystone.server.flask.request_processing.middleware.auth_context [None req-b7a02e71-52d4-42f5-826d-a442d99832cd None admin] Authenticating user token {{(pid=81630) process_request /usr/local/lib/python3.8/dist-packages/keystonemiddleware/auth_token/__init__.py:407}}
Sep 04 00:47:42.075079 dv-cinder-master-3-smb devstack@keystone.service[81629]: DEBUG keystone.server.flask.request_processing.middleware.auth_context [None req-472cf347-7023-48ee-91d2-a9acf40987eb None admin] Validating token access rules against request {{(pid=81629) validate_allowed_request /usr/local/lib/python3.8/dist-packages/keystonemiddleware/auth_token/__init__.py:545}}
Sep 04 00:47:42.096700 dv-cinder-master-3-smb devstack@keystone.service[81630]: DEBUG keystone.server.flask.request_processing.middleware.auth_context [None req-b7a02e71-52d4-42f5-826d-a442d99832cd None admin] Validating token access rules against request {{(pid=81630) validate_allowed_request /usr/local/lib/python3.8/dist-packages/keystonemiddleware/auth_token/__init__.py:545}}
Sep 04 00:47:42.108312 dv-cinder-master-3-smb devstack@keystone.service[81629]: DEBUG keystone.server.flask.request_processing.middleware.auth_context [None req-9af403e4-44c2-4bf5-8983-ad40b4f2accf None admin] RBAC: auth_context: {'token': , 'domain_id': None, 'trust_id': None, 'trustor_id': None, 'trustee_id': None, 'domain_name': None, 'group_ids': [], 'user_id': '644f0b1b120742d2aca15aeeaa76abcc', 'user_domain_id': 'default', 'system_scope': 'all', 'project_id': None, 'project_domain_id': None, 'roles': ['admin', 'member', 'reader'], 'is_admin_project': True, 'service_user_id': None, 'service_user_domain_id': None, 'service_project_id': None, 'service_project_domain_id': None, 'service_roles': []} {{(pid=81629) fill_context /opt/stack/keystone/keystone/server/flask/request_processing/middleware/auth_context.py:478}}
Sep 04 00:47:42.108938 dv-cinder-master-3-smb devstack@keystone.service[81629]: DEBUG keystone.server.flask.request_processing.req_logging [None req-9af403e4-44c2-4bf5-8983-ad40b4f2accf None admin] REQUEST_METHOD: `GET` {{(pid=81629) log_request_info /opt/stack/keystone/keystone/server/flask/request_processing/req_logging.py:27}}
Sep 04 00:47:42.109218 dv-cinder-master-3-smb devstack@keystone.service[81629]: DEBUG keystone.server.flask.request_processing.req_logging [None req-9af403e4-44c2-4bf5-8983-ad40b4f2accf None admin] SCRIPT_NAME: `/identity` {{(pid=81629) log_request_info /opt/stack/keystone/keystone/server/flask/request_processing/req_logging.py:28}}
Sep 04 00:47:42.109491 dv-cinder-master-3-smb devstack@keystone.service[81629]: DEBUG keystone.server.flask.request_processing.req_logging [None req-9af403e4-44c2-4bf5-8983-ad40b4f2accf None admin] PATH_INFO: `/v3/role_assignments` {{(pid=81629) log_request_info /opt/stack/keystone/keystone/server/flask/request_processing/req_logging.py:29}}
Sep 04 00:47:42.110213 dv-cinder-master-3-smb devstack@keystone.service[81629]: DEBUG keystone.common.rbac_enforcer.enforcer [None req-9af403e4-44c2-4bf5-8983-ad40b4f2accf None admin] RBAC: Adding query filter params (role.id=7df9ebc56a2a4214b2b64a5941812ef0, scope.project.id=c8fe5139a2a24ec780814c7f39d5b437, user.id=43855050fbcd47d3b5ded0e8ac79e20d) {{(pid=81629) _extract_filter_values /opt/stack/keystone/keystone/common/rbac_enforcer/enforcer.py:167}}
Sep 04 00:47:42.110521 dv-cinder-master-3-smb devstack@keystone.service[81629]: DEBUG keystone.common.rbac_enforcer.enforcer [None req-9af403e4-44c2-4bf5-8983-ad40b4f2accf None admin] RBAC: Authorizing `identity:list_role_assignments()` {{(pid=81629) enforce_call /opt/stack/keystone/keystone/common/rbac_enforcer/enforcer.py:449}}
Sep 04 00:47:42.111963 dv-cinder-master-3-smb devstack@keystone.service[81629]: DEBUG keystone.common.rbac_enforcer.enforcer [None req-9af403e4-44c2-4bf5-8983-ad40b4f2accf None admin] RBAC: Authorization granted {{(pid=81629) enforce_call /opt/stack/keystone/keystone/common/rbac_enforcer/enforcer.py:457}}
Sep 04 00:47:42.115992 dv-cinder-master-3-smb devstack@keystone.service[81630]: DEBUG dbcounter [-] [81630] Writing DB stats keystone:SELECT=100 {{(pid=81630) stat_writer /usr/local/lib/python3.8/dist-packages/dbcounter.py:114}}
Sep 04 00:47:42.118499 dv-cinder-master-3-smb devstack@keystone.service[81629]: [pid: 81629|app: 0|req: 92/193] 10.222.0.27 () {56 vars in 1374 bytes} [Sun Sep 4 00:47:41 2022] GET /identity/v3/role_assignments?user.id=43855050fbcd47d3b5ded0e8ac79e20d&scope.project.id=c8fe5139a2a24ec780814c7f39d5b437&role.id=7df9ebc56a2a4214b2b64a5941812ef0 => generated 608 bytes in 148 msecs (HTTP/1.1 200) 5 headers in 177 bytes (1 switches on core 0)
Sep 04 00:47:42.132724 dv-cinder-master-3-smb devstack@keystone.service[81629]: DEBUG keystone.server.flask.request_processing.middleware.auth_context [None req-9af403e4-44c2-4bf5-8983-ad40b4f2accf None admin] Authenticating user token {{(pid=81629) process_request /usr/local/lib/python3.8/dist-packages/keystonemiddleware/auth_token/__init__.py:407}}
Sep 04 00:47:42.133243 dv-cinder-master-3-smb devstack@keystone.service[81630]: DEBUG keystone.server.flask.request_processing.middleware.auth_context [None req-e9f7b0ec-bba8-4eec-8353-7529e038a499 None admin] RBAC: auth_context: {'token': , 'domain_id': None, 'trust_id': None, 'trustor_id': None, 'trustee_id': None, 'domain_name': None, 'group_ids': [], 'user_id': '644f0b1b120742d2aca15aeeaa76abcc', 'user_domain_id': 'default', 'system_scope': 'all', 'project_id': None, 'project_domain_id': None, 'roles': ['admin', 'member', 'reader'], 'is_admin_project': True, 'service_user_id': None, 'service_user_domain_id': None, 'service_project_id': None, 'service_project_domain_id': None, 'service_roles': []} {{(pid=81630) fill_context /opt/stack/keystone/keystone/server/flask/request_processing/middleware/auth_context.py:478}}
Sep 04 00:47:42.133875 dv-cinder-master-3-smb devstack@keystone.service[81630]: DEBUG keystone.server.flask.request_processing.req_logging [None req-e9f7b0ec-bba8-4eec-8353-7529e038a499 None admin] REQUEST_METHOD: `GET` {{(pid=81630) log_request_info /opt/stack/keystone/keystone/server/flask/request_processing/req_logging.py:27}}
Sep 04 00:47:42.134155 dv-cinder-master-3-smb devstack@keystone.service[81630]: DEBUG keystone.server.flask.request_processing.req_logging [None req-e9f7b0ec-bba8-4eec-8353-7529e038a499 None admin] SCRIPT_NAME: `/identity` {{(pid=81630) log_request_info /opt/stack/keystone/keystone/server/flask/request_processing/req_logging.py:28}}
Sep 04 00:47:42.134426 dv-cinder-master-3-smb devstack@keystone.service[81630]: DEBUG keystone.server.flask.request_processing.req_logging [None req-e9f7b0ec-bba8-4eec-8353-7529e038a499 None admin] PATH_INFO: `/v3/roles` {{(pid=81630) log_request_info /opt/stack/keystone/keystone/server/flask/request_processing/req_logging.py:29}}
Sep 04 00:47:42.135113 dv-cinder-master-3-smb devstack@keystone.service[81630]: DEBUG keystone.common.rbac_enforcer.enforcer [None req-e9f7b0ec-bba8-4eec-8353-7529e038a499 None admin] RBAC: Adding query filter params (name=reader) {{(pid=81630) _extract_filter_values /opt/stack/keystone/keystone/common/rbac_enforcer/enforcer.py:167}}
Sep 04 00:47:42.135416 dv-cinder-master-3-smb devstack@keystone.service[81630]: DEBUG keystone.common.rbac_enforcer.enforcer [None req-e9f7b0ec-bba8-4eec-8353-7529e038a499 None admin] RBAC: Authorizing `identity:list_roles()` {{(pid=81630) enforce_call /opt/stack/keystone/keystone/common/rbac_enforcer/enforcer.py:449}}
Sep 04 00:47:42.137007 dv-cinder-master-3-smb devstack@keystone.service[81630]: DEBUG keystone.common.rbac_enforcer.enforcer [None req-e9f7b0ec-bba8-4eec-8353-7529e038a499 None admin] RBAC: Authorization granted {{(pid=81630) enforce_call /opt/stack/keystone/keystone/common/rbac_enforcer/enforcer.py:457}}
Sep 04 00:47:42.146820 dv-cinder-master-3-smb devstack@keystone.service[81630]: [pid: 81630|app: 0|req: 102/194] 10.222.0.27 () {56 vars in 1101 bytes} [Sun Sep 4 00:47:41 2022] GET /identity/v3/roles?name=reader => generated 341 bytes in 148 msecs (HTTP/1.1 200) 5 headers in 177 bytes (1 switches on core 0)
Sep 04 00:47:42.147517 dv-cinder-master-3-smb devstack@keystone.service[81630]: DEBUG keystone.server.flask.request_processing.middleware.auth_context [None req-e9f7b0ec-bba8-4eec-8353-7529e038a499 None admin] Authenticating user token {{(pid=81630) process_request /usr/local/lib/python3.8/dist-packages/keystonemiddleware/auth_token/__init__.py:407}}
Sep 04 00:47:42.169987 dv-cinder-master-3-smb devstack@keystone.service[81629]: DEBUG dbcounter [-] [81629] Writing DB stats keystone:SELECT=100 {{(pid=81629) stat_writer /usr/local/lib/python3.8/dist-packages/dbcounter.py:114}}
Sep 04 00:47:42.250168 dv-cinder-master-3-smb devstack@keystone.service[81629]: DEBUG keystone.server.flask.request_processing.middleware.auth_context [None req-9af403e4-44c2-4bf5-8983-ad40b4f2accf None admin] Validating token access rules against request {{(pid=81629) validate_allowed_request /usr/local/lib/python3.8/dist-packages/keystonemiddleware/auth_token/__init__.py:545}}
Sep 04 00:47:42.274104 dv-cinder-master-3-smb devstack@keystone.service[81630]: DEBUG keystone.server.flask.request_processing.middleware.auth_context [None req-e9f7b0ec-bba8-4eec-8353-7529e038a499 None admin] Validating token access rules against request {{(pid=81630) validate_allowed_request /usr/local/lib/python3.8/dist-packages/keystonemiddleware/auth_token/__init__.py:545}}
Sep 04 00:47:42.291370 dv-cinder-master-3-smb devstack@keystone.service[81629]: DEBUG keystone.server.flask.request_processing.middleware.auth_context [None req-b265c214-a144-4d51-831c-df318274956e None admin] RBAC: auth_context: {'token': , 'domain_id': None, 'trust_id': None, 'trustor_id': None, 'trustee_id': None, 'domain_name': None, 'group_ids': [], 'user_id': '644f0b1b120742d2aca15aeeaa76abcc', 'user_domain_id': 'default', 'system_scope': 'all', 'project_id': None, 'project_domain_id': None, 'roles': ['admin', 'member', 'reader'], 'is_admin_project': True, 'service_user_id': None, 'service_user_domain_id': None, 'service_project_id': None, 'service_project_domain_id': None, 'service_roles': []} {{(pid=81629) fill_context /opt/stack/keystone/keystone/server/flask/request_processing/middleware/auth_context.py:478}}
Sep 04 00:47:42.292298 dv-cinder-master-3-smb devstack@keystone.service[81629]: DEBUG keystone.server.flask.request_processing.req_logging [None req-b265c214-a144-4d51-831c-df318274956e None admin] REQUEST_METHOD: `GET` {{(pid=81629) log_request_info /opt/stack/keystone/keystone/server/flask/request_processing/req_logging.py:27}}
Sep 04 00:47:42.292693 dv-cinder-master-3-smb devstack@keystone.service[81629]: DEBUG keystone.server.flask.request_processing.req_logging [None req-b265c214-a144-4d51-831c-df318274956e None admin] SCRIPT_NAME: `/identity` {{(pid=81629) log_request_info /opt/stack/keystone/keystone/server/flask/request_processing/req_logging.py:28}}
Sep 04 00:47:42.292976 dv-cinder-master-3-smb devstack@keystone.service[81629]: DEBUG keystone.server.flask.request_processing.req_logging [None req-b265c214-a144-4d51-831c-df318274956e None admin] PATH_INFO: `/v3/users/9c6861d39c0949349fb24061ef1c8249` {{(pid=81629) log_request_info /opt/stack/keystone/keystone/server/flask/request_processing/req_logging.py:29}}
Sep 04 00:47:42.309717 dv-cinder-master-3-smb devstack@keystone.service[81629]: DEBUG keystone.common.rbac_enforcer.enforcer [None req-b265c214-a144-4d51-831c-df318274956e None admin] RBAC: Authorizing `identity:get_user(user_id=9c6861d39c0949349fb24061ef1c8249)` {{(pid=81629) enforce_call /opt/stack/keystone/keystone/common/rbac_enforcer/enforcer.py:449}}
Sep 04 00:47:42.312210 dv-cinder-master-3-smb devstack@keystone.service[81629]: DEBUG keystone.common.rbac_enforcer.enforcer [None req-b265c214-a144-4d51-831c-df318274956e None admin] RBAC: Authorization granted {{(pid=81629) enforce_call /opt/stack/keystone/keystone/common/rbac_enforcer/enforcer.py:457}}
Sep 04 00:47:42.313497 dv-cinder-master-3-smb devstack@keystone.service[81629]: [pid: 81629|app: 0|req: 93/195] 10.222.0.27 () {56 vars in 1177 bytes} [Sun Sep 4 00:47:42 2022] GET /identity/v3/users/9c6861d39c0949349fb24061ef1c8249 => generated 283 bytes in 194 msecs (HTTP/1.1 200) 5 headers in 177 bytes (1 switches on core 0)
Sep 04 00:47:42.314077 dv-cinder-master-3-smb devstack@keystone.service[81629]: DEBUG keystone.server.flask.request_processing.middleware.auth_context [None req-b265c214-a144-4d51-831c-df318274956e None admin] Authenticating user token {{(pid=81629) process_request /usr/local/lib/python3.8/dist-packages/keystonemiddleware/auth_token/__init__.py:407}}
Sep 04 00:47:42.314941 dv-cinder-master-3-smb devstack@keystone.service[81630]: DEBUG keystone.server.flask.request_processing.middleware.auth_context [None req-887220ac-b56b-4e50-af60-3d0be47bebbf None admin] RBAC: auth_context: {'token': , 'domain_id': None, 'trust_id': None, 'trustor_id': None, 'trustee_id': None, 'domain_name': None, 'group_ids': [], 'user_id': '644f0b1b120742d2aca15aeeaa76abcc', 'user_domain_id': 'default', 'system_scope': 'all', 'project_id': None, 'project_domain_id': None, 'roles': ['admin', 'member', 'reader'], 'is_admin_project': True, 'service_user_id': None, 'service_user_domain_id': None, 'service_project_id': None, 'service_project_domain_id': None, 'service_roles': []} {{(pid=81630) fill_context /opt/stack/keystone/keystone/server/flask/request_processing/middleware/auth_context.py:478}}
Sep 04 00:47:42.315553 dv-cinder-master-3-smb devstack@keystone.service[81630]: DEBUG keystone.server.flask.request_processing.req_logging [None req-887220ac-b56b-4e50-af60-3d0be47bebbf None admin] REQUEST_METHOD: `GET` {{(pid=81630) log_request_info /opt/stack/keystone/keystone/server/flask/request_processing/req_logging.py:27}}
Sep 04 00:47:42.315830 dv-cinder-master-3-smb devstack@keystone.service[81630]: DEBUG keystone.server.flask.request_processing.req_logging [None req-887220ac-b56b-4e50-af60-3d0be47bebbf None admin] SCRIPT_NAME: `/identity` {{(pid=81630) log_request_info /opt/stack/keystone/keystone/server/flask/request_processing/req_logging.py:28}}
Sep 04 00:47:42.316102 dv-cinder-master-3-smb devstack@keystone.service[81630]: DEBUG keystone.server.flask.request_processing.req_logging [None req-887220ac-b56b-4e50-af60-3d0be47bebbf None admin] PATH_INFO: `/v3/roles` {{(pid=81630) log_request_info /opt/stack/keystone/keystone/server/flask/request_processing/req_logging.py:29}}
Sep 04 00:47:42.318721 dv-cinder-master-3-smb devstack@keystone.service[81630]: DEBUG keystone.common.rbac_enforcer.enforcer [None req-887220ac-b56b-4e50-af60-3d0be47bebbf None admin] RBAC: Adding query filter params (name=anotherrole) {{(pid=81630) _extract_filter_values /opt/stack/keystone/keystone/common/rbac_enforcer/enforcer.py:167}}
Sep 04 00:47:42.318721 dv-cinder-master-3-smb devstack@keystone.service[81630]: DEBUG keystone.common.rbac_enforcer.enforcer [None req-887220ac-b56b-4e50-af60-3d0be47bebbf None admin] RBAC: Authorizing `identity:list_roles()` {{(pid=81630) enforce_call /opt/stack/keystone/keystone/common/rbac_enforcer/enforcer.py:449}}
Sep 04 00:47:42.319827 dv-cinder-master-3-smb devstack@keystone.service[81630]: DEBUG keystone.common.rbac_enforcer.enforcer [None req-887220ac-b56b-4e50-af60-3d0be47bebbf None admin] RBAC: Authorization granted {{(pid=81630) enforce_call /opt/stack/keystone/keystone/common/rbac_enforcer/enforcer.py:457}}
Sep 04 00:47:42.328401 dv-cinder-master-3-smb devstack@keystone.service[81630]: [pid: 81630|app: 0|req: 103/196] 10.222.0.27 () {56 vars in 1111 bytes} [Sun Sep 4 00:47:42 2022] GET /identity/v3/roles?name=anotherrole => generated 334 bytes in 181 msecs (HTTP/1.1 200) 5 headers in 177 bytes (1 switches on core 0)
Sep 04 00:47:42.329246 dv-cinder-master-3-smb devstack@keystone.service[81630]: DEBUG keystone.server.flask.request_processing.middleware.auth_context [None req-887220ac-b56b-4e50-af60-3d0be47bebbf None admin] Authenticating user token {{(pid=81630) process_request /usr/local/lib/python3.8/dist-packages/keystonemiddleware/auth_token/__init__.py:407}}
Sep 04 00:47:42.375488 dv-cinder-master-3-smb devstack@keystone.service[81630]: DEBUG dbcounter [-] [81630] Writing DB stats keystone:SELECT=100 {{(pid=81630) stat_writer /usr/local/lib/python3.8/dist-packages/dbcounter.py:114}}
Sep 04 00:47:42.413134 dv-cinder-master-3-smb devstack@keystone.service[81629]: DEBUG dbcounter [-] [81629] Writing DB stats keystone:SELECT=100 {{(pid=81629) stat_writer /usr/local/lib/python3.8/dist-packages/dbcounter.py:114}}
Sep 04 00:47:42.420134 dv-cinder-master-3-smb devstack@keystone.service[81629]: DEBUG keystone.server.flask.request_processing.middleware.auth_context [None req-b265c214-a144-4d51-831c-df318274956e None admin] Validating token access rules against request {{(pid=81629) validate_allowed_request /usr/local/lib/python3.8/dist-packages/keystonemiddleware/auth_token/__init__.py:545}}
Sep 04 00:47:42.433724 dv-cinder-master-3-smb devstack@keystone.service[81630]: DEBUG keystone.server.flask.request_processing.middleware.auth_context [None req-887220ac-b56b-4e50-af60-3d0be47bebbf None admin] Validating token access rules against request {{(pid=81630) validate_allowed_request /usr/local/lib/python3.8/dist-packages/keystonemiddleware/auth_token/__init__.py:545}}
Sep 04 00:47:42.454225 dv-cinder-master-3-smb devstack@keystone.service[81629]: DEBUG keystone.server.flask.request_processing.middleware.auth_context [None req-b4278530-2162-4be5-858e-9192dcbbbbe6 None admin] RBAC: auth_context: {'token': , 'domain_id': None, 'trust_id': None, 'trustor_id': None, 'trustee_id': None, 'domain_name': None, 'group_ids': [], 'user_id': '644f0b1b120742d2aca15aeeaa76abcc', 'user_domain_id': 'default', 'system_scope': 'all', 'project_id': None, 'project_domain_id': None, 'roles': ['admin', 'member', 'reader'], 'is_admin_project': True, 'service_user_id': None, 'service_user_domain_id': None, 'service_project_id': None, 'service_project_domain_id': None, 'service_roles': []} {{(pid=81629) fill_context /opt/stack/keystone/keystone/server/flask/request_processing/middleware/auth_context.py:478}}
Sep 04 00:47:42.454829 dv-cinder-master-3-smb devstack@keystone.service[81629]: DEBUG keystone.server.flask.request_processing.req_logging [None req-b4278530-2162-4be5-858e-9192dcbbbbe6 None admin] REQUEST_METHOD: `POST` {{(pid=81629) log_request_info /opt/stack/keystone/keystone/server/flask/request_processing/req_logging.py:27}}
Sep 04 00:47:42.455114 dv-cinder-master-3-smb devstack@keystone.service[81629]: DEBUG keystone.server.flask.request_processing.req_logging [None req-b4278530-2162-4be5-858e-9192dcbbbbe6 None admin] SCRIPT_NAME: `/identity` {{(pid=81629) log_request_info /opt/stack/keystone/keystone/server/flask/request_processing/req_logging.py:28}}
Sep 04 00:47:42.455388 dv-cinder-master-3-smb devstack@keystone.service[81629]: DEBUG keystone.server.flask.request_processing.req_logging [None req-b4278530-2162-4be5-858e-9192dcbbbbe6 None admin] PATH_INFO: `/v3/users` {{(pid=81629) log_request_info /opt/stack/keystone/keystone/server/flask/request_processing/req_logging.py:29}}
Sep 04 00:47:42.456040 dv-cinder-master-3-smb devstack@keystone.service[81629]: DEBUG keystone.common.rbac_enforcer.enforcer [None req-b4278530-2162-4be5-858e-9192dcbbbbe6 None admin] RBAC: Authorizing `identity:create_user()` {{(pid=81629) enforce_call /opt/stack/keystone/keystone/common/rbac_enforcer/enforcer.py:449}}
Sep 04 00:47:42.457510 dv-cinder-master-3-smb devstack@keystone.service[81629]: DEBUG keystone.common.rbac_enforcer.enforcer [None req-b4278530-2162-4be5-858e-9192dcbbbbe6 None admin] RBAC: Authorization granted {{(pid=81629) enforce_call /opt/stack/keystone/keystone/common/rbac_enforcer/enforcer.py:457}}
Sep 04 00:47:42.466198 dv-cinder-master-3-smb devstack@keystone.service[81630]: DEBUG keystone.server.flask.request_processing.middleware.auth_context [None req-15c1426b-f973-4ef1-975f-293da580811a None admin] RBAC: auth_context: {'token': , 'domain_id': None, 'trust_id': None, 'trustor_id': None, 'trustee_id': None, 'domain_name': None, 'group_ids': [], 'user_id': '644f0b1b120742d2aca15aeeaa76abcc', 'user_domain_id': 'default', 'system_scope': 'all', 'project_id': None, 'project_domain_id': None, 'roles': ['admin', 'member', 'reader'], 'is_admin_project': True, 'service_user_id': None, 'service_user_domain_id': None, 'service_project_id': None, 'service_project_domain_id': None, 'service_roles': []} {{(pid=81630) fill_context /opt/stack/keystone/keystone/server/flask/request_processing/middleware/auth_context.py:478}}
Sep 04 00:47:42.466824 dv-cinder-master-3-smb devstack@keystone.service[81630]: DEBUG keystone.server.flask.request_processing.req_logging [None req-15c1426b-f973-4ef1-975f-293da580811a None admin] REQUEST_METHOD: `GET` {{(pid=81630) log_request_info /opt/stack/keystone/keystone/server/flask/request_processing/req_logging.py:27}}
Sep 04 00:47:42.467100 dv-cinder-master-3-smb devstack@keystone.service[81630]: DEBUG keystone.server.flask.request_processing.req_logging [None req-15c1426b-f973-4ef1-975f-293da580811a None admin] SCRIPT_NAME: `/identity` {{(pid=81630) log_request_info /opt/stack/keystone/keystone/server/flask/request_processing/req_logging.py:28}}
Sep 04 00:47:42.467368 dv-cinder-master-3-smb devstack@keystone.service[81630]: DEBUG keystone.server.flask.request_processing.req_logging [None req-15c1426b-f973-4ef1-975f-293da580811a None admin] PATH_INFO: `/v3/users/5511ff4386ee4bb38c97add3954b95e0` {{(pid=81630) log_request_info /opt/stack/keystone/keystone/server/flask/request_processing/req_logging.py:29}}
Sep 04 00:47:42.468511 dv-cinder-master-3-smb devstack@keystone.service[81630]: DEBUG keystone.common.rbac_enforcer.enforcer [None req-15c1426b-f973-4ef1-975f-293da580811a None admin] RBAC: Authorizing `identity:get_user(user_id=5511ff4386ee4bb38c97add3954b95e0)` {{(pid=81630) enforce_call /opt/stack/keystone/keystone/common/rbac_enforcer/enforcer.py:449}}
Sep 04 00:47:42.470053 dv-cinder-master-3-smb devstack@keystone.service[81630]: DEBUG keystone.common.rbac_enforcer.enforcer [None req-15c1426b-f973-4ef1-975f-293da580811a None admin] RBAC: Authorization granted {{(pid=81630) enforce_call /opt/stack/keystone/keystone/common/rbac_enforcer/enforcer.py:457}}
Sep 04 00:47:42.471614 dv-cinder-master-3-smb devstack@keystone.service[81630]: [pid: 81630|app: 0|req: 104/197] 10.222.0.27 () {56 vars in 1177 bytes} [Sun Sep 4 00:47:42 2022] GET /identity/v3/users/5511ff4386ee4bb38c97add3954b95e0 => generated 289 bytes in 143 msecs (HTTP/1.1 200) 5 headers in 177 bytes (1 switches on core 0)
Sep 04 00:47:42.472370 dv-cinder-master-3-smb devstack@keystone.service[81630]: DEBUG keystone.server.flask.request_processing.middleware.auth_context [None req-15c1426b-f973-4ef1-975f-293da580811a None admin] Authenticating user token {{(pid=81630) process_request /usr/local/lib/python3.8/dist-packages/keystonemiddleware/auth_token/__init__.py:407}}
Sep 04 00:47:42.543841 dv-cinder-master-3-smb devstack@keystone.service[81629]: [pid: 81629|app: 0|req: 94/198] 10.222.0.27 () {60 vars in 1132 bytes} [Sun Sep 4 00:47:42 2022] POST /identity/v3/users => generated 297 bytes in 230 msecs (HTTP/1.1 201) 5 headers in 182 bytes (1 switches on core 0)
Sep 04 00:47:42.545410 dv-cinder-master-3-smb devstack@keystone.service[81629]: DEBUG keystone.server.flask.request_processing.middleware.auth_context [None req-b4278530-2162-4be5-858e-9192dcbbbbe6 None admin] Authenticating user token {{(pid=81629) process_request /usr/local/lib/python3.8/dist-packages/keystonemiddleware/auth_token/__init__.py:407}}
Sep 04 00:47:42.585675 dv-cinder-master-3-smb devstack@keystone.service[81630]: DEBUG keystone.server.flask.request_processing.middleware.auth_context [None req-15c1426b-f973-4ef1-975f-293da580811a None admin] Validating token access rules against request {{(pid=81630) validate_allowed_request /usr/local/lib/python3.8/dist-packages/keystonemiddleware/auth_token/__init__.py:545}}
Sep 04 00:47:42.599515 dv-cinder-master-3-smb devstack@keystone.service[81630]: DEBUG dbcounter [-] [81630] Writing DB stats keystone:SELECT=100 {{(pid=81630) stat_writer /usr/local/lib/python3.8/dist-packages/dbcounter.py:114}}
Sep 04 00:47:42.625308 dv-cinder-master-3-smb devstack@keystone.service[81630]: DEBUG keystone.server.flask.request_processing.middleware.auth_context [None req-16e11825-852f-43b0-8d62-398b56662f38 None admin] RBAC: auth_context: {'token': , 'domain_id': None, 'trust_id': None, 'trustor_id': None, 'trustee_id': None, 'domain_name': None, 'group_ids': [], 'user_id': '644f0b1b120742d2aca15aeeaa76abcc', 'user_domain_id': 'default', 'system_scope': 'all', 'project_id': None, 'project_domain_id': None, 'roles': ['admin', 'member', 'reader'], 'is_admin_project': True, 'service_user_id': None, 'service_user_domain_id': None, 'service_project_id': None, 'service_project_domain_id': None, 'service_roles': []} {{(pid=81630) fill_context /opt/stack/keystone/keystone/server/flask/request_processing/middleware/auth_context.py:478}}
Sep 04 00:47:42.625928 dv-cinder-master-3-smb devstack@keystone.service[81630]: DEBUG keystone.server.flask.request_processing.req_logging [None req-16e11825-852f-43b0-8d62-398b56662f38 None admin] REQUEST_METHOD: `GET` {{(pid=81630) log_request_info /opt/stack/keystone/keystone/server/flask/request_processing/req_logging.py:27}}
Sep 04 00:47:42.626328 dv-cinder-master-3-smb devstack@keystone.service[81630]: DEBUG keystone.server.flask.request_processing.req_logging [None req-16e11825-852f-43b0-8d62-398b56662f38 None admin] SCRIPT_NAME: `/identity` {{(pid=81630) log_request_info /opt/stack/keystone/keystone/server/flask/request_processing/req_logging.py:28}}
Sep 04 00:47:42.626624 dv-cinder-master-3-smb devstack@keystone.service[81630]: DEBUG keystone.server.flask.request_processing.req_logging [None req-16e11825-852f-43b0-8d62-398b56662f38 None admin] PATH_INFO: `/v3/auth/tokens` {{(pid=81630) log_request_info /opt/stack/keystone/keystone/server/flask/request_processing/req_logging.py:29}}
Sep 04 00:47:42.667531 dv-cinder-master-3-smb devstack@keystone.service[81629]: DEBUG keystone.server.flask.request_processing.middleware.auth_context [None req-b4278530-2162-4be5-858e-9192dcbbbbe6 None admin] Validating token access rules against request {{(pid=81629) validate_allowed_request /usr/local/lib/python3.8/dist-packages/keystonemiddleware/auth_token/__init__.py:545}}
Sep 04 00:47:42.709287 dv-cinder-master-3-smb devstack@keystone.service[81629]: DEBUG keystone.server.flask.request_processing.middleware.auth_context [None req-bcbf26ec-06a9-4739-aee2-8d739ee13632 None admin] RBAC: auth_context: {'token': , 'domain_id': None, 'trust_id': None, 'trustor_id': None, 'trustee_id': None, 'domain_name': None, 'group_ids': [], 'user_id': '644f0b1b120742d2aca15aeeaa76abcc', 'user_domain_id': 'default', 'system_scope': 'all', 'project_id': None, 'project_domain_id': None, 'roles': ['admin', 'member', 'reader'], 'is_admin_project': True, 'service_user_id': None, 'service_user_domain_id': None, 'service_project_id': None, 'service_project_domain_id': None, 'service_roles': []} {{(pid=81629) fill_context /opt/stack/keystone/keystone/server/flask/request_processing/middleware/auth_context.py:478}}
Sep 04 00:47:42.710749 dv-cinder-master-3-smb devstack@keystone.service[81629]: DEBUG keystone.server.flask.request_processing.req_logging [None req-bcbf26ec-06a9-4739-aee2-8d739ee13632 None admin] REQUEST_METHOD: `GET` {{(pid=81629) log_request_info /opt/stack/keystone/keystone/server/flask/request_processing/req_logging.py:27}}
Sep 04 00:47:42.711247 dv-cinder-master-3-smb devstack@keystone.service[81629]: DEBUG keystone.server.flask.request_processing.req_logging [None req-bcbf26ec-06a9-4739-aee2-8d739ee13632 None admin] SCRIPT_NAME: `/identity` {{(pid=81629) log_request_info /opt/stack/keystone/keystone/server/flask/request_processing/req_logging.py:28}}
Sep 04 00:47:42.711685 dv-cinder-master-3-smb devstack@keystone.service[81629]: DEBUG keystone.server.flask.request_processing.req_logging [None req-bcbf26ec-06a9-4739-aee2-8d739ee13632 None admin] PATH_INFO: `/v3/users/9c6861d39c0949349fb24061ef1c8249` {{(pid=81629) log_request_info /opt/stack/keystone/keystone/server/flask/request_processing/req_logging.py:29}}
Sep 04 00:47:42.712091 dv-cinder-master-3-smb devstack@keystone.service[81630]: DEBUG keystone.common.rbac_enforcer.enforcer [None req-16e11825-852f-43b0-8d62-398b56662f38 None admin] RBAC: Authorizing `identity:validate_token()` {{(pid=81630) enforce_call /opt/stack/keystone/keystone/common/rbac_enforcer/enforcer.py:449}}
Sep 04 00:47:42.713230 dv-cinder-master-3-smb devstack@keystone.service[81629]: DEBUG keystone.common.rbac_enforcer.enforcer [None req-bcbf26ec-06a9-4739-aee2-8d739ee13632 None admin] RBAC: Authorizing `identity:get_user(user_id=9c6861d39c0949349fb24061ef1c8249)` {{(pid=81629) enforce_call /opt/stack/keystone/keystone/common/rbac_enforcer/enforcer.py:449}}
Sep 04 00:47:42.713619 dv-cinder-master-3-smb devstack@keystone.service[81630]: DEBUG keystone.common.rbac_enforcer.enforcer [None req-16e11825-852f-43b0-8d62-398b56662f38 None admin] RBAC: Authorization granted {{(pid=81630) enforce_call /opt/stack/keystone/keystone/common/rbac_enforcer/enforcer.py:457}}
Sep 04 00:47:42.714696 dv-cinder-master-3-smb devstack@keystone.service[81629]: DEBUG keystone.common.rbac_enforcer.enforcer [None req-bcbf26ec-06a9-4739-aee2-8d739ee13632 None admin] RBAC: Authorization granted {{(pid=81629) enforce_call /opt/stack/keystone/keystone/common/rbac_enforcer/enforcer.py:457}}
Sep 04 00:47:42.716284 dv-cinder-master-3-smb devstack@keystone.service[81629]: [pid: 81629|app: 0|req: 95/199] 10.222.0.27 () {56 vars in 1177 bytes} [Sun Sep 4 00:47:42 2022] GET /identity/v3/users/9c6861d39c0949349fb24061ef1c8249 => generated 283 bytes in 171 msecs (HTTP/1.1 200) 5 headers in 177 bytes (1 switches on core 0)
Sep 04 00:47:42.717133 dv-cinder-master-3-smb devstack@keystone.service[81629]: DEBUG keystone.server.flask.request_processing.middleware.auth_context [None req-bcbf26ec-06a9-4739-aee2-8d739ee13632 None admin] Authenticating user token {{(pid=81629) process_request /usr/local/lib/python3.8/dist-packages/keystonemiddleware/auth_token/__init__.py:407}}
Sep 04 00:47:42.742538 dv-cinder-master-3-smb devstack@keystone.service[81629]: DEBUG dbcounter [-] [81629] Writing DB stats keystone:SELECT=97,keystone:INSERT=3 {{(pid=81629) stat_writer /usr/local/lib/python3.8/dist-packages/dbcounter.py:114}}
Sep 04 00:47:42.850583 dv-cinder-master-3-smb devstack@keystone.service[81630]: [pid: 81630|app: 0|req: 105/200] 10.222.0.27 () {58 vars in 1282 bytes} [Sun Sep 4 00:47:42 2022] GET /identity/v3/auth/tokens => generated 799 bytes in 378 msecs (HTTP/1.1 200) 6 headers in 358 bytes (1 switches on core 0)
Sep 04 00:47:42.851638 dv-cinder-master-3-smb devstack@keystone.service[81630]: DEBUG keystone.server.flask.request_processing.middleware.auth_context [None req-16e11825-852f-43b0-8d62-398b56662f38 None admin] Authenticating user token {{(pid=81630) process_request /usr/local/lib/python3.8/dist-packages/keystonemiddleware/auth_token/__init__.py:407}}
