Jul 19 11:05:53.104178 dv-cinder-master-3-smb devstack@n-api.service[117848]: INFO nova.api.openstack.compute.server_external_events [req-40111964-c562-4076-8690-92f5c76be3df req-21a745db-0719-4d0b-a417-3b2d0e183319 service nova] Creating event network-changed:9c6dd8b1-7cce-43bf-8bf5-eb23e3ce48fd for instance cec8a5dc-f4e7-438f-a216-08d9a88ff689 on hv-cinder-maste
Jul 19 11:05:53.120810 dv-cinder-master-3-smb devstack@n-api.service[117848]: INFO nova.api.openstack.requestlog [req-40111964-c562-4076-8690-92f5c76be3df req-21a745db-0719-4d0b-a417-3b2d0e183319 service nova] 10.222.0.23 "POST /compute/v2.1/os-server-external-events" status: 200 len: 179 microversion: 2.1 time: 0.082881
Jul 19 11:05:53.123325 dv-cinder-master-3-smb devstack@n-api.service[117848]: [pid: 117848|app: 0|req: 69/163] 10.222.0.23 () {64 vars in 1317 bytes} [Tue Jul 19 11:05:53 2022] POST /compute/v2.1/os-server-external-events => generated 179 bytes in 86 msecs (HTTP/1.1 200) 9 headers in 357 bytes (2 switches on core 0)
Jul 19 11:05:53.305040 dv-cinder-master-3-smb devstack@n-api.service[117849]: DEBUG nova.policy [None req-76ebb700-6fcb-4619-8890-547ae2ae7f4f tempest-VolumesActionsTest-1684967268 tempest-VolumesActionsTest-1684967268-project] Policy check for os_compute_api:os-extended-server-attributes failed with credentials {'is_admin': False, 'user_id': 'cde8dab4466b4f0abf5cc51065995df7', 'user_domain_id': 'default', 'system_scope': None, 'domain_id': None, 'project_id': '18a7f65b3c85416c93f97bbf718b8cd3', 'project_domain_id': 'default', 'roles': ['reader', 'member'], 'is_admin_project': True, 'service_user_id': None, 'service_user_domain_id': None, 'service_project_id': None, 'service_project_domain_id': None, 'service_roles': []} {{(pid=117849) authorize /opt/stack/nova/nova/policy.py:199}}
Jul 19 11:05:53.338383 dv-cinder-master-3-smb devstack@n-api.service[117849]: INFO nova.api.openstack.requestlog [None req-76ebb700-6fcb-4619-8890-547ae2ae7f4f tempest-VolumesActionsTest-1684967268 tempest-VolumesActionsTest-1684967268-project] 10.222.0.23 "GET /compute/v2.1/servers/f3de3680-c7f2-4dff-a1f6-a87fbe68d011" status: 200 len: 1504 microversion: 2.1 time: 0.454914
Jul 19 11:05:53.341586 dv-cinder-master-3-smb devstack@n-api.service[117849]: [pid: 117849|app: 0|req: 95/164] 10.222.0.23 () {58 vars in 1235 bytes} [Tue Jul 19 11:05:52 2022] GET /compute/v2.1/servers/f3de3680-c7f2-4dff-a1f6-a87fbe68d011 => generated 1504 bytes in 460 msecs (HTTP/1.1 200) 9 headers in 358 bytes (1 switches on core 0)
Jul 19 11:05:53.567973 dv-cinder-master-3-smb devstack@n-api.service[117848]: DEBUG nova.api.openstack.wsgi [None req-c9836d8d-df63-4c97-85a7-4c7eecb39ad5 tempest-VolumesNegativeTest-97973331 tempest-VolumesNegativeTest-97973331-project] Calling method '>' {{(pid=117848) _process_stack /opt/stack/nova/nova/api/openstack/wsgi.py:513}}
Jul 19 11:05:53.568723 dv-cinder-master-3-smb devstack@n-api.service[117848]: DEBUG nova.compute.api [None req-c9836d8d-df63-4c97-85a7-4c7eecb39ad5 tempest-VolumesNegativeTest-97973331 tempest-VolumesNegativeTest-97973331-project] [instance: cec8a5dc-f4e7-438f-a216-08d9a88ff689] Fetching instance by UUID {{(pid=117848) get /opt/stack/nova/nova/compute/api.py:2920}}
Jul 19 11:05:53.580312 dv-cinder-master-3-smb devstack@n-api.service[117848]: DEBUG oslo_concurrency.lockutils [None req-c9836d8d-df63-4c97-85a7-4c7eecb39ad5 tempest-VolumesNegativeTest-97973331 tempest-VolumesNegativeTest-97973331-project] Lock "6862818e-e4b5-4bd0-a49a-6b2faec38f5a" acquired by "nova.context.set_target_cell..get_or_set_cached_cell_and_set_connections" :: waited 0.000s {{(pid=117848) inner /usr/local/lib/python3.8/dist-packages/oslo_concurrency/lockutils.py:386}}
Jul 19 11:05:53.580761 dv-cinder-master-3-smb devstack@n-api.service[117848]: DEBUG oslo_concurrency.lockutils [None req-c9836d8d-df63-4c97-85a7-4c7eecb39ad5 tempest-VolumesNegativeTest-97973331 tempest-VolumesNegativeTest-97973331-project] Lock "6862818e-e4b5-4bd0-a49a-6b2faec38f5a" "released" by "nova.context.set_target_cell..get_or_set_cached_cell_and_set_connections" :: held 0.001s {{(pid=117848) inner /usr/local/lib/python3.8/dist-packages/oslo_concurrency/lockutils.py:400}}
Jul 19 11:05:53.587094 dv-cinder-master-3-smb devstack@n-api.service[117848]: DEBUG oslo_concurrency.lockutils [None req-c9836d8d-df63-4c97-85a7-4c7eecb39ad5 tempest-VolumesNegativeTest-97973331 tempest-VolumesNegativeTest-97973331-project] Lock "6862818e-e4b5-4bd0-a49a-6b2faec38f5a" acquired by "nova.context.set_target_cell..get_or_set_cached_cell_and_set_connections" :: waited 0.000s {{(pid=117848) inner /usr/local/lib/python3.8/dist-packages/oslo_concurrency/lockutils.py:386}}
Jul 19 11:05:53.591297 dv-cinder-master-3-smb devstack@n-api.service[117848]: DEBUG oslo_concurrency.lockutils [None req-c9836d8d-df63-4c97-85a7-4c7eecb39ad5 tempest-VolumesNegativeTest-97973331 tempest-VolumesNegativeTest-97973331-project] Lock "6862818e-e4b5-4bd0-a49a-6b2faec38f5a" "released" by "nova.context.set_target_cell..get_or_set_cached_cell_and_set_connections" :: held 0.002s {{(pid=117848) inner /usr/local/lib/python3.8/dist-packages/oslo_concurrency/lockutils.py:400}}
Jul 19 11:05:53.661470 dv-cinder-master-3-smb devstack@n-api.service[117849]: DEBUG nova.api.openstack.wsgi [None req-67308733-f0da-42ae-9366-440799f9c6af tempest-AttachVolumeNegativeTest-1467285622 tempest-AttachVolumeNegativeTest-1467285622-project] Action: 'create', calling method: >, body: {"server": {"name": "tempest-AttachVolumeNegativeTest-server-478311949", "imageRef": "18c390a7-0ebb-410a-8b84-7a7be3f5e20d", "flavorRef": "452", "adminPass": "***", "networks": [{"uuid": "28537b26-1f3c-4ac3-89e0-709f4905781c"}], "security_groups": [{"name": "tempest-securitygroup--368687487"}], "key_name": "tempest-keypair-1022314825", "user_data": "}} {{(pid=117849) _process_stack /opt/stack/nova/nova/api/openstack/wsgi.py:511}}
Jul 19 11:05:53.834295 dv-cinder-master-3-smb devstack@n-api.service[117848]: DEBUG nova.policy [None req-c9836d8d-df63-4c97-85a7-4c7eecb39ad5 tempest-VolumesNegativeTest-97973331 tempest-VolumesNegativeTest-97973331-project] Policy check for os_compute_api:os-extended-server-attributes failed with credentials {'is_admin': False, 'user_id': 'a30b7e4fab6a41ccb2475ea95f6aba4f', 'user_domain_id': 'default', 'system_scope': None, 'domain_id': None, 'project_id': '973495a1036e40b88f47d63961812ca5', 'project_domain_id': 'default', 'roles': ['reader', 'member'], 'is_admin_project': True, 'service_user_id': None, 'service_user_domain_id': None, 'service_project_id': None, 'service_project_domain_id': None, 'service_roles': []} {{(pid=117848) authorize /opt/stack/nova/nova/policy.py:199}}
Jul 19 11:05:53.848141 dv-cinder-master-3-smb devstack@n-api.service[117848]: INFO nova.api.openstack.requestlog [None req-c9836d8d-df63-4c97-85a7-4c7eecb39ad5 tempest-VolumesNegativeTest-97973331 tempest-VolumesNegativeTest-97973331-project] 10.222.0.23 "GET /compute/v2.1/servers/cec8a5dc-f4e7-438f-a216-08d9a88ff689" status: 200 len: 1315 microversion: 2.1 time: 0.282595
Jul 19 11:05:53.850014 dv-cinder-master-3-smb devstack@n-api.service[117848]: [pid: 117848|app: 0|req: 70/165] 10.222.0.23 () {58 vars in 1235 bytes} [Tue Jul 19 11:05:53 2022] GET /compute/v2.1/servers/cec8a5dc-f4e7-438f-a216-08d9a88ff689 => generated 1315 bytes in 288 msecs (HTTP/1.1 200) 9 headers in 358 bytes (1 switches on core 0)
Jul 19 11:05:53.863036 dv-cinder-master-3-smb devstack@n-api.service[117848]: DEBUG nova.api.openstack.wsgi [None req-f8e28c8d-bb71-4293-917c-046676b01041 tempest-ServerRescueNegativeTestJSON-1180176474 tempest-ServerRescueNegativeTestJSON-1180176474-project] Calling method '>' {{(pid=117848) _process_stack /opt/stack/nova/nova/api/openstack/wsgi.py:513}}
Jul 19 11:05:53.863931 dv-cinder-master-3-smb devstack@n-api.service[117848]: DEBUG nova.compute.api [None req-f8e28c8d-bb71-4293-917c-046676b01041 tempest-ServerRescueNegativeTestJSON-1180176474 tempest-ServerRescueNegativeTestJSON-1180176474-project] [instance: 95b21615-65d0-4e1a-b2c2-0ee27cd67566] Fetching instance by UUID {{(pid=117848) get /opt/stack/nova/nova/compute/api.py:2920}}
Jul 19 11:05:53.871907 dv-cinder-master-3-smb devstack@n-api.service[117848]: DEBUG oslo_concurrency.lockutils [None req-f8e28c8d-bb71-4293-917c-046676b01041 tempest-ServerRescueNegativeTestJSON-1180176474 tempest-ServerRescueNegativeTestJSON-1180176474-project] Lock "6862818e-e4b5-4bd0-a49a-6b2faec38f5a" acquired by "nova.context.set_target_cell..get_or_set_cached_cell_and_set_connections" :: waited 0.000s {{(pid=117848) inner /usr/local/lib/python3.8/dist-packages/oslo_concurrency/lockutils.py:386}}
Jul 19 11:05:53.872663 dv-cinder-master-3-smb devstack@n-api.service[117848]: DEBUG oslo_concurrency.lockutils [None req-f8e28c8d-bb71-4293-917c-046676b01041 tempest-ServerRescueNegativeTestJSON-1180176474 tempest-ServerRescueNegativeTestJSON-1180176474-project] Lock "6862818e-e4b5-4bd0-a49a-6b2faec38f5a" "released" by "nova.context.set_target_cell..get_or_set_cached_cell_and_set_connections" :: held 0.001s {{(pid=117848) inner /usr/local/lib/python3.8/dist-packages/oslo_concurrency/lockutils.py:400}}
Jul 19 11:05:53.873633 dv-cinder-master-3-smb devstack@n-api.service[117848]: DEBUG oslo_concurrency.lockutils [None req-f8e28c8d-bb71-4293-917c-046676b01041 tempest-ServerRescueNegativeTestJSON-1180176474 tempest-ServerRescueNegativeTestJSON-1180176474-project] Lock "6862818e-e4b5-4bd0-a49a-6b2faec38f5a" acquired by "nova.context.set_target_cell..get_or_set_cached_cell_and_set_connections" :: waited 0.000s {{(pid=117848) inner /usr/local/lib/python3.8/dist-packages/oslo_concurrency/lockutils.py:386}}
Jul 19 11:05:53.874766 dv-cinder-master-3-smb devstack@n-api.service[117848]: DEBUG oslo_concurrency.lockutils [None req-f8e28c8d-bb71-4293-917c-046676b01041 tempest-ServerRescueNegativeTestJSON-1180176474 tempest-ServerRescueNegativeTestJSON-1180176474-project] Lock "6862818e-e4b5-4bd0-a49a-6b2faec38f5a" "released" by "nova.context.set_target_cell..get_or_set_cached_cell_and_set_connections" :: held 0.001s {{(pid=117848) inner /usr/local/lib/python3.8/dist-packages/oslo_concurrency/lockutils.py:400}}
Jul 19 11:05:53.895346 dv-cinder-master-3-smb devstack@n-api.service[117849]: DEBUG nova.network.neutron [None req-67308733-f0da-42ae-9366-440799f9c6af tempest-AttachVolumeNegativeTest-1467285622 tempest-AttachVolumeNegativeTest-1467285622-project] validate_networks() for [('28537b26-1f3c-4ac3-89e0-709f4905781c', None, None, None, None, None)] {{(pid=117849) validate_networks /opt/stack/nova/nova/network/neutron.py:2626}}
Jul 19 11:05:54.109504 dv-cinder-master-3-smb devstack@n-api.service[117848]: DEBUG nova.policy [None req-f8e28c8d-bb71-4293-917c-046676b01041 tempest-ServerRescueNegativeTestJSON-1180176474 tempest-ServerRescueNegativeTestJSON-1180176474-project] Policy check for os_compute_api:os-extended-server-attributes failed with credentials {'is_admin': False, 'user_id': '6bd130344b244e45b2cf6282c786d882', 'user_domain_id': 'default', 'system_scope': None, 'domain_id': None, 'project_id': '04d8db3560b44cfeac1ab307ea5685ff', 'project_domain_id': 'default', 'roles': ['reader', 'member'], 'is_admin_project': True, 'service_user_id': None, 'service_user_domain_id': None, 'service_project_id': None, 'service_project_domain_id': None, 'service_roles': []} {{(pid=117848) authorize /opt/stack/nova/nova/policy.py:199}}
Jul 19 11:05:54.118900 dv-cinder-master-3-smb devstack@n-api.service[117848]: INFO nova.api.openstack.requestlog [None req-f8e28c8d-bb71-4293-917c-046676b01041 tempest-ServerRescueNegativeTestJSON-1180176474 tempest-ServerRescueNegativeTestJSON-1180176474-project] 10.222.0.23 "GET /compute/v2.1/servers/95b21615-65d0-4e1a-b2c2-0ee27cd67566" status: 200 len: 1520 microversion: 2.1 time: 0.264840
Jul 19 11:05:54.119818 dv-cinder-master-3-smb devstack@n-api.service[117848]: [pid: 117848|app: 0|req: 71/166] 10.222.0.23 () {58 vars in 1235 bytes} [Tue Jul 19 11:05:53 2022] GET /compute/v2.1/servers/95b21615-65d0-4e1a-b2c2-0ee27cd67566 => generated 1520 bytes in 269 msecs (HTTP/1.1 200) 9 headers in 358 bytes (1 switches on core 0)
Jul 19 11:05:54.360242 dv-cinder-master-3-smb devstack@n-api.service[117848]: DEBUG nova.api.openstack.wsgi [None req-0ef69dfc-ef1d-4378-ba26-cca0c65758a2 tempest-VolumesActionsTest-1684967268 tempest-VolumesActionsTest-1684967268-project] Calling method '>' {{(pid=117848) _process_stack /opt/stack/nova/nova/api/openstack/wsgi.py:513}}
Jul 19 11:05:54.361073 dv-cinder-master-3-smb devstack@n-api.service[117848]: DEBUG nova.compute.api [None req-0ef69dfc-ef1d-4378-ba26-cca0c65758a2 tempest-VolumesActionsTest-1684967268 tempest-VolumesActionsTest-1684967268-project] [instance: f3de3680-c7f2-4dff-a1f6-a87fbe68d011] Fetching instance by UUID {{(pid=117848) get /opt/stack/nova/nova/compute/api.py:2920}}
Jul 19 11:05:54.368866 dv-cinder-master-3-smb devstack@n-api.service[117848]: DEBUG oslo_concurrency.lockutils [None req-0ef69dfc-ef1d-4378-ba26-cca0c65758a2 tempest-VolumesActionsTest-1684967268 tempest-VolumesActionsTest-1684967268-project] Lock "6862818e-e4b5-4bd0-a49a-6b2faec38f5a" acquired by "nova.context.set_target_cell..get_or_set_cached_cell_and_set_connections" :: waited 0.000s {{(pid=117848) inner /usr/local/lib/python3.8/dist-packages/oslo_concurrency/lockutils.py:386}}
Jul 19 11:05:54.369836 dv-cinder-master-3-smb devstack@n-api.service[117848]: DEBUG oslo_concurrency.lockutils [None req-0ef69dfc-ef1d-4378-ba26-cca0c65758a2 tempest-VolumesActionsTest-1684967268 tempest-VolumesActionsTest-1684967268-project] Lock "6862818e-e4b5-4bd0-a49a-6b2faec38f5a" "released" by "nova.context.set_target_cell..get_or_set_cached_cell_and_set_connections" :: held 0.001s {{(pid=117848) inner /usr/local/lib/python3.8/dist-packages/oslo_concurrency/lockutils.py:400}}
Jul 19 11:05:54.370787 dv-cinder-master-3-smb devstack@n-api.service[117848]: DEBUG oslo_concurrency.lockutils [None req-0ef69dfc-ef1d-4378-ba26-cca0c65758a2 tempest-VolumesActionsTest-1684967268 tempest-VolumesActionsTest-1684967268-project] Lock "6862818e-e4b5-4bd0-a49a-6b2faec38f5a" acquired by "nova.context.set_target_cell..get_or_set_cached_cell_and_set_connections" :: waited 0.000s {{(pid=117848) inner /usr/local/lib/python3.8/dist-packages/oslo_concurrency/lockutils.py:386}}
Jul 19 11:05:54.371419 dv-cinder-master-3-smb devstack@n-api.service[117848]: DEBUG oslo_concurrency.lockutils [None req-0ef69dfc-ef1d-4378-ba26-cca0c65758a2 tempest-VolumesActionsTest-1684967268 tempest-VolumesActionsTest-1684967268-project] Lock "6862818e-e4b5-4bd0-a49a-6b2faec38f5a" "released" by "nova.context.set_target_cell..get_or_set_cached_cell_and_set_connections" :: held 0.001s {{(pid=117848) inner /usr/local/lib/python3.8/dist-packages/oslo_concurrency/lockutils.py:400}}
Jul 19 11:05:54.828951 dv-cinder-master-3-smb devstack@n-api.service[117848]: DEBUG nova.policy [None req-0ef69dfc-ef1d-4378-ba26-cca0c65758a2 tempest-VolumesActionsTest-1684967268 tempest-VolumesActionsTest-1684967268-project] Policy check for os_compute_api:os-extended-server-attributes failed with credentials {'is_admin': False, 'user_id': 'cde8dab4466b4f0abf5cc51065995df7', 'user_domain_id': 'default', 'system_scope': None, 'domain_id': None, 'project_id': '18a7f65b3c85416c93f97bbf718b8cd3', 'project_domain_id': 'default', 'roles': ['reader', 'member'], 'is_admin_project': True, 'service_user_id': None, 'service_user_domain_id': None, 'service_project_id': None, 'service_project_domain_id': None, 'service_roles': []} {{(pid=117848) authorize /opt/stack/nova/nova/policy.py:199}}
Jul 19 11:05:54.839149 dv-cinder-master-3-smb devstack@n-api.service[117848]: INFO nova.api.openstack.requestlog [None req-0ef69dfc-ef1d-4378-ba26-cca0c65758a2 tempest-VolumesActionsTest-1684967268 tempest-VolumesActionsTest-1684967268-project] 10.222.0.23 "GET /compute/v2.1/servers/f3de3680-c7f2-4dff-a1f6-a87fbe68d011" status: 200 len: 1504 microversion: 2.1 time: 0.483213
Jul 19 11:05:54.841255 dv-cinder-master-3-smb devstack@n-api.service[117848]: [pid: 117848|app: 0|req: 72/167] 10.222.0.23 () {58 vars in 1235 bytes} [Tue Jul 19 11:05:54 2022] GET /compute/v2.1/servers/f3de3680-c7f2-4dff-a1f6-a87fbe68d011 => generated 1504 bytes in 486 msecs (HTTP/1.1 200) 9 headers in 358 bytes (1 switches on core 0)
Jul 19 11:05:54.866149 dv-cinder-master-3-smb devstack@n-api.service[117848]: DEBUG nova.api.openstack.wsgi [None req-60e817a4-784d-4564-ab34-44b50a3665e1 tempest-VolumesNegativeTest-97973331 tempest-VolumesNegativeTest-97973331-project] Calling method '>' {{(pid=117848) _process_stack /opt/stack/nova/nova/api/openstack/wsgi.py:513}}
Jul 19 11:05:54.867116 dv-cinder-master-3-smb devstack@n-api.service[117848]: DEBUG nova.compute.api [None req-60e817a4-784d-4564-ab34-44b50a3665e1 tempest-VolumesNegativeTest-97973331 tempest-VolumesNegativeTest-97973331-project] [instance: cec8a5dc-f4e7-438f-a216-08d9a88ff689] Fetching instance by UUID {{(pid=117848) get /opt/stack/nova/nova/compute/api.py:2920}}
Jul 19 11:05:54.873649 dv-cinder-master-3-smb devstack@n-api.service[117848]: DEBUG oslo_concurrency.lockutils [None req-60e817a4-784d-4564-ab34-44b50a3665e1 tempest-VolumesNegativeTest-97973331 tempest-VolumesNegativeTest-97973331-project] Lock "6862818e-e4b5-4bd0-a49a-6b2faec38f5a" acquired by "nova.context.set_target_cell..get_or_set_cached_cell_and_set_connections" :: waited 0.000s {{(pid=117848) inner /usr/local/lib/python3.8/dist-packages/oslo_concurrency/lockutils.py:386}}
Jul 19 11:05:54.874449 dv-cinder-master-3-smb devstack@n-api.service[117848]: DEBUG oslo_concurrency.lockutils [None req-60e817a4-784d-4564-ab34-44b50a3665e1 tempest-VolumesNegativeTest-97973331 tempest-VolumesNegativeTest-97973331-project] Lock "6862818e-e4b5-4bd0-a49a-6b2faec38f5a" "released" by "nova.context.set_target_cell..get_or_set_cached_cell_and_set_connections" :: held 0.001s {{(pid=117848) inner /usr/local/lib/python3.8/dist-packages/oslo_concurrency/lockutils.py:400}}
Jul 19 11:05:54.875429 dv-cinder-master-3-smb devstack@n-api.service[117848]: DEBUG oslo_concurrency.lockutils [None req-60e817a4-784d-4564-ab34-44b50a3665e1 tempest-VolumesNegativeTest-97973331 tempest-VolumesNegativeTest-97973331-project] Lock "6862818e-e4b5-4bd0-a49a-6b2faec38f5a" acquired by "nova.context.set_target_cell..get_or_set_cached_cell_and_set_connections" :: waited 0.000s {{(pid=117848) inner /usr/local/lib/python3.8/dist-packages/oslo_concurrency/lockutils.py:386}}
Jul 19 11:05:54.876072 dv-cinder-master-3-smb devstack@n-api.service[117848]: DEBUG oslo_concurrency.lockutils [None req-60e817a4-784d-4564-ab34-44b50a3665e1 tempest-VolumesNegativeTest-97973331 tempest-VolumesNegativeTest-97973331-project] Lock "6862818e-e4b5-4bd0-a49a-6b2faec38f5a" "released" by "nova.context.set_target_cell..get_or_set_cached_cell_and_set_connections" :: held 0.001s {{(pid=117848) inner /usr/local/lib/python3.8/dist-packages/oslo_concurrency/lockutils.py:400}}
Jul 19 11:05:54.931032 dv-cinder-master-3-smb devstack@n-api.service[117849]: DEBUG nova.virt.hardware [None req-67308733-f0da-42ae-9366-440799f9c6af tempest-AttachVolumeNegativeTest-1467285622 tempest-AttachVolumeNegativeTest-1467285622-project] Flavor limits 0:0:0 {{(pid=117849) get_cpu_topology_constraints /opt/stack/nova/nova/virt/hardware.py:343}}
Jul 19 11:05:54.931587 dv-cinder-master-3-smb devstack@n-api.service[117849]: DEBUG nova.virt.hardware [None req-67308733-f0da-42ae-9366-440799f9c6af tempest-AttachVolumeNegativeTest-1467285622 tempest-AttachVolumeNegativeTest-1467285622-project] Image limits 0:0:0 {{(pid=117849) get_cpu_topology_constraints /opt/stack/nova/nova/virt/hardware.py:347}}
Jul 19 11:05:54.932194 dv-cinder-master-3-smb devstack@n-api.service[117849]: DEBUG nova.virt.hardware [None req-67308733-f0da-42ae-9366-440799f9c6af tempest-AttachVolumeNegativeTest-1467285622 tempest-AttachVolumeNegativeTest-1467285622-project] Flavor pref 0:0:0 {{(pid=117849) get_cpu_topology_constraints /opt/stack/nova/nova/virt/hardware.py:383}}
Jul 19 11:05:54.932719 dv-cinder-master-3-smb devstack@n-api.service[117849]: DEBUG nova.virt.hardware [None req-67308733-f0da-42ae-9366-440799f9c6af tempest-AttachVolumeNegativeTest-1467285622 tempest-AttachVolumeNegativeTest-1467285622-project] Image pref 0:0:0 {{(pid=117849) get_cpu_topology_constraints /opt/stack/nova/nova/virt/hardware.py:387}}
Jul 19 11:05:54.933227 dv-cinder-master-3-smb devstack@n-api.service[117849]: DEBUG nova.virt.hardware [None req-67308733-f0da-42ae-9366-440799f9c6af tempest-AttachVolumeNegativeTest-1467285622 tempest-AttachVolumeNegativeTest-1467285622-project] Chose sockets=0, cores=0, threads=0; limits were sockets=65536, cores=65536, threads=65536 {{(pid=117849) get_cpu_topology_constraints /opt/stack/nova/nova/virt/hardware.py:425}}
Jul 19 11:05:54.952555 dv-cinder-master-3-smb devstack@n-api.service[117849]: DEBUG oslo_concurrency.lockutils [None req-67308733-f0da-42ae-9366-440799f9c6af tempest-AttachVolumeNegativeTest-1467285622 tempest-AttachVolumeNegativeTest-1467285622-project] Lock "00000000-0000-0000-0000-000000000000" acquired by "nova.context.set_target_cell..get_or_set_cached_cell_and_set_connections" :: waited 0.000s {{(pid=117849) inner /usr/local/lib/python3.8/dist-packages/oslo_concurrency/lockutils.py:386}}
Jul 19 11:05:54.955320 dv-cinder-master-3-smb devstack@n-api.service[117849]: DEBUG oslo_concurrency.lockutils [None req-67308733-f0da-42ae-9366-440799f9c6af tempest-AttachVolumeNegativeTest-1467285622 tempest-AttachVolumeNegativeTest-1467285622-project] Lock "00000000-0000-0000-0000-000000000000" "released" by "nova.context.set_target_cell..get_or_set_cached_cell_and_set_connections" :: held 0.003s {{(pid=117849) inner /usr/local/lib/python3.8/dist-packages/oslo_concurrency/lockutils.py:400}}
Jul 19 11:05:54.956313 dv-cinder-master-3-smb devstack@n-api.service[117849]: DEBUG oslo_concurrency.lockutils [None req-67308733-f0da-42ae-9366-440799f9c6af tempest-AttachVolumeNegativeTest-1467285622 tempest-AttachVolumeNegativeTest-1467285622-project] Lock "6862818e-e4b5-4bd0-a49a-6b2faec38f5a" acquired by "nova.context.set_target_cell..get_or_set_cached_cell_and_set_connections" :: waited 0.000s {{(pid=117849) inner /usr/local/lib/python3.8/dist-packages/oslo_concurrency/lockutils.py:386}}
Jul 19 11:05:54.957197 dv-cinder-master-3-smb devstack@n-api.service[117849]: DEBUG oslo_concurrency.lockutils [None req-67308733-f0da-42ae-9366-440799f9c6af tempest-AttachVolumeNegativeTest-1467285622 tempest-AttachVolumeNegativeTest-1467285622-project] Lock "6862818e-e4b5-4bd0-a49a-6b2faec38f5a" "released" by "nova.context.set_target_cell..get_or_set_cached_cell_and_set_connections" :: held 0.000s {{(pid=117849) inner /usr/local/lib/python3.8/dist-packages/oslo_concurrency/lockutils.py:400}}
Jul 19 11:05:54.995469 dv-cinder-master-3-smb devstack@n-api.service[117849]: DEBUG nova.quota [None req-67308733-f0da-42ae-9366-440799f9c6af tempest-AttachVolumeNegativeTest-1467285622 tempest-AttachVolumeNegativeTest-1467285622-project] Getting quotas for project df409ba2126c48ff918ec14353431212. Resources: {'instances', 'cores', 'ram'} {{(pid=117849) _get_quotas /opt/stack/nova/nova/quota.py:393}}
Jul 19 11:05:54.999984 dv-cinder-master-3-smb devstack@n-api.service[117849]: DEBUG nova.quota [None req-67308733-f0da-42ae-9366-440799f9c6af tempest-AttachVolumeNegativeTest-1467285622 tempest-AttachVolumeNegativeTest-1467285622-project] Getting quotas for user c1ee379ee6f74138a08af9c3fe8d7d7d and project df409ba2126c48ff918ec14353431212. Resources: {'instances', 'cores', 'ram'} {{(pid=117849) _get_quotas /opt/stack/nova/nova/quota.py:383}}
Jul 19 11:05:55.012410 dv-cinder-master-3-smb devstack@n-api.service[117849]: DEBUG nova.compute.api [None req-67308733-f0da-42ae-9366-440799f9c6af tempest-AttachVolumeNegativeTest-1467285622 tempest-AttachVolumeNegativeTest-1467285622-project] Going to run 1 instances... {{(pid=117849) _provision_instances /opt/stack/nova/nova/compute/api.py:1389}}
Jul 19 11:05:55.014995 dv-cinder-master-3-smb devstack@n-api.service[117849]: DEBUG nova.compute.api [None req-67308733-f0da-42ae-9366-440799f9c6af tempest-AttachVolumeNegativeTest-1467285622 tempest-AttachVolumeNegativeTest-1467285622-project] [instance: 63b7ad84-e3e5-498c-9bd5-a4ff02b1ad4d] block_device_mapping [BlockDeviceMapping(attachment_id=,boot_index=0,connection_info=None,created_at=,delete_on_termination=True,deleted=,deleted_at=,destination_type='local',device_name=None,device_type='disk',disk_bus=None,guest_format=None,id=,image_id='18c390a7-0ebb-410a-8b84-7a7be3f5e20d',instance=,instance_uuid=,no_device=False,snapshot_id=None,source_type='image',tag=None,updated_at=,uuid=,volume_id=None,volume_size=None,volume_type=None)] {{(pid=117849) _bdm_validate_set_size_and_instance /opt/stack/nova/nova/compute/api.py:1807}}
Jul 19 11:05:55.093618 dv-cinder-master-3-smb devstack@n-api.service[117849]: INFO nova.api.openstack.requestlog [None req-67308733-f0da-42ae-9366-440799f9c6af tempest-AttachVolumeNegativeTest-1467285622 tempest-AttachVolumeNegativeTest-1467285622-project] 10.222.0.23 "POST /compute/v2.1/servers" status: 202 len: 401 microversion: 2.1 time: 1.438734
Jul 19 11:05:55.094602 dv-cinder-master-3-smb devstack@n-api.service[117849]: [pid: 117849|app: 0|req: 96/168] 10.222.0.23 () {60 vars in 1146 bytes} [Tue Jul 19 11:05:53 2022] POST /compute/v2.1/servers => generated 401 bytes in 1441 msecs (HTTP/1.1 202) 10 headers in 451 bytes (1 switches on core 0)
Jul 19 11:05:55.110792 dv-cinder-master-3-smb devstack@n-api.service[117849]: DEBUG nova.api.openstack.wsgi [None req-edcce6e7-1300-4440-be00-4bdf938bcc9e tempest-AttachVolumeNegativeTest-1467285622 tempest-AttachVolumeNegativeTest-1467285622-project] Calling method '>' {{(pid=117849) _process_stack /opt/stack/nova/nova/api/openstack/wsgi.py:513}}
Jul 19 11:05:55.111449 dv-cinder-master-3-smb devstack@n-api.service[117849]: DEBUG nova.compute.api [None req-edcce6e7-1300-4440-be00-4bdf938bcc9e tempest-AttachVolumeNegativeTest-1467285622 tempest-AttachVolumeNegativeTest-1467285622-project] [instance: 63b7ad84-e3e5-498c-9bd5-a4ff02b1ad4d] Fetching instance by UUID {{(pid=117849) get /opt/stack/nova/nova/compute/api.py:2920}}
Jul 19 11:05:55.224856 dv-cinder-master-3-smb devstack@n-api.service[117849]: DEBUG nova.policy [None req-edcce6e7-1300-4440-be00-4bdf938bcc9e tempest-AttachVolumeNegativeTest-1467285622 tempest-AttachVolumeNegativeTest-1467285622-project] Policy check for os_compute_api:os-extended-server-attributes failed with credentials {'is_admin': False, 'user_id': 'c1ee379ee6f74138a08af9c3fe8d7d7d', 'user_domain_id': 'default', 'system_scope': None, 'domain_id': None, 'project_id': 'df409ba2126c48ff918ec14353431212', 'project_domain_id': 'default', 'roles': ['reader', 'member'], 'is_admin_project': True, 'service_user_id': None, 'service_user_domain_id': None, 'service_project_id': None, 'service_project_domain_id': None, 'service_roles': []} {{(pid=117849) authorize /opt/stack/nova/nova/policy.py:199}}
Jul 19 11:05:55.242233 dv-cinder-master-3-smb devstack@n-api.service[117849]: INFO nova.api.openstack.requestlog [None req-edcce6e7-1300-4440-be00-4bdf938bcc9e tempest-AttachVolumeNegativeTest-1467285622 tempest-AttachVolumeNegativeTest-1467285622-project] 10.222.0.23 "GET /compute/v2.1/servers/63b7ad84-e3e5-498c-9bd5-a4ff02b1ad4d" status: 200 len: 1241 microversion: 2.1 time: 0.140773
Jul 19 11:05:55.247998 dv-cinder-master-3-smb devstack@n-api.service[117849]: [pid: 117849|app: 0|req: 97/169] 10.222.0.23 () {58 vars in 1235 bytes} [Tue Jul 19 11:05:55 2022] GET /compute/v2.1/servers/63b7ad84-e3e5-498c-9bd5-a4ff02b1ad4d => generated 1241 bytes in 147 msecs (HTTP/1.1 200) 9 headers in 358 bytes (1 switches on core 0)
Jul 19 11:05:55.264542 dv-cinder-master-3-smb devstack@n-api.service[117849]: DEBUG nova.api.openstack.wsgi [None req-b54c5c0f-5b0f-4b7b-b8a4-866e84f64175 tempest-ServerRescueNegativeTestJSON-1180176474 tempest-ServerRescueNegativeTestJSON-1180176474-project] Calling method '>' {{(pid=117849) _process_stack /opt/stack/nova/nova/api/openstack/wsgi.py:513}}
Jul 19 11:05:55.265160 dv-cinder-master-3-smb devstack@n-api.service[117849]: DEBUG nova.compute.api [None req-b54c5c0f-5b0f-4b7b-b8a4-866e84f64175 tempest-ServerRescueNegativeTestJSON-1180176474 tempest-ServerRescueNegativeTestJSON-1180176474-project] [instance: 95b21615-65d0-4e1a-b2c2-0ee27cd67566] Fetching instance by UUID {{(pid=117849) get /opt/stack/nova/nova/compute/api.py:2920}}
Jul 19 11:05:55.281367 dv-cinder-master-3-smb devstack@n-api.service[117849]: DEBUG oslo_concurrency.lockutils [None req-b54c5c0f-5b0f-4b7b-b8a4-866e84f64175 tempest-ServerRescueNegativeTestJSON-1180176474 tempest-ServerRescueNegativeTestJSON-1180176474-project] Lock "6862818e-e4b5-4bd0-a49a-6b2faec38f5a" acquired by "nova.context.set_target_cell..get_or_set_cached_cell_and_set_connections" :: waited 0.000s {{(pid=117849) inner /usr/local/lib/python3.8/dist-packages/oslo_concurrency/lockutils.py:386}}
Jul 19 11:05:55.281807 dv-cinder-master-3-smb devstack@n-api.service[117849]: DEBUG oslo_concurrency.lockutils [None req-b54c5c0f-5b0f-4b7b-b8a4-866e84f64175 tempest-ServerRescueNegativeTestJSON-1180176474 tempest-ServerRescueNegativeTestJSON-1180176474-project] Lock "6862818e-e4b5-4bd0-a49a-6b2faec38f5a" "released" by "nova.context.set_target_cell..get_or_set_cached_cell_and_set_connections" :: held 0.001s {{(pid=117849) inner /usr/local/lib/python3.8/dist-packages/oslo_concurrency/lockutils.py:400}}
Jul 19 11:05:55.284478 dv-cinder-master-3-smb devstack@n-api.service[117849]: DEBUG oslo_concurrency.lockutils [None req-b54c5c0f-5b0f-4b7b-b8a4-866e84f64175 tempest-ServerRescueNegativeTestJSON-1180176474 tempest-ServerRescueNegativeTestJSON-1180176474-project] Lock "6862818e-e4b5-4bd0-a49a-6b2faec38f5a" acquired by "nova.context.set_target_cell..get_or_set_cached_cell_and_set_connections" :: waited 0.000s {{(pid=117849) inner /usr/local/lib/python3.8/dist-packages/oslo_concurrency/lockutils.py:386}}
Jul 19 11:05:55.284918 dv-cinder-master-3-smb devstack@n-api.service[117849]: DEBUG oslo_concurrency.lockutils [None req-b54c5c0f-5b0f-4b7b-b8a4-866e84f64175 tempest-ServerRescueNegativeTestJSON-1180176474 tempest-ServerRescueNegativeTestJSON-1180176474-project] Lock "6862818e-e4b5-4bd0-a49a-6b2faec38f5a" "released" by "nova.context.set_target_cell..get_or_set_cached_cell_and_set_connections" :: held 0.000s {{(pid=117849) inner /usr/local/lib/python3.8/dist-packages/oslo_concurrency/lockutils.py:400}}
Jul 19 11:05:55.298566 dv-cinder-master-3-smb devstack@n-api.service[117849]: DEBUG dbcounter [-] [117849] Writing DB stats nova_cell1:SELECT=100 {{(pid=117849) stat_writer /usr/local/lib/python3.8/dist-packages/dbcounter.py:114}}
Jul 19 11:05:55.309853 dv-cinder-master-3-smb devstack@n-api.service[117848]: DEBUG nova.policy [None req-60e817a4-784d-4564-ab34-44b50a3665e1 tempest-VolumesNegativeTest-97973331 tempest-VolumesNegativeTest-97973331-project] Policy check for os_compute_api:os-extended-server-attributes failed with credentials {'is_admin': False, 'user_id': 'a30b7e4fab6a41ccb2475ea95f6aba4f', 'user_domain_id': 'default', 'system_scope': None, 'domain_id': None, 'project_id': '973495a1036e40b88f47d63961812ca5', 'project_domain_id': 'default', 'roles': ['reader', 'member'], 'is_admin_project': True, 'service_user_id': None, 'service_user_domain_id': None, 'service_project_id': None, 'service_project_domain_id': None, 'service_roles': []} {{(pid=117848) authorize /opt/stack/nova/nova/policy.py:199}}
Jul 19 11:05:55.323495 dv-cinder-master-3-smb devstack@n-api.service[117848]: INFO nova.api.openstack.requestlog [None req-60e817a4-784d-4564-ab34-44b50a3665e1 tempest-VolumesNegativeTest-97973331 tempest-VolumesNegativeTest-97973331-project] 10.222.0.23 "GET /compute/v2.1/servers/cec8a5dc-f4e7-438f-a216-08d9a88ff689" status: 200 len: 1315 microversion: 2.1 time: 0.455792
Jul 19 11:05:55.324341 dv-cinder-master-3-smb devstack@n-api.service[117848]: [pid: 117848|app: 0|req: 73/170] 10.222.0.23 () {58 vars in 1235 bytes} [Tue Jul 19 11:05:54 2022] GET /compute/v2.1/servers/cec8a5dc-f4e7-438f-a216-08d9a88ff689 => generated 1315 bytes in 463 msecs (HTTP/1.1 200) 9 headers in 358 bytes (2 switches on core 0)
Jul 19 11:05:55.578616 dv-cinder-master-3-smb devstack@n-api.service[117849]: DEBUG nova.policy [None req-b54c5c0f-5b0f-4b7b-b8a4-866e84f64175 tempest-ServerRescueNegativeTestJSON-1180176474 tempest-ServerRescueNegativeTestJSON-1180176474-project] Policy check for os_compute_api:os-extended-server-attributes failed with credentials {'is_admin': False, 'user_id': '6bd130344b244e45b2cf6282c786d882', 'user_domain_id': 'default', 'system_scope': None, 'domain_id': None, 'project_id': '04d8db3560b44cfeac1ab307ea5685ff', 'project_domain_id': 'default', 'roles': ['reader', 'member'], 'is_admin_project': True, 'service_user_id': None, 'service_user_domain_id': None, 'service_project_id': None, 'service_project_domain_id': None, 'service_roles': []} {{(pid=117849) authorize /opt/stack/nova/nova/policy.py:199}}
Jul 19 11:05:55.587861 dv-cinder-master-3-smb devstack@n-api.service[117849]: INFO nova.api.openstack.requestlog [None req-b54c5c0f-5b0f-4b7b-b8a4-866e84f64175 tempest-ServerRescueNegativeTestJSON-1180176474 tempest-ServerRescueNegativeTestJSON-1180176474-project] 10.222.0.23 "GET /compute/v2.1/servers/95b21615-65d0-4e1a-b2c2-0ee27cd67566" status: 200 len: 1520 microversion: 2.1 time: 0.337891
Jul 19 11:05:55.588725 dv-cinder-master-3-smb devstack@n-api.service[117849]: [pid: 117849|app: 0|req: 98/171] 10.222.0.23 () {58 vars in 1235 bytes} [Tue Jul 19 11:05:55 2022] GET /compute/v2.1/servers/95b21615-65d0-4e1a-b2c2-0ee27cd67566 => generated 1520 bytes in 339 msecs (HTTP/1.1 200) 9 headers in 358 bytes (1 switches on core 0)
Jul 19 11:05:55.860146 dv-cinder-master-3-smb devstack@n-api.service[117848]: DEBUG nova.api.openstack.wsgi [None req-0368c2c3-ac57-450d-aefa-18e162170797 tempest-VolumesActionsTest-1684967268 tempest-VolumesActionsTest-1684967268-project] Calling method '>' {{(pid=117848) _process_stack /opt/stack/nova/nova/api/openstack/wsgi.py:513}}
Jul 19 11:05:55.861536 dv-cinder-master-3-smb devstack@n-api.service[117848]: DEBUG nova.compute.api [None req-0368c2c3-ac57-450d-aefa-18e162170797 tempest-VolumesActionsTest-1684967268 tempest-VolumesActionsTest-1684967268-project] [instance: f3de3680-c7f2-4dff-a1f6-a87fbe68d011] Fetching instance by UUID {{(pid=117848) get /opt/stack/nova/nova/compute/api.py:2920}}
Jul 19 11:05:55.864331 dv-cinder-master-3-smb devstack@n-api.service[117848]: DEBUG dbcounter [-] [117848] Writing DB stats nova_cell0:SELECT=4 {{(pid=117848) stat_writer /usr/local/lib/python3.8/dist-packages/dbcounter.py:114}}
Jul 19 11:05:55.870406 dv-cinder-master-3-smb devstack@n-api.service[117848]: DEBUG oslo_concurrency.lockutils [None req-0368c2c3-ac57-450d-aefa-18e162170797 tempest-VolumesActionsTest-1684967268 tempest-VolumesActionsTest-1684967268-project] Lock "6862818e-e4b5-4bd0-a49a-6b2faec38f5a" acquired by "nova.context.set_target_cell..get_or_set_cached_cell_and_set_connections" :: waited 0.000s {{(pid=117848) inner /usr/local/lib/python3.8/dist-packages/oslo_concurrency/lockutils.py:386}}
Jul 19 11:05:55.871047 dv-cinder-master-3-smb devstack@n-api.service[117848]: DEBUG oslo_concurrency.lockutils [None req-0368c2c3-ac57-450d-aefa-18e162170797 tempest-VolumesActionsTest-1684967268 tempest-VolumesActionsTest-1684967268-project] Lock "6862818e-e4b5-4bd0-a49a-6b2faec38f5a" "released" by "nova.context.set_target_cell..get_or_set_cached_cell_and_set_connections" :: held 0.001s {{(pid=117848) inner /usr/local/lib/python3.8/dist-packages/oslo_concurrency/lockutils.py:400}}
Jul 19 11:05:55.872584 dv-cinder-master-3-smb devstack@n-api.service[117848]: DEBUG oslo_concurrency.lockutils [None req-0368c2c3-ac57-450d-aefa-18e162170797 tempest-VolumesActionsTest-1684967268 tempest-VolumesActionsTest-1684967268-project] Lock "6862818e-e4b5-4bd0-a49a-6b2faec38f5a" acquired by "nova.context.set_target_cell..get_or_set_cached_cell_and_set_connections" :: waited 0.000s {{(pid=117848) inner /usr/local/lib/python3.8/dist-packages/oslo_concurrency/lockutils.py:386}}
Jul 19 11:05:55.873463 dv-cinder-master-3-smb devstack@n-api.service[117848]: DEBUG oslo_concurrency.lockutils [None req-0368c2c3-ac57-450d-aefa-18e162170797 tempest-VolumesActionsTest-1684967268 tempest-VolumesActionsTest-1684967268-project] Lock "6862818e-e4b5-4bd0-a49a-6b2faec38f5a" "released" by "nova.context.set_target_cell..get_or_set_cached_cell_and_set_connections" :: held 0.001s {{(pid=117848) inner /usr/local/lib/python3.8/dist-packages/oslo_concurrency/lockutils.py:400}}
Jul 19 11:05:56.011074 dv-cinder-master-3-smb devstack@n-api.service[117848]: DEBUG nova.policy [None req-0368c2c3-ac57-450d-aefa-18e162170797 tempest-VolumesActionsTest-1684967268 tempest-VolumesActionsTest-1684967268-project] Policy check for os_compute_api:os-extended-server-attributes failed with credentials {'is_admin': False, 'user_id': 'cde8dab4466b4f0abf5cc51065995df7', 'user_domain_id': 'default', 'system_scope': None, 'domain_id': None, 'project_id': '18a7f65b3c85416c93f97bbf718b8cd3', 'project_domain_id': 'default', 'roles': ['reader', 'member'], 'is_admin_project': True, 'service_user_id': None, 'service_user_domain_id': None, 'service_project_id': None, 'service_project_domain_id': None, 'service_roles': []} {{(pid=117848) authorize /opt/stack/nova/nova/policy.py:199}}
Jul 19 11:05:56.023148 dv-cinder-master-3-smb devstack@n-api.service[117848]: INFO nova.api.openstack.requestlog [None req-0368c2c3-ac57-450d-aefa-18e162170797 tempest-VolumesActionsTest-1684967268 tempest-VolumesActionsTest-1684967268-project] 10.222.0.23 "GET /compute/v2.1/servers/f3de3680-c7f2-4dff-a1f6-a87fbe68d011" status: 200 len: 1462 microversion: 2.1 time: 0.167386
Jul 19 11:05:56.024565 dv-cinder-master-3-smb devstack@n-api.service[117848]: [pid: 117848|app: 0|req: 74/172] 10.222.0.23 () {58 vars in 1235 bytes} [Tue Jul 19 11:05:55 2022] GET /compute/v2.1/servers/f3de3680-c7f2-4dff-a1f6-a87fbe68d011 => generated 1462 bytes in 171 msecs (HTTP/1.1 200) 9 headers in 358 bytes (1 switches on core 0)
Jul 19 11:05:56.075674 dv-cinder-master-3-smb devstack@n-api.service[117849]: DEBUG nova.api.openstack.wsgi [req-f299358b-02c9-42b8-866c-2a8453b23b74 req-935bdc81-662b-47ca-85cd-faadf4bdd0bb service nova] Action: 'create', calling method: >, body: {"events": [{"server_uuid": "f3de3680-c7f2-4dff-a1f6-a87fbe68d011", "name": "network-vif-deleted", "tag": "60cf2d89-9625-44e9-a2be-7a1c358bdfdb"}]} {{(pid=117849) _process_stack /opt/stack/nova/nova/api/openstack/wsgi.py:511}}
Jul 19 11:05:56.084670 dv-cinder-master-3-smb devstack@n-api.service[117849]: DEBUG oslo_concurrency.lockutils [req-f299358b-02c9-42b8-866c-2a8453b23b74 req-935bdc81-662b-47ca-85cd-faadf4bdd0bb service nova] Lock "6862818e-e4b5-4bd0-a49a-6b2faec38f5a" acquired by "nova.context.set_target_cell..get_or_set_cached_cell_and_set_connections" :: waited 0.000s {{(pid=117849) inner /usr/local/lib/python3.8/dist-packages/oslo_concurrency/lockutils.py:386}}
Jul 19 11:05:56.085117 dv-cinder-master-3-smb devstack@n-api.service[117849]: DEBUG oslo_concurrency.lockutils [req-f299358b-02c9-42b8-866c-2a8453b23b74 req-935bdc81-662b-47ca-85cd-faadf4bdd0bb service nova] Lock "6862818e-e4b5-4bd0-a49a-6b2faec38f5a" "released" by "nova.context.set_target_cell..get_or_set_cached_cell_and_set_connections" :: held 0.001s {{(pid=117849) inner /usr/local/lib/python3.8/dist-packages/oslo_concurrency/lockutils.py:400}}
Jul 19 11:05:56.101328 dv-cinder-master-3-smb devstack@n-api.service[117849]: INFO nova.api.openstack.compute.server_external_events [req-f299358b-02c9-42b8-866c-2a8453b23b74 req-935bdc81-662b-47ca-85cd-faadf4bdd0bb service nova] Creating event network-vif-deleted:60cf2d89-9625-44e9-a2be-7a1c358bdfdb for instance f3de3680-c7f2-4dff-a1f6-a87fbe68d011 on hv-cinder-maste
Jul 19 11:05:56.108280 dv-cinder-master-3-smb devstack@n-api.service[117849]: INFO nova.api.openstack.requestlog [req-f299358b-02c9-42b8-866c-2a8453b23b74 req-935bdc81-662b-47ca-85cd-faadf4bdd0bb service nova] 10.222.0.23 "POST /compute/v2.1/os-server-external-events" status: 200 len: 183 microversion: 2.1 time: 0.036182
Jul 19 11:05:56.110129 dv-cinder-master-3-smb devstack@n-api.service[117849]: [pid: 117849|app: 0|req: 99/173] 10.222.0.23 () {64 vars in 1317 bytes} [Tue Jul 19 11:05:56 2022] POST /compute/v2.1/os-server-external-events => generated 183 bytes in 38 msecs (HTTP/1.1 200) 9 headers in 357 bytes (1 switches on core 0)
Jul 19 11:05:56.265266 dv-cinder-master-3-smb devstack@n-api.service[117848]: DEBUG nova.api.openstack.wsgi [None req-f3b93500-899c-447b-bb1b-f31e0ebc30b7 tempest-AttachVolumeNegativeTest-1467285622 tempest-AttachVolumeNegativeTest-1467285622-project] Calling method '>' {{(pid=117848) _process_stack /opt/stack/nova/nova/api/openstack/wsgi.py:513}}
Jul 19 11:05:56.265795 dv-cinder-master-3-smb devstack@n-api.service[117848]: DEBUG nova.compute.api [None req-f3b93500-899c-447b-bb1b-f31e0ebc30b7 tempest-AttachVolumeNegativeTest-1467285622 tempest-AttachVolumeNegativeTest-1467285622-project] [instance: 63b7ad84-e3e5-498c-9bd5-a4ff02b1ad4d] Fetching instance by UUID {{(pid=117848) get /opt/stack/nova/nova/compute/api.py:2920}}
Jul 19 11:05:56.268204 dv-cinder-master-3-smb devstack@n-api.service[117848]: DEBUG dbcounter [-] [117848] Writing DB stats nova_cell0:SELECT=16 {{(pid=117848) stat_writer /usr/local/lib/python3.8/dist-packages/dbcounter.py:114}}
Jul 19 11:05:56.273583 dv-cinder-master-3-smb devstack@n-api.service[117848]: DEBUG oslo_concurrency.lockutils [None req-f3b93500-899c-447b-bb1b-f31e0ebc30b7 tempest-AttachVolumeNegativeTest-1467285622 tempest-AttachVolumeNegativeTest-1467285622-project] Lock "6862818e-e4b5-4bd0-a49a-6b2faec38f5a" acquired by "nova.context.set_target_cell..get_or_set_cached_cell_and_set_connections" :: waited 0.000s {{(pid=117848) inner /usr/local/lib/python3.8/dist-packages/oslo_concurrency/lockutils.py:386}}
Jul 19 11:05:56.274067 dv-cinder-master-3-smb devstack@n-api.service[117848]: DEBUG oslo_concurrency.lockutils [None req-f3b93500-899c-447b-bb1b-f31e0ebc30b7 tempest-AttachVolumeNegativeTest-1467285622 tempest-AttachVolumeNegativeTest-1467285622-project] Lock "6862818e-e4b5-4bd0-a49a-6b2faec38f5a" "released" by "nova.context.set_target_cell..get_or_set_cached_cell_and_set_connections" :: held 0.001s {{(pid=117848) inner /usr/local/lib/python3.8/dist-packages/oslo_concurrency/lockutils.py:400}}
Jul 19 11:05:56.274855 dv-cinder-master-3-smb devstack@n-api.service[117848]: DEBUG oslo_concurrency.lockutils [None req-f3b93500-899c-447b-bb1b-f31e0ebc30b7 tempest-AttachVolumeNegativeTest-1467285622 tempest-AttachVolumeNegativeTest-1467285622-project] Lock "6862818e-e4b5-4bd0-a49a-6b2faec38f5a" acquired by "nova.context.set_target_cell..get_or_set_cached_cell_and_set_connections" :: waited 0.000s {{(pid=117848) inner /usr/local/lib/python3.8/dist-packages/oslo_concurrency/lockutils.py:386}}
Jul 19 11:05:56.275330 dv-cinder-master-3-smb devstack@n-api.service[117848]: DEBUG oslo_concurrency.lockutils [None req-f3b93500-899c-447b-bb1b-f31e0ebc30b7 tempest-AttachVolumeNegativeTest-1467285622 tempest-AttachVolumeNegativeTest-1467285622-project] Lock "6862818e-e4b5-4bd0-a49a-6b2faec38f5a" "released" by "nova.context.set_target_cell..get_or_set_cached_cell_and_set_connections" :: held 0.000s {{(pid=117848) inner /usr/local/lib/python3.8/dist-packages/oslo_concurrency/lockutils.py:400}}
Jul 19 11:05:56.341574 dv-cinder-master-3-smb devstack@n-api.service[117849]: DEBUG nova.api.openstack.wsgi [None req-631c02ce-00a9-4b46-9ae5-8ca89c83d840 tempest-VolumesNegativeTest-97973331 tempest-VolumesNegativeTest-97973331-project] Calling method '>' {{(pid=117849) _process_stack /opt/stack/nova/nova/api/openstack/wsgi.py:513}}
Jul 19 11:05:56.342456 dv-cinder-master-3-smb devstack@n-api.service[117849]: DEBUG nova.compute.api [None req-631c02ce-00a9-4b46-9ae5-8ca89c83d840 tempest-VolumesNegativeTest-97973331 tempest-VolumesNegativeTest-97973331-project] [instance: cec8a5dc-f4e7-438f-a216-08d9a88ff689] Fetching instance by UUID {{(pid=117849) get /opt/stack/nova/nova/compute/api.py:2920}}
Jul 19 11:05:56.348898 dv-cinder-master-3-smb devstack@n-api.service[117848]: DEBUG nova.policy [None req-f3b93500-899c-447b-bb1b-f31e0ebc30b7 tempest-AttachVolumeNegativeTest-1467285622 tempest-AttachVolumeNegativeTest-1467285622-project] Policy check for os_compute_api:os-extended-server-attributes failed with credentials {'is_admin': False, 'user_id': 'c1ee379ee6f74138a08af9c3fe8d7d7d', 'user_domain_id': 'default', 'system_scope': None, 'domain_id': None, 'project_id': 'df409ba2126c48ff918ec14353431212', 'project_domain_id': 'default', 'roles': ['reader', 'member'], 'is_admin_project': True, 'service_user_id': None, 'service_user_domain_id': None, 'service_project_id': None, 'service_project_domain_id': None, 'service_roles': []} {{(pid=117848) authorize /opt/stack/nova/nova/policy.py:199}}
Jul 19 11:05:56.349665 dv-cinder-master-3-smb devstack@n-api.service[117849]: DEBUG oslo_concurrency.lockutils [None req-631c02ce-00a9-4b46-9ae5-8ca89c83d840 tempest-VolumesNegativeTest-97973331 tempest-VolumesNegativeTest-97973331-project] Lock "6862818e-e4b5-4bd0-a49a-6b2faec38f5a" acquired by "nova.context.set_target_cell..get_or_set_cached_cell_and_set_connections" :: waited 0.000s {{(pid=117849) inner /usr/local/lib/python3.8/dist-packages/oslo_concurrency/lockutils.py:386}}
Jul 19 11:05:56.350150 dv-cinder-master-3-smb devstack@n-api.service[117849]: DEBUG oslo_concurrency.lockutils [None req-631c02ce-00a9-4b46-9ae5-8ca89c83d840 tempest-VolumesNegativeTest-97973331 tempest-VolumesNegativeTest-97973331-project] Lock "6862818e-e4b5-4bd0-a49a-6b2faec38f5a" "released" by "nova.context.set_target_cell..get_or_set_cached_cell_and_set_connections" :: held 0.001s {{(pid=117849) inner /usr/local/lib/python3.8/dist-packages/oslo_concurrency/lockutils.py:400}}
Jul 19 11:05:56.350909 dv-cinder-master-3-smb devstack@n-api.service[117849]: DEBUG oslo_concurrency.lockutils [None req-631c02ce-00a9-4b46-9ae5-8ca89c83d840 tempest-VolumesNegativeTest-97973331 tempest-VolumesNegativeTest-97973331-project] Lock "6862818e-e4b5-4bd0-a49a-6b2faec38f5a" acquired by "nova.context.set_target_cell..get_or_set_cached_cell_and_set_connections" :: waited 0.000s {{(pid=117849) inner /usr/local/lib/python3.8/dist-packages/oslo_concurrency/lockutils.py:386}}
Jul 19 11:05:56.351602 dv-cinder-master-3-smb devstack@n-api.service[117849]: DEBUG oslo_concurrency.lockutils [None req-631c02ce-00a9-4b46-9ae5-8ca89c83d840 tempest-VolumesNegativeTest-97973331 tempest-VolumesNegativeTest-97973331-project] Lock "6862818e-e4b5-4bd0-a49a-6b2faec38f5a" "released" by "nova.context.set_target_cell..get_or_set_cached_cell_and_set_connections" :: held 0.001s {{(pid=117849) inner /usr/local/lib/python3.8/dist-packages/oslo_concurrency/lockutils.py:400}}
Jul 19 11:05:56.356495 dv-cinder-master-3-smb devstack@n-api.service[117848]: INFO nova.api.openstack.requestlog [None req-f3b93500-899c-447b-bb1b-f31e0ebc30b7 tempest-AttachVolumeNegativeTest-1467285622 tempest-AttachVolumeNegativeTest-1467285622-project] 10.222.0.23 "GET /compute/v2.1/servers/63b7ad84-e3e5-498c-9bd5-a4ff02b1ad4d" status: 200 len: 1293 microversion: 2.1 time: 0.095078
Jul 19 11:05:56.357470 dv-cinder-master-3-smb devstack@n-api.service[117848]: [pid: 117848|app: 0|req: 75/174] 10.222.0.23 () {58 vars in 1235 bytes} [Tue Jul 19 11:05:56 2022] GET /compute/v2.1/servers/63b7ad84-e3e5-498c-9bd5-a4ff02b1ad4d => generated 1293 bytes in 97 msecs (HTTP/1.1 200) 9 headers in 358 bytes (2 switches on core 0)
Jul 19 11:05:56.496941 dv-cinder-master-3-smb devstack@n-api.service[117849]: DEBUG nova.policy [None req-631c02ce-00a9-4b46-9ae5-8ca89c83d840 tempest-VolumesNegativeTest-97973331 tempest-VolumesNegativeTest-97973331-project] Policy check for os_compute_api:os-extended-server-attributes failed with credentials {'is_admin': False, 'user_id': 'a30b7e4fab6a41ccb2475ea95f6aba4f', 'user_domain_id': 'default', 'system_scope': None, 'domain_id': None, 'project_id': '973495a1036e40b88f47d63961812ca5', 'project_domain_id': 'default', 'roles': ['reader', 'member'], 'is_admin_project': True, 'service_user_id': None, 'service_user_domain_id': None, 'service_project_id': None, 'service_project_domain_id': None, 'service_roles': []} {{(pid=117849) authorize /opt/stack/nova/nova/policy.py:199}}
Jul 19 11:05:56.507334 dv-cinder-master-3-smb devstack@n-api.service[117849]: INFO nova.api.openstack.requestlog [None req-631c02ce-00a9-4b46-9ae5-8ca89c83d840 tempest-VolumesNegativeTest-97973331 tempest-VolumesNegativeTest-97973331-project] 10.222.0.23 "GET /compute/v2.1/servers/cec8a5dc-f4e7-438f-a216-08d9a88ff689" status: 200 len: 1315 microversion: 2.1 time: 0.168041
Jul 19 11:05:56.507334 dv-cinder-master-3-smb devstack@n-api.service[117849]: [pid: 117849|app: 0|req: 100/175] 10.222.0.23 () {58 vars in 1235 bytes} [Tue Jul 19 11:05:56 2022] GET /compute/v2.1/servers/cec8a5dc-f4e7-438f-a216-08d9a88ff689 => generated 1315 bytes in 170 msecs (HTTP/1.1 200) 9 headers in 358 bytes (2 switches on core 0)
Jul 19 11:05:56.606425 dv-cinder-master-3-smb devstack@n-api.service[117848]: DEBUG nova.api.openstack.wsgi [None req-cb21dce4-95bd-485b-b4e1-3ba34511a41d tempest-ServerRescueNegativeTestJSON-1180176474 tempest-ServerRescueNegativeTestJSON-1180176474-project] Calling method '>' {{(pid=117848) _process_stack /opt/stack/nova/nova/api/openstack/wsgi.py:513}}
Jul 19 11:05:56.607246 dv-cinder-master-3-smb devstack@n-api.service[117848]: DEBUG nova.compute.api [None req-cb21dce4-95bd-485b-b4e1-3ba34511a41d tempest-ServerRescueNegativeTestJSON-1180176474 tempest-ServerRescueNegativeTestJSON-1180176474-project] [instance: 95b21615-65d0-4e1a-b2c2-0ee27cd67566] Fetching instance by UUID {{(pid=117848) get /opt/stack/nova/nova/compute/api.py:2920}}
