Jul 19 11:04:35.335658 dv-cinder-master-3-smb devstack@c-api.service[110962]: INFO cinder.api.openstack.wsgi [None req-5a62baaf-e121-4349-b9e8-650404f479cc tempest-QosSpecsTestJSON-1196000119 tempest-QosSpecsTestJSON-1196000119-project-admin] GET http://10.222.0.23/volume/v3/ae224ce9fdcc4c01abc23dea5e2ee8a4/qos-specs/1d48ddf5-7cb0-46ff-9e0f-b14db32c8a27
Jul 19 11:04:35.336911 dv-cinder-master-3-smb devstack@c-api.service[110962]: DEBUG cinder.api.openstack.wsgi [None req-5a62baaf-e121-4349-b9e8-650404f479cc tempest-QosSpecsTestJSON-1196000119 tempest-QosSpecsTestJSON-1196000119-project-admin] Empty body provided in request {{(pid=110962) get_body /opt/stack/cinder/cinder/api/openstack/wsgi.py:715}}
Jul 19 11:04:35.338469 dv-cinder-master-3-smb devstack@c-api.service[110962]: DEBUG cinder.api.openstack.wsgi [None req-5a62baaf-e121-4349-b9e8-650404f479cc tempest-QosSpecsTestJSON-1196000119 tempest-QosSpecsTestJSON-1196000119-project-admin] Calling method 'show' {{(pid=110962) _process_stack /opt/stack/cinder/cinder/api/openstack/wsgi.py:868}}
Jul 19 11:04:35.339496 dv-cinder-master-3-smb devstack@c-api.service[110962]: /usr/local/lib/python3.8/dist-packages/oslo_context/context.py:100: DeprecationWarning: Policy enforcement is depending on the value of is_admin. This key is deprecated. Please update your policy file to use the standard policy values.
Jul 19 11:04:35.339496 dv-cinder-master-3-smb devstack@c-api.service[110962]: warnings.warn('Policy enforcement is depending on the value of '
Jul 19 11:04:35.347407 dv-cinder-master-3-smb devstack@c-api.service[110963]: INFO cinder.volume.api [None req-ffcdf68f-2a14-4d46-aef5-91e0f8fa5f2c tempest-VolumesTestJSON-1206322039 tempest-VolumesTestJSON-1206322039-project] Volume info retrieved successfully.
Jul 19 11:04:35.357004 dv-cinder-master-3-smb devstack@c-api.service[110962]: INFO cinder.api.openstack.wsgi [None req-5a62baaf-e121-4349-b9e8-650404f479cc tempest-QosSpecsTestJSON-1196000119 tempest-QosSpecsTestJSON-1196000119-project-admin] http://10.222.0.23/volume/v3/ae224ce9fdcc4c01abc23dea5e2ee8a4/qos-specs/1d48ddf5-7cb0-46ff-9e0f-b14db32c8a27 returned with HTTP 404
Jul 19 11:04:35.359611 dv-cinder-master-3-smb devstack@c-api.service[110962]: [pid: 110962|app: 0|req: 27/43] 10.222.0.23 () {58 vars in 1330 bytes} [Tue Jul 19 11:04:35 2022] GET /volume/v3/ae224ce9fdcc4c01abc23dea5e2ee8a4/qos-specs/1d48ddf5-7cb0-46ff-9e0f-b14db32c8a27 => generated 100 bytes in 36 msecs (HTTP/1.1 404) 7 headers in 292 bytes (1 switches on core 0)
Jul 19 11:04:35.364001 dv-cinder-master-3-smb devstack@c-api.service[110962]: DEBUG cinder.api.middleware.request_id [None req-11441d9c-4ff8-4122-88dd-d6a9434e7f93 None None] RequestId filter calling following filter/app {{(pid=110962) _context_setter /opt/stack/cinder/cinder/api/middleware/request_id.py:62}}
Jul 19 11:04:35.375522 dv-cinder-master-3-smb devstack@c-api.service[110963]: INFO cinder.api.openstack.wsgi [None req-ffcdf68f-2a14-4d46-aef5-91e0f8fa5f2c tempest-VolumesTestJSON-1206322039 tempest-VolumesTestJSON-1206322039-project] http://10.222.0.23/volume/v3/0e80f8d04cf94f03b71850c095d5be46/volumes/73bbd091-48e8-4825-a719-5fb568cd632f returned with HTTP 200
Jul 19 11:04:35.377325 dv-cinder-master-3-smb devstack@c-api.service[110962]: INFO cinder.api.openstack.wsgi [None req-11441d9c-4ff8-4122-88dd-d6a9434e7f93 tempest-QosSpecsTestJSON-1196000119 tempest-QosSpecsTestJSON-1196000119-project-admin] GET http://10.222.0.23/volume/v3/ae224ce9fdcc4c01abc23dea5e2ee8a4/qos-specs
Jul 19 11:04:35.377835 dv-cinder-master-3-smb devstack@c-api.service[110962]: DEBUG cinder.api.openstack.wsgi [None req-11441d9c-4ff8-4122-88dd-d6a9434e7f93 tempest-QosSpecsTestJSON-1196000119 tempest-QosSpecsTestJSON-1196000119-project-admin] Empty body provided in request {{(pid=110962) get_body /opt/stack/cinder/cinder/api/openstack/wsgi.py:715}}
Jul 19 11:04:35.378329 dv-cinder-master-3-smb devstack@c-api.service[110962]: DEBUG cinder.api.openstack.wsgi [None req-11441d9c-4ff8-4122-88dd-d6a9434e7f93 tempest-QosSpecsTestJSON-1196000119 tempest-QosSpecsTestJSON-1196000119-project-admin] Calling method 'index' {{(pid=110962) _process_stack /opt/stack/cinder/cinder/api/openstack/wsgi.py:868}}
Jul 19 11:04:35.379114 dv-cinder-master-3-smb devstack@c-api.service[110963]: [pid: 110963|app: 0|req: 17/44] 10.222.0.23 () {58 vars in 1324 bytes} [Tue Jul 19 11:04:35 2022] GET /volume/v3/0e80f8d04cf94f03b71850c095d5be46/volumes/73bbd091-48e8-4825-a719-5fb568cd632f => generated 922 bytes in 95 msecs (HTTP/1.1 200) 7 headers in 285 bytes (2 switches on core 0)
Jul 19 11:04:35.382907 dv-cinder-master-3-smb devstack@c-api.service[110962]: DEBUG dbcounter [-] [110962] Writing DB stats cinder:SELECT=90,cinder:INSERT=6,cinder:UPDATE=4 {{(pid=110962) stat_writer /usr/local/lib/python3.8/dist-packages/dbcounter.py:114}}
Jul 19 11:04:35.412027 dv-cinder-master-3-smb devstack@c-api.service[110962]: INFO cinder.api.openstack.wsgi [None req-11441d9c-4ff8-4122-88dd-d6a9434e7f93 tempest-QosSpecsTestJSON-1196000119 tempest-QosSpecsTestJSON-1196000119-project-admin] http://10.222.0.23/volume/v3/ae224ce9fdcc4c01abc23dea5e2ee8a4/qos-specs returned with HTTP 200
Jul 19 11:04:35.413743 dv-cinder-master-3-smb devstack@c-api.service[110962]: [pid: 110962|app: 0|req: 28/45] 10.222.0.23 () {58 vars in 1219 bytes} [Tue Jul 19 11:04:35 2022] GET /volume/v3/ae224ce9fdcc4c01abc23dea5e2ee8a4/qos-specs => generated 174 bytes in 51 msecs (HTTP/1.1 200) 7 headers in 285 bytes (1 switches on core 0)
Jul 19 11:04:35.426191 dv-cinder-master-3-smb devstack@c-api.service[110963]: DEBUG cinder.api.middleware.request_id [req-e568788f-5ed1-41a4-9ec4-594987f76fd0 req-a83bfd92-563c-4023-a67e-16d6ccdb7494 None None] RequestId filter calling following filter/app {{(pid=110963) _context_setter /opt/stack/cinder/cinder/api/middleware/request_id.py:62}}
Jul 19 11:04:35.427297 dv-cinder-master-3-smb devstack@c-api.service[110962]: DEBUG cinder.api.middleware.request_id [None req-5ee7f368-3e94-452c-a425-cdd5df9e4985 None None] RequestId filter calling following filter/app {{(pid=110962) _context_setter /opt/stack/cinder/cinder/api/middleware/request_id.py:62}}
Jul 19 11:04:35.438510 dv-cinder-master-3-smb devstack@c-api.service[110963]: INFO cinder.api.openstack.wsgi [req-e568788f-5ed1-41a4-9ec4-594987f76fd0 req-a83bfd92-563c-4023-a67e-16d6ccdb7494 tempest-VolumesTestJSON-1206322039 tempest-VolumesTestJSON-1206322039-project] GET http://10.222.0.23/volume/v3/0e80f8d04cf94f03b71850c095d5be46/volumes/73bbd091-48e8-4825-a719-5fb568cd632f
Jul 19 11:04:35.440245 dv-cinder-master-3-smb devstack@c-api.service[110962]: INFO cinder.api.openstack.wsgi [None req-5ee7f368-3e94-452c-a425-cdd5df9e4985 tempest-QosSpecsTestJSON-1196000119 tempest-QosSpecsTestJSON-1196000119-project-admin] POST http://10.222.0.23/volume/v3/ae224ce9fdcc4c01abc23dea5e2ee8a4/qos-specs
Jul 19 11:04:35.441015 dv-cinder-master-3-smb devstack@c-api.service[110963]: DEBUG cinder.api.openstack.wsgi [req-e568788f-5ed1-41a4-9ec4-594987f76fd0 req-a83bfd92-563c-4023-a67e-16d6ccdb7494 tempest-VolumesTestJSON-1206322039 tempest-VolumesTestJSON-1206322039-project] Empty body provided in request {{(pid=110963) get_body /opt/stack/cinder/cinder/api/openstack/wsgi.py:715}}
Jul 19 11:04:35.441776 dv-cinder-master-3-smb devstack@c-api.service[110963]: DEBUG cinder.api.openstack.wsgi [req-e568788f-5ed1-41a4-9ec4-594987f76fd0 req-a83bfd92-563c-4023-a67e-16d6ccdb7494 tempest-VolumesTestJSON-1206322039 tempest-VolumesTestJSON-1206322039-project] Calling method 'show' {{(pid=110963) _process_stack /opt/stack/cinder/cinder/api/openstack/wsgi.py:868}}
Jul 19 11:04:35.444273 dv-cinder-master-3-smb devstack@c-api.service[110962]: DEBUG cinder.api.openstack.wsgi [None req-5ee7f368-3e94-452c-a425-cdd5df9e4985 tempest-QosSpecsTestJSON-1196000119 tempest-QosSpecsTestJSON-1196000119-project-admin] Action: 'create', calling method: create, body: {"qos_specs": {"name": "tempest-QosSpecsTestJSON-qos-589519941", "consumer": "both"}} {{(pid=110962) _process_stack /opt/stack/cinder/cinder/api/openstack/wsgi.py:866}}
Jul 19 11:04:35.448254 dv-cinder-master-3-smb devstack@c-api.service[110962]: /usr/local/lib/python3.8/dist-packages/oslo_context/context.py:100: DeprecationWarning: Policy enforcement is depending on the value of is_admin. This key is deprecated. Please update your policy file to use the standard policy values.
Jul 19 11:04:35.448254 dv-cinder-master-3-smb devstack@c-api.service[110962]: warnings.warn('Policy enforcement is depending on the value of '
Jul 19 11:04:35.451045 dv-cinder-master-3-smb devstack@c-api.service[110962]: DEBUG cinder.volume.qos_specs [None req-5ee7f368-3e94-452c-a425-cdd5df9e4985 tempest-QosSpecsTestJSON-1196000119 tempest-QosSpecsTestJSON-1196000119-project-admin] Dict for qos_specs: {'name': 'tempest-QosSpecsTestJSON-qos-589519941', 'consumer': 'both', 'specs': {}} {{(pid=110962) create /opt/stack/cinder/cinder/volume/qos_specs.py:64}}
Jul 19 11:04:35.463812 dv-cinder-master-3-smb devstack@c-api.service[110962]: DEBUG cinder.db.sqlalchemy.api [None req-5ee7f368-3e94-452c-a425-cdd5df9e4985 tempest-QosSpecsTestJSON-1196000119 tempest-QosSpecsTestJSON-1196000119-project-admin] DB qos_specs_create(): root {'id': 'da3f15e4-4d41-4d64-b928-d0dd0b92eebb', 'key': 'QoS_Specs_Name', 'value': 'tempest-QosSpecsTestJSON-qos-589519941'} {{(pid=110962) qos_specs_create /opt/stack/cinder/cinder/db/sqlalchemy/api.py:5586}}
Jul 19 11:04:35.477283 dv-cinder-master-3-smb devstack@c-api.service[110962]: INFO cinder.api.openstack.wsgi [None req-5ee7f368-3e94-452c-a425-cdd5df9e4985 tempest-QosSpecsTestJSON-1196000119 tempest-QosSpecsTestJSON-1196000119-project-admin] http://10.222.0.23/volume/v3/ae224ce9fdcc4c01abc23dea5e2ee8a4/qos-specs returned with HTTP 200
Jul 19 11:04:35.478482 dv-cinder-master-3-smb devstack@c-api.service[110962]: [pid: 110962|app: 0|req: 29/46] 10.222.0.23 () {60 vars in 1240 bytes} [Tue Jul 19 11:04:35 2022] POST /volume/v3/ae224ce9fdcc4c01abc23dea5e2ee8a4/qos-specs => generated 430 bytes in 54 msecs (HTTP/1.1 200) 7 headers in 285 bytes (1 switches on core 0)
Jul 19 11:04:35.480118 dv-cinder-master-3-smb devstack@c-api.service[110962]: DEBUG cinder.api.middleware.request_id [None req-ee83a5de-9c8a-424c-8095-ee0e7acbb9b8 None None] RequestId filter calling following filter/app {{(pid=110962) _context_setter /opt/stack/cinder/cinder/api/middleware/request_id.py:62}}
Jul 19 11:04:35.486339 dv-cinder-master-3-smb devstack@c-api.service[110963]: /usr/local/lib/python3.8/dist-packages/oslo_context/context.py:100: DeprecationWarning: Policy enforcement is depending on the value of is_admin. This key is deprecated. Please update your policy file to use the standard policy values.
Jul 19 11:04:35.486339 dv-cinder-master-3-smb devstack@c-api.service[110963]: warnings.warn('Policy enforcement is depending on the value of '
Jul 19 11:04:35.491360 dv-cinder-master-3-smb devstack@c-api.service[110962]: INFO cinder.api.openstack.wsgi [None req-ee83a5de-9c8a-424c-8095-ee0e7acbb9b8 tempest-VolumeQuotaClassesTest-1963537518 tempest-VolumeQuotaClassesTest-1963537518-project-admin] PUT http://10.222.0.23/volume/v3/a548eb53a2ef49e180ca9c81f4eb526e/os-quota-class-sets/default
Jul 19 11:04:35.494221 dv-cinder-master-3-smb devstack@c-api.service[110962]: DEBUG cinder.api.openstack.wsgi [None req-ee83a5de-9c8a-424c-8095-ee0e7acbb9b8 tempest-VolumeQuotaClassesTest-1963537518 tempest-VolumeQuotaClassesTest-1963537518-project-admin] Action: 'update', calling method: update, body: {"quota_class_set": {"volumes": 10, "per_volume_gigabytes": -1, "snapshots": 10, "gigabytes": 1000, "backups": 10, "backup_gigabytes": 1000}} {{(pid=110962) _process_stack /opt/stack/cinder/cinder/api/openstack/wsgi.py:866}}
Jul 19 11:04:35.500073 dv-cinder-master-3-smb devstack@c-api.service[110963]: INFO cinder.volume.api [req-e568788f-5ed1-41a4-9ec4-594987f76fd0 req-a83bfd92-563c-4023-a67e-16d6ccdb7494 tempest-VolumesTestJSON-1206322039 tempest-VolumesTestJSON-1206322039-project] Volume info retrieved successfully.
Jul 19 11:04:35.516088 dv-cinder-master-3-smb devstack@c-api.service[110963]: INFO cinder.api.openstack.wsgi [req-e568788f-5ed1-41a4-9ec4-594987f76fd0 req-a83bfd92-563c-4023-a67e-16d6ccdb7494 tempest-VolumesTestJSON-1206322039 tempest-VolumesTestJSON-1206322039-project] http://10.222.0.23/volume/v3/0e80f8d04cf94f03b71850c095d5be46/volumes/73bbd091-48e8-4825-a719-5fb568cd632f returned with HTTP 200
Jul 19 11:04:35.525992 dv-cinder-master-3-smb devstack@c-api.service[110963]: [pid: 110963|app: 0|req: 18/47] 10.222.0.23 () {60 vars in 1578 bytes} [Tue Jul 19 11:04:35 2022] GET /volume/v3/0e80f8d04cf94f03b71850c095d5be46/volumes/73bbd091-48e8-4825-a719-5fb568cd632f => generated 922 bytes in 99 msecs (HTTP/1.1 200) 7 headers in 285 bytes (1 switches on core 0)
Jul 19 11:04:35.525992 dv-cinder-master-3-smb devstack@c-api.service[110963]: DEBUG cinder.api.middleware.request_id [None req-25db6a11-9d20-49be-9bb3-a961daab9234 None None] RequestId filter calling following filter/app {{(pid=110963) _context_setter /opt/stack/cinder/cinder/api/middleware/request_id.py:62}}
Jul 19 11:04:35.532572 dv-cinder-master-3-smb devstack@c-api.service[110963]: INFO cinder.api.openstack.wsgi [None req-25db6a11-9d20-49be-9bb3-a961daab9234 tempest-QosSpecsTestJSON-1196000119 tempest-QosSpecsTestJSON-1196000119-project-admin] DELETE http://10.222.0.23/volume/v3/ae224ce9fdcc4c01abc23dea5e2ee8a4/qos-specs/da3f15e4-4d41-4d64-b928-d0dd0b92eebb?force=False
Jul 19 11:04:35.533032 dv-cinder-master-3-smb devstack@c-api.service[110963]: DEBUG cinder.api.openstack.wsgi [None req-25db6a11-9d20-49be-9bb3-a961daab9234 tempest-QosSpecsTestJSON-1196000119 tempest-QosSpecsTestJSON-1196000119-project-admin] Empty body provided in request {{(pid=110963) get_body /opt/stack/cinder/cinder/api/openstack/wsgi.py:715}}
Jul 19 11:04:35.533493 dv-cinder-master-3-smb devstack@c-api.service[110963]: DEBUG cinder.api.openstack.wsgi [None req-25db6a11-9d20-49be-9bb3-a961daab9234 tempest-QosSpecsTestJSON-1196000119 tempest-QosSpecsTestJSON-1196000119-project-admin] Calling method 'delete' {{(pid=110963) _process_stack /opt/stack/cinder/cinder/api/openstack/wsgi.py:868}}
Jul 19 11:04:35.534909 dv-cinder-master-3-smb devstack@c-api.service[110963]: DEBUG cinder.api.contrib.qos_specs_manage [None req-25db6a11-9d20-49be-9bb3-a961daab9234 tempest-QosSpecsTestJSON-1196000119 tempest-QosSpecsTestJSON-1196000119-project-admin] Delete qos_spec: da3f15e4-4d41-4d64-b928-d0dd0b92eebb, force: False {{(pid=110963) delete /opt/stack/cinder/cinder/api/contrib/qos_specs_manage.py:168}}
Jul 19 11:04:35.563882 dv-cinder-master-3-smb devstack@c-api.service[110962]: /usr/local/lib/python3.8/dist-packages/oslo_context/context.py:100: DeprecationWarning: Policy enforcement is depending on the value of is_admin. This key is deprecated. Please update your policy file to use the standard policy values.
Jul 19 11:04:35.563882 dv-cinder-master-3-smb devstack@c-api.service[110962]: warnings.warn('Policy enforcement is depending on the value of '
Jul 19 11:04:35.595013 dv-cinder-master-3-smb devstack@c-api.service[110963]: INFO cinder.api.openstack.wsgi [None req-25db6a11-9d20-49be-9bb3-a961daab9234 tempest-QosSpecsTestJSON-1196000119 tempest-QosSpecsTestJSON-1196000119-project-admin] http://10.222.0.23/volume/v3/ae224ce9fdcc4c01abc23dea5e2ee8a4/qos-specs/da3f15e4-4d41-4d64-b928-d0dd0b92eebb?force=False returned with HTTP 202
Jul 19 11:04:35.597145 dv-cinder-master-3-smb devstack@c-api.service[110963]: [pid: 110963|app: 0|req: 19/48] 10.222.0.23 () {58 vars in 1356 bytes} [Tue Jul 19 11:04:35 2022] DELETE /volume/v3/ae224ce9fdcc4c01abc23dea5e2ee8a4/qos-specs/da3f15e4-4d41-4d64-b928-d0dd0b92eebb?force=False => generated 0 bytes in 74 msecs (HTTP/1.1 202) 6 headers in 233 bytes (1 switches on core 0)
Jul 19 11:04:35.600277 dv-cinder-master-3-smb devstack@c-api.service[110963]: DEBUG cinder.api.middleware.request_id [None req-796ccc32-cf12-4b73-aaf4-1716b7b643f4 None None] RequestId filter calling following filter/app {{(pid=110963) _context_setter /opt/stack/cinder/cinder/api/middleware/request_id.py:62}}
Jul 19 11:04:35.613956 dv-cinder-master-3-smb devstack@c-api.service[110963]: INFO cinder.api.openstack.wsgi [None req-796ccc32-cf12-4b73-aaf4-1716b7b643f4 tempest-VolumesTestJSON-1206322039 tempest-VolumesTestJSON-1206322039-project] POST http://10.222.0.23/volume/v3/0e80f8d04cf94f03b71850c095d5be46/volumes
Jul 19 11:04:35.617165 dv-cinder-master-3-smb devstack@c-api.service[110963]: DEBUG cinder.api.openstack.wsgi [None req-796ccc32-cf12-4b73-aaf4-1716b7b643f4 tempest-VolumesTestJSON-1206322039 tempest-VolumesTestJSON-1206322039-project] Action: 'create', calling method: create, body: {"volume": {"metadata": {"Type": "work"}, "size": 1, "display_name": "tempest-VolumesTestJSON-volume-789194412"}} {{(pid=110963) _process_stack /opt/stack/cinder/cinder/api/openstack/wsgi.py:866}}
Jul 19 11:04:35.618230 dv-cinder-master-3-smb devstack@c-api.service[110963]: DEBUG cinder.api.v3.volumes [None req-796ccc32-cf12-4b73-aaf4-1716b7b643f4 tempest-VolumesTestJSON-1206322039 tempest-VolumesTestJSON-1206322039-project] Create volume request body: {'volume': {'metadata': {'Type': 'work'}, 'size': 1, 'display_name': 'tempest-VolumesTestJSON-volume-789194412'}} {{(pid=110963) create /opt/stack/cinder/cinder/api/v3/volumes.py:298}}
Jul 19 11:04:35.618549 dv-cinder-master-3-smb devstack@c-api.service[110963]: INFO cinder.api.v3.volumes [None req-796ccc32-cf12-4b73-aaf4-1716b7b643f4 tempest-VolumesTestJSON-1206322039 tempest-VolumesTestJSON-1206322039-project] Create volume of 1 GB
Jul 19 11:04:35.624013 dv-cinder-master-3-smb devstack@c-api.service[110963]: /usr/local/lib/python3.8/dist-packages/oslo_context/context.py:100: DeprecationWarning: Policy enforcement is depending on the value of is_admin. This key is deprecated. Please update your policy file to use the standard policy values.
Jul 19 11:04:35.624013 dv-cinder-master-3-smb devstack@c-api.service[110963]: warnings.warn('Policy enforcement is depending on the value of '
Jul 19 11:04:35.775068 dv-cinder-master-3-smb devstack@c-api.service[110962]: INFO cinder.api.openstack.wsgi [None req-ee83a5de-9c8a-424c-8095-ee0e7acbb9b8 tempest-VolumeQuotaClassesTest-1963537518 tempest-VolumeQuotaClassesTest-1963537518-project-admin] http://10.222.0.23/volume/v3/a548eb53a2ef49e180ca9c81f4eb526e/os-quota-class-sets/default returned with HTTP 200
Jul 19 11:04:35.775898 dv-cinder-master-3-smb devstack@c-api.service[110962]: [pid: 110962|app: 0|req: 30/49] 10.222.0.23 () {60 vars in 1294 bytes} [Tue Jul 19 11:04:35 2022] PUT /volume/v3/a548eb53a2ef49e180ca9c81f4eb526e/os-quota-class-sets/default => generated 1113 bytes in 297 msecs (HTTP/1.1 200) 7 headers in 286 bytes (1 switches on core 0)
Jul 19 11:04:35.782312 dv-cinder-master-3-smb devstack@c-api.service[110962]: DEBUG cinder.api.middleware.request_id [None req-786a0ae0-bcee-4c6e-8daf-8bc000d891bd None None] RequestId filter calling following filter/app {{(pid=110962) _context_setter /opt/stack/cinder/cinder/api/middleware/request_id.py:62}}
Jul 19 11:04:35.796283 dv-cinder-master-3-smb devstack@c-api.service[110962]: INFO cinder.api.openstack.wsgi [None req-786a0ae0-bcee-4c6e-8daf-8bc000d891bd tempest-QosSpecsTestJSON-1196000119 tempest-QosSpecsTestJSON-1196000119-project-admin] GET http://10.222.0.23/volume/v3/ae224ce9fdcc4c01abc23dea5e2ee8a4/qos-specs/da3f15e4-4d41-4d64-b928-d0dd0b92eebb
Jul 19 11:04:35.796756 dv-cinder-master-3-smb devstack@c-api.service[110962]: DEBUG cinder.api.openstack.wsgi [None req-786a0ae0-bcee-4c6e-8daf-8bc000d891bd tempest-QosSpecsTestJSON-1196000119 tempest-QosSpecsTestJSON-1196000119-project-admin] Empty body provided in request {{(pid=110962) get_body /opt/stack/cinder/cinder/api/openstack/wsgi.py:715}}
Jul 19 11:04:35.797218 dv-cinder-master-3-smb devstack@c-api.service[110962]: DEBUG cinder.api.openstack.wsgi [None req-786a0ae0-bcee-4c6e-8daf-8bc000d891bd tempest-QosSpecsTestJSON-1196000119 tempest-QosSpecsTestJSON-1196000119-project-admin] Calling method 'show' {{(pid=110962) _process_stack /opt/stack/cinder/cinder/api/openstack/wsgi.py:868}}
Jul 19 11:04:35.826016 dv-cinder-master-3-smb devstack@c-api.service[110962]: INFO cinder.api.openstack.wsgi [None req-786a0ae0-bcee-4c6e-8daf-8bc000d891bd tempest-QosSpecsTestJSON-1196000119 tempest-QosSpecsTestJSON-1196000119-project-admin] http://10.222.0.23/volume/v3/ae224ce9fdcc4c01abc23dea5e2ee8a4/qos-specs/da3f15e4-4d41-4d64-b928-d0dd0b92eebb returned with HTTP 404
Jul 19 11:04:35.831322 dv-cinder-master-3-smb devstack@c-api.service[110962]: [pid: 110962|app: 0|req: 31/50] 10.222.0.23 () {58 vars in 1330 bytes} [Tue Jul 19 11:04:35 2022] GET /volume/v3/ae224ce9fdcc4c01abc23dea5e2ee8a4/qos-specs/da3f15e4-4d41-4d64-b928-d0dd0b92eebb => generated 100 bytes in 55 msecs (HTTP/1.1 404) 7 headers in 292 bytes (1 switches on core 0)
Jul 19 11:04:35.835370 dv-cinder-master-3-smb devstack@c-api.service[110962]: DEBUG cinder.api.middleware.request_id [None req-5639eade-44cc-4f0d-bc94-d394980f8f49 None None] RequestId filter calling following filter/app {{(pid=110962) _context_setter /opt/stack/cinder/cinder/api/middleware/request_id.py:62}}
Jul 19 11:04:35.843594 dv-cinder-master-3-smb devstack@c-api.service[110962]: INFO cinder.api.openstack.wsgi [None req-5639eade-44cc-4f0d-bc94-d394980f8f49 tempest-VolumeQuotaClassesTest-1963537518 tempest-VolumeQuotaClassesTest-1963537518-project-admin] DELETE http://10.222.0.23/volume/v3/a548eb53a2ef49e180ca9c81f4eb526e/types/95309bfa-e608-496c-90e7-e544eea04113
Jul 19 11:04:35.853330 dv-cinder-master-3-smb devstack@c-api.service[110962]: DEBUG cinder.api.openstack.wsgi [None req-5639eade-44cc-4f0d-bc94-d394980f8f49 tempest-VolumeQuotaClassesTest-1963537518 tempest-VolumeQuotaClassesTest-1963537518-project-admin] Empty body provided in request {{(pid=110962) get_body /opt/stack/cinder/cinder/api/openstack/wsgi.py:715}}
Jul 19 11:04:35.853893 dv-cinder-master-3-smb devstack@c-api.service[110962]: DEBUG cinder.api.openstack.wsgi [None req-5639eade-44cc-4f0d-bc94-d394980f8f49 tempest-VolumeQuotaClassesTest-1963537518 tempest-VolumeQuotaClassesTest-1963537518-project-admin] Calling method '_delete' {{(pid=110962) _process_stack /opt/stack/cinder/cinder/api/openstack/wsgi.py:868}}
Jul 19 11:04:35.911861 dv-cinder-master-3-smb devstack@c-api.service[110963]: INFO cinder.volume.api [None req-796ccc32-cf12-4b73-aaf4-1716b7b643f4 tempest-VolumesTestJSON-1206322039 tempest-VolumesTestJSON-1206322039-project] Availability Zones retrieved successfully.
Jul 19 11:04:35.945343 dv-cinder-master-3-smb devstack@c-api.service[110963]: DEBUG cinder.volume.api [None req-796ccc32-cf12-4b73-aaf4-1716b7b643f4 tempest-VolumesTestJSON-1206322039 tempest-VolumesTestJSON-1206322039-project] Flow 'volume_create_api' (0b6554ad-849a-4c0d-b9b3-2664edc47b20) transitioned into state 'RUNNING' from state 'PENDING' {{(pid=110963) _flow_receiver /usr/local/lib/python3.8/dist-packages/taskflow/listeners/logging.py:141}}
Jul 19 11:04:35.952030 dv-cinder-master-3-smb devstack@c-api.service[110963]: DEBUG cinder.volume.api [None req-796ccc32-cf12-4b73-aaf4-1716b7b643f4 tempest-VolumesTestJSON-1206322039 tempest-VolumesTestJSON-1206322039-project] Task 'cinder.volume.flows.api.create_volume.ExtractVolumeRequestTask;volume:create' (c11a80be-0bf8-4045-937c-13ecb8a97d5d) transitioned into state 'RUNNING' from state 'PENDING' {{(pid=110963) _task_receiver /usr/local/lib/python3.8/dist-packages/taskflow/listeners/logging.py:190}}
Jul 19 11:04:35.961036 dv-cinder-master-3-smb devstack@c-api.service[110963]: DEBUG cinder.volume.flows.api.create_volume [None req-796ccc32-cf12-4b73-aaf4-1716b7b643f4 tempest-VolumesTestJSON-1206322039 tempest-VolumesTestJSON-1206322039-project] Validating volume size '1' using validate_int {{(pid=110963) _extract_size /opt/stack/cinder/cinder/volume/flows/api/create_volume.py:228}}
Jul 19 11:04:36.015896 dv-cinder-master-3-smb devstack@c-api.service[110963]: DEBUG dbcounter [-] [110963] Writing DB stats cinder:SELECT=94,cinder:UPDATE=4,cinder:INSERT=2 {{(pid=110963) stat_writer /usr/local/lib/python3.8/dist-packages/dbcounter.py:114}}
Jul 19 11:04:36.024596 dv-cinder-master-3-smb devstack@c-api.service[110962]: INFO cinder.api.openstack.wsgi [None req-5639eade-44cc-4f0d-bc94-d394980f8f49 tempest-VolumeQuotaClassesTest-1963537518 tempest-VolumeQuotaClassesTest-1963537518-project-admin] http://10.222.0.23/volume/v3/a548eb53a2ef49e180ca9c81f4eb526e/types/95309bfa-e608-496c-90e7-e544eea04113 returned with HTTP 202
Jul 19 11:04:36.029631 dv-cinder-master-3-smb devstack@c-api.service[110962]: [pid: 110962|app: 0|req: 32/51] 10.222.0.23 () {58 vars in 1321 bytes} [Tue Jul 19 11:04:35 2022] DELETE /volume/v3/a548eb53a2ef49e180ca9c81f4eb526e/types/95309bfa-e608-496c-90e7-e544eea04113 => generated 0 bytes in 195 msecs (HTTP/1.1 202) 6 headers in 233 bytes (1 switches on core 0)
Jul 19 11:04:36.032627 dv-cinder-master-3-smb devstack@c-api.service[110962]: DEBUG cinder.api.middleware.request_id [None req-e2024997-f3bf-4bba-a6e7-7d635d5e5f17 None None] RequestId filter calling following filter/app {{(pid=110962) _context_setter /opt/stack/cinder/cinder/api/middleware/request_id.py:62}}
Jul 19 11:04:36.042871 dv-cinder-master-3-smb devstack@c-api.service[110962]: INFO cinder.api.openstack.wsgi [None req-e2024997-f3bf-4bba-a6e7-7d635d5e5f17 tempest-QosSpecsTestJSON-1196000119 tempest-QosSpecsTestJSON-1196000119-project-admin] GET http://10.222.0.23/volume/v3/ae224ce9fdcc4c01abc23dea5e2ee8a4/qos-specs
Jul 19 11:04:36.043427 dv-cinder-master-3-smb devstack@c-api.service[110962]: DEBUG cinder.api.openstack.wsgi [None req-e2024997-f3bf-4bba-a6e7-7d635d5e5f17 tempest-QosSpecsTestJSON-1196000119 tempest-QosSpecsTestJSON-1196000119-project-admin] Empty body provided in request {{(pid=110962) get_body /opt/stack/cinder/cinder/api/openstack/wsgi.py:715}}
Jul 19 11:04:36.043982 dv-cinder-master-3-smb devstack@c-api.service[110962]: DEBUG cinder.api.openstack.wsgi [None req-e2024997-f3bf-4bba-a6e7-7d635d5e5f17 tempest-QosSpecsTestJSON-1196000119 tempest-QosSpecsTestJSON-1196000119-project-admin] Calling method 'index' {{(pid=110962) _process_stack /opt/stack/cinder/cinder/api/openstack/wsgi.py:868}}
Jul 19 11:04:36.049713 dv-cinder-master-3-smb devstack@c-api.service[110963]: DEBUG cinder.volume.api [None req-796ccc32-cf12-4b73-aaf4-1716b7b643f4 tempest-VolumesTestJSON-1206322039 tempest-VolumesTestJSON-1206322039-project] Task 'cinder.volume.flows.api.create_volume.ExtractVolumeRequestTask;volume:create' (c11a80be-0bf8-4045-937c-13ecb8a97d5d) transitioned into state 'SUCCESS' from state 'RUNNING' with result '{'size': 1, 'snapshot_id': None, 'source_volid': None, 'volume_type': VolumeType(created_at=2022-07-19T10:54:23Z,deleted=False,deleted_at=None,description='Default Volume Type',extra_specs={},id=0ee8aa5c-113a-4a2e-aff2-c13ac9dbe43e,is_public=True,name='__DEFAULT__',projects=[],qos_specs=,qos_specs_id=None,updated_at=2022-07-19T10:54:23Z), 'volume_type_id': '0ee8aa5c-113a-4a2e-aff2-c13ac9dbe43e', 'encryption_key_id': None, 'qos_specs': None, 'consistencygroup_id': None, 'cgsnapshot_id': None, 'group_id': None, 'replication_status': 'disabled', 'refresh_az': False, 'backup_id': None, 'multiattach': False, 'availability_zones': ['nova']}' {{(pid=110963) _task_receiver /usr/local/lib/python3.8/dist-packages/taskflow/listeners/logging.py:178}}
Jul 19 11:04:36.051873 dv-cinder-master-3-smb devstack@c-api.service[110963]: DEBUG cinder.volume.api [None req-796ccc32-cf12-4b73-aaf4-1716b7b643f4 tempest-VolumesTestJSON-1206322039 tempest-VolumesTestJSON-1206322039-project] Task 'cinder.volume.flows.api.create_volume.QuotaReserveTask;volume:create' (75a6a5dd-2c12-4e1b-9a61-c4235642d470) transitioned into state 'RUNNING' from state 'PENDING' {{(pid=110963) _task_receiver /usr/local/lib/python3.8/dist-packages/taskflow/listeners/logging.py:190}}
Jul 19 11:04:36.062328 dv-cinder-master-3-smb devstack@c-api.service[110962]: INFO cinder.api.openstack.wsgi [None req-e2024997-f3bf-4bba-a6e7-7d635d5e5f17 tempest-QosSpecsTestJSON-1196000119 tempest-QosSpecsTestJSON-1196000119-project-admin] http://10.222.0.23/volume/v3/ae224ce9fdcc4c01abc23dea5e2ee8a4/qos-specs returned with HTTP 200
Jul 19 11:04:36.069759 dv-cinder-master-3-smb devstack@c-api.service[110962]: [pid: 110962|app: 0|req: 33/52] 10.222.0.23 () {58 vars in 1219 bytes} [Tue Jul 19 11:04:36 2022] GET /volume/v3/ae224ce9fdcc4c01abc23dea5e2ee8a4/qos-specs => generated 174 bytes in 36 msecs (HTTP/1.1 200) 7 headers in 285 bytes (1 switches on core 0)
Jul 19 11:04:36.069759 dv-cinder-master-3-smb devstack@c-api.service[110962]: DEBUG cinder.api.middleware.request_id [req-89951663-3433-452e-ae8a-7f08a0246e99 req-422c0ef8-bf97-4d75-b8c0-ab8213c8e4b2 None None] RequestId filter calling following filter/app {{(pid=110962) _context_setter /opt/stack/cinder/cinder/api/middleware/request_id.py:62}}
Jul 19 11:04:36.072362 dv-cinder-master-3-smb devstack@c-api.service[110962]: INFO cinder.api.openstack.wsgi [req-89951663-3433-452e-ae8a-7f08a0246e99 req-422c0ef8-bf97-4d75-b8c0-ab8213c8e4b2 tempest-VolumesGetTestJSON-1172375357 tempest-VolumesGetTestJSON-1172375357-project] GET http://10.222.0.23/volume/v3/3c1490d23aff4c399d507e4dfa0adff4/volumes/49efad68-cb8d-4843-a8f7-122c32c5fe2c
Jul 19 11:04:36.072814 dv-cinder-master-3-smb devstack@c-api.service[110962]: DEBUG cinder.api.openstack.wsgi [req-89951663-3433-452e-ae8a-7f08a0246e99 req-422c0ef8-bf97-4d75-b8c0-ab8213c8e4b2 tempest-VolumesGetTestJSON-1172375357 tempest-VolumesGetTestJSON-1172375357-project] Empty body provided in request {{(pid=110962) get_body /opt/stack/cinder/cinder/api/openstack/wsgi.py:715}}
Jul 19 11:04:36.073267 dv-cinder-master-3-smb devstack@c-api.service[110962]: DEBUG cinder.api.openstack.wsgi [req-89951663-3433-452e-ae8a-7f08a0246e99 req-422c0ef8-bf97-4d75-b8c0-ab8213c8e4b2 tempest-VolumesGetTestJSON-1172375357 tempest-VolumesGetTestJSON-1172375357-project] Calling method 'show' {{(pid=110962) _process_stack /opt/stack/cinder/cinder/api/openstack/wsgi.py:868}}
Jul 19 11:04:36.092148 dv-cinder-master-3-smb devstack@c-api.service[110962]: INFO cinder.api.openstack.wsgi [req-89951663-3433-452e-ae8a-7f08a0246e99 req-422c0ef8-bf97-4d75-b8c0-ab8213c8e4b2 tempest-VolumesGetTestJSON-1172375357 tempest-VolumesGetTestJSON-1172375357-project] http://10.222.0.23/volume/v3/3c1490d23aff4c399d507e4dfa0adff4/volumes/49efad68-cb8d-4843-a8f7-122c32c5fe2c returned with HTTP 404
Jul 19 11:04:36.093486 dv-cinder-master-3-smb devstack@c-api.service[110962]: [pid: 110962|app: 0|req: 34/53] 10.222.0.23 () {60 vars in 1578 bytes} [Tue Jul 19 11:04:36 2022] GET /volume/v3/3c1490d23aff4c399d507e4dfa0adff4/volumes/49efad68-cb8d-4843-a8f7-122c32c5fe2c => generated 109 bytes in 29 msecs (HTTP/1.1 404) 7 headers in 292 bytes (1 switches on core 0)
Jul 19 11:04:36.095074 dv-cinder-master-3-smb devstack@c-api.service[110962]: DEBUG cinder.api.middleware.request_id [None req-e60f79a0-e9b9-4509-b361-e6174c290dc7 None None] RequestId filter calling following filter/app {{(pid=110962) _context_setter /opt/stack/cinder/cinder/api/middleware/request_id.py:62}}
Jul 19 11:04:36.103786 dv-cinder-master-3-smb devstack@c-api.service[110962]: INFO cinder.api.openstack.wsgi [None req-e60f79a0-e9b9-4509-b361-e6174c290dc7 tempest-VolumeQuotaClassesTest-1963537518 tempest-VolumeQuotaClassesTest-1963537518-project-admin] GET http://10.222.0.23/volume/v3/a548eb53a2ef49e180ca9c81f4eb526e/types/95309bfa-e608-496c-90e7-e544eea04113
Jul 19 11:04:36.103786 dv-cinder-master-3-smb devstack@c-api.service[110962]: DEBUG cinder.api.openstack.wsgi [None req-e60f79a0-e9b9-4509-b361-e6174c290dc7 tempest-VolumeQuotaClassesTest-1963537518 tempest-VolumeQuotaClassesTest-1963537518-project-admin] Empty body provided in request {{(pid=110962) get_body /opt/stack/cinder/cinder/api/openstack/wsgi.py:715}}
Jul 19 11:04:36.103786 dv-cinder-master-3-smb devstack@c-api.service[110962]: DEBUG cinder.api.openstack.wsgi [None req-e60f79a0-e9b9-4509-b361-e6174c290dc7 tempest-VolumeQuotaClassesTest-1963537518 tempest-VolumeQuotaClassesTest-1963537518-project-admin] Calling method 'show' {{(pid=110962) _process_stack /opt/stack/cinder/cinder/api/openstack/wsgi.py:868}}
Jul 19 11:04:36.108239 dv-cinder-master-3-smb devstack@c-api.service[110962]: INFO cinder.api.openstack.wsgi [None req-e60f79a0-e9b9-4509-b361-e6174c290dc7 tempest-VolumeQuotaClassesTest-1963537518 tempest-VolumeQuotaClassesTest-1963537518-project-admin] http://10.222.0.23/volume/v3/a548eb53a2ef49e180ca9c81f4eb526e/types/95309bfa-e608-496c-90e7-e544eea04113 returned with HTTP 404
Jul 19 11:04:36.112425 dv-cinder-master-3-smb devstack@c-api.service[110962]: [pid: 110962|app: 0|req: 35/54] 10.222.0.23 () {58 vars in 1318 bytes} [Tue Jul 19 11:04:36 2022] GET /volume/v3/a548eb53a2ef49e180ca9c81f4eb526e/types/95309bfa-e608-496c-90e7-e544eea04113 => generated 114 bytes in 15 msecs (HTTP/1.1 404) 7 headers in 292 bytes (1 switches on core 0)
Jul 19 11:04:36.112425 dv-cinder-master-3-smb devstack@c-api.service[110962]: DEBUG cinder.api.middleware.request_id [None req-9e31a913-d51e-4ff5-8db0-a52b21bb396e None None] RequestId filter calling following filter/app {{(pid=110962) _context_setter /opt/stack/cinder/cinder/api/middleware/request_id.py:62}}
Jul 19 11:04:36.118880 dv-cinder-master-3-smb devstack@c-api.service[110962]: INFO cinder.api.openstack.wsgi [None req-9e31a913-d51e-4ff5-8db0-a52b21bb396e tempest-QosSpecsTestJSON-1196000119 tempest-QosSpecsTestJSON-1196000119-project-admin] POST http://10.222.0.23/volume/v3/ae224ce9fdcc4c01abc23dea5e2ee8a4/qos-specs
Jul 19 11:04:36.118880 dv-cinder-master-3-smb devstack@c-api.service[110962]: DEBUG cinder.api.openstack.wsgi [None req-9e31a913-d51e-4ff5-8db0-a52b21bb396e tempest-QosSpecsTestJSON-1196000119 tempest-QosSpecsTestJSON-1196000119-project-admin] Action: 'create', calling method: create, body: {"qos_specs": {"name": "tempest-QosSpecsTestJSON-qos-1293233767", "consumer": "front-end"}} {{(pid=110962) _process_stack /opt/stack/cinder/cinder/api/openstack/wsgi.py:866}}
Jul 19 11:04:36.120702 dv-cinder-master-3-smb devstack@c-api.service[110962]: /usr/local/lib/python3.8/dist-packages/oslo_context/context.py:100: DeprecationWarning: Policy enforcement is depending on the value of is_admin. This key is deprecated. Please update your policy file to use the standard policy values.
Jul 19 11:04:36.120702 dv-cinder-master-3-smb devstack@c-api.service[110962]: warnings.warn('Policy enforcement is depending on the value of '
Jul 19 11:04:36.121324 dv-cinder-master-3-smb devstack@c-api.service[110962]: DEBUG cinder.volume.qos_specs [None req-9e31a913-d51e-4ff5-8db0-a52b21bb396e tempest-QosSpecsTestJSON-1196000119 tempest-QosSpecsTestJSON-1196000119-project-admin] Dict for qos_specs: {'name': 'tempest-QosSpecsTestJSON-qos-1293233767', 'consumer': 'front-end', 'specs': {}} {{(pid=110962) create /opt/stack/cinder/cinder/volume/qos_specs.py:64}}
Jul 19 11:04:36.127667 dv-cinder-master-3-smb devstack@c-api.service[110962]: DEBUG cinder.db.sqlalchemy.api [None req-9e31a913-d51e-4ff5-8db0-a52b21bb396e tempest-QosSpecsTestJSON-1196000119 tempest-QosSpecsTestJSON-1196000119-project-admin] DB qos_specs_create(): root {'id': '63314b25-4246-4de6-877d-23693cf75dbc', 'key': 'QoS_Specs_Name', 'value': 'tempest-QosSpecsTestJSON-qos-1293233767'} {{(pid=110962) qos_specs_create /opt/stack/cinder/cinder/db/sqlalchemy/api.py:5586}}
Jul 19 11:04:36.141291 dv-cinder-master-3-smb devstack@c-api.service[110962]: INFO cinder.api.openstack.wsgi [None req-9e31a913-d51e-4ff5-8db0-a52b21bb396e tempest-QosSpecsTestJSON-1196000119 tempest-QosSpecsTestJSON-1196000119-project-admin] http://10.222.0.23/volume/v3/ae224ce9fdcc4c01abc23dea5e2ee8a4/qos-specs returned with HTTP 200
Jul 19 11:04:36.142330 dv-cinder-master-3-smb devstack@c-api.service[110962]: [pid: 110962|app: 0|req: 36/55] 10.222.0.23 () {60 vars in 1240 bytes} [Tue Jul 19 11:04:36 2022] POST /volume/v3/ae224ce9fdcc4c01abc23dea5e2ee8a4/qos-specs => generated 436 bytes in 32 msecs (HTTP/1.1 200) 7 headers in 285 bytes (1 switches on core 0)
Jul 19 11:04:36.149841 dv-cinder-master-3-smb devstack@c-api.service[110962]: DEBUG cinder.api.middleware.request_id [None req-ef9fd444-e5ac-4e71-a067-2c43c86b6a35 None None] RequestId filter calling following filter/app {{(pid=110962) _context_setter /opt/stack/cinder/cinder/api/middleware/request_id.py:62}}
Jul 19 11:04:36.156193 dv-cinder-master-3-smb devstack@c-api.service[110962]: INFO cinder.api.openstack.wsgi [None req-ef9fd444-e5ac-4e71-a067-2c43c86b6a35 tempest-QosSpecsTestJSON-1196000119 tempest-QosSpecsTestJSON-1196000119-project-admin] DELETE http://10.222.0.23/volume/v3/ae224ce9fdcc4c01abc23dea5e2ee8a4/qos-specs/63314b25-4246-4de6-877d-23693cf75dbc?force=False
Jul 19 11:04:36.157111 dv-cinder-master-3-smb devstack@c-api.service[110962]: DEBUG cinder.api.openstack.wsgi [None req-ef9fd444-e5ac-4e71-a067-2c43c86b6a35 tempest-QosSpecsTestJSON-1196000119 tempest-QosSpecsTestJSON-1196000119-project-admin] Empty body provided in request {{(pid=110962) get_body /opt/stack/cinder/cinder/api/openstack/wsgi.py:715}}
Jul 19 11:04:36.157815 dv-cinder-master-3-smb devstack@c-api.service[110962]: DEBUG cinder.api.openstack.wsgi [None req-ef9fd444-e5ac-4e71-a067-2c43c86b6a35 tempest-QosSpecsTestJSON-1196000119 tempest-QosSpecsTestJSON-1196000119-project-admin] Calling method 'delete' {{(pid=110962) _process_stack /opt/stack/cinder/cinder/api/openstack/wsgi.py:868}}
Jul 19 11:04:36.158529 dv-cinder-master-3-smb devstack@c-api.service[110962]: /usr/local/lib/python3.8/dist-packages/oslo_context/context.py:100: DeprecationWarning: Policy enforcement is depending on the value of is_admin. This key is deprecated. Please update your policy file to use the standard policy values.
Jul 19 11:04:36.158529 dv-cinder-master-3-smb devstack@c-api.service[110962]: warnings.warn('Policy enforcement is depending on the value of '
Jul 19 11:04:36.159335 dv-cinder-master-3-smb devstack@c-api.service[110962]: DEBUG cinder.api.contrib.qos_specs_manage [None req-ef9fd444-e5ac-4e71-a067-2c43c86b6a35 tempest-QosSpecsTestJSON-1196000119 tempest-QosSpecsTestJSON-1196000119-project-admin] Delete qos_spec: 63314b25-4246-4de6-877d-23693cf75dbc, force: False {{(pid=110962) delete /opt/stack/cinder/cinder/api/contrib/qos_specs_manage.py:168}}
Jul 19 11:04:36.198697 dv-cinder-master-3-smb devstack@c-api.service[110963]: DEBUG cinder.quota [None req-796ccc32-cf12-4b73-aaf4-1716b7b643f4 tempest-VolumesTestJSON-1206322039 tempest-VolumesTestJSON-1206322039-project] Created reservations ['66621583-1222-45ae-920a-57d2160b668b', 'b14a0117-c7b8-4f6f-a3da-e84e260e7d73', '1a9f0118-07bc-410f-92ea-37a3034a10c1', 'a038f76f-8870-4522-9abc-102e641fdcc6'] {{(pid=110963) reserve /opt/stack/cinder/cinder/quota.py:755}}
Jul 19 11:04:36.200417 dv-cinder-master-3-smb devstack@c-api.service[110963]: DEBUG cinder.volume.api [None req-796ccc32-cf12-4b73-aaf4-1716b7b643f4 tempest-VolumesTestJSON-1206322039 tempest-VolumesTestJSON-1206322039-project] Task 'cinder.volume.flows.api.create_volume.QuotaReserveTask;volume:create' (75a6a5dd-2c12-4e1b-9a61-c4235642d470) transitioned into state 'SUCCESS' from state 'RUNNING' with result '{'reservations': ['66621583-1222-45ae-920a-57d2160b668b', 'b14a0117-c7b8-4f6f-a3da-e84e260e7d73', '1a9f0118-07bc-410f-92ea-37a3034a10c1', 'a038f76f-8870-4522-9abc-102e641fdcc6']}' {{(pid=110963) _task_receiver /usr/local/lib/python3.8/dist-packages/taskflow/listeners/logging.py:178}}
Jul 19 11:04:36.202442 dv-cinder-master-3-smb devstack@c-api.service[110963]: DEBUG cinder.volume.api [None req-796ccc32-cf12-4b73-aaf4-1716b7b643f4 tempest-VolumesTestJSON-1206322039 tempest-VolumesTestJSON-1206322039-project] Task 'cinder.volume.flows.api.create_volume.EntryCreateTask;volume:create' (c7aae670-642c-40c9-87df-cd7af5237dc6) transitioned into state 'RUNNING' from state 'PENDING' {{(pid=110963) _task_receiver /usr/local/lib/python3.8/dist-packages/taskflow/listeners/logging.py:190}}
Jul 19 11:04:36.228690 dv-cinder-master-3-smb devstack@c-api.service[110962]: INFO cinder.api.openstack.wsgi [None req-ef9fd444-e5ac-4e71-a067-2c43c86b6a35 tempest-QosSpecsTestJSON-1196000119 tempest-QosSpecsTestJSON-1196000119-project-admin] http://10.222.0.23/volume/v3/ae224ce9fdcc4c01abc23dea5e2ee8a4/qos-specs/63314b25-4246-4de6-877d-23693cf75dbc?force=False returned with HTTP 202
Jul 19 11:04:36.230377 dv-cinder-master-3-smb devstack@c-api.service[110962]: [pid: 110962|app: 0|req: 37/56] 10.222.0.23 () {58 vars in 1356 bytes} [Tue Jul 19 11:04:36 2022] DELETE /volume/v3/ae224ce9fdcc4c01abc23dea5e2ee8a4/qos-specs/63314b25-4246-4de6-877d-23693cf75dbc?force=False => generated 0 bytes in 82 msecs (HTTP/1.1 202) 6 headers in 233 bytes (1 switches on core 0)
Jul 19 11:04:36.236557 dv-cinder-master-3-smb devstack@c-api.service[110962]: DEBUG cinder.api.middleware.request_id [None req-49561e26-25a6-459a-92b9-ec397ced8324 None None] RequestId filter calling following filter/app {{(pid=110962) _context_setter /opt/stack/cinder/cinder/api/middleware/request_id.py:62}}
Jul 19 11:04:36.243326 dv-cinder-master-3-smb devstack@c-api.service[110963]: DEBUG cinder.volume.api [None req-796ccc32-cf12-4b73-aaf4-1716b7b643f4 tempest-VolumesTestJSON-1206322039 tempest-VolumesTestJSON-1206322039-project] Task 'cinder.volume.flows.api.create_volume.EntryCreateTask;volume:create' (c7aae670-642c-40c9-87df-cd7af5237dc6) transitioned into state 'SUCCESS' from state 'RUNNING' with result '{'volume_id': 'e0c8a8c4-f59e-447a-9c07-a6afa0cada81', 'volume_properties': VolumeProperties(attach_status='detached',availability_zone='nova',cgsnapshot_id=None,consistencygroup_id=None,display_description=None,display_name='tempest-VolumesTestJSON-volume-789194412',encryption_key_id=None,group_id=None,group_type_id=,metadata={Type='work'},multiattach=False,project_id='0e80f8d04cf94f03b71850c095d5be46',qos_specs=None,replication_status=,reservations=['66621583-1222-45ae-920a-57d2160b668b','b14a0117-c7b8-4f6f-a3da-e84e260e7d73','1a9f0118-07bc-410f-92ea-37a3034a10c1','a038f76f-8870-4522-9abc-102e641fdcc6'],size=1,snapshot_id=None,source_replicaid=,source_volid=None,status='creating',user_id='4f65c7c57c544d459e6457fd6fbeb274',volume_type_id=0ee8aa5c-113a-4a2e-aff2-c13ac9dbe43e), 'volume': Volume(_name_id=None,admin_metadata=,attach_status='detached',availability_zone='nova',bootable=False,cluster=,cluster_name=None,consistencygroup=,consistencygroup_id=None,created_at=2022-07-19T11:04:36Z,deleted=False,deleted_at=None,display_description=None,display_name='tempest-VolumesTestJSON-volume-789194412',ec2_id=None,encryption_key_id=None,glance_metadata=,group=,group_id=None,host=None,id=e0c8a8c4-f59e-447a-9c07-a6afa0cada81,launched_at=None,metadata={Type='work'},migration_status=None,multiattach=False,previous_status=None,project_id='0e80f8d04cf94f03b71850c095d5be46',provider_auth=None,provider_geometry=None,provider_id=None,provider_location=None,replication_driver_data=None,replication_extended_status=None,replication_status=None,scheduled_at=None,service_uuid=None,shared_targets=True,size=1,snapshot_id=None,snapshots=,source_volid=None,status='creating',terminated_at=None,updated_at=None,use_quota=True,user_id='4f65c7c57c544d459e6457fd6fbeb274',volume_attachment=VolumeAttachmentList,volume_type=VolumeType(0ee8aa5c-113a-4a2e-aff2-c13ac9dbe43e),volume_type_id=0ee8aa5c-113a-4a2e-aff2-c13ac9dbe43e)}' {{(pid=110963) _task_receiver /usr/local/lib/python3.8/dist-packages/taskflow/listeners/logging.py:178}}
Jul 19 11:04:36.245148 dv-cinder-master-3-smb devstack@c-api.service[110963]: DEBUG cinder.volume.api [None req-796ccc32-cf12-4b73-aaf4-1716b7b643f4 tempest-VolumesTestJSON-1206322039 tempest-VolumesTestJSON-1206322039-project] Task 'cinder.volume.flows.api.create_volume.QuotaCommitTask;volume:create' (c32cc0f8-550a-4424-b0a2-c6e916933fb4) transitioned into state 'RUNNING' from state 'PENDING' {{(pid=110963) _task_receiver /usr/local/lib/python3.8/dist-packages/taskflow/listeners/logging.py:190}}
Jul 19 11:04:36.248073 dv-cinder-master-3-smb devstack@c-api.service[110962]: INFO cinder.api.openstack.wsgi [None req-49561e26-25a6-459a-92b9-ec397ced8324 tempest-QosSpecsTestJSON-1196000119 tempest-QosSpecsTestJSON-1196000119-project-admin] GET http://10.222.0.23/volume/v3/ae224ce9fdcc4c01abc23dea5e2ee8a4/qos-specs/63314b25-4246-4de6-877d-23693cf75dbc
Jul 19 11:04:36.251171 dv-cinder-master-3-smb devstack@c-api.service[110962]: DEBUG cinder.api.openstack.wsgi [None req-49561e26-25a6-459a-92b9-ec397ced8324 tempest-QosSpecsTestJSON-1196000119 tempest-QosSpecsTestJSON-1196000119-project-admin] Empty body provided in request {{(pid=110962) get_body /opt/stack/cinder/cinder/api/openstack/wsgi.py:715}}
Jul 19 11:04:36.253037 dv-cinder-master-3-smb devstack@c-api.service[110962]: DEBUG cinder.api.openstack.wsgi [None req-49561e26-25a6-459a-92b9-ec397ced8324 tempest-QosSpecsTestJSON-1196000119 tempest-QosSpecsTestJSON-1196000119-project-admin] Calling method 'show' {{(pid=110962) _process_stack /opt/stack/cinder/cinder/api/openstack/wsgi.py:868}}
Jul 19 11:04:36.256639 dv-cinder-master-3-smb devstack@c-api.service[110962]: /usr/local/lib/python3.8/dist-packages/oslo_context/context.py:100: DeprecationWarning: Policy enforcement is depending on the value of is_admin. This key is deprecated. Please update your policy file to use the standard policy values.
Jul 19 11:04:36.256639 dv-cinder-master-3-smb devstack@c-api.service[110962]: warnings.warn('Policy enforcement is depending on the value of '
Jul 19 11:04:36.275964 dv-cinder-master-3-smb devstack@c-api.service[110962]: INFO cinder.api.openstack.wsgi [None req-49561e26-25a6-459a-92b9-ec397ced8324 tempest-QosSpecsTestJSON-1196000119 tempest-QosSpecsTestJSON-1196000119-project-admin] http://10.222.0.23/volume/v3/ae224ce9fdcc4c01abc23dea5e2ee8a4/qos-specs/63314b25-4246-4de6-877d-23693cf75dbc returned with HTTP 404
Jul 19 11:04:36.278020 dv-cinder-master-3-smb devstack@c-api.service[110962]: [pid: 110962|app: 0|req: 38/57] 10.222.0.23 () {58 vars in 1330 bytes} [Tue Jul 19 11:04:36 2022] GET /volume/v3/ae224ce9fdcc4c01abc23dea5e2ee8a4/qos-specs/63314b25-4246-4de6-877d-23693cf75dbc => generated 100 bytes in 44 msecs (HTTP/1.1 404) 7 headers in 292 bytes (1 switches on core 0)
Jul 19 11:04:36.283040 dv-cinder-master-3-smb devstack@c-api.service[110962]: DEBUG cinder.api.middleware.request_id [None req-cf92c9f5-a5e7-4205-89c9-0ffc7879a3c8 None None] RequestId filter calling following filter/app {{(pid=110962) _context_setter /opt/stack/cinder/cinder/api/middleware/request_id.py:62}}
Jul 19 11:04:36.296154 dv-cinder-master-3-smb devstack@c-api.service[110962]: INFO cinder.api.openstack.wsgi [None req-cf92c9f5-a5e7-4205-89c9-0ffc7879a3c8 tempest-QosSpecsTestJSON-1196000119 tempest-QosSpecsTestJSON-1196000119-project-admin] GET http://10.222.0.23/volume/v3/ae224ce9fdcc4c01abc23dea5e2ee8a4/qos-specs
Jul 19 11:04:36.298365 dv-cinder-master-3-smb devstack@c-api.service[110962]: DEBUG cinder.api.openstack.wsgi [None req-cf92c9f5-a5e7-4205-89c9-0ffc7879a3c8 tempest-QosSpecsTestJSON-1196000119 tempest-QosSpecsTestJSON-1196000119-project-admin] Empty body provided in request {{(pid=110962) get_body /opt/stack/cinder/cinder/api/openstack/wsgi.py:715}}
Jul 19 11:04:36.298875 dv-cinder-master-3-smb devstack@c-api.service[110963]: DEBUG cinder.volume.api [None req-796ccc32-cf12-4b73-aaf4-1716b7b643f4 tempest-VolumesTestJSON-1206322039 tempest-VolumesTestJSON-1206322039-project] Task 'cinder.volume.flows.api.create_volume.QuotaCommitTask;volume:create' (c32cc0f8-550a-4424-b0a2-c6e916933fb4) transitioned into state 'SUCCESS' from state 'RUNNING' with result '{'volume_properties': VolumeProperties(attach_status='detached',availability_zone='nova',cgsnapshot_id=None,consistencygroup_id=None,display_description=None,display_name='tempest-VolumesTestJSON-volume-789194412',encryption_key_id=None,group_id=None,group_type_id=,metadata={Type='work'},multiattach=False,project_id='0e80f8d04cf94f03b71850c095d5be46',qos_specs=None,replication_status=,reservations=['66621583-1222-45ae-920a-57d2160b668b','b14a0117-c7b8-4f6f-a3da-e84e260e7d73','1a9f0118-07bc-410f-92ea-37a3034a10c1','a038f76f-8870-4522-9abc-102e641fdcc6'],size=1,snapshot_id=None,source_replicaid=,source_volid=None,status='creating',user_id='4f65c7c57c544d459e6457fd6fbeb274',volume_type_id=0ee8aa5c-113a-4a2e-aff2-c13ac9dbe43e)}' {{(pid=110963) _task_receiver /usr/local/lib/python3.8/dist-packages/taskflow/listeners/logging.py:178}}
Jul 19 11:04:36.300121 dv-cinder-master-3-smb devstack@c-api.service[110962]: DEBUG cinder.api.openstack.wsgi [None req-cf92c9f5-a5e7-4205-89c9-0ffc7879a3c8 tempest-QosSpecsTestJSON-1196000119 tempest-QosSpecsTestJSON-1196000119-project-admin] Calling method 'index' {{(pid=110962) _process_stack /opt/stack/cinder/cinder/api/openstack/wsgi.py:868}}
Jul 19 11:04:36.300603 dv-cinder-master-3-smb devstack@c-api.service[110963]: DEBUG cinder.volume.api [None req-796ccc32-cf12-4b73-aaf4-1716b7b643f4 tempest-VolumesTestJSON-1206322039 tempest-VolumesTestJSON-1206322039-project] Task 'cinder.volume.flows.api.create_volume.VolumeCastTask;volume:create' (6bdcf2e9-4507-44ab-b0d0-4c0c90045291) transitioned into state 'RUNNING' from state 'PENDING' {{(pid=110963) _task_receiver /usr/local/lib/python3.8/dist-packages/taskflow/listeners/logging.py:190}}
Jul 19 11:04:36.324431 dv-cinder-master-3-smb devstack@c-api.service[110962]: INFO cinder.api.openstack.wsgi [None req-cf92c9f5-a5e7-4205-89c9-0ffc7879a3c8 tempest-QosSpecsTestJSON-1196000119 tempest-QosSpecsTestJSON-1196000119-project-admin] http://10.222.0.23/volume/v3/ae224ce9fdcc4c01abc23dea5e2ee8a4/qos-specs returned with HTTP 200
