Jul 11 14:41:12.527727 dv-cinder-master-3-smb devstack@c-api.service[117717]: DEBUG cinder.api.openstack.wsgi [None req-04fa5acb-ccf9-4041-8ed6-4f85e0de15b9 tempest-GroupSnapshotsTest-1758852607 tempest-GroupSnapshotsTest-1758852607-project] Calling method 'detail' {{(pid=117717) _process_stack /opt/stack/cinder/cinder/api/openstack/wsgi.py:868}}
Jul 11 14:41:12.529654 dv-cinder-master-3-smb devstack@c-api.service[117718]: /usr/local/lib/python3.8/dist-packages/oslo_context/context.py:100: DeprecationWarning: Policy enforcement is depending on the value of is_admin. This key is deprecated. Please update your policy file to use the standard policy values.
Jul 11 14:41:12.529654 dv-cinder-master-3-smb devstack@c-api.service[117718]: warnings.warn('Policy enforcement is depending on the value of '
Jul 11 14:41:12.534513 dv-cinder-master-3-smb devstack@c-api.service[117717]: DEBUG cinder.api.api_utils [None req-04fa5acb-ccf9-4041-8ed6-4f85e0de15b9 tempest-GroupSnapshotsTest-1758852607 tempest-GroupSnapshotsTest-1758852607-project] Removing options '' from query. {{(pid=117717) remove_invalid_filter_options /opt/stack/cinder/cinder/api/api_utils.py:83}}
Jul 11 14:41:12.536411 dv-cinder-master-3-smb devstack@c-api.service[117717]: /usr/local/lib/python3.8/dist-packages/oslo_context/context.py:100: DeprecationWarning: Policy enforcement is depending on the value of is_admin. This key is deprecated. Please update your policy file to use the standard policy values.
Jul 11 14:41:12.536411 dv-cinder-master-3-smb devstack@c-api.service[117717]: warnings.warn('Policy enforcement is depending on the value of '
Jul 11 14:41:12.539745 dv-cinder-master-3-smb devstack@c-api.service[117717]: DEBUG cinder.volume.api [None req-04fa5acb-ccf9-4041-8ed6-4f85e0de15b9 tempest-GroupSnapshotsTest-1758852607 tempest-GroupSnapshotsTest-1758852607-project] Searching by: MultiDict([('no_migration_targets', True)]). {{(pid=117717) get_all /opt/stack/cinder/cinder/volume/api.py:664}}
Jul 11 14:41:12.562541 dv-cinder-master-3-smb devstack@c-api.service[117718]: DEBUG cinder.volume.qos_specs [None req-88f9e3d7-6e3e-43b9-b18a-ae42b97f710d tempest-QosSpecsTestJSON-848658508 tempest-QosSpecsTestJSON-848658508-project-admin] qos_specs.update(): specs {'iops_bytes': '500'} {{(pid=117718) update /opt/stack/cinder/cinder/volume/qos_specs.py:79}}
Jul 11 14:41:12.596341 dv-cinder-master-3-smb devstack@c-api.service[117718]: DEBUG cinder.db.sqlalchemy.api [None req-88f9e3d7-6e3e-43b9-b18a-ae42b97f710d tempest-QosSpecsTestJSON-848658508 tempest-QosSpecsTestJSON-848658508-project-admin] qos_specs_update() value: {'id': '2c0c9c60-3561-4c90-997f-eafff68b3246', 'key': 'iops_bytes', 'value': '500', 'specs_id': '5b13b343-a9cd-436c-9515-829cbaa5f78b', 'deleted': False} {{(pid=117718) qos_specs_update /opt/stack/cinder/cinder/db/sqlalchemy/api.py:5941}}
Jul 11 14:41:12.610626 dv-cinder-master-3-smb devstack@c-api.service[117718]: INFO cinder.api.openstack.wsgi [None req-88f9e3d7-6e3e-43b9-b18a-ae42b97f710d tempest-QosSpecsTestJSON-848658508 tempest-QosSpecsTestJSON-848658508-project-admin] http://10.222.0.70/volume/v3/a2611df563934127977756bf6840ef91/qos-specs/5b13b343-a9cd-436c-9515-829cbaa5f78b returned with HTTP 200
Jul 11 14:41:12.612051 dv-cinder-master-3-smb devstack@c-api.service[117718]: [pid: 117718|app: 0|req: 38/80] 10.222.0.70 () {60 vars in 1350 bytes} [Mon Jul 11 14:41:12 2022] PUT /volume/v3/a2611df563934127977756bf6840ef91/qos-specs/5b13b343-a9cd-436c-9515-829cbaa5f78b => generated 36 bytes in 123 msecs (HTTP/1.1 200) 7 headers in 284 bytes (1 switches on core 0)
Jul 11 14:41:12.617803 dv-cinder-master-3-smb devstack@c-api.service[117718]: DEBUG cinder.api.middleware.request_id [None req-52f53a97-29a8-48ac-bcdc-ce0f5110c6e7 None None] RequestId filter calling following filter/app {{(pid=117718) _context_setter /opt/stack/cinder/cinder/api/middleware/request_id.py:62}}
Jul 11 14:41:12.623270 dv-cinder-master-3-smb devstack@c-api.service[117718]: INFO cinder.api.openstack.wsgi [None req-52f53a97-29a8-48ac-bcdc-ce0f5110c6e7 tempest-QosSpecsTestJSON-848658508 tempest-QosSpecsTestJSON-848658508-project-admin] GET http://10.222.0.70/volume/v3/a2611df563934127977756bf6840ef91/qos-specs/5b13b343-a9cd-436c-9515-829cbaa5f78b
Jul 11 14:41:12.623921 dv-cinder-master-3-smb devstack@c-api.service[117718]: DEBUG cinder.api.openstack.wsgi [None req-52f53a97-29a8-48ac-bcdc-ce0f5110c6e7 tempest-QosSpecsTestJSON-848658508 tempest-QosSpecsTestJSON-848658508-project-admin] Empty body provided in request {{(pid=117718) get_body /opt/stack/cinder/cinder/api/openstack/wsgi.py:715}}
Jul 11 14:41:12.624671 dv-cinder-master-3-smb devstack@c-api.service[117718]: DEBUG cinder.api.openstack.wsgi [None req-52f53a97-29a8-48ac-bcdc-ce0f5110c6e7 tempest-QosSpecsTestJSON-848658508 tempest-QosSpecsTestJSON-848658508-project-admin] Calling method 'show' {{(pid=117718) _process_stack /opt/stack/cinder/cinder/api/openstack/wsgi.py:868}}
Jul 11 14:41:12.625525 dv-cinder-master-3-smb devstack@c-api.service[117718]: /usr/local/lib/python3.8/dist-packages/oslo_context/context.py:100: DeprecationWarning: Policy enforcement is depending on the value of is_admin. This key is deprecated. Please update your policy file to use the standard policy values.
Jul 11 14:41:12.625525 dv-cinder-master-3-smb devstack@c-api.service[117718]: warnings.warn('Policy enforcement is depending on the value of '
Jul 11 14:41:12.644766 dv-cinder-master-3-smb devstack@c-api.service[117718]: INFO cinder.api.openstack.wsgi [None req-52f53a97-29a8-48ac-bcdc-ce0f5110c6e7 tempest-QosSpecsTestJSON-848658508 tempest-QosSpecsTestJSON-848658508-project-admin] http://10.222.0.70/volume/v3/a2611df563934127977756bf6840ef91/qos-specs/5b13b343-a9cd-436c-9515-829cbaa5f78b returned with HTTP 200
Jul 11 14:41:12.646076 dv-cinder-master-3-smb devstack@c-api.service[117718]: [pid: 117718|app: 0|req: 39/81] 10.222.0.70 () {58 vars in 1330 bytes} [Mon Jul 11 14:41:12 2022] GET /volume/v3/a2611df563934127977756bf6840ef91/qos-specs/5b13b343-a9cd-436c-9515-829cbaa5f78b => generated 479 bytes in 29 msecs (HTTP/1.1 200) 7 headers in 285 bytes (2 switches on core 0)
Jul 11 14:41:12.653422 dv-cinder-master-3-smb devstack@c-api.service[117718]: DEBUG cinder.api.middleware.request_id [None req-950410d0-86ef-487c-b1c8-19edc18f07ee None None] RequestId filter calling following filter/app {{(pid=117718) _context_setter /opt/stack/cinder/cinder/api/middleware/request_id.py:62}}
Jul 11 14:41:12.668062 dv-cinder-master-3-smb devstack@c-api.service[117718]: INFO cinder.api.openstack.wsgi [None req-950410d0-86ef-487c-b1c8-19edc18f07ee tempest-QosSpecsTestJSON-848658508 tempest-QosSpecsTestJSON-848658508-project-admin] PUT http://10.222.0.70/volume/v3/a2611df563934127977756bf6840ef91/qos-specs/5b13b343-a9cd-436c-9515-829cbaa5f78b/delete_keys
Jul 11 14:41:12.672075 dv-cinder-master-3-smb devstack@c-api.service[117718]: DEBUG cinder.api.openstack.wsgi [None req-950410d0-86ef-487c-b1c8-19edc18f07ee tempest-QosSpecsTestJSON-848658508 tempest-QosSpecsTestJSON-848658508-project-admin] Action: 'delete_keys', calling method: delete_keys, body: {"keys": ["iops_bytes"]} {{(pid=117718) _process_stack /opt/stack/cinder/cinder/api/openstack/wsgi.py:866}}
Jul 11 14:41:12.673522 dv-cinder-master-3-smb devstack@c-api.service[117718]: /usr/local/lib/python3.8/dist-packages/oslo_context/context.py:100: DeprecationWarning: Policy enforcement is depending on the value of is_admin. This key is deprecated. Please update your policy file to use the standard policy values.
Jul 11 14:41:12.673522 dv-cinder-master-3-smb devstack@c-api.service[117718]: warnings.warn('Policy enforcement is depending on the value of '
Jul 11 14:41:12.676161 dv-cinder-master-3-smb devstack@c-api.service[117718]: DEBUG cinder.api.contrib.qos_specs_manage [None req-950410d0-86ef-487c-b1c8-19edc18f07ee tempest-QosSpecsTestJSON-848658508 tempest-QosSpecsTestJSON-848658508-project-admin] Delete_key spec: 5b13b343-a9cd-436c-9515-829cbaa5f78b, keys: ['iops_bytes'] {{(pid=117718) delete_keys /opt/stack/cinder/cinder/api/contrib/qos_specs_manage.py:207}}
Jul 11 14:41:12.678185 dv-cinder-master-3-smb devstack@c-api.service[117718]: DEBUG dbcounter [-] [117718] Writing DB stats cinder:SELECT=85,cinder:INSERT=10,cinder:UPDATE=5 {{(pid=117718) stat_writer /usr/local/lib/python3.8/dist-packages/dbcounter.py:114}}
Jul 11 14:41:12.727697 dv-cinder-master-3-smb devstack@c-api.service[117718]: INFO cinder.api.openstack.wsgi [None req-950410d0-86ef-487c-b1c8-19edc18f07ee tempest-QosSpecsTestJSON-848658508 tempest-QosSpecsTestJSON-848658508-project-admin] http://10.222.0.70/volume/v3/a2611df563934127977756bf6840ef91/qos-specs/5b13b343-a9cd-436c-9515-829cbaa5f78b/delete_keys returned with HTTP 202
Jul 11 14:41:12.728850 dv-cinder-master-3-smb devstack@c-api.service[117718]: [pid: 117718|app: 0|req: 40/82] 10.222.0.70 () {60 vars in 1386 bytes} [Mon Jul 11 14:41:12 2022] PUT /volume/v3/a2611df563934127977756bf6840ef91/qos-specs/5b13b343-a9cd-436c-9515-829cbaa5f78b/delete_keys => generated 0 bytes in 77 msecs (HTTP/1.1 202) 6 headers in 233 bytes (2 switches on core 0)
Jul 11 14:41:12.735036 dv-cinder-master-3-smb devstack@c-api.service[117718]: DEBUG cinder.api.middleware.request_id [None req-7c8b2bfd-2736-4625-b21d-4b2b0013b3b7 None None] RequestId filter calling following filter/app {{(pid=117718) _context_setter /opt/stack/cinder/cinder/api/middleware/request_id.py:62}}
Jul 11 14:41:12.740104 dv-cinder-master-3-smb devstack@c-api.service[117717]: INFO cinder.volume.api [None req-04fa5acb-ccf9-4041-8ed6-4f85e0de15b9 tempest-GroupSnapshotsTest-1758852607 tempest-GroupSnapshotsTest-1758852607-project] Get all volumes completed successfully.
Jul 11 14:41:12.747139 dv-cinder-master-3-smb devstack@c-api.service[117717]: WARNING stevedore.named [None req-04fa5acb-ccf9-4041-8ed6-4f85e0de15b9 tempest-GroupSnapshotsTest-1758852607 tempest-GroupSnapshotsTest-1758852607-project] Could not load cinder.keymgr.conf_key_mgr.ConfKeyManager
Jul 11 14:41:12.747562 dv-cinder-master-3-smb devstack@c-api.service[117717]: WARNING castellan.key_manager [None req-04fa5acb-ccf9-4041-8ed6-4f85e0de15b9 tempest-GroupSnapshotsTest-1758852607 tempest-GroupSnapshotsTest-1758852607-project] Deprecation Warning : cinder.keymgr.conf_key_mgr.ConfKeyManager is not a stevedore based driver, trying to load it as a class: stevedore.exception.NoMatches: No 'castellan.drivers' driver found, looking for 'cinder.keymgr.conf_key_mgr.ConfKeyManager'
Jul 11 14:41:12.747817 dv-cinder-master-3-smb devstack@c-api.service[117718]: INFO cinder.api.openstack.wsgi [None req-7c8b2bfd-2736-4625-b21d-4b2b0013b3b7 tempest-QosSpecsTestJSON-848658508 tempest-QosSpecsTestJSON-848658508-project-admin] GET http://10.222.0.70/volume/v3/a2611df563934127977756bf6840ef91/qos-specs/5b13b343-a9cd-436c-9515-829cbaa5f78b
Jul 11 14:41:12.751746 dv-cinder-master-3-smb devstack@c-api.service[117718]: DEBUG cinder.api.openstack.wsgi [None req-7c8b2bfd-2736-4625-b21d-4b2b0013b3b7 tempest-QosSpecsTestJSON-848658508 tempest-QosSpecsTestJSON-848658508-project-admin] Empty body provided in request {{(pid=117718) get_body /opt/stack/cinder/cinder/api/openstack/wsgi.py:715}}
Jul 11 14:41:12.753044 dv-cinder-master-3-smb devstack@c-api.service[117718]: DEBUG cinder.api.openstack.wsgi [None req-7c8b2bfd-2736-4625-b21d-4b2b0013b3b7 tempest-QosSpecsTestJSON-848658508 tempest-QosSpecsTestJSON-848658508-project-admin] Calling method 'show' {{(pid=117718) _process_stack /opt/stack/cinder/cinder/api/openstack/wsgi.py:868}}
Jul 11 14:41:12.754020 dv-cinder-master-3-smb devstack@c-api.service[117718]: /usr/local/lib/python3.8/dist-packages/oslo_context/context.py:100: DeprecationWarning: Policy enforcement is depending on the value of is_admin. This key is deprecated. Please update your policy file to use the standard policy values.
Jul 11 14:41:12.754020 dv-cinder-master-3-smb devstack@c-api.service[117718]: warnings.warn('Policy enforcement is depending on the value of '
Jul 11 14:41:12.761617 dv-cinder-master-3-smb devstack@c-api.service[117717]: DEBUG oslo_db.sqlalchemy.engines [None req-04fa5acb-ccf9-4041-8ed6-4f85e0de15b9 tempest-GroupSnapshotsTest-1758852607 tempest-GroupSnapshotsTest-1758852607-project] MySQL server mode set to STRICT_TRANS_TABLES,STRICT_ALL_TABLES,NO_ZERO_IN_DATE,NO_ZERO_DATE,ERROR_FOR_DIVISION_BY_ZERO,TRADITIONAL,NO_ENGINE_SUBSTITUTION {{(pid=117717) _check_effective_sql_mode /usr/local/lib/python3.8/dist-packages/oslo_db/sqlalchemy/engines.py:314}}
Jul 11 14:41:12.774200 dv-cinder-master-3-smb devstack@c-api.service[117717]: /usr/local/lib/python3.8/dist-packages/oslo_context/context.py:100: DeprecationWarning: Policy enforcement is depending on the value of is_admin. This key is deprecated. Please update your policy file to use the standard policy values.
Jul 11 14:41:12.774200 dv-cinder-master-3-smb devstack@c-api.service[117717]: warnings.warn('Policy enforcement is depending on the value of '
Jul 11 14:41:12.775809 dv-cinder-master-3-smb devstack@c-api.service[117718]: INFO cinder.api.openstack.wsgi [None req-7c8b2bfd-2736-4625-b21d-4b2b0013b3b7 tempest-QosSpecsTestJSON-848658508 tempest-QosSpecsTestJSON-848658508-project-admin] http://10.222.0.70/volume/v3/a2611df563934127977756bf6840ef91/qos-specs/5b13b343-a9cd-436c-9515-829cbaa5f78b returned with HTTP 200
Jul 11 14:41:12.778381 dv-cinder-master-3-smb devstack@c-api.service[117718]: [pid: 117718|app: 0|req: 41/83] 10.222.0.70 () {58 vars in 1330 bytes} [Mon Jul 11 14:41:12 2022] GET /volume/v3/a2611df563934127977756bf6840ef91/qos-specs/5b13b343-a9cd-436c-9515-829cbaa5f78b => generated 458 bytes in 45 msecs (HTTP/1.1 200) 7 headers in 285 bytes (1 switches on core 0)
Jul 11 14:41:12.784032 dv-cinder-master-3-smb devstack@c-api.service[117718]: DEBUG cinder.api.middleware.request_id [None req-d98d41e8-dc5f-4232-b160-08e694651c83 None None] RequestId filter calling following filter/app {{(pid=117718) _context_setter /opt/stack/cinder/cinder/api/middleware/request_id.py:62}}
Jul 11 14:41:12.796949 dv-cinder-master-3-smb devstack@c-api.service[117718]: INFO cinder.api.openstack.wsgi [None req-d98d41e8-dc5f-4232-b160-08e694651c83 tempest-QosSpecsTestJSON-848658508 tempest-QosSpecsTestJSON-848658508-project-admin] GET http://10.222.0.70/volume/v3/a2611df563934127977756bf6840ef91/qos-specs/5b13b343-a9cd-436c-9515-829cbaa5f78b
Jul 11 14:41:12.798584 dv-cinder-master-3-smb devstack@c-api.service[117718]: DEBUG cinder.api.openstack.wsgi [None req-d98d41e8-dc5f-4232-b160-08e694651c83 tempest-QosSpecsTestJSON-848658508 tempest-QosSpecsTestJSON-848658508-project-admin] Empty body provided in request {{(pid=117718) get_body /opt/stack/cinder/cinder/api/openstack/wsgi.py:715}}
Jul 11 14:41:12.799386 dv-cinder-master-3-smb devstack@c-api.service[117718]: DEBUG cinder.api.openstack.wsgi [None req-d98d41e8-dc5f-4232-b160-08e694651c83 tempest-QosSpecsTestJSON-848658508 tempest-QosSpecsTestJSON-848658508-project-admin] Calling method 'show' {{(pid=117718) _process_stack /opt/stack/cinder/cinder/api/openstack/wsgi.py:868}}
Jul 11 14:41:12.800703 dv-cinder-master-3-smb devstack@c-api.service[117718]: /usr/local/lib/python3.8/dist-packages/oslo_context/context.py:100: DeprecationWarning: Policy enforcement is depending on the value of is_admin. This key is deprecated. Please update your policy file to use the standard policy values.
Jul 11 14:41:12.800703 dv-cinder-master-3-smb devstack@c-api.service[117718]: warnings.warn('Policy enforcement is depending on the value of '
Jul 11 14:41:12.810926 dv-cinder-master-3-smb devstack@c-api.service[117717]: INFO cinder.api.openstack.wsgi [None req-04fa5acb-ccf9-4041-8ed6-4f85e0de15b9 tempest-GroupSnapshotsTest-1758852607 tempest-GroupSnapshotsTest-1758852607-project] http://10.222.0.70/volume/v3/a94feb5a9416485295e2c8cc2291b266/volumes/detail returned with HTTP 200
Jul 11 14:41:12.813485 dv-cinder-master-3-smb devstack@c-api.service[117717]: [pid: 117717|app: 0|req: 43/84] 10.222.0.70 () {60 vars in 1275 bytes} [Mon Jul 11 14:41:12 2022] GET /volume/v3/a94feb5a9416485295e2c8cc2291b266/volumes/detail => generated 1003 bytes in 327 msecs (HTTP/1.1 200) 7 headers in 287 bytes (1 switches on core 0)
Jul 11 14:41:12.816054 dv-cinder-master-3-smb devstack@c-api.service[117718]: INFO cinder.api.openstack.wsgi [None req-d98d41e8-dc5f-4232-b160-08e694651c83 tempest-QosSpecsTestJSON-848658508 tempest-QosSpecsTestJSON-848658508-project-admin] http://10.222.0.70/volume/v3/a2611df563934127977756bf6840ef91/qos-specs/5b13b343-a9cd-436c-9515-829cbaa5f78b returned with HTTP 200
Jul 11 14:41:12.816866 dv-cinder-master-3-smb devstack@c-api.service[117718]: [pid: 117718|app: 0|req: 42/85] 10.222.0.70 () {58 vars in 1330 bytes} [Mon Jul 11 14:41:12 2022] GET /volume/v3/a2611df563934127977756bf6840ef91/qos-specs/5b13b343-a9cd-436c-9515-829cbaa5f78b => generated 458 bytes in 34 msecs (HTTP/1.1 200) 7 headers in 285 bytes (1 switches on core 0)
Jul 11 14:41:12.827350 dv-cinder-master-3-smb devstack@c-api.service[117718]: DEBUG cinder.api.middleware.request_id [None req-4d217597-2325-4bc1-8732-5c31d0af249d None None] RequestId filter calling following filter/app {{(pid=117718) _context_setter /opt/stack/cinder/cinder/api/middleware/request_id.py:62}}
Jul 11 14:41:12.827567 dv-cinder-master-3-smb devstack@c-api.service[117717]: DEBUG cinder.api.middleware.request_id [None req-346d6b0f-af3a-4b74-b74c-c93365550795 None None] RequestId filter calling following filter/app {{(pid=117717) _context_setter /opt/stack/cinder/cinder/api/middleware/request_id.py:62}}
Jul 11 14:41:12.832003 dv-cinder-master-3-smb devstack@c-api.service[117717]: INFO cinder.api.openstack.wsgi [None req-346d6b0f-af3a-4b74-b74c-c93365550795 tempest-GroupSnapshotsTest-1758852607 tempest-GroupSnapshotsTest-1758852607-project] GET http://10.222.0.70/volume/v3/a94feb5a9416485295e2c8cc2291b266/snapshots/detail
Jul 11 14:41:12.832513 dv-cinder-master-3-smb devstack@c-api.service[117717]: DEBUG cinder.api.openstack.wsgi [None req-346d6b0f-af3a-4b74-b74c-c93365550795 tempest-GroupSnapshotsTest-1758852607 tempest-GroupSnapshotsTest-1758852607-project] Empty body provided in request {{(pid=117717) get_body /opt/stack/cinder/cinder/api/openstack/wsgi.py:715}}
Jul 11 14:41:12.833196 dv-cinder-master-3-smb devstack@c-api.service[117717]: DEBUG cinder.api.openstack.wsgi [None req-346d6b0f-af3a-4b74-b74c-c93365550795 tempest-GroupSnapshotsTest-1758852607 tempest-GroupSnapshotsTest-1758852607-project] Calling method 'detail' {{(pid=117717) _process_stack /opt/stack/cinder/cinder/api/openstack/wsgi.py:868}}
Jul 11 14:41:12.833723 dv-cinder-master-3-smb devstack@c-api.service[117717]: DEBUG cinder.api.api_utils [None req-346d6b0f-af3a-4b74-b74c-c93365550795 tempest-GroupSnapshotsTest-1758852607 tempest-GroupSnapshotsTest-1758852607-project] Removing options '' from query. {{(pid=117717) remove_invalid_filter_options /opt/stack/cinder/cinder/api/api_utils.py:83}}
Jul 11 14:41:12.835175 dv-cinder-master-3-smb devstack@c-api.service[117718]: INFO cinder.api.openstack.wsgi [None req-4d217597-2325-4bc1-8732-5c31d0af249d tempest-QosSpecsTestJSON-848658508 tempest-QosSpecsTestJSON-848658508-project-admin] DELETE http://10.222.0.70/volume/v3/a2611df563934127977756bf6840ef91/qos-specs/4879829b-020b-4cfe-8494-4a2181059ad6?force=False
Jul 11 14:41:12.836312 dv-cinder-master-3-smb devstack@c-api.service[117717]: DEBUG cinder.db.sqlalchemy.api [None req-346d6b0f-af3a-4b74-b74c-c93365550795 tempest-GroupSnapshotsTest-1758852607 tempest-GroupSnapshotsTest-1758852607-project] Building query based on filter {{(pid=117717) _process_snaps_filters /opt/stack/cinder/cinder/db/sqlalchemy/api.py:3878}}
Jul 11 14:41:12.836991 dv-cinder-master-3-smb devstack@c-api.service[117718]: DEBUG cinder.api.openstack.wsgi [None req-4d217597-2325-4bc1-8732-5c31d0af249d tempest-QosSpecsTestJSON-848658508 tempest-QosSpecsTestJSON-848658508-project-admin] Empty body provided in request {{(pid=117718) get_body /opt/stack/cinder/cinder/api/openstack/wsgi.py:715}}
Jul 11 14:41:12.839779 dv-cinder-master-3-smb devstack@c-api.service[117718]: DEBUG cinder.api.openstack.wsgi [None req-4d217597-2325-4bc1-8732-5c31d0af249d tempest-QosSpecsTestJSON-848658508 tempest-QosSpecsTestJSON-848658508-project-admin] Calling method 'delete' {{(pid=117718) _process_stack /opt/stack/cinder/cinder/api/openstack/wsgi.py:868}}
Jul 11 14:41:12.842982 dv-cinder-master-3-smb devstack@c-api.service[117718]: /usr/local/lib/python3.8/dist-packages/oslo_context/context.py:100: DeprecationWarning: Policy enforcement is depending on the value of is_admin. This key is deprecated. Please update your policy file to use the standard policy values.
Jul 11 14:41:12.842982 dv-cinder-master-3-smb devstack@c-api.service[117718]: warnings.warn('Policy enforcement is depending on the value of '
Jul 11 14:41:12.844162 dv-cinder-master-3-smb devstack@c-api.service[117718]: DEBUG cinder.api.contrib.qos_specs_manage [None req-4d217597-2325-4bc1-8732-5c31d0af249d tempest-QosSpecsTestJSON-848658508 tempest-QosSpecsTestJSON-848658508-project-admin] Delete qos_spec: 4879829b-020b-4cfe-8494-4a2181059ad6, force: False {{(pid=117718) delete /opt/stack/cinder/cinder/api/contrib/qos_specs_manage.py:168}}
Jul 11 14:41:12.844930 dv-cinder-master-3-smb devstack@c-api.service[117717]: INFO cinder.volume.api [None req-346d6b0f-af3a-4b74-b74c-c93365550795 tempest-GroupSnapshotsTest-1758852607 tempest-GroupSnapshotsTest-1758852607-project] Get all snapshots completed successfully.
Jul 11 14:41:12.845923 dv-cinder-master-3-smb devstack@c-api.service[117717]: /usr/local/lib/python3.8/dist-packages/oslo_context/context.py:100: DeprecationWarning: Policy enforcement is depending on the value of is_admin. This key is deprecated. Please update your policy file to use the standard policy values.
Jul 11 14:41:12.845923 dv-cinder-master-3-smb devstack@c-api.service[117717]: warnings.warn('Policy enforcement is depending on the value of '
Jul 11 14:41:12.847246 dv-cinder-master-3-smb devstack@c-api.service[117717]: INFO cinder.api.openstack.wsgi [None req-346d6b0f-af3a-4b74-b74c-c93365550795 tempest-GroupSnapshotsTest-1758852607 tempest-GroupSnapshotsTest-1758852607-project] http://10.222.0.70/volume/v3/a94feb5a9416485295e2c8cc2291b266/snapshots/detail returned with HTTP 200
Jul 11 14:41:12.848381 dv-cinder-master-3-smb devstack@c-api.service[117717]: [pid: 117717|app: 0|req: 44/86] 10.222.0.70 () {58 vars in 1240 bytes} [Mon Jul 11 14:41:12 2022] GET /volume/v3/a94feb5a9416485295e2c8cc2291b266/snapshots/detail => generated 518 bytes in 22 msecs (HTTP/1.1 200) 7 headers in 285 bytes (1 switches on core 0)
Jul 11 14:41:12.856868 dv-cinder-master-3-smb devstack@c-api.service[117717]: DEBUG cinder.api.middleware.request_id [None req-0ba54100-387b-4be9-a661-e0c8155ab79c None None] RequestId filter calling following filter/app {{(pid=117717) _context_setter /opt/stack/cinder/cinder/api/middleware/request_id.py:62}}
Jul 11 14:41:12.862242 dv-cinder-master-3-smb devstack@c-api.service[117717]: INFO cinder.api.openstack.wsgi [None req-0ba54100-387b-4be9-a661-e0c8155ab79c tempest-GroupSnapshotsTest-1758852607 tempest-GroupSnapshotsTest-1758852607-project] GET http://10.222.0.70/volume/v3/a94feb5a9416485295e2c8cc2291b266/snapshots/c54bbe89-0e2e-4ea7-b729-601873755339
Jul 11 14:41:12.862848 dv-cinder-master-3-smb devstack@c-api.service[117717]: DEBUG cinder.api.openstack.wsgi [None req-0ba54100-387b-4be9-a661-e0c8155ab79c tempest-GroupSnapshotsTest-1758852607 tempest-GroupSnapshotsTest-1758852607-project] Empty body provided in request {{(pid=117717) get_body /opt/stack/cinder/cinder/api/openstack/wsgi.py:715}}
Jul 11 14:41:12.864333 dv-cinder-master-3-smb devstack@c-api.service[117717]: DEBUG cinder.api.openstack.wsgi [None req-0ba54100-387b-4be9-a661-e0c8155ab79c tempest-GroupSnapshotsTest-1758852607 tempest-GroupSnapshotsTest-1758852607-project] Calling method 'show' {{(pid=117717) _process_stack /opt/stack/cinder/cinder/api/openstack/wsgi.py:868}}
Jul 11 14:41:12.867971 dv-cinder-master-3-smb devstack@c-api.service[117718]: INFO cinder.api.openstack.wsgi [None req-4d217597-2325-4bc1-8732-5c31d0af249d tempest-QosSpecsTestJSON-848658508 tempest-QosSpecsTestJSON-848658508-project-admin] http://10.222.0.70/volume/v3/a2611df563934127977756bf6840ef91/qos-specs/4879829b-020b-4cfe-8494-4a2181059ad6?force=False returned with HTTP 404
Jul 11 14:41:12.868909 dv-cinder-master-3-smb devstack@c-api.service[117718]: [pid: 117718|app: 0|req: 43/87] 10.222.0.70 () {58 vars in 1356 bytes} [Mon Jul 11 14:41:12 2022] DELETE /volume/v3/a2611df563934127977756bf6840ef91/qos-specs/4879829b-020b-4cfe-8494-4a2181059ad6?force=False => generated 100 bytes in 43 msecs (HTTP/1.1 404) 7 headers in 292 bytes (1 switches on core 0)
Jul 11 14:41:12.875911 dv-cinder-master-3-smb devstack@c-api.service[117718]: DEBUG cinder.api.middleware.request_id [None req-37ba7b39-1450-46bf-94ce-129babfee2cb None None] RequestId filter calling following filter/app {{(pid=117718) _context_setter /opt/stack/cinder/cinder/api/middleware/request_id.py:62}}
Jul 11 14:41:12.882985 dv-cinder-master-3-smb devstack@c-api.service[117718]: INFO cinder.api.openstack.wsgi [None req-37ba7b39-1450-46bf-94ce-129babfee2cb tempest-QosSpecsTestJSON-848658508 tempest-QosSpecsTestJSON-848658508-project-admin] GET http://10.222.0.70/volume/v3/a2611df563934127977756bf6840ef91/qos-specs/4879829b-020b-4cfe-8494-4a2181059ad6
Jul 11 14:41:12.884871 dv-cinder-master-3-smb devstack@c-api.service[117718]: DEBUG cinder.api.openstack.wsgi [None req-37ba7b39-1450-46bf-94ce-129babfee2cb tempest-QosSpecsTestJSON-848658508 tempest-QosSpecsTestJSON-848658508-project-admin] Empty body provided in request {{(pid=117718) get_body /opt/stack/cinder/cinder/api/openstack/wsgi.py:715}}
Jul 11 14:41:12.886276 dv-cinder-master-3-smb devstack@c-api.service[117718]: DEBUG cinder.api.openstack.wsgi [None req-37ba7b39-1450-46bf-94ce-129babfee2cb tempest-QosSpecsTestJSON-848658508 tempest-QosSpecsTestJSON-848658508-project-admin] Calling method 'show' {{(pid=117718) _process_stack /opt/stack/cinder/cinder/api/openstack/wsgi.py:868}}
Jul 11 14:41:12.890323 dv-cinder-master-3-smb devstack@c-api.service[117717]: /usr/local/lib/python3.8/dist-packages/oslo_context/context.py:100: DeprecationWarning: Policy enforcement is depending on the value of is_admin. This key is deprecated. Please update your policy file to use the standard policy values.
Jul 11 14:41:12.890323 dv-cinder-master-3-smb devstack@c-api.service[117717]: warnings.warn('Policy enforcement is depending on the value of '
Jul 11 14:41:12.891369 dv-cinder-master-3-smb devstack@c-api.service[117717]: INFO cinder.volume.api [None req-0ba54100-387b-4be9-a661-e0c8155ab79c tempest-GroupSnapshotsTest-1758852607 tempest-GroupSnapshotsTest-1758852607-project] Snapshot retrieved successfully.
Jul 11 14:41:12.894543 dv-cinder-master-3-smb devstack@c-api.service[117717]: INFO cinder.api.openstack.wsgi [None req-0ba54100-387b-4be9-a661-e0c8155ab79c tempest-GroupSnapshotsTest-1758852607 tempest-GroupSnapshotsTest-1758852607-project] http://10.222.0.70/volume/v3/a94feb5a9416485295e2c8cc2291b266/snapshots/c54bbe89-0e2e-4ea7-b729-601873755339 returned with HTTP 200
Jul 11 14:41:12.895917 dv-cinder-master-3-smb devstack@c-api.service[117717]: [pid: 117717|app: 0|req: 45/88] 10.222.0.70 () {58 vars in 1330 bytes} [Mon Jul 11 14:41:12 2022] GET /volume/v3/a94feb5a9416485295e2c8cc2291b266/snapshots/c54bbe89-0e2e-4ea7-b729-601873755339 => generated 514 bytes in 41 msecs (HTTP/1.1 200) 7 headers in 285 bytes (1 switches on core 0)
Jul 11 14:41:12.924035 dv-cinder-master-3-smb devstack@c-api.service[117718]: INFO cinder.api.openstack.wsgi [None req-37ba7b39-1450-46bf-94ce-129babfee2cb tempest-QosSpecsTestJSON-848658508 tempest-QosSpecsTestJSON-848658508-project-admin] http://10.222.0.70/volume/v3/a2611df563934127977756bf6840ef91/qos-specs/4879829b-020b-4cfe-8494-4a2181059ad6 returned with HTTP 404
Jul 11 14:41:12.927084 dv-cinder-master-3-smb devstack@c-api.service[117718]: [pid: 117718|app: 0|req: 44/89] 10.222.0.70 () {58 vars in 1330 bytes} [Mon Jul 11 14:41:12 2022] GET /volume/v3/a2611df563934127977756bf6840ef91/qos-specs/4879829b-020b-4cfe-8494-4a2181059ad6 => generated 100 bytes in 52 msecs (HTTP/1.1 404) 7 headers in 292 bytes (2 switches on core 0)
Jul 11 14:41:12.932987 dv-cinder-master-3-smb devstack@c-api.service[117717]: DEBUG cinder.api.middleware.request_id [None req-5d188237-958b-49e0-9729-06b2d1fcb237 None None] RequestId filter calling following filter/app {{(pid=117717) _context_setter /opt/stack/cinder/cinder/api/middleware/request_id.py:62}}
Jul 11 14:41:12.958068 dv-cinder-master-3-smb devstack@c-api.service[117717]: INFO cinder.api.openstack.wsgi [None req-5d188237-958b-49e0-9729-06b2d1fcb237 tempest-QosSpecsTestJSON-848658508 tempest-QosSpecsTestJSON-848658508-project-admin] DELETE http://10.222.0.70/volume/v3/a2611df563934127977756bf6840ef91/qos-specs/a5810466-eec9-4870-b4e4-28e49d5773f5?force=False
Jul 11 14:41:12.958760 dv-cinder-master-3-smb devstack@c-api.service[117717]: DEBUG cinder.api.openstack.wsgi [None req-5d188237-958b-49e0-9729-06b2d1fcb237 tempest-QosSpecsTestJSON-848658508 tempest-QosSpecsTestJSON-848658508-project-admin] Empty body provided in request {{(pid=117717) get_body /opt/stack/cinder/cinder/api/openstack/wsgi.py:715}}
Jul 11 14:41:12.961441 dv-cinder-master-3-smb devstack@c-api.service[117717]: DEBUG cinder.api.openstack.wsgi [None req-5d188237-958b-49e0-9729-06b2d1fcb237 tempest-QosSpecsTestJSON-848658508 tempest-QosSpecsTestJSON-848658508-project-admin] Calling method 'delete' {{(pid=117717) _process_stack /opt/stack/cinder/cinder/api/openstack/wsgi.py:868}}
Jul 11 14:41:12.967700 dv-cinder-master-3-smb devstack@c-api.service[117717]: DEBUG cinder.api.contrib.qos_specs_manage [None req-5d188237-958b-49e0-9729-06b2d1fcb237 tempest-QosSpecsTestJSON-848658508 tempest-QosSpecsTestJSON-848658508-project-admin] Delete qos_spec: a5810466-eec9-4870-b4e4-28e49d5773f5, force: False {{(pid=117717) delete /opt/stack/cinder/cinder/api/contrib/qos_specs_manage.py:168}}
Jul 11 14:41:12.989843 dv-cinder-master-3-smb devstack@c-api.service[117717]: INFO cinder.api.openstack.wsgi [None req-5d188237-958b-49e0-9729-06b2d1fcb237 tempest-QosSpecsTestJSON-848658508 tempest-QosSpecsTestJSON-848658508-project-admin] http://10.222.0.70/volume/v3/a2611df563934127977756bf6840ef91/qos-specs/a5810466-eec9-4870-b4e4-28e49d5773f5?force=False returned with HTTP 404
Jul 11 14:41:12.994686 dv-cinder-master-3-smb devstack@c-api.service[117717]: [pid: 117717|app: 0|req: 46/90] 10.222.0.70 () {58 vars in 1356 bytes} [Mon Jul 11 14:41:12 2022] DELETE /volume/v3/a2611df563934127977756bf6840ef91/qos-specs/a5810466-eec9-4870-b4e4-28e49d5773f5?force=False => generated 100 bytes in 63 msecs (HTTP/1.1 404) 7 headers in 292 bytes (1 switches on core 0)
Jul 11 14:41:12.998633 dv-cinder-master-3-smb devstack@c-api.service[117718]: DEBUG cinder.api.middleware.request_id [None req-5dd58902-cb56-4a68-ae30-1ab0ad9fbb47 None None] RequestId filter calling following filter/app {{(pid=117718) _context_setter /opt/stack/cinder/cinder/api/middleware/request_id.py:62}}
Jul 11 14:41:13.004082 dv-cinder-master-3-smb devstack@c-api.service[117718]: INFO cinder.api.openstack.wsgi [None req-5dd58902-cb56-4a68-ae30-1ab0ad9fbb47 tempest-QosSpecsTestJSON-848658508 tempest-QosSpecsTestJSON-848658508-project-admin] GET http://10.222.0.70/volume/v3/a2611df563934127977756bf6840ef91/qos-specs/a5810466-eec9-4870-b4e4-28e49d5773f5
Jul 11 14:41:13.004566 dv-cinder-master-3-smb devstack@c-api.service[117718]: DEBUG cinder.api.openstack.wsgi [None req-5dd58902-cb56-4a68-ae30-1ab0ad9fbb47 tempest-QosSpecsTestJSON-848658508 tempest-QosSpecsTestJSON-848658508-project-admin] Empty body provided in request {{(pid=117718) get_body /opt/stack/cinder/cinder/api/openstack/wsgi.py:715}}
Jul 11 14:41:13.005030 dv-cinder-master-3-smb devstack@c-api.service[117718]: DEBUG cinder.api.openstack.wsgi [None req-5dd58902-cb56-4a68-ae30-1ab0ad9fbb47 tempest-QosSpecsTestJSON-848658508 tempest-QosSpecsTestJSON-848658508-project-admin] Calling method 'show' {{(pid=117718) _process_stack /opt/stack/cinder/cinder/api/openstack/wsgi.py:868}}
Jul 11 14:41:13.029161 dv-cinder-master-3-smb devstack@c-api.service[117718]: INFO cinder.api.openstack.wsgi [None req-5dd58902-cb56-4a68-ae30-1ab0ad9fbb47 tempest-QosSpecsTestJSON-848658508 tempest-QosSpecsTestJSON-848658508-project-admin] http://10.222.0.70/volume/v3/a2611df563934127977756bf6840ef91/qos-specs/a5810466-eec9-4870-b4e4-28e49d5773f5 returned with HTTP 404
Jul 11 14:41:13.030168 dv-cinder-master-3-smb devstack@c-api.service[117718]: [pid: 117718|app: 0|req: 45/91] 10.222.0.70 () {58 vars in 1330 bytes} [Mon Jul 11 14:41:12 2022] GET /volume/v3/a2611df563934127977756bf6840ef91/qos-specs/a5810466-eec9-4870-b4e4-28e49d5773f5 => generated 100 bytes in 33 msecs (HTTP/1.1 404) 7 headers in 292 bytes (1 switches on core 0)
Jul 11 14:41:13.036001 dv-cinder-master-3-smb devstack@c-api.service[117717]: DEBUG cinder.api.middleware.request_id [None req-1f555a4a-51f5-43fb-9049-7ab158875c53 None None] RequestId filter calling following filter/app {{(pid=117717) _context_setter /opt/stack/cinder/cinder/api/middleware/request_id.py:62}}
Jul 11 14:41:13.042635 dv-cinder-master-3-smb devstack@c-api.service[117717]: INFO cinder.api.openstack.wsgi [None req-1f555a4a-51f5-43fb-9049-7ab158875c53 tempest-QosSpecsTestJSON-848658508 tempest-QosSpecsTestJSON-848658508-project-admin] DELETE http://10.222.0.70/volume/v3/a2611df563934127977756bf6840ef91/qos-specs/d206ba17-0333-41db-b9ab-3c5c24646f9f?force=False
Jul 11 14:41:13.043330 dv-cinder-master-3-smb devstack@c-api.service[117717]: DEBUG cinder.api.openstack.wsgi [None req-1f555a4a-51f5-43fb-9049-7ab158875c53 tempest-QosSpecsTestJSON-848658508 tempest-QosSpecsTestJSON-848658508-project-admin] Empty body provided in request {{(pid=117717) get_body /opt/stack/cinder/cinder/api/openstack/wsgi.py:715}}
Jul 11 14:41:13.044120 dv-cinder-master-3-smb devstack@c-api.service[117717]: DEBUG cinder.api.openstack.wsgi [None req-1f555a4a-51f5-43fb-9049-7ab158875c53 tempest-QosSpecsTestJSON-848658508 tempest-QosSpecsTestJSON-848658508-project-admin] Calling method 'delete' {{(pid=117717) _process_stack /opt/stack/cinder/cinder/api/openstack/wsgi.py:868}}
Jul 11 14:41:13.045700 dv-cinder-master-3-smb devstack@c-api.service[117717]: DEBUG cinder.api.contrib.qos_specs_manage [None req-1f555a4a-51f5-43fb-9049-7ab158875c53 tempest-QosSpecsTestJSON-848658508 tempest-QosSpecsTestJSON-848658508-project-admin] Delete qos_spec: d206ba17-0333-41db-b9ab-3c5c24646f9f, force: False {{(pid=117717) delete /opt/stack/cinder/cinder/api/contrib/qos_specs_manage.py:168}}
Jul 11 14:41:13.052095 dv-cinder-master-3-smb devstack@c-api.service[117717]: INFO cinder.api.openstack.wsgi [None req-1f555a4a-51f5-43fb-9049-7ab158875c53 tempest-QosSpecsTestJSON-848658508 tempest-QosSpecsTestJSON-848658508-project-admin] http://10.222.0.70/volume/v3/a2611df563934127977756bf6840ef91/qos-specs/d206ba17-0333-41db-b9ab-3c5c24646f9f?force=False returned with HTTP 404
Jul 11 14:41:13.058806 dv-cinder-master-3-smb devstack@c-api.service[117718]: DEBUG cinder.api.middleware.request_id [None req-67d5f8df-e2a9-4884-b876-f81cd05d939a None None] RequestId filter calling following filter/app {{(pid=117718) _context_setter /opt/stack/cinder/cinder/api/middleware/request_id.py:62}}
Jul 11 14:41:13.064417 dv-cinder-master-3-smb devstack@c-api.service[117718]: INFO cinder.api.openstack.wsgi [None req-67d5f8df-e2a9-4884-b876-f81cd05d939a tempest-QosSpecsTestJSON-848658508 tempest-QosSpecsTestJSON-848658508-project-admin] GET http://10.222.0.70/volume/v3/a2611df563934127977756bf6840ef91/qos-specs/d206ba17-0333-41db-b9ab-3c5c24646f9f
Jul 11 14:41:13.065366 dv-cinder-master-3-smb devstack@c-api.service[117718]: DEBUG cinder.api.openstack.wsgi [None req-67d5f8df-e2a9-4884-b876-f81cd05d939a tempest-QosSpecsTestJSON-848658508 tempest-QosSpecsTestJSON-848658508-project-admin] Empty body provided in request {{(pid=117718) get_body /opt/stack/cinder/cinder/api/openstack/wsgi.py:715}}
Jul 11 14:41:13.066002 dv-cinder-master-3-smb devstack@c-api.service[117718]: DEBUG cinder.api.openstack.wsgi [None req-67d5f8df-e2a9-4884-b876-f81cd05d939a tempest-QosSpecsTestJSON-848658508 tempest-QosSpecsTestJSON-848658508-project-admin] Calling method 'show' {{(pid=117718) _process_stack /opt/stack/cinder/cinder/api/openstack/wsgi.py:868}}
Jul 11 14:41:13.068734 dv-cinder-master-3-smb devstack@c-api.service[117717]: [pid: 117717|app: 0|req: 47/92] 10.222.0.70 () {58 vars in 1356 bytes} [Mon Jul 11 14:41:13 2022] DELETE /volume/v3/a2611df563934127977756bf6840ef91/qos-specs/d206ba17-0333-41db-b9ab-3c5c24646f9f?force=False => generated 100 bytes in 34 msecs (HTTP/1.1 404) 7 headers in 292 bytes (1 switches on core 0)
Jul 11 14:41:13.081969 dv-cinder-master-3-smb devstack@c-api.service[117718]: INFO cinder.api.openstack.wsgi [None req-67d5f8df-e2a9-4884-b876-f81cd05d939a tempest-QosSpecsTestJSON-848658508 tempest-QosSpecsTestJSON-848658508-project-admin] http://10.222.0.70/volume/v3/a2611df563934127977756bf6840ef91/qos-specs/d206ba17-0333-41db-b9ab-3c5c24646f9f returned with HTTP 404
Jul 11 14:41:13.087941 dv-cinder-master-3-smb devstack@c-api.service[117717]: DEBUG cinder.api.middleware.request_id [None req-8e4c0d40-3d89-4223-a41e-775d784b80dd None None] RequestId filter calling following filter/app {{(pid=117717) _context_setter /opt/stack/cinder/cinder/api/middleware/request_id.py:62}}
Jul 11 14:41:13.094417 dv-cinder-master-3-smb devstack@c-api.service[117717]: INFO cinder.api.openstack.wsgi [None req-8e4c0d40-3d89-4223-a41e-775d784b80dd tempest-QosSpecsTestJSON-848658508 tempest-QosSpecsTestJSON-848658508-project-admin] DELETE http://10.222.0.70/volume/v3/a2611df563934127977756bf6840ef91/types/8c5b59a3-f3bd-445f-a3fb-07edd3f7d3bc
Jul 11 14:41:13.095113 dv-cinder-master-3-smb devstack@c-api.service[117717]: DEBUG cinder.api.openstack.wsgi [None req-8e4c0d40-3d89-4223-a41e-775d784b80dd tempest-QosSpecsTestJSON-848658508 tempest-QosSpecsTestJSON-848658508-project-admin] Empty body provided in request {{(pid=117717) get_body /opt/stack/cinder/cinder/api/openstack/wsgi.py:715}}
Jul 11 14:41:13.095833 dv-cinder-master-3-smb devstack@c-api.service[117717]: DEBUG cinder.api.openstack.wsgi [None req-8e4c0d40-3d89-4223-a41e-775d784b80dd tempest-QosSpecsTestJSON-848658508 tempest-QosSpecsTestJSON-848658508-project-admin] Calling method '_delete' {{(pid=117717) _process_stack /opt/stack/cinder/cinder/api/openstack/wsgi.py:868}}
Jul 11 14:41:13.097578 dv-cinder-master-3-smb devstack@c-api.service[117718]: [pid: 117718|app: 0|req: 46/93] 10.222.0.70 () {58 vars in 1330 bytes} [Mon Jul 11 14:41:13 2022] GET /volume/v3/a2611df563934127977756bf6840ef91/qos-specs/d206ba17-0333-41db-b9ab-3c5c24646f9f => generated 100 bytes in 40 msecs (HTTP/1.1 404) 7 headers in 292 bytes (1 switches on core 0)
Jul 11 14:41:13.257492 dv-cinder-master-3-smb devstack@c-api.service[117717]: INFO cinder.api.openstack.wsgi [None req-8e4c0d40-3d89-4223-a41e-775d784b80dd tempest-QosSpecsTestJSON-848658508 tempest-QosSpecsTestJSON-848658508-project-admin] http://10.222.0.70/volume/v3/a2611df563934127977756bf6840ef91/types/8c5b59a3-f3bd-445f-a3fb-07edd3f7d3bc returned with HTTP 202
Jul 11 14:41:13.263241 dv-cinder-master-3-smb devstack@c-api.service[117718]: DEBUG cinder.api.middleware.request_id [None req-d8a3f7c1-31af-4480-a93b-f79e9a1209d4 None None] RequestId filter calling following filter/app {{(pid=117718) _context_setter /opt/stack/cinder/cinder/api/middleware/request_id.py:62}}
Jul 11 14:41:13.264142 dv-cinder-master-3-smb devstack@c-api.service[117717]: [pid: 117717|app: 0|req: 48/94] 10.222.0.70 () {58 vars in 1321 bytes} [Mon Jul 11 14:41:13 2022] DELETE /volume/v3/a2611df563934127977756bf6840ef91/types/8c5b59a3-f3bd-445f-a3fb-07edd3f7d3bc => generated 0 bytes in 175 msecs (HTTP/1.1 202) 6 headers in 233 bytes (1 switches on core 0)
Jul 11 14:41:13.268434 dv-cinder-master-3-smb devstack@c-api.service[117718]: INFO cinder.api.openstack.wsgi [None req-d8a3f7c1-31af-4480-a93b-f79e9a1209d4 tempest-QosSpecsTestJSON-848658508 tempest-QosSpecsTestJSON-848658508-project-admin] GET http://10.222.0.70/volume/v3/a2611df563934127977756bf6840ef91/types/8c5b59a3-f3bd-445f-a3fb-07edd3f7d3bc
Jul 11 14:41:13.269099 dv-cinder-master-3-smb devstack@c-api.service[117718]: DEBUG cinder.api.openstack.wsgi [None req-d8a3f7c1-31af-4480-a93b-f79e9a1209d4 tempest-QosSpecsTestJSON-848658508 tempest-QosSpecsTestJSON-848658508-project-admin] Empty body provided in request {{(pid=117718) get_body /opt/stack/cinder/cinder/api/openstack/wsgi.py:715}}
Jul 11 14:41:13.269769 dv-cinder-master-3-smb devstack@c-api.service[117718]: DEBUG cinder.api.openstack.wsgi [None req-d8a3f7c1-31af-4480-a93b-f79e9a1209d4 tempest-QosSpecsTestJSON-848658508 tempest-QosSpecsTestJSON-848658508-project-admin] Calling method 'show' {{(pid=117718) _process_stack /opt/stack/cinder/cinder/api/openstack/wsgi.py:868}}
Jul 11 14:41:13.279364 dv-cinder-master-3-smb devstack@c-api.service[117718]: INFO cinder.api.openstack.wsgi [None req-d8a3f7c1-31af-4480-a93b-f79e9a1209d4 tempest-QosSpecsTestJSON-848658508 tempest-QosSpecsTestJSON-848658508-project-admin] http://10.222.0.70/volume/v3/a2611df563934127977756bf6840ef91/types/8c5b59a3-f3bd-445f-a3fb-07edd3f7d3bc returned with HTTP 404
Jul 11 14:41:13.285301 dv-cinder-master-3-smb devstack@c-api.service[117717]: DEBUG cinder.api.middleware.request_id [None req-43bac83c-5d12-4dc0-9380-cb7f135a94b9 None None] RequestId filter calling following filter/app {{(pid=117717) _context_setter /opt/stack/cinder/cinder/api/middleware/request_id.py:62}}
Jul 11 14:41:13.289486 dv-cinder-master-3-smb devstack@c-api.service[117717]: INFO cinder.api.openstack.wsgi [None req-43bac83c-5d12-4dc0-9380-cb7f135a94b9 tempest-QosSpecsTestJSON-848658508 tempest-QosSpecsTestJSON-848658508-project-admin] DELETE http://10.222.0.70/volume/v3/a2611df563934127977756bf6840ef91/types/d41638b9-3021-4da3-9932-5f7427d4f2f4
Jul 11 14:41:13.289992 dv-cinder-master-3-smb devstack@c-api.service[117717]: DEBUG cinder.api.openstack.wsgi [None req-43bac83c-5d12-4dc0-9380-cb7f135a94b9 tempest-QosSpecsTestJSON-848658508 tempest-QosSpecsTestJSON-848658508-project-admin] Empty body provided in request {{(pid=117717) get_body /opt/stack/cinder/cinder/api/openstack/wsgi.py:715}}
Jul 11 14:41:13.290521 dv-cinder-master-3-smb devstack@c-api.service[117717]: DEBUG cinder.api.openstack.wsgi [None req-43bac83c-5d12-4dc0-9380-cb7f135a94b9 tempest-QosSpecsTestJSON-848658508 tempest-QosSpecsTestJSON-848658508-project-admin] Calling method '_delete' {{(pid=117717) _process_stack /opt/stack/cinder/cinder/api/openstack/wsgi.py:868}}
Jul 11 14:41:13.296597 dv-cinder-master-3-smb devstack@c-api.service[117718]: [pid: 117718|app: 0|req: 47/95] 10.222.0.70 () {58 vars in 1318 bytes} [Mon Jul 11 14:41:13 2022] GET /volume/v3/a2611df563934127977756bf6840ef91/types/8c5b59a3-f3bd-445f-a3fb-07edd3f7d3bc => generated 114 bytes in 34 msecs (HTTP/1.1 404) 7 headers in 292 bytes (1 switches on core 0)
Jul 11 14:41:13.395048 dv-cinder-master-3-smb devstack@c-api.service[117717]: DEBUG dbcounter [-] [117717] Writing DB stats cinder:SELECT=87,cinder:UPDATE=13 {{(pid=117717) stat_writer /usr/local/lib/python3.8/dist-packages/dbcounter.py:114}}
Jul 11 14:41:13.401589 dv-cinder-master-3-smb devstack@c-api.service[117717]: INFO cinder.api.openstack.wsgi [None req-43bac83c-5d12-4dc0-9380-cb7f135a94b9 tempest-QosSpecsTestJSON-848658508 tempest-QosSpecsTestJSON-848658508-project-admin] http://10.222.0.70/volume/v3/a2611df563934127977756bf6840ef91/types/d41638b9-3021-4da3-9932-5f7427d4f2f4 returned with HTTP 202
Jul 11 14:41:13.403773 dv-cinder-master-3-smb devstack@c-api.service[117717]: [pid: 117717|app: 0|req: 49/96] 10.222.0.70 () {58 vars in 1321 bytes} [Mon Jul 11 14:41:13 2022] DELETE /volume/v3/a2611df563934127977756bf6840ef91/types/d41638b9-3021-4da3-9932-5f7427d4f2f4 => generated 0 bytes in 119 msecs (HTTP/1.1 202) 6 headers in 233 bytes (2 switches on core 0)
Jul 11 14:41:13.408583 dv-cinder-master-3-smb devstack@c-api.service[117718]: DEBUG cinder.api.middleware.request_id [None req-a07759d7-d0ff-4816-822c-7af6281f359a None None] RequestId filter calling following filter/app {{(pid=117718) _context_setter /opt/stack/cinder/cinder/api/middleware/request_id.py:62}}
Jul 11 14:41:13.413361 dv-cinder-master-3-smb devstack@c-api.service[117718]: INFO cinder.api.openstack.wsgi [None req-a07759d7-d0ff-4816-822c-7af6281f359a tempest-QosSpecsTestJSON-848658508 tempest-QosSpecsTestJSON-848658508-project-admin] GET http://10.222.0.70/volume/v3/a2611df563934127977756bf6840ef91/types/d41638b9-3021-4da3-9932-5f7427d4f2f4
Jul 11 14:41:13.414112 dv-cinder-master-3-smb devstack@c-api.service[117718]: DEBUG cinder.api.openstack.wsgi [None req-a07759d7-d0ff-4816-822c-7af6281f359a tempest-QosSpecsTestJSON-848658508 tempest-QosSpecsTestJSON-848658508-project-admin] Empty body provided in request {{(pid=117718) get_body /opt/stack/cinder/cinder/api/openstack/wsgi.py:715}}
Jul 11 14:41:13.414887 dv-cinder-master-3-smb devstack@c-api.service[117718]: DEBUG cinder.api.openstack.wsgi [None req-a07759d7-d0ff-4816-822c-7af6281f359a tempest-QosSpecsTestJSON-848658508 tempest-QosSpecsTestJSON-848658508-project-admin] Calling method 'show' {{(pid=117718) _process_stack /opt/stack/cinder/cinder/api/openstack/wsgi.py:868}}
Jul 11 14:41:13.436109 dv-cinder-master-3-smb devstack@c-api.service[117718]: INFO cinder.api.openstack.wsgi [None req-a07759d7-d0ff-4816-822c-7af6281f359a tempest-QosSpecsTestJSON-848658508 tempest-QosSpecsTestJSON-848658508-project-admin] http://10.222.0.70/volume/v3/a2611df563934127977756bf6840ef91/types/d41638b9-3021-4da3-9932-5f7427d4f2f4 returned with HTTP 404
Jul 11 14:41:13.439553 dv-cinder-master-3-smb devstack@c-api.service[117718]: [pid: 117718|app: 0|req: 48/97] 10.222.0.70 () {58 vars in 1318 bytes} [Mon Jul 11 14:41:13 2022] GET /volume/v3/a2611df563934127977756bf6840ef91/types/d41638b9-3021-4da3-9932-5f7427d4f2f4 => generated 114 bytes in 32 msecs (HTTP/1.1 404) 7 headers in 292 bytes (1 switches on core 0)
Jul 11 14:41:13.442302 dv-cinder-master-3-smb devstack@c-api.service[117717]: DEBUG cinder.api.middleware.request_id [None req-895a45b0-dde3-4e17-ba4e-f2a71726c2e1 None None] RequestId filter calling following filter/app {{(pid=117717) _context_setter /opt/stack/cinder/cinder/api/middleware/request_id.py:62}}
Jul 11 14:41:13.450090 dv-cinder-master-3-smb devstack@c-api.service[117717]: INFO cinder.api.openstack.wsgi [None req-895a45b0-dde3-4e17-ba4e-f2a71726c2e1 tempest-QosSpecsTestJSON-848658508 tempest-QosSpecsTestJSON-848658508-project-admin] DELETE http://10.222.0.70/volume/v3/a2611df563934127977756bf6840ef91/types/c2fe5e66-e513-4e7c-8730-4630f701b27c
Jul 11 14:41:13.450588 dv-cinder-master-3-smb devstack@c-api.service[117717]: DEBUG cinder.api.openstack.wsgi [None req-895a45b0-dde3-4e17-ba4e-f2a71726c2e1 tempest-QosSpecsTestJSON-848658508 tempest-QosSpecsTestJSON-848658508-project-admin] Empty body provided in request {{(pid=117717) get_body /opt/stack/cinder/cinder/api/openstack/wsgi.py:715}}
Jul 11 14:41:13.451229 dv-cinder-master-3-smb devstack@c-api.service[117717]: DEBUG cinder.api.openstack.wsgi [None req-895a45b0-dde3-4e17-ba4e-f2a71726c2e1 tempest-QosSpecsTestJSON-848658508 tempest-QosSpecsTestJSON-848658508-project-admin] Calling method '_delete' {{(pid=117717) _process_stack /opt/stack/cinder/cinder/api/openstack/wsgi.py:868}}
Jul 11 14:41:13.587717 dv-cinder-master-3-smb devstack@c-api.service[117717]: INFO cinder.api.openstack.wsgi [None req-895a45b0-dde3-4e17-ba4e-f2a71726c2e1 tempest-QosSpecsTestJSON-848658508 tempest-QosSpecsTestJSON-848658508-project-admin] http://10.222.0.70/volume/v3/a2611df563934127977756bf6840ef91/types/c2fe5e66-e513-4e7c-8730-4630f701b27c returned with HTTP 202
Jul 11 14:41:13.590805 dv-cinder-master-3-smb devstack@c-api.service[117717]: [pid: 117717|app: 0|req: 50/98] 10.222.0.70 () {58 vars in 1321 bytes} [Mon Jul 11 14:41:13 2022] DELETE /volume/v3/a2611df563934127977756bf6840ef91/types/c2fe5e66-e513-4e7c-8730-4630f701b27c => generated 0 bytes in 150 msecs (HTTP/1.1 202) 6 headers in 233 bytes (1 switches on core 0)
Jul 11 14:41:13.595866 dv-cinder-master-3-smb devstack@c-api.service[117718]: DEBUG cinder.api.middleware.request_id [None req-23832529-3f0a-47d0-ab48-d284f68332b6 None None] RequestId filter calling following filter/app {{(pid=117718) _context_setter /opt/stack/cinder/cinder/api/middleware/request_id.py:62}}
Jul 11 14:41:13.601214 dv-cinder-master-3-smb devstack@c-api.service[117718]: INFO cinder.api.openstack.wsgi [None req-23832529-3f0a-47d0-ab48-d284f68332b6 tempest-QosSpecsTestJSON-848658508 tempest-QosSpecsTestJSON-848658508-project-admin] GET http://10.222.0.70/volume/v3/a2611df563934127977756bf6840ef91/types/c2fe5e66-e513-4e7c-8730-4630f701b27c
Jul 11 14:41:13.601816 dv-cinder-master-3-smb devstack@c-api.service[117718]: DEBUG cinder.api.openstack.wsgi [None req-23832529-3f0a-47d0-ab48-d284f68332b6 tempest-QosSpecsTestJSON-848658508 tempest-QosSpecsTestJSON-848658508-project-admin] Empty body provided in request {{(pid=117718) get_body /opt/stack/cinder/cinder/api/openstack/wsgi.py:715}}
Jul 11 14:41:13.603693 dv-cinder-master-3-smb devstack@c-api.service[117718]: DEBUG cinder.api.openstack.wsgi [None req-23832529-3f0a-47d0-ab48-d284f68332b6 tempest-QosSpecsTestJSON-848658508 tempest-QosSpecsTestJSON-848658508-project-admin] Calling method 'show' {{(pid=117718) _process_stack /opt/stack/cinder/cinder/api/openstack/wsgi.py:868}}
