Mar 31 18:06:44.533186 dv-cinder-master-3-smb devstack@n-api.service[103239]: [pid: 103239|app: 0|req: 15/28] 10.222.0.62 () {64 vars in 1282 bytes} [Thu Mar 31 18:06:44 2022] POST /compute/v2.1/flavors => generated 406 bytes in 226 msecs (HTTP/1.1 200) 9 headers in 359 bytes (1 switches on core 0)
Mar 31 18:06:44.545219 dv-cinder-master-3-smb devstack@n-api.service[103240]: DEBUG nova.api.openstack.wsgi [None req-2d842ea4-015b-4c3e-aa63-c6c732a9bb55 admin admin] Action: 'create', calling method: >, body: {"extra_specs": {"hw_rng:allowed": "True"}} {{(pid=103240) _process_stack /opt/stack/nova/nova/api/openstack/wsgi.py:511}}
Mar 31 18:06:44.798876 dv-cinder-master-3-smb devstack@n-api.service[103240]: INFO nova.api.openstack.requestlog [None req-2d842ea4-015b-4c3e-aa63-c6c732a9bb55 admin admin] 10.222.0.62 "POST /compute/v2.1/flavors/3/os-extra_specs" status: 200 len: 43 microversion: 2.61 time: 0.257283
Mar 31 18:06:44.799407 dv-cinder-master-3-smb devstack@n-api.service[103240]: [pid: 103240|app: 0|req: 14/29] 10.222.0.62 () {64 vars in 1332 bytes} [Thu Mar 31 18:06:44 2022] POST /compute/v2.1/flavors/3/os-extra_specs => generated 43 bytes in 259 msecs (HTTP/1.1 200) 9 headers in 358 bytes (2 switches on core 0)
Mar 31 18:06:47.176616 dv-cinder-master-3-smb devstack@n-api.service[103239]: DEBUG nova.api.openstack.wsgi [None req-4297b880-da3d-4a6a-bc59-993ecebd03d7 admin admin] Calling method '>' {{(pid=103239) _process_stack /opt/stack/nova/nova/api/openstack/wsgi.py:513}}
Mar 31 18:06:47.177787 dv-cinder-master-3-smb devstack@n-api.service[103239]: INFO nova.api.openstack.requestlog [None req-4297b880-da3d-4a6a-bc59-993ecebd03d7 admin admin] 10.222.0.62 "GET /compute/v2.1" status: 200 len: 388 microversion: 2.1 time: 0.001636
Mar 31 18:06:47.178187 dv-cinder-master-3-smb devstack@n-api.service[103239]: [pid: 103239|app: 0|req: 16/30] 10.222.0.62 () {54 vars in 930 bytes} [Thu Mar 31 18:06:47 2022] GET /compute/v2.1 => generated 388 bytes in 3 msecs (HTTP/1.1 200) 9 headers in 357 bytes (2 switches on core 0)
Mar 31 18:06:47.259759 dv-cinder-master-3-smb devstack@n-api.service[103240]: DEBUG nova.api.openstack.wsgi [None req-d7f16017-48ce-452f-8328-33bc242a2cea admin admin] Action: 'create', calling method: >, body: {"flavor": {"swap": 0, "id": "4", "name": "m1.large", "ram": 8192, "rxtx_factor": 1.0, "disk": 80, "vcpus": 4, "OS-FLV-EXT-DATA:ephemeral": 0, "os-flavor-access:is_public": true}} {{(pid=103240) _process_stack /opt/stack/nova/nova/api/openstack/wsgi.py:511}}
Mar 31 18:06:47.394775 dv-cinder-master-3-smb devstack@n-api.service[103240]: INFO nova.api.openstack.requestlog [None req-d7f16017-48ce-452f-8328-33bc242a2cea admin admin] 10.222.0.62 "POST /compute/v2.1/flavors" status: 200 len: 405 microversion: 2.61 time: 0.209525
Mar 31 18:06:47.395537 dv-cinder-master-3-smb devstack@n-api.service[103240]: [pid: 103240|app: 0|req: 15/31] 10.222.0.62 () {64 vars in 1282 bytes} [Thu Mar 31 18:06:47 2022] POST /compute/v2.1/flavors => generated 405 bytes in 212 msecs (HTTP/1.1 200) 9 headers in 359 bytes (1 switches on core 0)
Mar 31 18:06:47.407725 dv-cinder-master-3-smb devstack@n-api.service[103239]: DEBUG nova.api.openstack.wsgi [None req-f7c0735c-b24b-4547-9122-c82026d5cfaa admin admin] Action: 'create', calling method: >, body: {"extra_specs": {"hw_rng:allowed": "True"}} {{(pid=103239) _process_stack /opt/stack/nova/nova/api/openstack/wsgi.py:511}}
Mar 31 18:06:47.545030 dv-cinder-master-3-smb devstack@n-api.service[103239]: INFO nova.api.openstack.requestlog [None req-f7c0735c-b24b-4547-9122-c82026d5cfaa admin admin] 10.222.0.62 "POST /compute/v2.1/flavors/4/os-extra_specs" status: 200 len: 43 microversion: 2.61 time: 0.140691
Mar 31 18:06:47.550466 dv-cinder-master-3-smb devstack@n-api.service[103239]: [pid: 103239|app: 0|req: 17/32] 10.222.0.62 () {64 vars in 1332 bytes} [Thu Mar 31 18:06:47 2022] POST /compute/v2.1/flavors/4/os-extra_specs => generated 43 bytes in 142 msecs (HTTP/1.1 200) 9 headers in 358 bytes (2 switches on core 0)
Mar 31 18:06:50.197228 dv-cinder-master-3-smb devstack@n-api.service[103240]: DEBUG nova.api.openstack.wsgi [None req-d7f16017-48ce-452f-8328-33bc242a2cea admin admin] Calling method '>' {{(pid=103240) _process_stack /opt/stack/nova/nova/api/openstack/wsgi.py:513}}
Mar 31 18:06:50.198295 dv-cinder-master-3-smb devstack@n-api.service[103240]: INFO nova.api.openstack.requestlog [None req-d7f16017-48ce-452f-8328-33bc242a2cea admin admin] 10.222.0.62 "GET /compute/v2.1" status: 200 len: 388 microversion: 2.1 time: 0.003399
Mar 31 18:06:50.198704 dv-cinder-master-3-smb devstack@n-api.service[103240]: [pid: 103240|app: 0|req: 16/33] 10.222.0.62 () {54 vars in 930 bytes} [Thu Mar 31 18:06:50 2022] GET /compute/v2.1 => generated 388 bytes in 4 msecs (HTTP/1.1 200) 9 headers in 357 bytes (1 switches on core 0)
Mar 31 18:06:50.287480 dv-cinder-master-3-smb devstack@n-api.service[103239]: DEBUG nova.api.openstack.wsgi [None req-14329554-6996-4b4d-b5dc-2efb901e0ed6 admin admin] Action: 'create', calling method: >, body: {"flavor": {"ram": 16384, "name": "m1.xlarge", "os-flavor-access:is_public": true, "id": "5", "disk": 160, "vcpus": 8, "rxtx_factor": 1.0, "OS-FLV-EXT-DATA:ephemeral": 0, "swap": 0}} {{(pid=103239) _process_stack /opt/stack/nova/nova/api/openstack/wsgi.py:511}}
Mar 31 18:06:50.644302 dv-cinder-master-3-smb devstack@n-api.service[103239]: INFO nova.api.openstack.requestlog [None req-14329554-6996-4b4d-b5dc-2efb901e0ed6 admin admin] 10.222.0.62 "POST /compute/v2.1/flavors" status: 200 len: 408 microversion: 2.61 time: 0.433593
Mar 31 18:06:50.645341 dv-cinder-master-3-smb devstack@n-api.service[103239]: [pid: 103239|app: 0|req: 18/34] 10.222.0.62 () {64 vars in 1282 bytes} [Thu Mar 31 18:06:50 2022] POST /compute/v2.1/flavors => generated 408 bytes in 436 msecs (HTTP/1.1 200) 9 headers in 359 bytes (1 switches on core 0)
Mar 31 18:06:50.662572 dv-cinder-master-3-smb devstack@n-api.service[103240]: DEBUG nova.api.openstack.wsgi [None req-41fabbaf-4e07-4498-9a80-5321e3b42265 admin admin] Action: 'create', calling method: >, body: {"extra_specs": {"hw_rng:allowed": "True"}} {{(pid=103240) _process_stack /opt/stack/nova/nova/api/openstack/wsgi.py:511}}
Mar 31 18:06:50.770995 dv-cinder-master-3-smb devstack@n-api.service[103240]: INFO nova.api.openstack.requestlog [None req-41fabbaf-4e07-4498-9a80-5321e3b42265 admin admin] 10.222.0.62 "POST /compute/v2.1/flavors/5/os-extra_specs" status: 200 len: 43 microversion: 2.61 time: 0.114760
Mar 31 18:06:50.774950 dv-cinder-master-3-smb devstack@n-api.service[103240]: [pid: 103240|app: 0|req: 17/35] 10.222.0.62 () {64 vars in 1332 bytes} [Thu Mar 31 18:06:50 2022] POST /compute/v2.1/flavors/5/os-extra_specs => generated 43 bytes in 116 msecs (HTTP/1.1 200) 9 headers in 358 bytes (1 switches on core 0)
Mar 31 18:07:16.400362 dv-cinder-master-3-smb devstack@n-api.service[103239]: DEBUG nova.api.openstack.wsgi [None req-14329554-6996-4b4d-b5dc-2efb901e0ed6 admin admin] Calling method '>' {{(pid=103239) _process_stack /opt/stack/nova/nova/api/openstack/wsgi.py:513}}
Mar 31 18:07:16.401409 dv-cinder-master-3-smb devstack@n-api.service[103239]: INFO nova.api.openstack.requestlog [None req-14329554-6996-4b4d-b5dc-2efb901e0ed6 admin admin] 10.222.0.62 "GET /compute/v2.1" status: 200 len: 388 microversion: 2.1 time: 0.001485
Mar 31 18:07:16.401807 dv-cinder-master-3-smb devstack@n-api.service[103239]: [pid: 103239|app: 0|req: 19/36] 10.222.0.62 () {54 vars in 930 bytes} [Thu Mar 31 18:07:16 2022] GET /compute/v2.1 => generated 388 bytes in 2 msecs (HTTP/1.1 200) 9 headers in 357 bytes (1 switches on core 0)
Mar 31 18:07:16.466353 dv-cinder-master-3-smb devstack@n-api.service[103240]: DEBUG nova.api.openstack.wsgi [None req-3e2bff60-4ba9-4eec-9f9e-8b66ab87943a admin admin] Calling method '>' {{(pid=103240) _process_stack /opt/stack/nova/nova/api/openstack/wsgi.py:513}}
Mar 31 18:07:16.483827 dv-cinder-master-3-smb devstack@n-api.service[103240]: INFO nova.api.openstack.requestlog [None req-3e2bff60-4ba9-4eec-9f9e-8b66ab87943a admin admin] 10.222.0.62 "GET /compute/v2.1/flavors/detail?is_public=True" status: 200 len: 4202 microversion: 2.61 time: 0.075572
Mar 31 18:07:16.484376 dv-cinder-master-3-smb devstack@n-api.service[103240]: [pid: 103240|app: 0|req: 18/37] 10.222.0.62 () {60 vars in 1291 bytes} [Thu Mar 31 18:07:16 2022] GET /compute/v2.1/flavors/detail?is_public=True => generated 4202 bytes in 77 msecs (HTTP/1.1 200) 9 headers in 360 bytes (1 switches on core 0)
Mar 31 18:07:17.907879 dv-cinder-master-3-smb devstack@n-api.service[103239]: DEBUG nova.api.openstack.wsgi [None req-14329554-6996-4b4d-b5dc-2efb901e0ed6 admin admin] Calling method '>' {{(pid=103239) _process_stack /opt/stack/nova/nova/api/openstack/wsgi.py:513}}
Mar 31 18:07:17.908883 dv-cinder-master-3-smb devstack@n-api.service[103239]: INFO nova.api.openstack.requestlog [None req-14329554-6996-4b4d-b5dc-2efb901e0ed6 admin admin] 10.222.0.62 "GET /compute/v2.1" status: 200 len: 388 microversion: 2.1 time: 0.001738
Mar 31 18:07:17.909284 dv-cinder-master-3-smb devstack@n-api.service[103239]: [pid: 103239|app: 0|req: 20/38] 10.222.0.62 () {56 vars in 1074 bytes} [Thu Mar 31 18:07:17 2022] GET /compute/v2.1 => generated 388 bytes in 3 msecs (HTTP/1.1 200) 9 headers in 357 bytes (1 switches on core 0)
Mar 31 18:07:18.118725 dv-cinder-master-3-smb devstack@n-api.service[103240]: DEBUG nova.api.openstack.wsgi [None req-fb69eb79-89d2-48d7-a707-4c1ed71403aa admin admin] Calling method '>' {{(pid=103240) _process_stack /opt/stack/nova/nova/api/openstack/wsgi.py:513}}
Mar 31 18:07:18.124844 dv-cinder-master-3-smb devstack@n-api.service[103240]: INFO nova.api.openstack.wsgi [None req-fb69eb79-89d2-48d7-a707-4c1ed71403aa admin admin] HTTP exception thrown: Flavor 42 could not be found.
Mar 31 18:07:18.125427 dv-cinder-master-3-smb devstack@n-api.service[103240]: DEBUG nova.api.openstack.wsgi [None req-fb69eb79-89d2-48d7-a707-4c1ed71403aa admin admin] Returning 404 to user: Flavor 42 could not be found. {{(pid=103240) __call__ /opt/stack/nova/nova/api/openstack/wsgi.py:936}}
Mar 31 18:07:18.126243 dv-cinder-master-3-smb devstack@n-api.service[103240]: INFO nova.api.openstack.requestlog [None req-fb69eb79-89d2-48d7-a707-4c1ed71403aa admin admin] 10.222.0.62 "GET /compute/v2.1/flavors/42" status: 404 len: 75 microversion: 2.90 time: 0.064421
Mar 31 18:07:18.126814 dv-cinder-master-3-smb devstack@n-api.service[103240]: [pid: 103240|app: 0|req: 19/39] 10.222.0.62 () {60 vars in 1190 bytes} [Thu Mar 31 18:07:18 2022] GET /compute/v2.1/flavors/42 => generated 75 bytes in 66 msecs (HTTP/1.1 404) 9 headers in 380 bytes (1 switches on core 0)
Mar 31 18:07:18.137204 dv-cinder-master-3-smb devstack@n-api.service[103239]: DEBUG nova.api.openstack.wsgi [None req-6ea5d175-33a4-4878-8b8a-fdef08403127 admin admin] Calling method '>' {{(pid=103239) _process_stack /opt/stack/nova/nova/api/openstack/wsgi.py:513}}
Mar 31 18:07:18.159033 dv-cinder-master-3-smb devstack@n-api.service[103239]: INFO nova.api.openstack.requestlog [None req-6ea5d175-33a4-4878-8b8a-fdef08403127 admin admin] 10.222.0.62 "GET /compute/v2.1/flavors?is_public=None" status: 200 len: 2056 microversion: 2.90 time: 0.025470
Mar 31 18:07:18.159629 dv-cinder-master-3-smb devstack@n-api.service[103239]: [pid: 103239|app: 0|req: 21/40] 10.222.0.62 () {60 vars in 1210 bytes} [Thu Mar 31 18:07:18 2022] GET /compute/v2.1/flavors?is_public=None => generated 2056 bytes in 27 msecs (HTTP/1.1 200) 9 headers in 360 bytes (1 switches on core 0)
Mar 31 18:07:18.170430 dv-cinder-master-3-smb devstack@n-api.service[103240]: DEBUG nova.api.openstack.wsgi [None req-bd5cf70c-cdf6-46bb-bb2f-f026ae969809 admin admin] Calling method '>' {{(pid=103240) _process_stack /opt/stack/nova/nova/api/openstack/wsgi.py:513}}
Mar 31 18:07:18.194521 dv-cinder-master-3-smb devstack@n-api.service[103240]: INFO nova.api.openstack.requestlog [None req-bd5cf70c-cdf6-46bb-bb2f-f026ae969809 admin admin] 10.222.0.62 "GET /compute/v2.1/flavors?is_public=None" status: 200 len: 2056 microversion: 2.90 time: 0.025157
Mar 31 18:07:18.194521 dv-cinder-master-3-smb devstack@n-api.service[103240]: [pid: 103240|app: 0|req: 20/41] 10.222.0.62 () {60 vars in 1210 bytes} [Thu Mar 31 18:07:18 2022] GET /compute/v2.1/flavors?is_public=None => generated 2056 bytes in 26 msecs (HTTP/1.1 200) 9 headers in 360 bytes (1 switches on core 0)
Mar 31 18:07:18.202772 dv-cinder-master-3-smb devstack@n-api.service[103239]: DEBUG nova.api.openstack.wsgi [None req-0f05eab1-a832-4391-8b02-eddf932e1b7d admin admin] Calling method '>' {{(pid=103239) _process_stack /opt/stack/nova/nova/api/openstack/wsgi.py:513}}
Mar 31 18:07:18.209240 dv-cinder-master-3-smb devstack@n-api.service[103239]: INFO nova.api.openstack.wsgi [None req-0f05eab1-a832-4391-8b02-eddf932e1b7d admin admin] HTTP exception thrown: Flavor 42 could not be found.
Mar 31 18:07:18.210233 dv-cinder-master-3-smb devstack@n-api.service[103239]: DEBUG nova.api.openstack.wsgi [None req-0f05eab1-a832-4391-8b02-eddf932e1b7d admin admin] Returning 404 to user: Flavor 42 could not be found. {{(pid=103239) __call__ /opt/stack/nova/nova/api/openstack/wsgi.py:936}}
Mar 31 18:07:18.210748 dv-cinder-master-3-smb devstack@n-api.service[103239]: INFO nova.api.openstack.requestlog [None req-0f05eab1-a832-4391-8b02-eddf932e1b7d admin admin] 10.222.0.62 "GET /compute/v2.1/flavors/42" status: 404 len: 75 microversion: 2.90 time: 0.011661
Mar 31 18:07:18.211484 dv-cinder-master-3-smb devstack@n-api.service[103239]: [pid: 103239|app: 0|req: 22/42] 10.222.0.62 () {60 vars in 1190 bytes} [Thu Mar 31 18:07:18 2022] GET /compute/v2.1/flavors/42 => generated 75 bytes in 13 msecs (HTTP/1.1 404) 9 headers in 380 bytes (2 switches on core 0)
Mar 31 18:07:19.498170 dv-cinder-master-3-smb devstack@n-api.service[103240]: DEBUG nova.api.openstack.wsgi [None req-bd5cf70c-cdf6-46bb-bb2f-f026ae969809 admin admin] Calling method '>' {{(pid=103240) _process_stack /opt/stack/nova/nova/api/openstack/wsgi.py:513}}
Mar 31 18:07:19.499183 dv-cinder-master-3-smb devstack@n-api.service[103240]: INFO nova.api.openstack.requestlog [None req-bd5cf70c-cdf6-46bb-bb2f-f026ae969809 admin admin] 10.222.0.62 "GET /compute/v2.1" status: 200 len: 388 microversion: 2.1 time: 0.001443
Mar 31 18:07:19.499622 dv-cinder-master-3-smb devstack@n-api.service[103240]: [pid: 103240|app: 0|req: 21/43] 10.222.0.62 () {56 vars in 1074 bytes} [Thu Mar 31 18:07:19 2022] GET /compute/v2.1 => generated 388 bytes in 2 msecs (HTTP/1.1 200) 9 headers in 357 bytes (1 switches on core 0)
Mar 31 18:07:19.707312 dv-cinder-master-3-smb devstack@n-api.service[103239]: DEBUG nova.api.openstack.wsgi [None req-3c13e1da-4aa5-4e04-b823-5bdacc228eab admin admin] Calling method '>' {{(pid=103239) _process_stack /opt/stack/nova/nova/api/openstack/wsgi.py:513}}
Mar 31 18:07:19.712804 dv-cinder-master-3-smb devstack@n-api.service[103239]: INFO nova.api.openstack.wsgi [None req-3c13e1da-4aa5-4e04-b823-5bdacc228eab admin admin] HTTP exception thrown: Flavor 84 could not be found.
Mar 31 18:07:19.713532 dv-cinder-master-3-smb devstack@n-api.service[103239]: DEBUG nova.api.openstack.wsgi [None req-3c13e1da-4aa5-4e04-b823-5bdacc228eab admin admin] Returning 404 to user: Flavor 84 could not be found. {{(pid=103239) __call__ /opt/stack/nova/nova/api/openstack/wsgi.py:936}}
Mar 31 18:07:19.714348 dv-cinder-master-3-smb devstack@n-api.service[103239]: INFO nova.api.openstack.requestlog [None req-3c13e1da-4aa5-4e04-b823-5bdacc228eab admin admin] 10.222.0.62 "GET /compute/v2.1/flavors/84" status: 404 len: 75 microversion: 2.90 time: 0.071615
Mar 31 18:07:19.714882 dv-cinder-master-3-smb devstack@n-api.service[103239]: [pid: 103239|app: 0|req: 23/44] 10.222.0.62 () {60 vars in 1190 bytes} [Thu Mar 31 18:07:19 2022] GET /compute/v2.1/flavors/84 => generated 75 bytes in 73 msecs (HTTP/1.1 404) 9 headers in 380 bytes (1 switches on core 0)
Mar 31 18:07:19.724432 dv-cinder-master-3-smb devstack@n-api.service[103240]: DEBUG nova.api.openstack.wsgi [None req-837026f8-1ced-44c5-bbc1-8e199e13fd50 admin admin] Calling method '>' {{(pid=103240) _process_stack /opt/stack/nova/nova/api/openstack/wsgi.py:513}}
Mar 31 18:07:19.746637 dv-cinder-master-3-smb devstack@n-api.service[103240]: INFO nova.api.openstack.requestlog [None req-837026f8-1ced-44c5-bbc1-8e199e13fd50 admin admin] 10.222.0.62 "GET /compute/v2.1/flavors?is_public=None" status: 200 len: 2056 microversion: 2.90 time: 0.025733
Mar 31 18:07:19.747240 dv-cinder-master-3-smb devstack@n-api.service[103240]: [pid: 103240|app: 0|req: 22/45] 10.222.0.62 () {60 vars in 1210 bytes} [Thu Mar 31 18:07:19 2022] GET /compute/v2.1/flavors?is_public=None => generated 2056 bytes in 27 msecs (HTTP/1.1 200) 9 headers in 360 bytes (1 switches on core 0)
Mar 31 18:07:19.759887 dv-cinder-master-3-smb devstack@n-api.service[103239]: DEBUG nova.api.openstack.wsgi [None req-209075dd-3932-45e5-a9f5-8b621080c2e6 admin admin] Calling method '>' {{(pid=103239) _process_stack /opt/stack/nova/nova/api/openstack/wsgi.py:513}}
Mar 31 18:07:19.773852 dv-cinder-master-3-smb devstack@n-api.service[103239]: INFO nova.api.openstack.requestlog [None req-209075dd-3932-45e5-a9f5-8b621080c2e6 admin admin] 10.222.0.62 "GET /compute/v2.1/flavors?is_public=None" status: 200 len: 2056 microversion: 2.90 time: 0.018178
Mar 31 18:07:19.774388 dv-cinder-master-3-smb devstack@n-api.service[103239]: [pid: 103239|app: 0|req: 24/46] 10.222.0.62 () {60 vars in 1210 bytes} [Thu Mar 31 18:07:19 2022] GET /compute/v2.1/flavors?is_public=None => generated 2056 bytes in 19 msecs (HTTP/1.1 200) 9 headers in 360 bytes (2 switches on core 0)
Mar 31 18:07:19.783963 dv-cinder-master-3-smb devstack@n-api.service[103240]: DEBUG nova.api.openstack.wsgi [None req-492bcfc9-8aec-4dd6-9477-fd1e764c5fa3 admin admin] Calling method '>' {{(pid=103240) _process_stack /opt/stack/nova/nova/api/openstack/wsgi.py:513}}
Mar 31 18:07:19.789466 dv-cinder-master-3-smb devstack@n-api.service[103240]: INFO nova.api.openstack.wsgi [None req-492bcfc9-8aec-4dd6-9477-fd1e764c5fa3 admin admin] HTTP exception thrown: Flavor 84 could not be found.
Mar 31 18:07:19.790030 dv-cinder-master-3-smb devstack@n-api.service[103240]: DEBUG nova.api.openstack.wsgi [None req-492bcfc9-8aec-4dd6-9477-fd1e764c5fa3 admin admin] Returning 404 to user: Flavor 84 could not be found. {{(pid=103240) __call__ /opt/stack/nova/nova/api/openstack/wsgi.py:936}}
Mar 31 18:07:19.790823 dv-cinder-master-3-smb devstack@n-api.service[103240]: INFO nova.api.openstack.requestlog [None req-492bcfc9-8aec-4dd6-9477-fd1e764c5fa3 admin admin] 10.222.0.62 "GET /compute/v2.1/flavors/84" status: 404 len: 75 microversion: 2.90 time: 0.010481
Mar 31 18:07:19.791372 dv-cinder-master-3-smb devstack@n-api.service[103240]: [pid: 103240|app: 0|req: 23/47] 10.222.0.62 () {60 vars in 1190 bytes} [Thu Mar 31 18:07:19 2022] GET /compute/v2.1/flavors/84 => generated 75 bytes in 11 msecs (HTTP/1.1 404) 9 headers in 380 bytes (1 switches on core 0)
Mar 31 18:07:21.096784 dv-cinder-master-3-smb devstack@n-api.service[103239]: DEBUG nova.api.openstack.wsgi [None req-209075dd-3932-45e5-a9f5-8b621080c2e6 admin admin] Calling method '>' {{(pid=103239) _process_stack /opt/stack/nova/nova/api/openstack/wsgi.py:513}}
Mar 31 18:07:21.097791 dv-cinder-master-3-smb devstack@n-api.service[103239]: INFO nova.api.openstack.requestlog [None req-209075dd-3932-45e5-a9f5-8b621080c2e6 admin admin] 10.222.0.62 "GET /compute/v2.1" status: 200 len: 388 microversion: 2.1 time: 0.001439
Mar 31 18:07:21.098221 dv-cinder-master-3-smb devstack@n-api.service[103239]: [pid: 103239|app: 0|req: 25/48] 10.222.0.62 () {56 vars in 1074 bytes} [Thu Mar 31 18:07:21 2022] GET /compute/v2.1 => generated 388 bytes in 2 msecs (HTTP/1.1 200) 9 headers in 357 bytes (2 switches on core 0)
Mar 31 18:07:21.296566 dv-cinder-master-3-smb devstack@n-api.service[103240]: DEBUG nova.api.openstack.wsgi [None req-9992e817-fcc9-4df6-babc-c4a325f9271a admin admin] Calling method '>' {{(pid=103240) _process_stack /opt/stack/nova/nova/api/openstack/wsgi.py:513}}
Mar 31 18:07:21.307687 dv-cinder-master-3-smb devstack@n-api.service[103240]: INFO nova.api.openstack.wsgi [None req-9992e817-fcc9-4df6-babc-c4a325f9271a admin admin] HTTP exception thrown: Flavor 451 could not be found.
Mar 31 18:07:21.308593 dv-cinder-master-3-smb devstack@n-api.service[103240]: DEBUG nova.api.openstack.wsgi [None req-9992e817-fcc9-4df6-babc-c4a325f9271a admin admin] Returning 404 to user: Flavor 451 could not be found. {{(pid=103240) __call__ /opt/stack/nova/nova/api/openstack/wsgi.py:936}}
Mar 31 18:07:21.309997 dv-cinder-master-3-smb devstack@n-api.service[103240]: INFO nova.api.openstack.requestlog [None req-9992e817-fcc9-4df6-babc-c4a325f9271a admin admin] 10.222.0.62 "GET /compute/v2.1/flavors/451" status: 404 len: 76 microversion: 2.90 time: 0.072402
Mar 31 18:07:21.310978 dv-cinder-master-3-smb devstack@n-api.service[103240]: [pid: 103240|app: 0|req: 24/49] 10.222.0.62 () {60 vars in 1193 bytes} [Thu Mar 31 18:07:21 2022] GET /compute/v2.1/flavors/451 => generated 76 bytes in 74 msecs (HTTP/1.1 404) 9 headers in 380 bytes (1 switches on core 0)
Mar 31 18:07:21.324457 dv-cinder-master-3-smb devstack@n-api.service[103239]: DEBUG nova.api.openstack.wsgi [None req-36ae8a12-45c0-4227-a0ce-566c12bfc6f3 admin admin] Calling method '>' {{(pid=103239) _process_stack /opt/stack/nova/nova/api/openstack/wsgi.py:513}}
Mar 31 18:07:21.340763 dv-cinder-master-3-smb devstack@n-api.service[103239]: INFO nova.api.openstack.requestlog [None req-36ae8a12-45c0-4227-a0ce-566c12bfc6f3 admin admin] 10.222.0.62 "GET /compute/v2.1/flavors?is_public=None" status: 200 len: 2056 microversion: 2.90 time: 0.023298
Mar 31 18:07:21.341368 dv-cinder-master-3-smb devstack@n-api.service[103239]: [pid: 103239|app: 0|req: 26/50] 10.222.0.62 () {60 vars in 1210 bytes} [Thu Mar 31 18:07:21 2022] GET /compute/v2.1/flavors?is_public=None => generated 2056 bytes in 25 msecs (HTTP/1.1 200) 9 headers in 360 bytes (2 switches on core 0)
Mar 31 18:07:21.352397 dv-cinder-master-3-smb devstack@n-api.service[103240]: DEBUG nova.api.openstack.wsgi [None req-7a991b06-226a-4d0f-8a14-7d0de86eefe6 admin admin] Calling method '>' {{(pid=103240) _process_stack /opt/stack/nova/nova/api/openstack/wsgi.py:513}}
Mar 31 18:07:21.366570 dv-cinder-master-3-smb devstack@n-api.service[103240]: INFO nova.api.openstack.requestlog [None req-7a991b06-226a-4d0f-8a14-7d0de86eefe6 admin admin] 10.222.0.62 "GET /compute/v2.1/flavors?is_public=None" status: 200 len: 2056 microversion: 2.90 time: 0.018291
Mar 31 18:07:21.367137 dv-cinder-master-3-smb devstack@n-api.service[103240]: [pid: 103240|app: 0|req: 25/51] 10.222.0.62 () {60 vars in 1210 bytes} [Thu Mar 31 18:07:21 2022] GET /compute/v2.1/flavors?is_public=None => generated 2056 bytes in 20 msecs (HTTP/1.1 200) 9 headers in 360 bytes (1 switches on core 0)
Mar 31 18:07:21.376911 dv-cinder-master-3-smb devstack@n-api.service[103239]: DEBUG nova.api.openstack.wsgi [None req-37aeb832-df7a-4407-a5c5-03de8523275a admin admin] Calling method '>' {{(pid=103239) _process_stack /opt/stack/nova/nova/api/openstack/wsgi.py:513}}
Mar 31 18:07:21.386140 dv-cinder-master-3-smb devstack@n-api.service[103239]: INFO nova.api.openstack.wsgi [None req-37aeb832-df7a-4407-a5c5-03de8523275a admin admin] HTTP exception thrown: Flavor 451 could not be found.
Mar 31 18:07:21.387135 dv-cinder-master-3-smb devstack@n-api.service[103239]: DEBUG nova.api.openstack.wsgi [None req-37aeb832-df7a-4407-a5c5-03de8523275a admin admin] Returning 404 to user: Flavor 451 could not be found. {{(pid=103239) __call__ /opt/stack/nova/nova/api/openstack/wsgi.py:936}}
Mar 31 18:07:21.388406 dv-cinder-master-3-smb devstack@n-api.service[103239]: INFO nova.api.openstack.requestlog [None req-37aeb832-df7a-4407-a5c5-03de8523275a admin admin] 10.222.0.62 "GET /compute/v2.1/flavors/451" status: 404 len: 76 microversion: 2.90 time: 0.015105
Mar 31 18:07:21.389110 dv-cinder-master-3-smb devstack@n-api.service[103239]: [pid: 103239|app: 0|req: 27/52] 10.222.0.62 () {60 vars in 1193 bytes} [Thu Mar 31 18:07:21 2022] GET /compute/v2.1/flavors/451 => generated 76 bytes in 16 msecs (HTTP/1.1 404) 9 headers in 380 bytes (1 switches on core 0)
Mar 31 18:07:22.728200 dv-cinder-master-3-smb devstack@n-api.service[103240]: DEBUG nova.api.openstack.wsgi [None req-7a991b06-226a-4d0f-8a14-7d0de86eefe6 admin admin] Calling method '>' {{(pid=103240) _process_stack /opt/stack/nova/nova/api/openstack/wsgi.py:513}}
Mar 31 18:07:22.729956 dv-cinder-master-3-smb devstack@n-api.service[103240]: INFO nova.api.openstack.requestlog [None req-7a991b06-226a-4d0f-8a14-7d0de86eefe6 admin admin] 10.222.0.62 "GET /compute/v2.1" status: 200 len: 388 microversion: 2.1 time: 0.002547
Mar 31 18:07:22.730717 dv-cinder-master-3-smb devstack@n-api.service[103240]: [pid: 103240|app: 0|req: 26/53] 10.222.0.62 () {56 vars in 1074 bytes} [Thu Mar 31 18:07:22 2022] GET /compute/v2.1 => generated 388 bytes in 4 msecs (HTTP/1.1 200) 9 headers in 357 bytes (1 switches on core 0)
Mar 31 18:07:22.925357 dv-cinder-master-3-smb devstack@n-api.service[103239]: DEBUG nova.api.openstack.wsgi [None req-4f7f8e63-7cc4-47dd-a743-d62de7989d45 admin admin] Action: 'create', calling method: >, body: {"flavor": {"name": "m1.nano", "ram": 256, "vcpus": 1, "disk": 1, "id": "42", "swap": 0, "OS-FLV-EXT-DATA:ephemeral": 0, "rxtx_factor": 1.0, "os-flavor-access:is_public": true}} {{(pid=103239) _process_stack /opt/stack/nova/nova/api/openstack/wsgi.py:511}}
Mar 31 18:07:23.041970 dv-cinder-master-3-smb devstack@n-api.service[103239]: INFO nova.api.openstack.requestlog [None req-4f7f8e63-7cc4-47dd-a743-d62de7989d45 admin admin] 10.222.0.62 "POST /compute/v2.1/flavors" status: 200 len: 404 microversion: 2.90 time: 0.169937
Mar 31 18:07:23.042429 dv-cinder-master-3-smb devstack@n-api.service[103239]: [pid: 103239|app: 0|req: 28/54] 10.222.0.62 () {64 vars in 1235 bytes} [Thu Mar 31 18:07:22 2022] POST /compute/v2.1/flavors => generated 404 bytes in 171 msecs (HTTP/1.1 200) 9 headers in 359 bytes (1 switches on core 0)
Mar 31 18:07:24.366664 dv-cinder-master-3-smb devstack@n-api.service[103240]: DEBUG nova.api.openstack.wsgi [None req-7a991b06-226a-4d0f-8a14-7d0de86eefe6 admin admin] Calling method '>' {{(pid=103240) _process_stack /opt/stack/nova/nova/api/openstack/wsgi.py:513}}
Mar 31 18:07:24.367816 dv-cinder-master-3-smb devstack@n-api.service[103240]: INFO nova.api.openstack.requestlog [None req-7a991b06-226a-4d0f-8a14-7d0de86eefe6 admin admin] 10.222.0.62 "GET /compute/v2.1" status: 200 len: 388 microversion: 2.1 time: 0.001493
Mar 31 18:07:24.368134 dv-cinder-master-3-smb devstack@n-api.service[103240]: [pid: 103240|app: 0|req: 27/55] 10.222.0.62 () {56 vars in 1074 bytes} [Thu Mar 31 18:07:24 2022] GET /compute/v2.1 => generated 388 bytes in 3 msecs (HTTP/1.1 200) 9 headers in 357 bytes (1 switches on core 0)
Mar 31 18:07:24.570789 dv-cinder-master-3-smb devstack@n-api.service[103239]: DEBUG nova.api.openstack.wsgi [None req-d5829e94-2e41-4c0c-9c58-daafbc0e79d3 admin admin] Action: 'create', calling method: >, body: {"flavor": {"name": "m1.micro", "ram": 256, "vcpus": 1, "disk": 2, "id": "84", "swap": 0, "OS-FLV-EXT-DATA:ephemeral": 0, "rxtx_factor": 1.0, "os-flavor-access:is_public": true}} {{(pid=103239) _process_stack /opt/stack/nova/nova/api/openstack/wsgi.py:511}}
Mar 31 18:07:24.639822 dv-cinder-master-3-smb devstack@n-api.service[103239]: INFO nova.api.openstack.requestlog [None req-d5829e94-2e41-4c0c-9c58-daafbc0e79d3 admin admin] 10.222.0.62 "POST /compute/v2.1/flavors" status: 200 len: 405 microversion: 2.90 time: 0.125982
Mar 31 18:07:24.640374 dv-cinder-master-3-smb devstack@n-api.service[103239]: [pid: 103239|app: 0|req: 29/56] 10.222.0.62 () {64 vars in 1235 bytes} [Thu Mar 31 18:07:24 2022] POST /compute/v2.1/flavors => generated 405 bytes in 127 msecs (HTTP/1.1 200) 9 headers in 359 bytes (1 switches on core 0)
Mar 31 18:07:25.952252 dv-cinder-master-3-smb devstack@n-api.service[103240]: DEBUG nova.api.openstack.wsgi [None req-7a991b06-226a-4d0f-8a14-7d0de86eefe6 admin admin] Calling method '>' {{(pid=103240) _process_stack /opt/stack/nova/nova/api/openstack/wsgi.py:513}}
Mar 31 18:07:25.953612 dv-cinder-master-3-smb devstack@n-api.service[103240]: INFO nova.api.openstack.requestlog [None req-7a991b06-226a-4d0f-8a14-7d0de86eefe6 admin admin] 10.222.0.62 "GET /compute/v2.1" status: 200 len: 388 microversion: 2.1 time: 0.001746
Mar 31 18:07:25.954235 dv-cinder-master-3-smb devstack@n-api.service[103240]: [pid: 103240|app: 0|req: 28/57] 10.222.0.62 () {56 vars in 1074 bytes} [Thu Mar 31 18:07:25 2022] GET /compute/v2.1 => generated 388 bytes in 3 msecs (HTTP/1.1 200) 9 headers in 357 bytes (1 switches on core 0)
Mar 31 18:07:26.178128 dv-cinder-master-3-smb devstack@n-api.service[103239]: DEBUG nova.api.openstack.wsgi [None req-38996a78-aec2-4b59-802e-7c39b29b20a8 admin admin] Action: 'create', calling method: >, body: {"flavor": {"name": "m1.heat", "ram": 512, "vcpus": 1, "disk": 1, "id": "451", "swap": 0, "OS-FLV-EXT-DATA:ephemeral": 0, "rxtx_factor": 1.0, "os-flavor-access:is_public": true}} {{(pid=103239) _process_stack /opt/stack/nova/nova/api/openstack/wsgi.py:511}}
Mar 31 18:07:26.377320 dv-cinder-master-3-smb devstack@n-api.service[103239]: INFO nova.api.openstack.requestlog [None req-38996a78-aec2-4b59-802e-7c39b29b20a8 admin admin] 10.222.0.62 "POST /compute/v2.1/flavors" status: 200 len: 407 microversion: 2.90 time: 0.282102
Mar 31 18:07:26.377890 dv-cinder-master-3-smb devstack@n-api.service[103239]: [pid: 103239|app: 0|req: 30/58] 10.222.0.62 () {64 vars in 1235 bytes} [Thu Mar 31 18:07:26 2022] POST /compute/v2.1/flavors => generated 407 bytes in 284 msecs (HTTP/1.1 200) 9 headers in 359 bytes (1 switches on core 0)
Mar 31 18:07:27.714653 dv-cinder-master-3-smb devstack@n-api.service[103240]: DEBUG nova.api.openstack.wsgi [None req-7a991b06-226a-4d0f-8a14-7d0de86eefe6 admin admin] Calling method '>' {{(pid=103240) _process_stack /opt/stack/nova/nova/api/openstack/wsgi.py:513}}
Mar 31 18:07:27.715743 dv-cinder-master-3-smb devstack@n-api.service[103240]: INFO nova.api.openstack.requestlog [None req-7a991b06-226a-4d0f-8a14-7d0de86eefe6 admin admin] 10.222.0.62 "GET /compute/v2.1" status: 200 len: 388 microversion: 2.1 time: 0.001507
Mar 31 18:07:27.716145 dv-cinder-master-3-smb devstack@n-api.service[103240]: [pid: 103240|app: 0|req: 29/59] 10.222.0.62 () {56 vars in 1074 bytes} [Thu Mar 31 18:07:27 2022] GET /compute/v2.1 => generated 388 bytes in 2 msecs (HTTP/1.1 200) 9 headers in 357 bytes (1 switches on core 0)
Mar 31 18:07:27.916269 dv-cinder-master-3-smb devstack@n-api.service[103239]: DEBUG nova.api.openstack.wsgi [None req-72672156-63b3-4b29-b0e9-7e9c09c2fb9c admin admin] Action: 'create', calling method: >, body: {"flavor": {"name": "m1.heat2", "ram": 1024, "vcpus": 1, "disk": 1, "id": "452", "swap": 0, "OS-FLV-EXT-DATA:ephemeral": 0, "rxtx_factor": 1.0, "os-flavor-access:is_public": true}} {{(pid=103239) _process_stack /opt/stack/nova/nova/api/openstack/wsgi.py:511}}
Mar 31 18:07:28.057768 dv-cinder-master-3-smb devstack@n-api.service[103239]: INFO nova.api.openstack.requestlog [None req-72672156-63b3-4b29-b0e9-7e9c09c2fb9c admin admin] 10.222.0.62 "POST /compute/v2.1/flavors" status: 200 len: 409 microversion: 2.90 time: 0.199630
Mar 31 18:07:28.058234 dv-cinder-master-3-smb devstack@n-api.service[103239]: [pid: 103239|app: 0|req: 31/60] 10.222.0.62 () {64 vars in 1235 bytes} [Thu Mar 31 18:07:27 2022] POST /compute/v2.1/flavors => generated 409 bytes in 201 msecs (HTTP/1.1 200) 9 headers in 359 bytes (1 switches on core 0)
Mar 31 18:07:29.395719 dv-cinder-master-3-smb devstack@n-api.service[103240]: DEBUG nova.api.openstack.wsgi [None req-7a991b06-226a-4d0f-8a14-7d0de86eefe6 admin admin] Calling method '>' {{(pid=103240) _process_stack /opt/stack/nova/nova/api/openstack/wsgi.py:513}}
Mar 31 18:07:29.397341 dv-cinder-master-3-smb devstack@n-api.service[103240]: INFO nova.api.openstack.requestlog [None req-7a991b06-226a-4d0f-8a14-7d0de86eefe6 admin admin] 10.222.0.62 "GET /compute/v2.1" status: 200 len: 388 microversion: 2.1 time: 0.002415
Mar 31 18:07:29.397746 dv-cinder-master-3-smb devstack@n-api.service[103240]: [pid: 103240|app: 0|req: 30/61] 10.222.0.62 () {56 vars in 1074 bytes} [Thu Mar 31 18:07:29 2022] GET /compute/v2.1 => generated 388 bytes in 4 msecs (HTTP/1.1 200) 9 headers in 357 bytes (2 switches on core 0)
Mar 31 18:07:29.619201 dv-cinder-master-3-smb devstack@n-api.service[103239]: DEBUG nova.api.openstack.wsgi [None req-61d3d149-116e-4caa-b532-d4417b40fa32 admin admin] Calling method '>' {{(pid=103239) _process_stack /opt/stack/nova/nova/api/openstack/wsgi.py:513}}
Mar 31 18:07:29.640473 dv-cinder-master-3-smb devstack@n-api.service[103239]: INFO nova.api.openstack.requestlog [None req-61d3d149-116e-4caa-b532-d4417b40fa32 admin admin] 10.222.0.62 "GET /compute/v2.1/flavors/detail" status: 200 len: 5777 microversion: 2.90 time: 0.090066
Mar 31 18:07:29.641029 dv-cinder-master-3-smb devstack@n-api.service[103239]: [pid: 103239|app: 0|req: 32/62] 10.222.0.62 () {60 vars in 1202 bytes} [Thu Mar 31 18:07:29 2022] GET /compute/v2.1/flavors/detail => generated 5777 bytes in 91 msecs (HTTP/1.1 200) 9 headers in 360 bytes (1 switches on core 0)
Mar 31 18:08:23.712862 dv-cinder-master-3-smb devstack@n-api.service[103240]: DEBUG nova.api.openstack.wsgi [None req-7a991b06-226a-4d0f-8a14-7d0de86eefe6 admin admin] Calling method '>' {{(pid=103240) _process_stack /opt/stack/nova/nova/api/openstack/wsgi.py:513}}
Mar 31 18:08:23.714475 dv-cinder-master-3-smb devstack@n-api.service[103240]: INFO nova.api.openstack.requestlog [None req-7a991b06-226a-4d0f-8a14-7d0de86eefe6 admin admin] 10.222.0.62 "GET /compute/v2.1" status: 200 len: 388 microversion: 2.1 time: 0.002054
Mar 31 18:08:23.714871 dv-cinder-master-3-smb devstack@n-api.service[103240]: [pid: 103240|app: 0|req: 31/63] 10.222.0.62 () {54 vars in 930 bytes} [Thu Mar 31 18:08:23 2022] GET /compute/v2.1 => generated 388 bytes in 3 msecs (HTTP/1.1 200) 9 headers in 357 bytes (1 switches on core 0)
Mar 31 18:08:23.780702 dv-cinder-master-3-smb devstack@n-api.service[103239]: DEBUG nova.api.openstack.wsgi [None req-20464b9f-6d5e-415d-b283-89a4f8e0fead admin admin] Calling method '>' {{(pid=103239) _process_stack /opt/stack/nova/nova/api/openstack/wsgi.py:513}}
Mar 31 18:08:23.804696 dv-cinder-master-3-smb devstack@n-api.service[103239]: INFO nova.api.openstack.requestlog [None req-20464b9f-6d5e-415d-b283-89a4f8e0fead admin admin] 10.222.0.62 "GET /compute/v2.1/flavors/detail?is_public=True" status: 200 len: 5791 microversion: 2.61 time: 0.083140
Mar 31 18:08:23.805413 dv-cinder-master-3-smb devstack@n-api.service[103239]: [pid: 103239|app: 0|req: 33/64] 10.222.0.62 () {60 vars in 1291 bytes} [Thu Mar 31 18:08:23 2022] GET /compute/v2.1/flavors/detail?is_public=True => generated 5791 bytes in 85 msecs (HTTP/1.1 200) 9 headers in 360 bytes (1 switches on core 0)
Mar 31 18:08:23.830031 dv-cinder-master-3-smb devstack@n-api.service[103240]: DEBUG nova.api.openstack.wsgi [None req-9c927aa6-c379-4bd2-8f74-37f2125f9749 admin admin] Calling method '>' {{(pid=103240) _process_stack /opt/stack/nova/nova/api/openstack/wsgi.py:513}}
Mar 31 18:08:23.838362 dv-cinder-master-3-smb devstack@n-api.service[103240]: INFO nova.api.openstack.requestlog [None req-9c927aa6-c379-4bd2-8f74-37f2125f9749 admin admin] 10.222.0.62 "GET /compute/v2.1/flavors/42/os-extra_specs" status: 200 len: 19 microversion: 2.61 time: 0.012801
Mar 31 18:08:23.838977 dv-cinder-master-3-smb devstack@n-api.service[103240]: [pid: 103240|app: 0|req: 32/65] 10.222.0.62 () {60 vars in 1282 bytes} [Thu Mar 31 18:08:23 2022] GET /compute/v2.1/flavors/42/os-extra_specs => generated 19 bytes in 14 msecs (HTTP/1.1 200) 9 headers in 358 bytes (1 switches on core 0)
Mar 31 18:08:23.851624 dv-cinder-master-3-smb devstack@n-api.service[103239]: DEBUG nova.api.openstack.wsgi [None req-628b7443-10fd-4b63-8abd-6cdf0edf205f admin admin] Calling method '>' {{(pid=103239) _process_stack /opt/stack/nova/nova/api/openstack/wsgi.py:513}}
Mar 31 18:08:23.859577 dv-cinder-master-3-smb devstack@n-api.service[103239]: INFO nova.api.openstack.requestlog [None req-628b7443-10fd-4b63-8abd-6cdf0edf205f admin admin] 10.222.0.62 "GET /compute/v2.1/flavors/451/os-extra_specs" status: 200 len: 19 microversion: 2.61 time: 0.011628
Mar 31 18:08:23.860101 dv-cinder-master-3-smb devstack@n-api.service[103239]: [pid: 103239|app: 0|req: 34/66] 10.222.0.62 () {60 vars in 1285 bytes} [Thu Mar 31 18:08:23 2022] GET /compute/v2.1/flavors/451/os-extra_specs => generated 19 bytes in 13 msecs (HTTP/1.1 200) 9 headers in 358 bytes (1 switches on core 0)
Mar 31 18:08:23.874109 dv-cinder-master-3-smb devstack@n-api.service[103240]: DEBUG nova.api.openstack.wsgi [None req-2d9b07c9-769f-4873-8f3c-2ba06138e10e admin admin] Calling method '>' {{(pid=103240) _process_stack /opt/stack/nova/nova/api/openstack/wsgi.py:513}}
Mar 31 18:08:23.882124 dv-cinder-master-3-smb devstack@n-api.service[103240]: INFO nova.api.openstack.requestlog [None req-2d9b07c9-769f-4873-8f3c-2ba06138e10e admin admin] 10.222.0.62 "GET /compute/v2.1/flavors/452/os-extra_specs" status: 200 len: 19 microversion: 2.61 time: 0.011783
Mar 31 18:08:23.882947 dv-cinder-master-3-smb devstack@n-api.service[103240]: [pid: 103240|app: 0|req: 33/67] 10.222.0.62 () {60 vars in 1285 bytes} [Thu Mar 31 18:08:23 2022] GET /compute/v2.1/flavors/452/os-extra_specs => generated 19 bytes in 13 msecs (HTTP/1.1 200) 9 headers in 358 bytes (2 switches on core 0)
Mar 31 18:08:23.898642 dv-cinder-master-3-smb devstack@n-api.service[103239]: DEBUG nova.api.openstack.wsgi [None req-fa929483-3f36-4319-bf3e-b87dcb30b4af admin admin] Calling method '>' {{(pid=103239) _process_stack /opt/stack/nova/nova/api/openstack/wsgi.py:513}}
Mar 31 18:08:23.910116 dv-cinder-master-3-smb devstack@n-api.service[103239]: INFO nova.api.openstack.requestlog [None req-fa929483-3f36-4319-bf3e-b87dcb30b4af admin admin] 10.222.0.62 "GET /compute/v2.1/flavors/84/os-extra_specs" status: 200 len: 19 microversion: 2.61 time: 0.017202
Mar 31 18:08:23.911000 dv-cinder-master-3-smb devstack@n-api.service[103239]: [pid: 103239|app: 0|req: 35/68] 10.222.0.62 () {60 vars in 1282 bytes} [Thu Mar 31 18:08:23 2022] GET /compute/v2.1/flavors/84/os-extra_specs => generated 19 bytes in 19 msecs (HTTP/1.1 200) 9 headers in 358 bytes (2 switches on core 0)
Mar 31 18:10:18.598275 dv-cinder-master-3-smb devstack@n-api.service[103240]: DEBUG nova.api.openstack.wsgi [None req-d8297549-58d6-4d01-985e-6c4103001c43 tempest-verify_tempest_config-650673250 tempest-verify_tempest_config-650673250-project] Calling method '>' {{(pid=103240) _process_stack /opt/stack/nova/nova/api/openstack/wsgi.py:513}}
Mar 31 18:10:18.600262 dv-cinder-master-3-smb devstack@n-api.service[103240]: INFO nova.api.openstack.requestlog [None req-d8297549-58d6-4d01-985e-6c4103001c43 tempest-verify_tempest_config-650673250 tempest-verify_tempest_config-650673250-project] 10.222.0.62 "GET /compute/v2.1/extensions" status: 200 len: 22700 microversion: 2.1 time: 0.130112
Mar 31 18:10:18.600879 dv-cinder-master-3-smb devstack@n-api.service[103240]: [pid: 103240|app: 0|req: 34/69] 10.222.0.62 () {58 vars in 1133 bytes} [Thu Mar 31 18:10:18 2022] GET /compute/v2.1/extensions => generated 22700 bytes in 131 msecs (HTTP/1.1 200) 9 headers in 359 bytes (1 switches on core 0)
Mar 31 18:12:11.442079 dv-cinder-master-3-smb devstack@n-api.service[103239]: DEBUG nova.api.openstack.wsgi [None req-fa929483-3f36-4319-bf3e-b87dcb30b4af admin admin] Calling method '>' {{(pid=103239) _process_stack /opt/stack/nova/nova/api/openstack/wsgi.py:513}}
Mar 31 18:12:11.443072 dv-cinder-master-3-smb devstack@n-api.service[103239]: INFO nova.api.openstack.requestlog [None req-fa929483-3f36-4319-bf3e-b87dcb30b4af admin admin] 10.222.0.62 "GET /compute/v2.1" status: 200 len: 388 microversion: 2.1 time: 0.001407
Mar 31 18:12:11.443504 dv-cinder-master-3-smb devstack@n-api.service[103239]: [pid: 103239|app: 0|req: 36/70] 10.222.0.62 () {56 vars in 1074 bytes} [Thu Mar 31 18:12:11 2022] GET /compute/v2.1 => generated 388 bytes in 2 msecs (HTTP/1.1 200) 9 headers in 357 bytes (1 switches on core 0)
Mar 31 18:12:11.697372 dv-cinder-master-3-smb devstack@n-api.service[103240]: DEBUG nova.api.openstack.wsgi [None req-5b6dc047-4068-43a1-a1aa-3c28d3b58e61 admin admin] Calling method '>' {{(pid=103240) _process_stack /opt/stack/nova/nova/api/openstack/wsgi.py:513}}
Mar 31 18:12:11.698532 dv-cinder-master-3-smb devstack@n-api.service[103240]: /usr/local/lib/python3.8/dist-packages/oslo_policy/policy.py:1119: UserWarning: Policy "os_compute_api:os-services:list": "rule:context_is_admin" failed scope check. The token used to make the request was project scoped but the policy requires ['system'] scope. This behavior may change in the future where using the intended scope is required
Mar 31 18:12:11.698532 dv-cinder-master-3-smb devstack@n-api.service[103240]: warnings.warn(msg)
Mar 31 18:12:11.699884 dv-cinder-master-3-smb devstack@n-api.service[103240]: DEBUG oslo_concurrency.lockutils [None req-5b6dc047-4068-43a1-a1aa-3c28d3b58e61 admin admin] Lock "00000000-0000-0000-0000-000000000000" acquired by "nova.context.set_target_cell..get_or_set_cached_cell_and_set_connections" :: waited 0.000s {{(pid=103240) inner /usr/local/lib/python3.8/dist-packages/oslo_concurrency/lockutils.py:386}}
Mar 31 18:12:11.700327 dv-cinder-master-3-smb devstack@n-api.service[103240]: DEBUG oslo_concurrency.lockutils [None req-5b6dc047-4068-43a1-a1aa-3c28d3b58e61 admin admin] Lock "00000000-0000-0000-0000-000000000000" "released" by "nova.context.set_target_cell..get_or_set_cached_cell_and_set_connections" :: held 0.000s {{(pid=103240) inner /usr/local/lib/python3.8/dist-packages/oslo_concurrency/lockutils.py:400}}
Mar 31 18:12:11.701172 dv-cinder-master-3-smb devstack@n-api.service[103240]: DEBUG oslo_concurrency.lockutils [None req-5b6dc047-4068-43a1-a1aa-3c28d3b58e61 admin admin] Lock "c83784c0-ab14-4489-89b7-24f456606a3c" acquired by "nova.context.set_target_cell..get_or_set_cached_cell_and_set_connections" :: waited 0.000s {{(pid=103240) inner /usr/local/lib/python3.8/dist-packages/oslo_concurrency/lockutils.py:386}}
Mar 31 18:12:11.701596 dv-cinder-master-3-smb devstack@n-api.service[103240]: DEBUG oslo_concurrency.lockutils [None req-5b6dc047-4068-43a1-a1aa-3c28d3b58e61 admin admin] Lock "c83784c0-ab14-4489-89b7-24f456606a3c" "released" by "nova.context.set_target_cell..get_or_set_cached_cell_and_set_connections" :: held 0.000s {{(pid=103240) inner /usr/local/lib/python3.8/dist-packages/oslo_concurrency/lockutils.py:400}}
Mar 31 18:12:11.736101 dv-cinder-master-3-smb devstack@n-api.service[103240]: INFO nova.api.openstack.requestlog [None req-5b6dc047-4068-43a1-a1aa-3c28d3b58e61 admin admin] 10.222.0.62 "GET /compute/v2.1/os-services" status: 200 len: 785 microversion: 2.90 time: 0.152578
Mar 31 18:12:11.736674 dv-cinder-master-3-smb devstack@n-api.service[103240]: [pid: 103240|app: 0|req: 35/71] 10.222.0.62 () {60 vars in 1193 bytes} [Thu Mar 31 18:12:11 2022] GET /compute/v2.1/os-services => generated 785 bytes in 154 msecs (HTTP/1.1 200) 9 headers in 359 bytes (1 switches on core 0)
Mar 31 18:12:13.024438 dv-cinder-master-3-smb devstack@n-api.service[103239]: DEBUG nova.api.openstack.wsgi [None req-fa929483-3f36-4319-bf3e-b87dcb30b4af admin admin] Calling method '>' {{(pid=103239) _process_stack /opt/stack/nova/nova/api/openstack/wsgi.py:513}}
Mar 31 18:12:13.025440 dv-cinder-master-3-smb devstack@n-api.service[103239]: INFO nova.api.openstack.requestlog [None req-fa929483-3f36-4319-bf3e-b87dcb30b4af admin admin] 10.222.0.62 "GET /compute/v2.1" status: 200 len: 388 microversion: 2.1 time: 0.001418
Mar 31 18:12:13.025837 dv-cinder-master-3-smb devstack@n-api.service[103239]: [pid: 103239|app: 0|req: 37/72] 10.222.0.62 () {56 vars in 1074 bytes} [Thu Mar 31 18:12:13 2022] GET /compute/v2.1 => generated 388 bytes in 2 msecs (HTTP/1.1 200) 9 headers in 357 bytes (1 switches on core 0)
Mar 31 18:12:13.220239 dv-cinder-master-3-smb devstack@n-api.service[103240]: DEBUG nova.api.openstack.wsgi [None req-20fddbbd-1cfe-4472-a7a2-3c1633b537b9 admin admin] Calling method '>' {{(pid=103240) _process_stack /opt/stack/nova/nova/api/openstack/wsgi.py:513}}
Mar 31 18:12:13.221411 dv-cinder-master-3-smb devstack@n-api.service[103240]: /usr/local/lib/python3.8/dist-packages/oslo_policy/policy.py:1119: UserWarning: Policy "os_compute_api:os-services:list": "rule:context_is_admin" failed scope check. The token used to make the request was project scoped but the policy requires ['system'] scope. This behavior may change in the future where using the intended scope is required
Mar 31 18:12:13.221411 dv-cinder-master-3-smb devstack@n-api.service[103240]: warnings.warn(msg)
Mar 31 18:12:13.222598 dv-cinder-master-3-smb devstack@n-api.service[103240]: DEBUG oslo_concurrency.lockutils [None req-20fddbbd-1cfe-4472-a7a2-3c1633b537b9 admin admin] Lock "00000000-0000-0000-0000-000000000000" acquired by "nova.context.set_target_cell..get_or_set_cached_cell_and_set_connections" :: waited 0.000s {{(pid=103240) inner /usr/local/lib/python3.8/dist-packages/oslo_concurrency/lockutils.py:386}}
Mar 31 18:12:13.223045 dv-cinder-master-3-smb devstack@n-api.service[103240]: DEBUG oslo_concurrency.lockutils [None req-20fddbbd-1cfe-4472-a7a2-3c1633b537b9 admin admin] Lock "00000000-0000-0000-0000-000000000000" "released" by "nova.context.set_target_cell..get_or_set_cached_cell_and_set_connections" :: held 0.000s {{(pid=103240) inner /usr/local/lib/python3.8/dist-packages/oslo_concurrency/lockutils.py:400}}
Mar 31 18:12:13.224054 dv-cinder-master-3-smb devstack@n-api.service[103240]: DEBUG oslo_concurrency.lockutils [None req-20fddbbd-1cfe-4472-a7a2-3c1633b537b9 admin admin] Lock "c83784c0-ab14-4489-89b7-24f456606a3c" acquired by "nova.context.set_target_cell..get_or_set_cached_cell_and_set_connections" :: waited 0.000s {{(pid=103240) inner /usr/local/lib/python3.8/dist-packages/oslo_concurrency/lockutils.py:386}}
Mar 31 18:12:13.225450 dv-cinder-master-3-smb devstack@n-api.service[103240]: DEBUG oslo_concurrency.lockutils [None req-20fddbbd-1cfe-4472-a7a2-3c1633b537b9 admin admin] Lock "c83784c0-ab14-4489-89b7-24f456606a3c" "released" by "nova.context.set_target_cell..get_or_set_cached_cell_and_set_connections" :: held 0.000s {{(pid=103240) inner /usr/local/lib/python3.8/dist-packages/oslo_concurrency/lockutils.py:400}}
Mar 31 18:12:13.246878 dv-cinder-master-3-smb devstack@n-api.service[103240]: INFO nova.api.openstack.requestlog [None req-20fddbbd-1cfe-4472-a7a2-3c1633b537b9 admin admin] 10.222.0.62 "GET /compute/v2.1/os-services" status: 200 len: 785 microversion: 2.90 time: 0.083247
Mar 31 18:12:13.247401 dv-cinder-master-3-smb devstack@n-api.service[103240]: [pid: 103240|app: 0|req: 36/73] 10.222.0.62 () {60 vars in 1193 bytes} [Thu Mar 31 18:12:13 2022] GET /compute/v2.1/os-services => generated 785 bytes in 85 msecs (HTTP/1.1 200) 9 headers in 359 bytes (1 switches on core 0)
Mar 31 18:12:24.965419 dv-cinder-master-3-smb devstack@n-api.service[103239]: DEBUG nova.api.openstack.wsgi [None req-fa929483-3f36-4319-bf3e-b87dcb30b4af admin admin] Calling method '>' {{(pid=103239) _process_stack /opt/stack/nova/nova/api/openstack/wsgi.py:513}}
Mar 31 18:12:24.966473 dv-cinder-master-3-smb devstack@n-api.service[103239]: INFO nova.api.openstack.requestlog [None req-fa929483-3f36-4319-bf3e-b87dcb30b4af admin admin] 10.222.0.62 "GET /compute/v2.1" status: 200 len: 388 microversion: 2.1 time: 0.001477
Mar 31 18:12:24.966889 dv-cinder-master-3-smb devstack@n-api.service[103239]: [pid: 103239|app: 0|req: 38/74] 10.222.0.62 () {56 vars in 1074 bytes} [Thu Mar 31 18:12:24 2022] GET /compute/v2.1 => generated 388 bytes in 3 msecs (HTTP/1.1 200) 9 headers in 357 bytes (1 switches on core 0)
Mar 31 18:12:25.162384 dv-cinder-master-3-smb devstack@n-api.service[103240]: DEBUG nova.api.openstack.wsgi [None req-db5decb6-200e-4ed9-a653-19fe402f28b5 admin admin] Calling method '>' {{(pid=103240) _process_stack /opt/stack/nova/nova/api/openstack/wsgi.py:513}}
Mar 31 18:12:25.163625 dv-cinder-master-3-smb devstack@n-api.service[103240]: /usr/local/lib/python3.8/dist-packages/oslo_policy/policy.py:1119: UserWarning: Policy "os_compute_api:os-services:list": "rule:context_is_admin" failed scope check. The token used to make the request was project scoped but the policy requires ['system'] scope. This behavior may change in the future where using the intended scope is required
Mar 31 18:12:25.163625 dv-cinder-master-3-smb devstack@n-api.service[103240]: warnings.warn(msg)
Mar 31 18:12:25.164838 dv-cinder-master-3-smb devstack@n-api.service[103240]: DEBUG oslo_concurrency.lockutils [None req-db5decb6-200e-4ed9-a653-19fe402f28b5 admin admin] Lock "00000000-0000-0000-0000-000000000000" acquired by "nova.context.set_target_cell..get_or_set_cached_cell_and_set_connections" :: waited 0.000s {{(pid=103240) inner /usr/local/lib/python3.8/dist-packages/oslo_concurrency/lockutils.py:386}}
Mar 31 18:12:25.165276 dv-cinder-master-3-smb devstack@n-api.service[103240]: DEBUG oslo_concurrency.lockutils [None req-db5decb6-200e-4ed9-a653-19fe402f28b5 admin admin] Lock "00000000-0000-0000-0000-000000000000" "released" by "nova.context.set_target_cell..get_or_set_cached_cell_and_set_connections" :: held 0.000s {{(pid=103240) inner /usr/local/lib/python3.8/dist-packages/oslo_concurrency/lockutils.py:400}}
Mar 31 18:12:25.166053 dv-cinder-master-3-smb devstack@n-api.service[103240]: DEBUG oslo_concurrency.lockutils [None req-db5decb6-200e-4ed9-a653-19fe402f28b5 admin admin] Lock "c83784c0-ab14-4489-89b7-24f456606a3c" acquired by "nova.context.set_target_cell..get_or_set_cached_cell_and_set_connections" :: waited 0.000s {{(pid=103240) inner /usr/local/lib/python3.8/dist-packages/oslo_concurrency/lockutils.py:386}}
