Oct 20 09:00:45.890097 dv-cinder-master-3-iscsi neutron-server[104620]: INFO neutron.plugins.ml2.plugin [None req-bf1dcbf6-5d80-470f-ba4d-f13a9f819b2b None None] Attempt 1 to provision port d1616515-7d2b-425b-af50-0016a24d059e
Oct 20 09:00:45.896059 dv-cinder-master-3-iscsi neutron-server[104618]: DEBUG neutron_lib.callbacks.manager [None req-4965304d-1022-4f99-9b77-5bdec1fa65f6 admin admin] Publish callbacks [] for security_group (None), before_create {{(pid=104618) _notify_loop /usr/local/lib/python3.8/dist-packages/neutron_lib/callbacks/manager.py:176}}
Oct 20 09:00:45.906142 dv-cinder-master-3-iscsi neutron-server[104618]: DEBUG neutron_lib.callbacks.manager [None req-41ebde8f-5e35-4a5a-9335-3f2f9598d3ca tempest-AttachVolumeShelveTestJSON-344536273 tempest-AttachVolumeShelveTestJSON-344536273-project] Publish callbacks ['neutron.plugins.ml2.ovo_rpc._ObjectChangeHandler.handle_event-771348'] for security_group_rule (6fe4f052-f767-4537-b268-d21f59052764), after_create {{(pid=104618) _notify_loop /usr/local/lib/python3.8/dist-packages/neutron_lib/callbacks/manager.py:176}}
Oct 20 09:00:45.944454 dv-cinder-master-3-iscsi neutron-server[104618]: DEBUG neutron.api.rpc.handlers.resources_rpc [None req-41ebde8f-5e35-4a5a-9335-3f2f9598d3ca tempest-AttachVolumeShelveTestJSON-344536273 tempest-AttachVolumeShelveTestJSON-344536273-project] Pushing event updated for resources: {'SecurityGroupRule': ['ID=6fe4f052-f767-4537-b268-d21f59052764,revision_number=0']} {{(pid=104618) push /opt/stack/neutron/neutron/api/rpc/handlers/resources_rpc.py:237}}
Oct 20 09:00:45.970053 dv-cinder-master-3-iscsi neutron-server[104618]: DEBUG neutron.pecan_wsgi.hooks.policy_enforcement [req-c609fb57-4786-49ee-8461-c1e33405662f req-52f980ff-6a34-488c-85db-1a8e2579a0e6 tempest-ServerRescueNegativeTestJSON-1468667757 tempest-ServerRescueNegativeTestJSON-1468667757-project] Attributes excluded by policy engine: ['standard_attr_id', 'vlan_transparent', 'provider:network_type', 'provider:physical_network', 'provider:segmentation_id'] {{(pid=104618) _exclude_attributes_by_policy /opt/stack/neutron/neutron/pecan_wsgi/hooks/policy_enforcement.py:259}}
Oct 20 09:00:45.972026 dv-cinder-master-3-iscsi neutron-server[104618]: INFO neutron.wsgi [req-c609fb57-4786-49ee-8461-c1e33405662f req-52f980ff-6a34-488c-85db-1a8e2579a0e6 tempest-ServerRescueNegativeTestJSON-1468667757 tempest-ServerRescueNegativeTestJSON-1468667757-project] 10.222.0.36 "GET /networking/v2.0/networks?id=89681d33-1e95-46d3-a4f1-4813c7b75e62 HTTP/1.1" status: 200 len: 817 time: 0.4508827
Oct 20 09:00:45.979166 dv-cinder-master-3-iscsi neutron-server[104619]: DEBUG neutron.wsgi [-] (104619) accepted ('10.222.0.36', 56990) {{(pid=104619) server /usr/local/lib/python3.8/dist-packages/eventlet/wsgi.py:1004}}
Oct 20 09:00:45.983959 dv-cinder-master-3-iscsi neutron-server[104620]: DEBUG neutron.plugins.ml2.managers [None req-9051e960-f2c5-4e2d-abab-58545fe0d73f None None] Attempting to bind port bc5ca010-5dfe-4ff8-ba5f-3f58964711b2 on host dv-cinder-master-3-iscsi for vnic_type normal with profile {{(pid=104620) bind_port /opt/stack/neutron/neutron/plugins/ml2/managers.py:810}}
Oct 20 09:00:45.984866 dv-cinder-master-3-iscsi neutron-server[104620]: DEBUG neutron.plugins.ml2.managers [None req-9051e960-f2c5-4e2d-abab-58545fe0d73f None None] Attempting to bind port bc5ca010-5dfe-4ff8-ba5f-3f58964711b2 by drivers openvswitch,hyperv on host dv-cinder-master-3-iscsi at level 0 using segments [{'id': '5c578f0e-c0b0-4913-8825-ba5b58495ce7', 'network_type': 'vlan', 'physical_network': 'physnet1', 'segmentation_id': 476, 'network_id': '8e03c888-668e-46f5-b105-1902608fb69d'}] {{(pid=104620) _bind_port_level /opt/stack/neutron/neutron/plugins/ml2/managers.py:835}}
Oct 20 09:00:45.986552 dv-cinder-master-3-iscsi neutron-server[104619]: DEBUG neutron.api.v2.base [None req-95054067-5f24-4ece-b980-b3b43b1bec7d tempest-AttachVolumeNegativeTest-1404176933 tempest-AttachVolumeNegativeTest-1404176933-project] Request body: {'security_group': {'name': 'tempest-securitygroup--800318894', 'description': 'tempest-description--48981745'}} {{(pid=104619) prepare_request_body /opt/stack/neutron/neutron/api/v2/base.py:730}}
Oct 20 09:00:45.987085 dv-cinder-master-3-iscsi neutron-server[104620]: DEBUG neutron.plugins.ml2.drivers.mech_agent [None req-9051e960-f2c5-4e2d-abab-58545fe0d73f None None] Attempting to bind port bc5ca010-5dfe-4ff8-ba5f-3f58964711b2 on network 8e03c888-668e-46f5-b105-1902608fb69d {{(pid=104620) bind_port /opt/stack/neutron/neutron/plugins/ml2/drivers/mech_agent.py:91}}
Oct 20 09:00:46.006136 dv-cinder-master-3-iscsi neutron-server[104620]: DEBUG dbcounter [-] [104620] Writing DB stats neutron:SELECT=98,neutron:UPDATE=2 {{(pid=104620) stat_writer /usr/local/lib/python3.8/dist-packages/dbcounter.py:114}}
Oct 20 09:00:46.037398 dv-cinder-master-3-iscsi neutron-server[104618]: DEBUG neutron_lib.callbacks.manager [None req-41ebde8f-5e35-4a5a-9335-3f2f9598d3ca tempest-AttachVolumeShelveTestJSON-344536273 tempest-AttachVolumeShelveTestJSON-344536273-project] Publish callbacks [] for security_group_rule (None), before_response {{(pid=104618) _notify_loop /usr/local/lib/python3.8/dist-packages/neutron_lib/callbacks/manager.py:176}}
Oct 20 09:00:46.044543 dv-cinder-master-3-iscsi neutron-server[104618]: INFO neutron.wsgi [None req-41ebde8f-5e35-4a5a-9335-3f2f9598d3ca tempest-AttachVolumeShelveTestJSON-344536273 tempest-AttachVolumeShelveTestJSON-344536273-project] 10.222.0.36 "POST /networking/v2.0/security-group-rules HTTP/1.1" status: 201 len: 769 time: 0.5827644
Oct 20 09:00:46.055185 dv-cinder-master-3-iscsi neutron-server[104619]: DEBUG neutron.wsgi [-] (104619) accepted ('10.222.0.36', 56992) {{(pid=104619) server /usr/local/lib/python3.8/dist-packages/eventlet/wsgi.py:1004}}
Oct 20 09:00:46.055913 dv-cinder-master-3-iscsi neutron-server[104618]: INFO neutron.wsgi [req-c609fb57-4786-49ee-8461-c1e33405662f req-07ba1c0d-c00d-454b-8254-bb5e02f3b2a2 tempest-ServerRescueNegativeTestJSON-1468667757 tempest-ServerRescueNegativeTestJSON-1468667757-project] 10.222.0.36 "GET /networking/v2.0/quotas/d24a1fc0e9344af181d49cfc58f0c88b HTTP/1.1" status: 200 len: 375 time: 0.0604680
Oct 20 09:00:46.069586 dv-cinder-master-3-iscsi neutron-server[104619]: DEBUG neutron.api.v2.base [None req-1098db7d-92cf-41ae-9cdb-ecef439a9620 tempest-AttachVolumeShelveTestJSON-344536273 tempest-AttachVolumeShelveTestJSON-344536273-project] Request body: {'floatingip': {'floating_network_id': '55a37276-adba-416b-82c9-f27b48656ef9'}} {{(pid=104619) prepare_request_body /opt/stack/neutron/neutron/api/v2/base.py:730}}
Oct 20 09:00:46.086395 dv-cinder-master-3-iscsi neutron-server[104620]: DEBUG neutron.api.rpc.handlers.resources_rpc [None req-33ddacc6-88ec-4a38-8402-67187f3b1580 None None] Pushing event updated for resources: {'Port': ['ID=bc5ca010-5dfe-4ff8-ba5f-3f58964711b2,revision_number=3']} {{(pid=104620) push /opt/stack/neutron/neutron/api/rpc/handlers/resources_rpc.py:237}}
Oct 20 09:00:46.146197 dv-cinder-master-3-iscsi neutron-server[104620]: DEBUG neutron.plugins.ml2.drivers.mech_agent [None req-9051e960-f2c5-4e2d-abab-58545fe0d73f None None] Checking agent: {'id': '552ceabd-6b66-470a-9107-53e33a101936', 'agent_type': 'Open vSwitch agent', 'binary': 'neutron-openvswitch-agent', 'topic': 'N/A', 'host': 'dv-cinder-master-3-iscsi', 'admin_state_up': True, 'created_at': datetime.datetime(2022, 10, 20, 8, 52, 34), 'started_at': datetime.datetime(2022, 10, 20, 8, 53, 4), 'heartbeat_timestamp': datetime.datetime(2022, 10, 20, 9, 0, 34), 'description': None, 'resources_synced': None, 'availability_zone': None, 'alive': True, 'configurations': {'arp_responder_enabled': False, 'baremetal_smartnic': False, 'bridge_mappings': {'physnet1': 'br-data'}, 'datapath_type': 'system', 'devices': 0, 'enable_distributed_routing': False, 'extensions': [], 'in_distributed_mode': False, 'integration_bridge': 'br-int', 'l2_population': False, 'log_agent_heartbeats': False, 'ovs_capabilities': {'datapath_types': ['netdev', 'system'], 'iface_types': ['erspan', 'geneve', 'gre', 'internal', 'ip6erspan', 'ip6gre', 'lisp', 'patch', 'stt', 'system', 'tap', 'vxlan']}, 'ovs_hybrid_plug': False, 'resource_provider_bandwidths': {}, 'resource_provider_hypervisors': {'br-data': 'dv-cinder-master-3-iscsi'}, 'resource_provider_inventory_defaults': {'allocation_ratio': 1.0, 'min_unit': 1, 'step_size': 1, 'reserved': 0}, 'resource_provider_packet_processing_inventory_defaults': {'allocation_ratio': 1.0, 'min_unit': 1, 'step_size': 1, 'reserved': 0}, 'resource_provider_packet_processing_with_direction': {}, 'resource_provider_packet_processing_without_direction': {}, 'tunnel_types': [], 'tunneling_ip': None, 'vhostuser_socket_dir': '/var/run/openvswitch'}, 'resource_versions': {'AddressGroup': '1.2', 'Agent': '1.1', 'ConntrackHelper': '1.0', 'LocalIPAssociation': '1.0', 'Log': '1.0', 'NDPProxy': '1.0', 'Network': '1.1', 'Port': '1.7', 'PortForwarding': '1.3', 'QosPolicy': '1.10', 'SecurityGroup': '1.5', 'SecurityGroupRule': '1.2', 'SubPort': '1.0', 'Subnet': '1.1', 'Trunk': '1.1'}} {{(pid=104620) bind_port /opt/stack/neutron/neutron/plugins/ml2/drivers/mech_agent.py:127}}
Oct 20 09:00:46.148257 dv-cinder-master-3-iscsi neutron-server[104620]: DEBUG neutron.plugins.ml2.drivers.mech_agent [None req-9051e960-f2c5-4e2d-abab-58545fe0d73f None None] Checking segment: {'id': '5c578f0e-c0b0-4913-8825-ba5b58495ce7', 'network_type': 'vlan', 'physical_network': 'physnet1', 'segmentation_id': 476, 'network_id': '8e03c888-668e-46f5-b105-1902608fb69d'} for mappings: {'physnet1': 'br-data'} with network types: ['local', 'flat', 'vlan'] {{(pid=104620) check_segment_for_agent /opt/stack/neutron/neutron/plugins/ml2/drivers/mech_agent.py:399}}
Oct 20 09:00:46.148694 dv-cinder-master-3-iscsi neutron-server[104620]: DEBUG neutron_lib.callbacks.manager [None req-9051e960-f2c5-4e2d-abab-58545fe0d73f None None] Publish callbacks [] for ovs_bridge_name (None), before_read {{(pid=104620) _notify_loop /usr/local/lib/python3.8/dist-packages/neutron_lib/callbacks/manager.py:176}}
Oct 20 09:00:46.149612 dv-cinder-master-3-iscsi neutron-server[104620]: DEBUG neutron.plugins.ml2.drivers.mech_agent [None req-9051e960-f2c5-4e2d-abab-58545fe0d73f None None] Bound using segment: {'id': '5c578f0e-c0b0-4913-8825-ba5b58495ce7', 'network_type': 'vlan', 'physical_network': 'physnet1', 'segmentation_id': 476, 'network_id': '8e03c888-668e-46f5-b105-1902608fb69d'} {{(pid=104620) bind_port /opt/stack/neutron/neutron/plugins/ml2/drivers/mech_agent.py:137}}
Oct 20 09:00:46.155064 dv-cinder-master-3-iscsi neutron-server[104620]: DEBUG neutron.plugins.ml2.managers [None req-9051e960-f2c5-4e2d-abab-58545fe0d73f None None] Bound port: bc5ca010-5dfe-4ff8-ba5f-3f58964711b2, host: dv-cinder-master-3-iscsi, vif_type: ovs, vif_details: {"connectivity": "l2", "port_filter": true, "ovs_hybrid_plug": false, "datapath_type": "system", "bridge_name": "br-int"}, binding_levels: [{'bound_driver': 'openvswitch', 'bound_segment': {'id': '5c578f0e-c0b0-4913-8825-ba5b58495ce7', 'network_type': 'vlan', 'physical_network': 'physnet1', 'segmentation_id': 476, 'network_id': '8e03c888-668e-46f5-b105-1902608fb69d'}}] {{(pid=104620) _bind_port_level /opt/stack/neutron/neutron/plugins/ml2/managers.py:947}}
Oct 20 09:00:46.155471 dv-cinder-master-3-iscsi neutron-server[104620]: DEBUG neutron_lib.callbacks.manager [None req-9051e960-f2c5-4e2d-abab-58545fe0d73f None None] Publish callbacks ['neutron.plugins.ml2.plugin.SecurityGroupDbMixin._ensure_default_security_group_handler-1870792'] for port (bc5ca010-5dfe-4ff8-ba5f-3f58964711b2), before_update {{(pid=104620) _notify_loop /usr/local/lib/python3.8/dist-packages/neutron_lib/callbacks/manager.py:176}}
Oct 20 09:00:46.181537 dv-cinder-master-3-iscsi neutron-server[104619]: DEBUG neutron_lib.callbacks.manager [None req-95054067-5f24-4ece-b980-b3b43b1bec7d tempest-AttachVolumeNegativeTest-1404176933 tempest-AttachVolumeNegativeTest-1404176933-project] Publish callbacks [] for security_group (None), before_create {{(pid=104619) _notify_loop /usr/local/lib/python3.8/dist-packages/neutron_lib/callbacks/manager.py:176}}
Oct 20 09:00:46.195653 dv-cinder-master-3-iscsi neutron-server[104621]: DEBUG neutron.db.l3_dvr_db [None req-048dfa72-c4a6-41b2-bdfd-e974e42dd4b7 None None] Set router b078c577-0afc-4dde-9c84-64720126f149 gateway port host: dv-cinder-master-3-iscsi {{(pid=104621) _build_routers_list /opt/stack/neutron/neutron/db/l3_dvr_db.py:907}}
Oct 20 09:00:46.261299 dv-cinder-master-3-iscsi neutron-server[104619]: DEBUG neutron_lib.callbacks.manager [None req-1098db7d-92cf-41ae-9cdb-ecef439a9620 tempest-AttachVolumeShelveTestJSON-344536273 tempest-AttachVolumeShelveTestJSON-344536273-project] Publish callbacks [] for floatingip (None), before_create {{(pid=104619) _notify_loop /usr/local/lib/python3.8/dist-packages/neutron_lib/callbacks/manager.py:176}}
Oct 20 09:00:46.269373 dv-cinder-master-3-iscsi neutron-server[104618]: INFO neutron.wsgi [req-c609fb57-4786-49ee-8461-c1e33405662f req-c615dc83-ec3c-4399-b721-1b3680f1e937 tempest-ServerRescueNegativeTestJSON-1468667757 tempest-ServerRescueNegativeTestJSON-1468667757-project] 10.222.0.36 "GET /networking/v2.0/ports?tenant_id=d24a1fc0e9344af181d49cfc58f0c88b&fields=id HTTP/1.1" status: 200 len: 302 time: 0.1856213
Oct 20 09:00:46.312958 dv-cinder-master-3-iscsi neutron-server[104620]: DEBUG neutron.plugins.ml2.plugin [None req-bf1dcbf6-5d80-470f-ba4d-f13a9f819b2b None None] Current status of the port d1616515-7d2b-425b-af50-0016a24d059e is: DOWN; New status is: ACTIVE {{(pid=104620) _update_individual_port_db_status /opt/stack/neutron/neutron/plugins/ml2/plugin.py:2333}}
Oct 20 09:00:46.313590 dv-cinder-master-3-iscsi neutron-server[104620]: DEBUG neutron_lib.callbacks.manager [None req-bf1dcbf6-5d80-470f-ba4d-f13a9f819b2b None None] Publish callbacks ['neutron.plugins.ml2.plugin.SecurityGroupDbMixin._ensure_default_security_group_handler-1870792'] for port (d1616515-7d2b-425b-af50-0016a24d059e), before_update {{(pid=104620) _notify_loop /usr/local/lib/python3.8/dist-packages/neutron_lib/callbacks/manager.py:176}}
Oct 20 09:00:46.347849 dv-cinder-master-3-iscsi neutron-server[104618]: DEBUG dbcounter [-] [104618] Writing DB stats neutron:SELECT=78,neutron:DELETE=4,neutron:INSERT=16,neutron:UPDATE=2 {{(pid=104618) stat_writer /usr/local/lib/python3.8/dist-packages/dbcounter.py:114}}
Oct 20 09:00:46.421198 dv-cinder-master-3-iscsi neutron-server[104620]: DEBUG neutron.plugins.ml2.db [None req-bf1dcbf6-5d80-470f-ba4d-f13a9f819b2b None None] For port d1616515-7d2b-425b-af50-0016a24d059e, host dv-cinder-master-3-iscsi, got binding levels [PortBindingLevel(driver='openvswitch',host='dv-cinder-master-3-iscsi',level=0,port_id=d1616515-7d2b-425b-af50-0016a24d059e,segment=NetworkSegment(464c0808-765e-4b54-9207-6f5cd90eb340),segment_id=464c0808-765e-4b54-9207-6f5cd90eb340)] {{(pid=104620) get_binding_level_objs /opt/stack/neutron/neutron/plugins/ml2/db.py:74}}
Oct 20 09:00:46.436093 dv-cinder-master-3-iscsi neutron-server[104620]: DEBUG neutron_lib.callbacks.manager [None req-bf1dcbf6-5d80-470f-ba4d-f13a9f819b2b None None] Publish callbacks ['neutron.plugins.ml2.plugin.SecurityGroupServerNotifierRpcMixin._notify_sg_on_port_change-1870601', 'neutron.plugins.ml2.ovo_rpc._ObjectChangeHandler.handle_event-103038', 'neutron.api.rpc.agentnotifiers.dhcp_rpc_agent_api.DhcpAgentNotifyAPI._native_event_send_dhcp_notification-547484', 'neutron.db.l3_db.L3RpcNotifierMixin._notify_gateway_port_ip_changed-8745936080514', 'neutron.db.l3_dvrscheduler_db._notify_l3_agent_port_update-8745935587157', 'neutron.db.l3_hascheduler_db._notify_l3_agent_ha_port_update-8745935587175'] for port (d1616515-7d2b-425b-af50-0016a24d059e), after_update {{(pid=104620) _notify_loop /usr/local/lib/python3.8/dist-packages/neutron_lib/callbacks/manager.py:176}}
Oct 20 09:00:46.436904 dv-cinder-master-3-iscsi neutron-server[104620]: DEBUG neutron.plugins.ml2.rpc [None req-bf1dcbf6-5d80-470f-ba4d-f13a9f819b2b None None] Device 408a49cf-b611-47c6-9bca-b6f118bbcdc8 up at agent ovs-agent-dv-cinder-master-3-iscsi {{(pid=104620) update_device_up /opt/stack/neutron/neutron/plugins/ml2/rpc.py:296}}
Oct 20 09:00:46.450096 dv-cinder-master-3-iscsi neutron-server[104620]: DEBUG neutron.plugins.ml2.db [None req-9051e960-f2c5-4e2d-abab-58545fe0d73f None None] For port bc5ca010-5dfe-4ff8-ba5f-3f58964711b2, host dv-cinder-master-3-iscsi, cleared binding levels {{(pid=104620) clear_binding_levels /opt/stack/neutron/neutron/plugins/ml2/db.py:87}}
Oct 20 09:00:46.463136 dv-cinder-master-3-iscsi neutron-server[104620]: DEBUG neutron.plugins.ml2.db [None req-9051e960-f2c5-4e2d-abab-58545fe0d73f None None] For port bc5ca010-5dfe-4ff8-ba5f-3f58964711b2, host dv-cinder-master-3-iscsi, set binding levels [PortBindingLevel(driver='openvswitch',host='dv-cinder-master-3-iscsi',level=0,port_id=bc5ca010-5dfe-4ff8-ba5f-3f58964711b2,segment=NetworkSegment(5c578f0e-c0b0-4913-8825-ba5b58495ce7),segment_id=5c578f0e-c0b0-4913-8825-ba5b58495ce7)] {{(pid=104620) set_binding_levels /opt/stack/neutron/neutron/plugins/ml2/db.py:59}}
Oct 20 09:00:46.478048 dv-cinder-master-3-iscsi neutron-server[104618]: DEBUG neutron_lib.callbacks.manager [None req-4965304d-1022-4f99-9b77-5bdec1fa65f6 admin admin] Publish callbacks [] for security_group (4a308f5b-497e-4535-88e9-c50fee97bb03), precommit_create {{(pid=104618) _notify_loop /usr/local/lib/python3.8/dist-packages/neutron_lib/callbacks/manager.py:176}}
Oct 20 09:00:46.560785 dv-cinder-master-3-iscsi neutron-server[104620]: DEBUG neutron_lib.callbacks.manager [None req-9051e960-f2c5-4e2d-abab-58545fe0d73f None None] Publish callbacks ['neutron.plugins.ml2.plugin.SecurityGroupServerNotifierRpcMixin._notify_sg_on_port_change-1870601', 'neutron.plugins.ml2.ovo_rpc._ObjectChangeHandler.handle_event-103038', 'neutron.api.rpc.agentnotifiers.dhcp_rpc_agent_api.DhcpAgentNotifyAPI._native_event_send_dhcp_notification-547484', 'neutron.db.l3_db.L3RpcNotifierMixin._notify_gateway_port_ip_changed-8745936080514', 'neutron.db.l3_dvrscheduler_db._notify_l3_agent_port_update-8745935587157', 'neutron.db.l3_hascheduler_db._notify_l3_agent_ha_port_update-8745935587175'] for port (bc5ca010-5dfe-4ff8-ba5f-3f58964711b2), after_update {{(pid=104620) _notify_loop /usr/local/lib/python3.8/dist-packages/neutron_lib/callbacks/manager.py:176}}
Oct 20 09:00:46.581189 dv-cinder-master-3-iscsi neutron-server[104618]: DEBUG neutron_lib.callbacks.manager [None req-4965304d-1022-4f99-9b77-5bdec1fa65f6 admin admin] Publish callbacks ['neutron.plugins.ml2.ovo_rpc._ObjectChangeHandler.handle_event-771397'] for security_group (4a308f5b-497e-4535-88e9-c50fee97bb03), after_create {{(pid=104618) _notify_loop /usr/local/lib/python3.8/dist-packages/neutron_lib/callbacks/manager.py:176}}
Oct 20 09:00:46.632151 dv-cinder-master-3-iscsi neutron-server[104620]: DEBUG dbcounter [-] [104620] Writing DB stats neutron:SELECT=94,neutron:UPDATE=5,neutron:INSERT=1 {{(pid=104620) stat_writer /usr/local/lib/python3.8/dist-packages/dbcounter.py:114}}
Oct 20 09:00:46.642200 dv-cinder-master-3-iscsi neutron-server[104618]: INFO neutron.wsgi [None req-4965304d-1022-4f99-9b77-5bdec1fa65f6 admin admin] 10.222.0.36 "GET /networking/v2.0/security-groups?tenant_id=16dda493652d4c87b075ee8cef7a8a95&name=default HTTP/1.1" status: 200 len: 2996 time: 1.4763150
Oct 20 09:00:46.652684 dv-cinder-master-3-iscsi neutron-server[104618]: DEBUG neutron.wsgi [-] (104618) accepted ('10.222.0.36', 57028) {{(pid=104618) server /usr/local/lib/python3.8/dist-packages/eventlet/wsgi.py:1004}}
Oct 20 09:00:46.654486 dv-cinder-master-3-iscsi neutron-server[104620]: DEBUG neutron.db.l3_dvrscheduler_db [None req-9051e960-f2c5-4e2d-abab-58545fe0d73f None None] Routers {'eef76796-bf79-432b-9083-b7245a10f8c8'} bound to L3 agent in host dv-cinder-master-3-iscsi {{(pid=104620) _get_router_ids_for_agent /opt/stack/neutron/neutron/db/l3_dvrscheduler_db.py:426}}
Oct 20 09:00:46.655142 dv-cinder-master-3-iscsi neutron-server[104620]: DEBUG neutron.db.l3_hamode_db [None req-9051e960-f2c5-4e2d-abab-58545fe0d73f None None] neutron.services.l3_router.l3_router_plugin.L3RouterPlugin method get_ha_sync_data_for_host called with arguments (, 'dv-cinder-master-3-iscsi', Agent(admin_state_up=True,agent_type='L3 agent',availability_zone='nova',binary='neutron-l3-agent',configurations={"agent_mode": "legacy", "ex_gw_ports": 1, "extensions": [], "floating_ips": 0, "handle_internal_only_routers": true, "interface_driver": "openvswitch", "interfaces": 1, "log_agent_heartbeats": false, "routers": 1},created_at=2022-10-20T08:52:31Z,description=,heartbeat_timestamp=2022-10-20T09:00:31Z,host='dv-cinder-master-3-iscsi',id=998717d7-a738-461a-a32b-76af9d47b972,load=0,resource_versions=,resources_synced=,started_at=2022-10-20T08:52:31Z,topic='l3_agent')) {'router_ids': ['eef76796-bf79-432b-9083-b7245a10f8c8'], 'active': True} {{(pid=104620) wrapper /usr/local/lib/python3.8/dist-packages/oslo_log/helpers.py:65}}
Oct 20 09:00:46.755538 dv-cinder-master-3-iscsi neutron-server[104619]: INFO neutron.wsgi [req-66d949ed-50a3-4f62-9831-947927bf33c9 req-a0eebbc2-68d6-46d1-942f-83b3f90605ff tempest-DeleteServersTestJSON-1946604475 tempest-DeleteServersTestJSON-1946604475-project] 10.222.0.36 "GET /networking/v2.0/ports?device_id=91bccd9d-c1c7-477f-b8a5-914edd9fa2eb HTTP/1.1" status: 200 len: 210 time: 0.5816863
Oct 20 09:00:46.779022 dv-cinder-master-3-iscsi neutron-server[104621]: DEBUG neutron.db.l3_hamode_db [None req-048dfa72-c4a6-41b2-bdfd-e974e42dd4b7 None None] neutron.services.l3_router.l3_router_plugin.L3RouterPlugin method _process_sync_ha_data called with arguments (, [{'id': 'b078c577-0afc-4dde-9c84-64720126f149', 'name': 'tempest-DeleteServersTestJSON-1075754946-router', 'tenant_id': '4da29c9977ca44baa867b3c7fc86164b', 'admin_state_up': True, 'status': 'ACTIVE', 'external_gateway_info': {'network_id': '55a37276-adba-416b-82c9-f27b48656ef9', 'external_fixed_ips': [{'subnet_id': '4be61e7a-5f23-485e-b90b-722b0200d4f5', 'ip_address': '172.37.2.232'}], 'enable_snat': True}, 'gw_port_id': 'cfb4acb3-405c-4d3f-a8d1-f4b0caf24230', 'description': '', 'availability_zones': ['nova'], 'distributed': False, 'ha': False, 'ha_vr_id': 0, 'availability_zone_hints': [], 'routes': [], 'flavor_id': None, 'tags': [], 'created_at': '2022-10-20T09:00:28Z', 'updated_at': '2022-10-20T09:00:37Z', 'revision_number': 4, 'project_id': '4da29c9977ca44baa867b3c7fc86164b', 'gw_port': {'id': 'cfb4acb3-405c-4d3f-a8d1-f4b0caf24230', 'name': '', 'network_id': '55a37276-adba-416b-82c9-f27b48656ef9', 'tenant_id': '', 'mac_address': 'fa:16:3e:27:04:b0', 'admin_state_up': True, 'status': 'ACTIVE', 'device_id': 'b078c577-0afc-4dde-9c84-64720126f149', 'device_owner': 'network:router_gateway', 'standard_attr_id': 70, 'fixed_ips': [{'subnet_id': '4be61e7a-5f23-485e-b90b-722b0200d4f5', 'ip_address': '172.37.2.232', 'prefixlen': 24}], 'allowed_address_pairs': [], 'extra_dhcp_opts': [], 'security_groups': [], 'description': '', 'binding:vnic_type': 'normal', 'binding:profile': {}, 'binding:host_id': 'dv-cinder-master-3-iscsi', 'binding:vif_type': 'ovs', 'binding:vif_details': {'connectivity': 'l2', 'port_filter': True, 'ovs_hybrid_plug': False, 'datapath_type': 'system', 'bridge_name': 'br-int', 'bound_drivers': {'0': 'openvswitch'}}, 'port_security_enabled': False, 'tags': [], 'created_at': '2022-10-20T09:00:29Z', 'updated_at': '2022-10-20T09:00:45Z', 'revision_number': 4, 'project_id': '', 'subnets': [{'id': '4be61e7a-5f23-485e-b90b-722b0200d4f5', 'cidr': '172.37.2.0/24', 'gateway_ip': '172.37.2.1', 'dns_nameservers': [], 'ipv6_ra_mode': None, 'subnetpool_id': None}], 'extra_subnets': [], 'address_scopes': {4: None, 6: None}, 'mtu': 1500}, 'enable_snat': True, 'gw_port_host': 'dv-cinder-master-3-iscsi', '_interfaces': [{'id': 'fa3c2e7b-4373-4e9e-890a-e8c4a27be80c', 'name': '', 'network_id': '47c6132f-de00-464a-9c0d-6ac6d3d24b81', 'tenant_id': '4da29c9977ca44baa867b3c7fc86164b', 'mac_address': 'fa:16:3e:eb:6d:1e', 'admin_state_up': True, 'status': 'DOWN', 'device_id': 'b078c577-0afc-4dde-9c84-64720126f149', 'device_owner': 'network:router_interface', 'standard_attr_id': 81, 'fixed_ips': [{'subnet_id': 'f1a6806f-5047-4621-b141-2261c04ea705', 'ip_address': '172.20.0.1', 'prefixlen': 28}], 'allowed_address_pairs': [], 'extra_dhcp_opts': [], 'security_groups': [], 'description': '', 'binding:vnic_type': 'normal', 'binding:profile': {}, 'binding:host_id': '', 'binding:vif_type': 'unbound', 'binding:vif_details': {}, 'port_security_enabled': False, 'tags': [], 'created_at': '2022-10-20T09:00:35Z', 'updated_at': '2022-10-20T09:00:37Z', 'revision_number': 2, 'project_id': '4da29c9977ca44baa867b3c7fc86164b', 'subnets': [{'id': 'f1a6806f-5047-4621-b141-2261c04ea705', 'cidr': '172.20.0.0/28', 'gateway_ip': '172.20.0.1', 'dns_nameservers': [], 'ipv6_ra_mode': None, 'subnetpool_id': None}], 'extra_subnets': [], 'address_scopes': {4: None, 6: None}, 'mtu': 1500}]}], 'dv-cinder-master-3-iscsi', False) {} {{(pid=104621) wrapper /usr/local/lib/python3.8/dist-packages/oslo_log/helpers.py:65}}
Oct 20 09:00:46.822763 dv-cinder-master-3-iscsi neutron-server[104621]: DEBUG neutron.api.rpc.handlers.l3_rpc [None req-048dfa72-c4a6-41b2-bdfd-e974e42dd4b7 None None] Checking router: b078c577-0afc-4dde-9c84-64720126f149 for host: dv-cinder-master-3-iscsi {{(pid=104621) _ensure_host_set_on_ports /opt/stack/neutron/neutron/api/rpc/handlers/l3_rpc.py:155}}
Oct 20 09:00:46.825250 dv-cinder-master-3-iscsi neutron-server[104621]: DEBUG neutron.api.rpc.handlers.l3_rpc [None req-048dfa72-c4a6-41b2-bdfd-e974e42dd4b7 None None] Updating router b078c577-0afc-4dde-9c84-64720126f149 port fa3c2e7b-4373-4e9e-890a-e8c4a27be80c binding host dv-cinder-master-3-iscsi {{(pid=104621) _ensure_host_set_on_port /opt/stack/neutron/neutron/api/rpc/handlers/l3_rpc.py:205}}
Oct 20 09:00:46.829116 dv-cinder-master-3-iscsi neutron-server[104621]: DEBUG dbcounter [-] [104621] Writing DB stats neutron:SELECT=99,neutron:UPDATE=1 {{(pid=104621) stat_writer /usr/local/lib/python3.8/dist-packages/dbcounter.py:114}}
Oct 20 09:00:46.887140 dv-cinder-master-3-iscsi neutron-server[104621]: DEBUG neutron_lib.callbacks.manager [None req-048dfa72-c4a6-41b2-bdfd-e974e42dd4b7 None None] Publish callbacks ['neutron.plugins.ml2.plugin.SecurityGroupDbMixin._ensure_default_security_group_handler-1870792'] for port (fa3c2e7b-4373-4e9e-890a-e8c4a27be80c), before_update {{(pid=104621) _notify_loop /usr/local/lib/python3.8/dist-packages/neutron_lib/callbacks/manager.py:176}}
Oct 20 09:00:46.887642 dv-cinder-master-3-iscsi neutron-server[104618]: DEBUG neutron_lib.callbacks.manager [None req-14812c7d-4aa1-4c1e-baa0-f01120564827 admin admin] Publish callbacks [] for security_group (4a308f5b-497e-4535-88e9-c50fee97bb03), before_delete {{(pid=104618) _notify_loop /usr/local/lib/python3.8/dist-packages/neutron_lib/callbacks/manager.py:176}}
Oct 20 09:00:46.952299 dv-cinder-master-3-iscsi neutron-server[104618]: DEBUG neutron_lib.callbacks.manager [None req-14812c7d-4aa1-4c1e-baa0-f01120564827 admin admin] Publish callbacks [] for security_group (4a308f5b-497e-4535-88e9-c50fee97bb03), precommit_delete {{(pid=104618) _notify_loop /usr/local/lib/python3.8/dist-packages/neutron_lib/callbacks/manager.py:176}}
Oct 20 09:00:47.085501 dv-cinder-master-3-iscsi neutron-server[104619]: DEBUG dbcounter [-] [104619] Writing DB stats neutron:SELECT=93,neutron:INSERT=6,neutron:UPDATE=1 {{(pid=104619) stat_writer /usr/local/lib/python3.8/dist-packages/dbcounter.py:114}}
Oct 20 09:00:47.098155 dv-cinder-master-3-iscsi neutron-server[104618]: DEBUG neutron_lib.callbacks.manager [None req-14812c7d-4aa1-4c1e-baa0-f01120564827 admin admin] Publish callbacks ['neutron.plugins.ml2.ovo_rpc._ObjectChangeHandler.handle_event-771397'] for security_group (4a308f5b-497e-4535-88e9-c50fee97bb03), after_delete {{(pid=104618) _notify_loop /usr/local/lib/python3.8/dist-packages/neutron_lib/callbacks/manager.py:176}}
Oct 20 09:00:47.109437 dv-cinder-master-3-iscsi neutron-server[104618]: DEBUG neutron_lib.callbacks.manager [None req-14812c7d-4aa1-4c1e-baa0-f01120564827 admin admin] Publish callbacks [] for security_group (None), before_response {{(pid=104618) _notify_loop /usr/local/lib/python3.8/dist-packages/neutron_lib/callbacks/manager.py:176}}
Oct 20 09:00:47.112465 dv-cinder-master-3-iscsi neutron-server[104619]: DEBUG neutron_lib.callbacks.manager [None req-1098db7d-92cf-41ae-9cdb-ecef439a9620 tempest-AttachVolumeShelveTestJSON-344536273 tempest-AttachVolumeShelveTestJSON-344536273-project] Publish callbacks ['neutron.plugins.ml2.plugin.SecurityGroupDbMixin._ensure_default_security_group_handler-1870792'] for port (None), before_create {{(pid=104619) _notify_loop /usr/local/lib/python3.8/dist-packages/neutron_lib/callbacks/manager.py:176}}
Oct 20 09:00:47.112795 dv-cinder-master-3-iscsi neutron-server[104618]: INFO neutron.wsgi [None req-14812c7d-4aa1-4c1e-baa0-f01120564827 admin admin] 10.222.0.36 "DELETE /networking/v2.0/security-groups/4a308f5b-497e-4535-88e9-c50fee97bb03 HTTP/1.1" status: 204 len: 168 time: 0.4216447
Oct 20 09:00:47.154307 dv-cinder-master-3-iscsi neutron-server[104618]: DEBUG neutron.api.rpc.handlers.resources_rpc [None req-4965304d-1022-4f99-9b77-5bdec1fa65f6 admin admin] Pushing event updated for resources: {'SecurityGroup': ['ID=4a308f5b-497e-4535-88e9-c50fee97bb03,revision_number=1']} {{(pid=104618) push /opt/stack/neutron/neutron/api/rpc/handlers/resources_rpc.py:237}}
Oct 20 09:00:47.258732 dv-cinder-master-3-iscsi neutron-server[104618]: DEBUG neutron.api.rpc.handlers.resources_rpc [None req-14812c7d-4aa1-4c1e-baa0-f01120564827 admin admin] Pushing event deleted for resources: {'SecurityGroup': ['ID=4a308f5b-497e-4535-88e9-c50fee97bb03,revision_number=None']} {{(pid=104618) push /opt/stack/neutron/neutron/api/rpc/handlers/resources_rpc.py:237}}
Oct 20 09:00:47.280494 dv-cinder-master-3-iscsi neutron-server[104618]: INFO neutron.wsgi [req-c609fb57-4786-49ee-8461-c1e33405662f req-2a72dc32-1776-44f2-bc2b-6995be2dce9f service neutron] 10.222.0.36 "GET /networking/v2.0/networks/89681d33-1e95-46d3-a4f1-4813c7b75e62?fields=segments HTTP/1.1" status: 200 len: 212 time: 0.9302156
Oct 20 09:00:47.295712 dv-cinder-master-3-iscsi neutron-server[104620]: DEBUG neutron.db.provisioning_blocks [None req-bf1dcbf6-5d80-470f-ba4d-f13a9f819b2b None None] Provisioning complete for port 408a49cf-b611-47c6-9bca-b6f118bbcdc8 triggered by entity L2. {{(pid=104620) provisioning_complete /opt/stack/neutron/neutron/db/provisioning_blocks.py:144}}
Oct 20 09:00:47.296957 dv-cinder-master-3-iscsi neutron-server[104620]: DEBUG neutron_lib.callbacks.manager [None req-bf1dcbf6-5d80-470f-ba4d-f13a9f819b2b None None] Publish callbacks ['neutron.plugins.ml2.plugin.Ml2Plugin._port_provisioned-1288540'] for port (408a49cf-b611-47c6-9bca-b6f118bbcdc8), provisioning_complete {{(pid=104620) _notify_loop /usr/local/lib/python3.8/dist-packages/neutron_lib/callbacks/manager.py:176}}
Oct 20 09:00:47.297699 dv-cinder-master-3-iscsi neutron-server[104620]: INFO neutron.plugins.ml2.plugin [None req-bf1dcbf6-5d80-470f-ba4d-f13a9f819b2b None None] Attempt 1 to provision port 408a49cf-b611-47c6-9bca-b6f118bbcdc8
Oct 20 09:00:47.306656 dv-cinder-master-3-iscsi neutron-server[104620]: DEBUG neutron.api.rpc.handlers.resources_rpc [None req-bf1dcbf6-5d80-470f-ba4d-f13a9f819b2b None None] Pushing event updated for resources: {'Port': ['ID=d1616515-7d2b-425b-af50-0016a24d059e,revision_number=4']} {{(pid=104620) push /opt/stack/neutron/neutron/api/rpc/handlers/resources_rpc.py:237}}
Oct 20 09:00:47.315439 dv-cinder-master-3-iscsi neutron-server[104619]: DEBUG neutron_lib.callbacks.manager [None req-95054067-5f24-4ece-b980-b3b43b1bec7d tempest-AttachVolumeNegativeTest-1404176933 tempest-AttachVolumeNegativeTest-1404176933-project] Publish callbacks [] for security_group (b598b972-d2a7-4229-b3a2-71082b416e5c), precommit_create {{(pid=104619) _notify_loop /usr/local/lib/python3.8/dist-packages/neutron_lib/callbacks/manager.py:176}}
Oct 20 09:00:47.333933 dv-cinder-master-3-iscsi neutron-server[104619]: DEBUG neutron_lib.callbacks.manager [None req-95054067-5f24-4ece-b980-b3b43b1bec7d tempest-AttachVolumeNegativeTest-1404176933 tempest-AttachVolumeNegativeTest-1404176933-project] Publish callbacks ['neutron.plugins.ml2.ovo_rpc._ObjectChangeHandler.handle_event-771397'] for security_group (b598b972-d2a7-4229-b3a2-71082b416e5c), after_create {{(pid=104619) _notify_loop /usr/local/lib/python3.8/dist-packages/neutron_lib/callbacks/manager.py:176}}
Oct 20 09:00:47.404456 dv-cinder-master-3-iscsi neutron-server[104619]: DEBUG neutron_lib.callbacks.manager [None req-95054067-5f24-4ece-b980-b3b43b1bec7d tempest-AttachVolumeNegativeTest-1404176933 tempest-AttachVolumeNegativeTest-1404176933-project] Publish callbacks [] for security_group (None), before_response {{(pid=104619) _notify_loop /usr/local/lib/python3.8/dist-packages/neutron_lib/callbacks/manager.py:176}}
Oct 20 09:00:47.406270 dv-cinder-master-3-iscsi neutron-server[104619]: INFO neutron.wsgi [None req-95054067-5f24-4ece-b980-b3b43b1bec7d tempest-AttachVolumeNegativeTest-1404176933 tempest-AttachVolumeNegativeTest-1404176933-project] 10.222.0.36 "POST /networking/v2.0/security-groups HTTP/1.1" status: 201 len: 1794 time: 1.4250977
Oct 20 09:00:47.411065 dv-cinder-master-3-iscsi neutron-server[104619]: DEBUG neutron.wsgi [-] (104619) accepted ('10.222.0.36', 57056) {{(pid=104619) server /usr/local/lib/python3.8/dist-packages/eventlet/wsgi.py:1004}}
Oct 20 09:00:47.439413 dv-cinder-master-3-iscsi neutron-server[104619]: DEBUG neutron.api.v2.base [None req-fffbbc60-5be3-49d0-8b13-3b83a2e3c3fe tempest-AttachVolumeNegativeTest-1404176933 tempest-AttachVolumeNegativeTest-1404176933-project] Request body: {'security_group_rule': {'security_group_id': 'b598b972-d2a7-4229-b3a2-71082b416e5c', 'protocol': 'tcp', 'ethertype': 'IPv4', 'port_range_min': 22, 'port_range_max': 22, 'direction': 'ingress'}} {{(pid=104619) prepare_request_body /opt/stack/neutron/neutron/api/v2/base.py:730}}
Oct 20 09:00:47.448437 dv-cinder-master-3-iscsi neutron-server[104619]: DEBUG neutron.api.rpc.handlers.resources_rpc [None req-95054067-5f24-4ece-b980-b3b43b1bec7d tempest-AttachVolumeNegativeTest-1404176933 tempest-AttachVolumeNegativeTest-1404176933-project] Pushing event updated for resources: {'SecurityGroup': ['ID=b598b972-d2a7-4229-b3a2-71082b416e5c,revision_number=1']} {{(pid=104619) push /opt/stack/neutron/neutron/api/rpc/handlers/resources_rpc.py:237}}
Oct 20 09:00:47.520753 dv-cinder-master-3-iscsi neutron-server[104619]: DEBUG neutron.db.db_base_plugin_common [None req-1098db7d-92cf-41ae-9cdb-ecef439a9620 tempest-AttachVolumeShelveTestJSON-344536273 tempest-AttachVolumeShelveTestJSON-344536273-project] Allocated IP 172.37.2.21 (55a37276-adba-416b-82c9-f27b48656ef9/4be61e7a-5f23-485e-b90b-722b0200d4f5/6d718e88-17d8-44b9-85a8-61ca4b54ee7d) {{(pid=104619) _store_ip_allocation /opt/stack/neutron/neutron/db/db_base_plugin_common.py:131}}
Oct 20 09:00:47.528088 dv-cinder-master-3-iscsi neutron-server[104618]: DEBUG dbcounter [-] [104618] Writing DB stats neutron:INSERT=6,neutron:SELECT=90,neutron:DELETE=3,neutron:UPDATE=1 {{(pid=104618) stat_writer /usr/local/lib/python3.8/dist-packages/dbcounter.py:114}}
Oct 20 09:00:47.536413 dv-cinder-master-3-iscsi neutron-server[104619]: DEBUG neutron_lib.callbacks.manager [None req-fffbbc60-5be3-49d0-8b13-3b83a2e3c3fe tempest-AttachVolumeNegativeTest-1404176933 tempest-AttachVolumeNegativeTest-1404176933-project] Publish callbacks [] for security_group_rule (afe4c5fa-4b22-4831-917c-6838da955289), before_create {{(pid=104619) _notify_loop /usr/local/lib/python3.8/dist-packages/neutron_lib/callbacks/manager.py:176}}
Oct 20 09:00:47.637441 dv-cinder-master-3-iscsi neutron-server[104620]: DEBUG neutron.db.l3_dvr_db [None req-9051e960-f2c5-4e2d-abab-58545fe0d73f None None] Set router eef76796-bf79-432b-9083-b7245a10f8c8 gateway port host: dv-cinder-master-3-iscsi {{(pid=104620) _build_routers_list /opt/stack/neutron/neutron/db/l3_dvr_db.py:907}}
Oct 20 09:00:47.685721 dv-cinder-master-3-iscsi neutron-server[104619]: DEBUG neutron_lib.callbacks.manager [None req-fffbbc60-5be3-49d0-8b13-3b83a2e3c3fe tempest-AttachVolumeNegativeTest-1404176933 tempest-AttachVolumeNegativeTest-1404176933-project] Publish callbacks [] for security_group_rule (afe4c5fa-4b22-4831-917c-6838da955289), precommit_create {{(pid=104619) _notify_loop /usr/local/lib/python3.8/dist-packages/neutron_lib/callbacks/manager.py:176}}
Oct 20 09:00:47.698078 dv-cinder-master-3-iscsi neutron-server[104619]: DEBUG neutron_lib.callbacks.manager [None req-fffbbc60-5be3-49d0-8b13-3b83a2e3c3fe tempest-AttachVolumeNegativeTest-1404176933 tempest-AttachVolumeNegativeTest-1404176933-project] Publish callbacks ['neutron.plugins.ml2.ovo_rpc._ObjectChangeHandler.handle_event-771348'] for security_group_rule (afe4c5fa-4b22-4831-917c-6838da955289), after_create {{(pid=104619) _notify_loop /usr/local/lib/python3.8/dist-packages/neutron_lib/callbacks/manager.py:176}}
Oct 20 09:00:47.706272 dv-cinder-master-3-iscsi neutron-server[104619]: DEBUG dbcounter [-] [104619] Writing DB stats neutron:INSERT=10,neutron:SELECT=82,neutron:DELETE=4,neutron:UPDATE=4 {{(pid=104619) stat_writer /usr/local/lib/python3.8/dist-packages/dbcounter.py:114}}
Oct 20 09:00:47.710592 dv-cinder-master-3-iscsi neutron-server[104618]: INFO neutron.wsgi [req-c609fb57-4786-49ee-8461-c1e33405662f req-c53dd9dd-56bb-4b9d-96d5-2b4c24711db5 service neutron] 10.222.0.36 "GET /networking/v2.0/networks/89681d33-1e95-46d3-a4f1-4813c7b75e62?fields=provider%3Aphysical_network&fields=provider%3Anetwork_type HTTP/1.1" status: 200 len: 281 time: 0.4156356
Oct 20 09:00:47.776170 dv-cinder-master-3-iscsi neutron-server[104620]: DEBUG neutron.api.rpc.handlers.resources_rpc [None req-33ddacc6-88ec-4a38-8402-67187f3b1580 None None] Pushing event updated for resources: {'Port': ['ID=bc5ca010-5dfe-4ff8-ba5f-3f58964711b2,revision_number=4']} {{(pid=104620) push /opt/stack/neutron/neutron/api/rpc/handlers/resources_rpc.py:237}}
Oct 20 09:00:47.788162 dv-cinder-master-3-iscsi neutron-server[104621]: DEBUG neutron_lib.callbacks.manager [None req-048dfa72-c4a6-41b2-bdfd-e974e42dd4b7 None None] Publish callbacks [] for port (fa3c2e7b-4373-4e9e-890a-e8c4a27be80c), precommit_update {{(pid=104621) _notify_loop /usr/local/lib/python3.8/dist-packages/neutron_lib/callbacks/manager.py:176}}
Oct 20 09:00:47.806268 dv-cinder-master-3-iscsi neutron-server[104621]: DEBUG neutron_lib.callbacks.manager [None req-048dfa72-c4a6-41b2-bdfd-e974e42dd4b7 None None] Publish callbacks ['neutron.plugins.ml2.plugin.SecurityGroupServerNotifierRpcMixin._notify_sg_on_port_change-1870601', 'neutron.plugins.ml2.ovo_rpc._ObjectChangeHandler.handle_event-103038', 'neutron.api.rpc.agentnotifiers.dhcp_rpc_agent_api.DhcpAgentNotifyAPI._native_event_send_dhcp_notification-547484', 'neutron.db.l3_db.L3RpcNotifierMixin._notify_gateway_port_ip_changed-8745936080514', 'neutron.db.l3_dvrscheduler_db._notify_l3_agent_port_update-8745935587157', 'neutron.db.l3_hascheduler_db._notify_l3_agent_ha_port_update-8745935587175'] for port (fa3c2e7b-4373-4e9e-890a-e8c4a27be80c), after_update {{(pid=104621) _notify_loop /usr/local/lib/python3.8/dist-packages/neutron_lib/callbacks/manager.py:176}}
Oct 20 09:00:47.854513 dv-cinder-master-3-iscsi neutron-server[104619]: DEBUG neutron.api.rpc.handlers.resources_rpc [None req-fffbbc60-5be3-49d0-8b13-3b83a2e3c3fe tempest-AttachVolumeNegativeTest-1404176933 tempest-AttachVolumeNegativeTest-1404176933-project] Pushing event updated for resources: {'SecurityGroupRule': ['ID=afe4c5fa-4b22-4831-917c-6838da955289,revision_number=0']} {{(pid=104619) push /opt/stack/neutron/neutron/api/rpc/handlers/resources_rpc.py:237}}
Oct 20 09:00:47.874991 dv-cinder-master-3-iscsi neutron-server[104619]: DEBUG neutron_lib.callbacks.manager [None req-1098db7d-92cf-41ae-9cdb-ecef439a9620 tempest-AttachVolumeShelveTestJSON-344536273 tempest-AttachVolumeShelveTestJSON-344536273-project] Publish callbacks [] for port (6d718e88-17d8-44b9-85a8-61ca4b54ee7d), precommit_create {{(pid=104619) _notify_loop /usr/local/lib/python3.8/dist-packages/neutron_lib/callbacks/manager.py:176}}
Oct 20 09:00:47.920280 dv-cinder-master-3-iscsi neutron-server[104619]: DEBUG neutron_lib.callbacks.manager [None req-fffbbc60-5be3-49d0-8b13-3b83a2e3c3fe tempest-AttachVolumeNegativeTest-1404176933 tempest-AttachVolumeNegativeTest-1404176933-project] Publish callbacks [] for security_group_rule (None), before_response {{(pid=104619) _notify_loop /usr/local/lib/python3.8/dist-packages/neutron_lib/callbacks/manager.py:176}}
Oct 20 09:00:47.925544 dv-cinder-master-3-iscsi neutron-server[104619]: INFO neutron.wsgi [None req-fffbbc60-5be3-49d0-8b13-3b83a2e3c3fe tempest-AttachVolumeNegativeTest-1404176933 tempest-AttachVolumeNegativeTest-1404176933-project] 10.222.0.36 "POST /networking/v2.0/security-group-rules HTTP/1.1" status: 201 len: 764 time: 0.4895806
Oct 20 09:00:47.928358 dv-cinder-master-3-iscsi neutron-server[104618]: DEBUG neutron.wsgi [-] (104618) accepted ('10.222.0.36', 57084) {{(pid=104618) server /usr/local/lib/python3.8/dist-packages/eventlet/wsgi.py:1004}}
Oct 20 09:00:47.933393 dv-cinder-master-3-iscsi neutron-server[104618]: DEBUG neutron.api.v2.base [None req-f94fb9b1-2f16-4a39-b14e-81a57388425c tempest-AttachVolumeNegativeTest-1404176933 tempest-AttachVolumeNegativeTest-1404176933-project] Request body: {'security_group_rule': {'security_group_id': 'b598b972-d2a7-4229-b3a2-71082b416e5c', 'protocol': 'icmp', 'ethertype': 'IPv4', 'direction': 'ingress'}} {{(pid=104618) prepare_request_body /opt/stack/neutron/neutron/api/v2/base.py:730}}
Oct 20 09:00:47.972714 dv-cinder-master-3-iscsi neutron-server[104620]: DEBUG neutron.plugins.ml2.plugin [None req-bf1dcbf6-5d80-470f-ba4d-f13a9f819b2b None None] Current status of the port 408a49cf-b611-47c6-9bca-b6f118bbcdc8 is: ACTIVE; New status is: ACTIVE {{(pid=104620) _update_individual_port_db_status /opt/stack/neutron/neutron/plugins/ml2/plugin.py:2333}}
Oct 20 09:00:47.973932 dv-cinder-master-3-iscsi neutron-server[104620]: DEBUG neutron.plugins.ml2.rpc [None req-bf1dcbf6-5d80-470f-ba4d-f13a9f819b2b None None] Device 679bfc97-0583-42ab-ac67-a4bec8fa34a7 up at agent ovs-agent-dv-cinder-master-3-iscsi {{(pid=104620) update_device_up /opt/stack/neutron/neutron/plugins/ml2/rpc.py:296}}
Oct 20 09:00:48.031788 dv-cinder-master-3-iscsi neutron-server[104619]: DEBUG neutron_lib.callbacks.manager [None req-1098db7d-92cf-41ae-9cdb-ecef439a9620 tempest-AttachVolumeShelveTestJSON-344536273 tempest-AttachVolumeShelveTestJSON-344536273-project] Publish callbacks ['neutron.plugins.ml2.plugin.SecurityGroupServerNotifierRpcMixin._notify_sg_on_port_change-1870601', 'neutron.plugins.ml2.ovo_rpc._ObjectChangeHandler.handle_event-103038', 'neutron.api.rpc.agentnotifiers.dhcp_rpc_agent_api.DhcpAgentNotifyAPI._native_event_send_dhcp_notification-547484', 'neutron.db.l3_dvrscheduler_db._notify_l3_agent_new_port-8745935587139'] for port (6d718e88-17d8-44b9-85a8-61ca4b54ee7d), after_create {{(pid=104619) _notify_loop /usr/local/lib/python3.8/dist-packages/neutron_lib/callbacks/manager.py:176}}
Oct 20 09:00:48.081400 dv-cinder-master-3-iscsi neutron-server[104618]: DEBUG neutron_lib.callbacks.manager [None req-f94fb9b1-2f16-4a39-b14e-81a57388425c tempest-AttachVolumeNegativeTest-1404176933 tempest-AttachVolumeNegativeTest-1404176933-project] Publish callbacks [] for security_group_rule (f9350359-058b-4e89-b9e2-91f421cd188f), before_create {{(pid=104618) _notify_loop /usr/local/lib/python3.8/dist-packages/neutron_lib/callbacks/manager.py:176}}
Oct 20 09:00:48.096037 dv-cinder-master-3-iscsi neutron-server[104619]: DEBUG neutron.scheduler.dhcp_agent_scheduler [None req-1098db7d-92cf-41ae-9cdb-ecef439a9620 tempest-AttachVolumeShelveTestJSON-344536273 tempest-AttachVolumeShelveTestJSON-344536273-project] Network 55a37276-adba-416b-82c9-f27b48656ef9 is already hosted by enough agents. {{(pid=104619) _get_dhcp_agents_hosting_network /opt/stack/neutron/neutron/scheduler/dhcp_agent_scheduler.py:275}}
Oct 20 09:00:48.100531 dv-cinder-master-3-iscsi neutron-server[104619]: DEBUG neutron.scheduler.base_scheduler [None req-1098db7d-92cf-41ae-9cdb-ecef439a9620 tempest-AttachVolumeShelveTestJSON-344536273 tempest-AttachVolumeShelveTestJSON-344536273-project] Resources bound (agent type, host, resource id): {{(pid=104619) schedule /opt/stack/neutron/neutron/scheduler/base_scheduler.py:57}}
Oct 20 09:00:48.103433 dv-cinder-master-3-iscsi neutron-server[104619]: DEBUG neutron.db.l3_dvrscheduler_db [None req-1098db7d-92cf-41ae-9cdb-ecef439a9620 tempest-AttachVolumeShelveTestJSON-344536273 tempest-AttachVolumeShelveTestJSON-344536273-project] Received port after_create {{(pid=104619) _notify_l3_agent_new_port /opt/stack/neutron/neutron/db/l3_dvrscheduler_db.py:542}}
Oct 20 09:00:48.221535 dv-cinder-master-3-iscsi neutron-server[104619]: DEBUG neutron.api.rpc.handlers.resources_rpc [None req-1098db7d-92cf-41ae-9cdb-ecef439a9620 tempest-AttachVolumeShelveTestJSON-344536273 tempest-AttachVolumeShelveTestJSON-344536273-project] Pushing event updated for resources: {'Port': ['ID=6d718e88-17d8-44b9-85a8-61ca4b54ee7d,revision_number=1']} {{(pid=104619) push /opt/stack/neutron/neutron/api/rpc/handlers/resources_rpc.py:237}}
Oct 20 09:00:48.248989 dv-cinder-master-3-iscsi neutron-server[104621]: DEBUG neutron.api.rpc.handlers.resources_rpc [None req-c18a1e3f-9a70-4f0b-8ac4-05c28a818e7b None None] Pushing event updated for resources: {'Port': ['ID=fa3c2e7b-4373-4e9e-890a-e8c4a27be80c,revision_number=3']} {{(pid=104621) push /opt/stack/neutron/neutron/api/rpc/handlers/resources_rpc.py:237}}
Oct 20 09:00:48.306725 dv-cinder-master-3-iscsi neutron-server[104621]: DEBUG neutron.plugins.ml2.managers [None req-048dfa72-c4a6-41b2-bdfd-e974e42dd4b7 None None] Attempting to bind port fa3c2e7b-4373-4e9e-890a-e8c4a27be80c on host dv-cinder-master-3-iscsi for vnic_type normal with profile {{(pid=104621) bind_port /opt/stack/neutron/neutron/plugins/ml2/managers.py:810}}
Oct 20 09:00:48.306725 dv-cinder-master-3-iscsi neutron-server[104621]: DEBUG neutron.plugins.ml2.managers [None req-048dfa72-c4a6-41b2-bdfd-e974e42dd4b7 None None] Attempting to bind port fa3c2e7b-4373-4e9e-890a-e8c4a27be80c by drivers openvswitch,hyperv on host dv-cinder-master-3-iscsi at level 0 using segments [{'id': 'a6951742-dd01-491e-ba44-5cee659d347e', 'network_type': 'vlan', 'physical_network': 'physnet1', 'segmentation_id': 462, 'network_id': '47c6132f-de00-464a-9c0d-6ac6d3d24b81'}] {{(pid=104621) _bind_port_level /opt/stack/neutron/neutron/plugins/ml2/managers.py:835}}
Oct 20 09:00:48.311259 dv-cinder-master-3-iscsi neutron-server[104621]: DEBUG neutron.plugins.ml2.drivers.mech_agent [None req-048dfa72-c4a6-41b2-bdfd-e974e42dd4b7 None None] Attempting to bind port fa3c2e7b-4373-4e9e-890a-e8c4a27be80c on network 47c6132f-de00-464a-9c0d-6ac6d3d24b81 {{(pid=104621) bind_port /opt/stack/neutron/neutron/plugins/ml2/drivers/mech_agent.py:91}}
Oct 20 09:00:48.313189 dv-cinder-master-3-iscsi neutron-server[104619]: DEBUG neutron_lib.callbacks.manager [None req-1098db7d-92cf-41ae-9cdb-ecef439a9620 tempest-AttachVolumeShelveTestJSON-344536273 tempest-AttachVolumeShelveTestJSON-344536273-project] Publish callbacks [] for floatingip (c40b3432-9cf8-4a3e-bf12-f08f61bcf179), precommit_create {{(pid=104619) _notify_loop /usr/local/lib/python3.8/dist-packages/neutron_lib/callbacks/manager.py:176}}
Oct 20 09:00:48.397895 dv-cinder-master-3-iscsi neutron-server[104618]: INFO neutron.wsgi [req-8ee264db-e8a8-42f2-9967-4d6d34726c45 req-fa4ab729-7b8c-4778-b704-9f2f609069a4 tempest-ServerRescueNegativeTestJSON-1468667757 tempest-ServerRescueNegativeTestJSON-1468667757-project] 10.222.0.36 "GET /networking/v2.0/ports?device_id=0dd1dfdc-5e1e-4a08-a814-4f783857b2f7 HTTP/1.1" status: 200 len: 210 time: 0.2378747
Oct 20 09:00:48.414212 dv-cinder-master-3-iscsi neutron-server[104620]: DEBUG dbcounter [-] [104620] Writing DB stats neutron:SELECT=98,neutron:UPDATE=2 {{(pid=104620) stat_writer /usr/local/lib/python3.8/dist-packages/dbcounter.py:114}}
Oct 20 09:00:48.439982 dv-cinder-master-3-iscsi neutron-server[104619]: DEBUG neutron_lib.callbacks.manager [None req-1098db7d-92cf-41ae-9cdb-ecef439a9620 tempest-AttachVolumeShelveTestJSON-344536273 tempest-AttachVolumeShelveTestJSON-344536273-project] Publish callbacks ['neutron.plugins.ml2.plugin.SecurityGroupDbMixin._ensure_default_security_group_handler-1870792'] for port (6d718e88-17d8-44b9-85a8-61ca4b54ee7d), before_update {{(pid=104619) _notify_loop /usr/local/lib/python3.8/dist-packages/neutron_lib/callbacks/manager.py:176}}
Oct 20 09:00:48.479315 dv-cinder-master-3-iscsi neutron-server[104618]: DEBUG neutron_lib.callbacks.manager [None req-f94fb9b1-2f16-4a39-b14e-81a57388425c tempest-AttachVolumeNegativeTest-1404176933 tempest-AttachVolumeNegativeTest-1404176933-project] Publish callbacks [] for security_group_rule (f9350359-058b-4e89-b9e2-91f421cd188f), precommit_create {{(pid=104618) _notify_loop /usr/local/lib/python3.8/dist-packages/neutron_lib/callbacks/manager.py:176}}
Oct 20 09:00:48.484619 dv-cinder-master-3-iscsi neutron-server[104618]: DEBUG neutron_lib.callbacks.manager [None req-f94fb9b1-2f16-4a39-b14e-81a57388425c tempest-AttachVolumeNegativeTest-1404176933 tempest-AttachVolumeNegativeTest-1404176933-project] Publish callbacks ['neutron.plugins.ml2.ovo_rpc._ObjectChangeHandler.handle_event-771348'] for security_group_rule (f9350359-058b-4e89-b9e2-91f421cd188f), after_create {{(pid=104618) _notify_loop /usr/local/lib/python3.8/dist-packages/neutron_lib/callbacks/manager.py:176}}
