Oct 20 08:47:55.967741 dv-cinder-master-3-iscsi devstack@keystone.service[81561]: DEBUG keystone.server.flask.request_processing.middleware.auth_context [None req-e4c61b71-3223-4926-8da1-e296cd268310 None admin] RBAC: auth_context: {'token': , 'domain_id': None, 'trust_id': None, 'trustor_id': None, 'trustee_id': None, 'domain_name': None, 'group_ids': [], 'user_id': '9804008bc9774f7b96bc93c72ddebd2f', 'user_domain_id': 'default', 'system_scope': 'all', 'project_id': None, 'project_domain_id': None, 'roles': ['admin', 'member', 'reader'], 'is_admin_project': True, 'service_user_id': None, 'service_user_domain_id': None, 'service_project_id': None, 'service_project_domain_id': None, 'service_roles': []} {{(pid=81561) fill_context /opt/stack/keystone/keystone/server/flask/request_processing/middleware/auth_context.py:478}}
Oct 20 08:47:55.968802 dv-cinder-master-3-iscsi devstack@keystone.service[81561]: DEBUG keystone.server.flask.request_processing.req_logging [None req-e4c61b71-3223-4926-8da1-e296cd268310 None admin] REQUEST_METHOD: `GET` {{(pid=81561) log_request_info /opt/stack/keystone/keystone/server/flask/request_processing/req_logging.py:27}}
Oct 20 08:47:55.969209 dv-cinder-master-3-iscsi devstack@keystone.service[81561]: DEBUG keystone.server.flask.request_processing.req_logging [None req-e4c61b71-3223-4926-8da1-e296cd268310 None admin] SCRIPT_NAME: `/identity` {{(pid=81561) log_request_info /opt/stack/keystone/keystone/server/flask/request_processing/req_logging.py:28}}
Oct 20 08:47:55.969629 dv-cinder-master-3-iscsi devstack@keystone.service[81561]: DEBUG keystone.server.flask.request_processing.req_logging [None req-e4c61b71-3223-4926-8da1-e296cd268310 None admin] PATH_INFO: `/v3/projects/a00517b9cca94187ac4aba4ec7468007` {{(pid=81561) log_request_info /opt/stack/keystone/keystone/server/flask/request_processing/req_logging.py:29}}
Oct 20 08:47:55.971030 dv-cinder-master-3-iscsi devstack@keystone.service[81561]: DEBUG keystone.common.rbac_enforcer.enforcer [None req-e4c61b71-3223-4926-8da1-e296cd268310 None admin] RBAC: Authorizing `identity:get_project(project_id=a00517b9cca94187ac4aba4ec7468007)` {{(pid=81561) enforce_call /opt/stack/keystone/keystone/common/rbac_enforcer/enforcer.py:449}}
Oct 20 08:47:55.973139 dv-cinder-master-3-iscsi devstack@keystone.service[81561]: DEBUG keystone.common.rbac_enforcer.enforcer [None req-e4c61b71-3223-4926-8da1-e296cd268310 None admin] RBAC: Authorization granted {{(pid=81561) enforce_call /opt/stack/keystone/keystone/common/rbac_enforcer/enforcer.py:457}}
Oct 20 08:47:55.976660 dv-cinder-master-3-iscsi devstack@keystone.service[81561]: [pid: 81561|app: 0|req: 95/183] 10.222.0.36 () {56 vars in 1186 bytes} [Thu Oct 20 08:47:55 2022] GET /identity/v3/projects/a00517b9cca94187ac4aba4ec7468007 => generated 302 bytes in 183 msecs (HTTP/1.1 200) 5 headers in 177 bytes (2 switches on core 0)
Oct 20 08:47:55.982778 dv-cinder-master-3-iscsi devstack@keystone.service[81561]: DEBUG keystone.server.flask.request_processing.middleware.auth_context [None req-e4c61b71-3223-4926-8da1-e296cd268310 None admin] Authenticating user token {{(pid=81561) process_request /usr/local/lib/python3.8/dist-packages/keystonemiddleware/auth_token/__init__.py:407}}
Oct 20 08:47:56.072040 dv-cinder-master-3-iscsi devstack@keystone.service[81562]: DEBUG keystone.server.flask.request_processing.middleware.auth_context [None req-063df214-b3de-4207-b192-99c36999c001 None admin] Validating token access rules against request {{(pid=81562) validate_allowed_request /usr/local/lib/python3.8/dist-packages/keystonemiddleware/auth_token/__init__.py:545}}
Oct 20 08:47:56.126745 dv-cinder-master-3-iscsi devstack@keystone.service[81562]: DEBUG keystone.server.flask.request_processing.middleware.auth_context [None req-59118481-56e1-4a36-85de-dc7e1195d84c None admin] RBAC: auth_context: {'token': , 'domain_id': None, 'trust_id': None, 'trustor_id': None, 'trustee_id': None, 'domain_name': None, 'group_ids': [], 'user_id': '9804008bc9774f7b96bc93c72ddebd2f', 'user_domain_id': 'default', 'system_scope': 'all', 'project_id': None, 'project_domain_id': None, 'roles': ['admin', 'member', 'reader'], 'is_admin_project': True, 'service_user_id': None, 'service_user_domain_id': None, 'service_project_id': None, 'service_project_domain_id': None, 'service_roles': []} {{(pid=81562) fill_context /opt/stack/keystone/keystone/server/flask/request_processing/middleware/auth_context.py:478}}
Oct 20 08:47:56.127377 dv-cinder-master-3-iscsi devstack@keystone.service[81562]: DEBUG keystone.server.flask.request_processing.req_logging [None req-59118481-56e1-4a36-85de-dc7e1195d84c None admin] REQUEST_METHOD: `GET` {{(pid=81562) log_request_info /opt/stack/keystone/keystone/server/flask/request_processing/req_logging.py:27}}
Oct 20 08:47:56.127649 dv-cinder-master-3-iscsi devstack@keystone.service[81562]: DEBUG keystone.server.flask.request_processing.req_logging [None req-59118481-56e1-4a36-85de-dc7e1195d84c None admin] SCRIPT_NAME: `/identity` {{(pid=81562) log_request_info /opt/stack/keystone/keystone/server/flask/request_processing/req_logging.py:28}}
Oct 20 08:47:56.127913 dv-cinder-master-3-iscsi devstack@keystone.service[81562]: DEBUG keystone.server.flask.request_processing.req_logging [None req-59118481-56e1-4a36-85de-dc7e1195d84c None admin] PATH_INFO: `/v3/projects/a00517b9cca94187ac4aba4ec7468007` {{(pid=81562) log_request_info /opt/stack/keystone/keystone/server/flask/request_processing/req_logging.py:29}}
Oct 20 08:47:56.131902 dv-cinder-master-3-iscsi devstack@keystone.service[81562]: DEBUG keystone.common.rbac_enforcer.enforcer [None req-59118481-56e1-4a36-85de-dc7e1195d84c None admin] RBAC: Authorizing `identity:get_project(project_id=a00517b9cca94187ac4aba4ec7468007)` {{(pid=81562) enforce_call /opt/stack/keystone/keystone/common/rbac_enforcer/enforcer.py:449}}
Oct 20 08:47:56.131902 dv-cinder-master-3-iscsi devstack@keystone.service[81562]: DEBUG keystone.common.rbac_enforcer.enforcer [None req-59118481-56e1-4a36-85de-dc7e1195d84c None admin] RBAC: Authorization granted {{(pid=81562) enforce_call /opt/stack/keystone/keystone/common/rbac_enforcer/enforcer.py:457}}
Oct 20 08:47:56.132697 dv-cinder-master-3-iscsi devstack@keystone.service[81562]: [pid: 81562|app: 0|req: 89/184] 10.222.0.36 () {56 vars in 1186 bytes} [Thu Oct 20 08:47:55 2022] GET /identity/v3/projects/a00517b9cca94187ac4aba4ec7468007 => generated 302 bytes in 196 msecs (HTTP/1.1 200) 5 headers in 177 bytes (2 switches on core 0)
Oct 20 08:47:56.139340 dv-cinder-master-3-iscsi devstack@keystone.service[81562]: DEBUG keystone.server.flask.request_processing.middleware.auth_context [None req-59118481-56e1-4a36-85de-dc7e1195d84c None admin] Authenticating user token {{(pid=81562) process_request /usr/local/lib/python3.8/dist-packages/keystonemiddleware/auth_token/__init__.py:407}}
Oct 20 08:47:56.160945 dv-cinder-master-3-iscsi devstack@keystone.service[81561]: DEBUG keystone.server.flask.request_processing.middleware.auth_context [None req-e4c61b71-3223-4926-8da1-e296cd268310 None admin] Validating token access rules against request {{(pid=81561) validate_allowed_request /usr/local/lib/python3.8/dist-packages/keystonemiddleware/auth_token/__init__.py:545}}
Oct 20 08:47:56.229870 dv-cinder-master-3-iscsi devstack@keystone.service[81561]: DEBUG keystone.server.flask.request_processing.middleware.auth_context [None req-29e2a095-3c8e-4cd2-a787-157ad80988d6 None admin] RBAC: auth_context: {'token': , 'domain_id': None, 'trust_id': None, 'trustor_id': None, 'trustee_id': None, 'domain_name': None, 'group_ids': [], 'user_id': '9804008bc9774f7b96bc93c72ddebd2f', 'user_domain_id': 'default', 'system_scope': 'all', 'project_id': None, 'project_domain_id': None, 'roles': ['admin', 'member', 'reader'], 'is_admin_project': True, 'service_user_id': None, 'service_user_domain_id': None, 'service_project_id': None, 'service_project_domain_id': None, 'service_roles': []} {{(pid=81561) fill_context /opt/stack/keystone/keystone/server/flask/request_processing/middleware/auth_context.py:478}}
Oct 20 08:47:56.230499 dv-cinder-master-3-iscsi devstack@keystone.service[81561]: DEBUG keystone.server.flask.request_processing.req_logging [None req-29e2a095-3c8e-4cd2-a787-157ad80988d6 None admin] REQUEST_METHOD: `GET` {{(pid=81561) log_request_info /opt/stack/keystone/keystone/server/flask/request_processing/req_logging.py:27}}
Oct 20 08:47:56.230779 dv-cinder-master-3-iscsi devstack@keystone.service[81561]: DEBUG keystone.server.flask.request_processing.req_logging [None req-29e2a095-3c8e-4cd2-a787-157ad80988d6 None admin] SCRIPT_NAME: `/identity` {{(pid=81561) log_request_info /opt/stack/keystone/keystone/server/flask/request_processing/req_logging.py:28}}
Oct 20 08:47:56.231070 dv-cinder-master-3-iscsi devstack@keystone.service[81561]: DEBUG keystone.server.flask.request_processing.req_logging [None req-29e2a095-3c8e-4cd2-a787-157ad80988d6 None admin] PATH_INFO: `/v3/role_assignments` {{(pid=81561) log_request_info /opt/stack/keystone/keystone/server/flask/request_processing/req_logging.py:29}}
Oct 20 08:47:56.231763 dv-cinder-master-3-iscsi devstack@keystone.service[81561]: DEBUG keystone.common.rbac_enforcer.enforcer [None req-29e2a095-3c8e-4cd2-a787-157ad80988d6 None admin] RBAC: Adding query filter params (role.id=d9d3bc62f6e8453488c74856ef333bb3, scope.project.id=a00517b9cca94187ac4aba4ec7468007, user.id=3369ee1465d54d07a96234d89bc1addf) {{(pid=81561) _extract_filter_values /opt/stack/keystone/keystone/common/rbac_enforcer/enforcer.py:167}}
Oct 20 08:47:56.232063 dv-cinder-master-3-iscsi devstack@keystone.service[81561]: DEBUG keystone.common.rbac_enforcer.enforcer [None req-29e2a095-3c8e-4cd2-a787-157ad80988d6 None admin] RBAC: Authorizing `identity:list_role_assignments()` {{(pid=81561) enforce_call /opt/stack/keystone/keystone/common/rbac_enforcer/enforcer.py:449}}
Oct 20 08:47:56.233501 dv-cinder-master-3-iscsi devstack@keystone.service[81561]: DEBUG keystone.common.rbac_enforcer.enforcer [None req-29e2a095-3c8e-4cd2-a787-157ad80988d6 None admin] RBAC: Authorization granted {{(pid=81561) enforce_call /opt/stack/keystone/keystone/common/rbac_enforcer/enforcer.py:457}}
Oct 20 08:47:56.240963 dv-cinder-master-3-iscsi devstack@keystone.service[81561]: [pid: 81561|app: 0|req: 96/185] 10.222.0.36 () {56 vars in 1374 bytes} [Thu Oct 20 08:47:55 2022] GET /identity/v3/role_assignments?user.id=3369ee1465d54d07a96234d89bc1addf&scope.project.id=a00517b9cca94187ac4aba4ec7468007&role.id=d9d3bc62f6e8453488c74856ef333bb3 => generated 608 bytes in 258 msecs (HTTP/1.1 200) 5 headers in 177 bytes (2 switches on core 0)
Oct 20 08:47:56.280288 dv-cinder-master-3-iscsi devstack@keystone.service[81562]: DEBUG dbcounter [-] [81562] Writing DB stats keystone:SELECT=100 {{(pid=81562) stat_writer /usr/local/lib/python3.8/dist-packages/dbcounter.py:114}}
Oct 20 08:47:56.305401 dv-cinder-master-3-iscsi devstack@keystone.service[81562]: DEBUG keystone.server.flask.request_processing.middleware.auth_context [None req-59118481-56e1-4a36-85de-dc7e1195d84c None admin] Validating token access rules against request {{(pid=81562) validate_allowed_request /usr/local/lib/python3.8/dist-packages/keystonemiddleware/auth_token/__init__.py:545}}
Oct 20 08:47:56.348072 dv-cinder-master-3-iscsi devstack@keystone.service[81562]: DEBUG keystone.server.flask.request_processing.middleware.auth_context [None req-3a424af2-77e8-4349-a692-eaa6e9c27112 None admin] RBAC: auth_context: {'token': , 'domain_id': None, 'trust_id': None, 'trustor_id': None, 'trustee_id': None, 'domain_name': None, 'group_ids': [], 'user_id': '9804008bc9774f7b96bc93c72ddebd2f', 'user_domain_id': 'default', 'system_scope': 'all', 'project_id': None, 'project_domain_id': None, 'roles': ['admin', 'member', 'reader'], 'is_admin_project': True, 'service_user_id': None, 'service_user_domain_id': None, 'service_project_id': None, 'service_project_domain_id': None, 'service_roles': []} {{(pid=81562) fill_context /opt/stack/keystone/keystone/server/flask/request_processing/middleware/auth_context.py:478}}
Oct 20 08:47:56.348616 dv-cinder-master-3-iscsi devstack@keystone.service[81562]: DEBUG keystone.server.flask.request_processing.req_logging [None req-3a424af2-77e8-4349-a692-eaa6e9c27112 None admin] REQUEST_METHOD: `GET` {{(pid=81562) log_request_info /opt/stack/keystone/keystone/server/flask/request_processing/req_logging.py:27}}
Oct 20 08:47:56.348885 dv-cinder-master-3-iscsi devstack@keystone.service[81562]: DEBUG keystone.server.flask.request_processing.req_logging [None req-3a424af2-77e8-4349-a692-eaa6e9c27112 None admin] SCRIPT_NAME: `/identity` {{(pid=81562) log_request_info /opt/stack/keystone/keystone/server/flask/request_processing/req_logging.py:28}}
Oct 20 08:47:56.349703 dv-cinder-master-3-iscsi devstack@keystone.service[81562]: DEBUG keystone.server.flask.request_processing.req_logging [None req-3a424af2-77e8-4349-a692-eaa6e9c27112 None admin] PATH_INFO: `/v3/role_assignments` {{(pid=81562) log_request_info /opt/stack/keystone/keystone/server/flask/request_processing/req_logging.py:29}}
Oct 20 08:47:56.350449 dv-cinder-master-3-iscsi devstack@keystone.service[81562]: DEBUG keystone.common.rbac_enforcer.enforcer [None req-3a424af2-77e8-4349-a692-eaa6e9c27112 None admin] RBAC: Adding query filter params (role.id=b3f8d63bf4c4488288e57693c6e9804c, scope.project.id=a00517b9cca94187ac4aba4ec7468007, user.id=3369ee1465d54d07a96234d89bc1addf) {{(pid=81562) _extract_filter_values /opt/stack/keystone/keystone/common/rbac_enforcer/enforcer.py:167}}
Oct 20 08:47:56.350780 dv-cinder-master-3-iscsi devstack@keystone.service[81562]: DEBUG keystone.common.rbac_enforcer.enforcer [None req-3a424af2-77e8-4349-a692-eaa6e9c27112 None admin] RBAC: Authorizing `identity:list_role_assignments()` {{(pid=81562) enforce_call /opt/stack/keystone/keystone/common/rbac_enforcer/enforcer.py:449}}
Oct 20 08:47:56.352312 dv-cinder-master-3-iscsi devstack@keystone.service[81562]: DEBUG keystone.common.rbac_enforcer.enforcer [None req-3a424af2-77e8-4349-a692-eaa6e9c27112 None admin] RBAC: Authorization granted {{(pid=81562) enforce_call /opt/stack/keystone/keystone/common/rbac_enforcer/enforcer.py:457}}
Oct 20 08:47:56.362070 dv-cinder-master-3-iscsi devstack@keystone.service[81562]: [pid: 81562|app: 0|req: 90/186] 10.222.0.36 () {56 vars in 1374 bytes} [Thu Oct 20 08:47:56 2022] GET /identity/v3/role_assignments?user.id=3369ee1465d54d07a96234d89bc1addf&scope.project.id=a00517b9cca94187ac4aba4ec7468007&role.id=b3f8d63bf4c4488288e57693c6e9804c => generated 608 bytes in 223 msecs (HTTP/1.1 200) 5 headers in 177 bytes (1 switches on core 0)
Oct 20 08:47:57.129597 dv-cinder-master-3-iscsi devstack@keystone.service[81561]: DEBUG keystone.server.flask.request_processing.req_logging [None req-6e93fc10-d763-45df-b2d4-599622526fbe None None] REQUEST_METHOD: `GET` {{(pid=81561) log_request_info /opt/stack/keystone/keystone/server/flask/request_processing/req_logging.py:27}}
Oct 20 08:47:57.130156 dv-cinder-master-3-iscsi devstack@keystone.service[81561]: DEBUG keystone.server.flask.request_processing.req_logging [None req-6e93fc10-d763-45df-b2d4-599622526fbe None None] SCRIPT_NAME: `/identity` {{(pid=81561) log_request_info /opt/stack/keystone/keystone/server/flask/request_processing/req_logging.py:28}}
Oct 20 08:47:57.130156 dv-cinder-master-3-iscsi devstack@keystone.service[81561]: DEBUG keystone.server.flask.request_processing.req_logging [None req-6e93fc10-d763-45df-b2d4-599622526fbe None None] PATH_INFO: `/` {{(pid=81561) log_request_info /opt/stack/keystone/keystone/server/flask/request_processing/req_logging.py:29}}
Oct 20 08:47:57.131222 dv-cinder-master-3-iscsi devstack@keystone.service[81562]: DEBUG keystone.server.flask.request_processing.req_logging [None req-c01a2329-ade3-4eef-8063-95b5117c434f None None] REQUEST_METHOD: `GET` {{(pid=81562) log_request_info /opt/stack/keystone/keystone/server/flask/request_processing/req_logging.py:27}}
Oct 20 08:47:57.131627 dv-cinder-master-3-iscsi devstack@keystone.service[81562]: DEBUG keystone.server.flask.request_processing.req_logging [None req-c01a2329-ade3-4eef-8063-95b5117c434f None None] SCRIPT_NAME: `/identity` {{(pid=81562) log_request_info /opt/stack/keystone/keystone/server/flask/request_processing/req_logging.py:28}}
Oct 20 08:47:57.131832 dv-cinder-master-3-iscsi devstack@keystone.service[81562]: DEBUG keystone.server.flask.request_processing.req_logging [None req-c01a2329-ade3-4eef-8063-95b5117c434f None None] PATH_INFO: `/` {{(pid=81562) log_request_info /opt/stack/keystone/keystone/server/flask/request_processing/req_logging.py:29}}
Oct 20 08:47:57.132239 dv-cinder-master-3-iscsi devstack@keystone.service[81561]: [pid: 81561|app: 0|req: 97/187] 10.222.0.36 () {54 vars in 927 bytes} [Thu Oct 20 08:47:57 2022] GET /identity => generated 270 bytes in 4 msecs (HTTP/1.1 300) 6 headers in 234 bytes (1 switches on core 0)
Oct 20 08:47:57.133625 dv-cinder-master-3-iscsi devstack@keystone.service[81562]: [pid: 81562|app: 0|req: 91/188] 10.222.0.36 () {54 vars in 927 bytes} [Thu Oct 20 08:47:57 2022] GET /identity => generated 270 bytes in 4 msecs (HTTP/1.1 300) 6 headers in 234 bytes (1 switches on core 0)
Oct 20 08:47:57.137112 dv-cinder-master-3-iscsi devstack@keystone.service[81561]: DEBUG keystone.server.flask.request_processing.req_logging [None req-6d780e08-34a9-4f80-95e3-0c9e90cad219 None None] REQUEST_METHOD: `POST` {{(pid=81561) log_request_info /opt/stack/keystone/keystone/server/flask/request_processing/req_logging.py:27}}
Oct 20 08:47:57.137549 dv-cinder-master-3-iscsi devstack@keystone.service[81561]: DEBUG keystone.server.flask.request_processing.req_logging [None req-6d780e08-34a9-4f80-95e3-0c9e90cad219 None None] SCRIPT_NAME: `/identity` {{(pid=81561) log_request_info /opt/stack/keystone/keystone/server/flask/request_processing/req_logging.py:28}}
Oct 20 08:47:57.137663 dv-cinder-master-3-iscsi devstack@keystone.service[81561]: DEBUG keystone.server.flask.request_processing.req_logging [None req-6d780e08-34a9-4f80-95e3-0c9e90cad219 None None] PATH_INFO: `/v3/auth/tokens` {{(pid=81561) log_request_info /opt/stack/keystone/keystone/server/flask/request_processing/req_logging.py:29}}
Oct 20 08:47:57.139098 dv-cinder-master-3-iscsi devstack@keystone.service[81562]: DEBUG keystone.server.flask.request_processing.req_logging [None req-538ea5ab-61aa-469a-97ff-f08ad8be95f9 None None] REQUEST_METHOD: `POST` {{(pid=81562) log_request_info /opt/stack/keystone/keystone/server/flask/request_processing/req_logging.py:27}}
Oct 20 08:47:57.139384 dv-cinder-master-3-iscsi devstack@keystone.service[81562]: DEBUG keystone.server.flask.request_processing.req_logging [None req-538ea5ab-61aa-469a-97ff-f08ad8be95f9 None None] SCRIPT_NAME: `/identity` {{(pid=81562) log_request_info /opt/stack/keystone/keystone/server/flask/request_processing/req_logging.py:28}}
Oct 20 08:47:57.139658 dv-cinder-master-3-iscsi devstack@keystone.service[81562]: DEBUG keystone.server.flask.request_processing.req_logging [None req-538ea5ab-61aa-469a-97ff-f08ad8be95f9 None None] PATH_INFO: `/v3/auth/tokens` {{(pid=81562) log_request_info /opt/stack/keystone/keystone/server/flask/request_processing/req_logging.py:29}}
Oct 20 08:47:57.159079 dv-cinder-master-3-iscsi devstack@keystone.service[81562]: DEBUG keystone.auth.core [None req-538ea5ab-61aa-469a-97ff-f08ad8be95f9 None None] MFA Rules not processed for user `9804008bc9774f7b96bc93c72ddebd2f`. Rule list: `[]` (Enabled: `True`). {{(pid=81562) check_auth_methods_against_rules /opt/stack/keystone/keystone/auth/core.py:438}}
Oct 20 08:47:57.159283 dv-cinder-master-3-iscsi devstack@keystone.service[81561]: DEBUG keystone.auth.core [None req-6d780e08-34a9-4f80-95e3-0c9e90cad219 None None] MFA Rules not processed for user `9804008bc9774f7b96bc93c72ddebd2f`. Rule list: `[]` (Enabled: `True`). {{(pid=81561) check_auth_methods_against_rules /opt/stack/keystone/keystone/auth/core.py:438}}
Oct 20 08:47:57.160268 dv-cinder-master-3-iscsi devstack@keystone.service[81562]: DEBUG keystone.common.fernet_utils [None req-538ea5ab-61aa-469a-97ff-f08ad8be95f9 None None] Loaded 2 Fernet keys from /etc/keystone/fernet-keys/, but `[fernet_tokens] max_active_keys = 3`; perhaps there have not been enough key rotations to reach `max_active_keys` yet? {{(pid=81562) load_keys /opt/stack/keystone/keystone/common/fernet_utils.py:286}}
Oct 20 08:47:57.160371 dv-cinder-master-3-iscsi devstack@keystone.service[81561]: DEBUG keystone.common.fernet_utils [None req-6d780e08-34a9-4f80-95e3-0c9e90cad219 None None] Loaded 2 Fernet keys from /etc/keystone/fernet-keys/, but `[fernet_tokens] max_active_keys = 3`; perhaps there have not been enough key rotations to reach `max_active_keys` yet? {{(pid=81561) load_keys /opt/stack/keystone/keystone/common/fernet_utils.py:286}}
Oct 20 08:47:57.182677 dv-cinder-master-3-iscsi devstack@keystone.service[81561]: DEBUG dbcounter [-] [81561] Writing DB stats keystone:SELECT=100 {{(pid=81561) stat_writer /usr/local/lib/python3.8/dist-packages/dbcounter.py:114}}
Oct 20 08:47:57.228511 dv-cinder-master-3-iscsi devstack@keystone.service[81562]: [pid: 81562|app: 0|req: 92/189] 10.222.0.36 () {58 vars in 1024 bytes} [Thu Oct 20 08:47:57 2022] POST /identity/v3/auth/tokens => generated 799 bytes in 90 msecs (HTTP/1.1 201) 6 headers in 363 bytes (1 switches on core 0)
Oct 20 08:47:57.243067 dv-cinder-master-3-iscsi devstack@keystone.service[81561]: [pid: 81561|app: 0|req: 98/190] 10.222.0.36 () {58 vars in 1024 bytes} [Thu Oct 20 08:47:57 2022] POST /identity/v3/auth/tokens => generated 799 bytes in 106 msecs (HTTP/1.1 201) 6 headers in 363 bytes (1 switches on core 0)
Oct 20 08:47:57.497123 dv-cinder-master-3-iscsi devstack@keystone.service[81562]: DEBUG keystone.server.flask.request_processing.middleware.auth_context [None req-538ea5ab-61aa-469a-97ff-f08ad8be95f9 None None] Authenticating user token {{(pid=81562) process_request /usr/local/lib/python3.8/dist-packages/keystonemiddleware/auth_token/__init__.py:407}}
Oct 20 08:47:57.514191 dv-cinder-master-3-iscsi devstack@keystone.service[81561]: DEBUG keystone.server.flask.request_processing.req_logging [None req-d4a1243d-4e24-4668-9381-61e271fd2c4f None None] REQUEST_METHOD: `GET` {{(pid=81561) log_request_info /opt/stack/keystone/keystone/server/flask/request_processing/req_logging.py:27}}
Oct 20 08:47:57.514497 dv-cinder-master-3-iscsi devstack@keystone.service[81561]: DEBUG keystone.server.flask.request_processing.req_logging [None req-d4a1243d-4e24-4668-9381-61e271fd2c4f None None] SCRIPT_NAME: `/identity` {{(pid=81561) log_request_info /opt/stack/keystone/keystone/server/flask/request_processing/req_logging.py:28}}
Oct 20 08:47:57.514766 dv-cinder-master-3-iscsi devstack@keystone.service[81561]: DEBUG keystone.server.flask.request_processing.req_logging [None req-d4a1243d-4e24-4668-9381-61e271fd2c4f None None] PATH_INFO: `/` {{(pid=81561) log_request_info /opt/stack/keystone/keystone/server/flask/request_processing/req_logging.py:29}}
Oct 20 08:47:57.516281 dv-cinder-master-3-iscsi devstack@keystone.service[81561]: [pid: 81561|app: 0|req: 99/191] 10.222.0.36 () {54 vars in 927 bytes} [Thu Oct 20 08:47:57 2022] GET /identity => generated 270 bytes in 3 msecs (HTTP/1.1 300) 6 headers in 234 bytes (1 switches on core 0)
Oct 20 08:47:57.518229 dv-cinder-master-3-iscsi devstack@keystone.service[81561]: DEBUG keystone.server.flask.request_processing.middleware.auth_context [None req-d4a1243d-4e24-4668-9381-61e271fd2c4f None None] Authenticating user token {{(pid=81561) process_request /usr/local/lib/python3.8/dist-packages/keystonemiddleware/auth_token/__init__.py:407}}
Oct 20 08:47:57.564727 dv-cinder-master-3-iscsi devstack@keystone.service[81562]: DEBUG dbcounter [-] [81562] Writing DB stats keystone:SELECT=100 {{(pid=81562) stat_writer /usr/local/lib/python3.8/dist-packages/dbcounter.py:114}}
Oct 20 08:47:57.594283 dv-cinder-master-3-iscsi devstack@keystone.service[81562]: DEBUG keystone.server.flask.request_processing.middleware.auth_context [None req-538ea5ab-61aa-469a-97ff-f08ad8be95f9 None None] Validating token access rules against request {{(pid=81562) validate_allowed_request /usr/local/lib/python3.8/dist-packages/keystonemiddleware/auth_token/__init__.py:545}}
Oct 20 08:47:57.619089 dv-cinder-master-3-iscsi devstack@keystone.service[81561]: DEBUG keystone.server.flask.request_processing.middleware.auth_context [None req-d4a1243d-4e24-4668-9381-61e271fd2c4f None None] Validating token access rules against request {{(pid=81561) validate_allowed_request /usr/local/lib/python3.8/dist-packages/keystonemiddleware/auth_token/__init__.py:545}}
Oct 20 08:47:57.628364 dv-cinder-master-3-iscsi devstack@keystone.service[81562]: DEBUG keystone.server.flask.request_processing.middleware.auth_context [None req-edf3249b-7c70-4dd8-92de-66a82b240c76 None admin] RBAC: auth_context: {'token': , 'domain_id': None, 'trust_id': None, 'trustor_id': None, 'trustee_id': None, 'domain_name': None, 'group_ids': [], 'user_id': '9804008bc9774f7b96bc93c72ddebd2f', 'user_domain_id': 'default', 'system_scope': 'all', 'project_id': None, 'project_domain_id': None, 'roles': ['admin', 'member', 'reader'], 'is_admin_project': True, 'service_user_id': None, 'service_user_domain_id': None, 'service_project_id': None, 'service_project_domain_id': None, 'service_roles': []} {{(pid=81562) fill_context /opt/stack/keystone/keystone/server/flask/request_processing/middleware/auth_context.py:478}}
Oct 20 08:47:57.629328 dv-cinder-master-3-iscsi devstack@keystone.service[81562]: DEBUG keystone.server.flask.request_processing.req_logging [None req-edf3249b-7c70-4dd8-92de-66a82b240c76 None admin] REQUEST_METHOD: `GET` {{(pid=81562) log_request_info /opt/stack/keystone/keystone/server/flask/request_processing/req_logging.py:27}}
Oct 20 08:47:57.629602 dv-cinder-master-3-iscsi devstack@keystone.service[81562]: DEBUG keystone.server.flask.request_processing.req_logging [None req-edf3249b-7c70-4dd8-92de-66a82b240c76 None admin] SCRIPT_NAME: `/identity` {{(pid=81562) log_request_info /opt/stack/keystone/keystone/server/flask/request_processing/req_logging.py:28}}
Oct 20 08:47:57.629870 dv-cinder-master-3-iscsi devstack@keystone.service[81562]: DEBUG keystone.server.flask.request_processing.req_logging [None req-edf3249b-7c70-4dd8-92de-66a82b240c76 None admin] PATH_INFO: `/v3/domains/default` {{(pid=81562) log_request_info /opt/stack/keystone/keystone/server/flask/request_processing/req_logging.py:29}}
Oct 20 08:47:57.631006 dv-cinder-master-3-iscsi devstack@keystone.service[81562]: DEBUG keystone.common.rbac_enforcer.enforcer [None req-edf3249b-7c70-4dd8-92de-66a82b240c76 None admin] RBAC: Authorizing `identity:get_domain(domain_id=default)` {{(pid=81562) enforce_call /opt/stack/keystone/keystone/common/rbac_enforcer/enforcer.py:449}}
Oct 20 08:47:57.632452 dv-cinder-master-3-iscsi devstack@keystone.service[81562]: DEBUG keystone.common.rbac_enforcer.enforcer [None req-edf3249b-7c70-4dd8-92de-66a82b240c76 None admin] RBAC: Authorization granted {{(pid=81562) enforce_call /opt/stack/keystone/keystone/common/rbac_enforcer/enforcer.py:457}}
Oct 20 08:47:57.634170 dv-cinder-master-3-iscsi devstack@keystone.service[81562]: [pid: 81562|app: 0|req: 93/192] 10.222.0.36 () {56 vars in 1108 bytes} [Thu Oct 20 08:47:57 2022] GET /identity/v3/domains/default => generated 199 bytes in 138 msecs (HTTP/1.1 200) 5 headers in 177 bytes (1 switches on core 0)
Oct 20 08:47:57.635105 dv-cinder-master-3-iscsi devstack@keystone.service[81562]: DEBUG keystone.server.flask.request_processing.req_logging [None req-243d3acb-8107-4a9b-b69d-92fd21afe767 None None] REQUEST_METHOD: `POST` {{(pid=81562) log_request_info /opt/stack/keystone/keystone/server/flask/request_processing/req_logging.py:27}}
Oct 20 08:47:57.635381 dv-cinder-master-3-iscsi devstack@keystone.service[81562]: DEBUG keystone.server.flask.request_processing.req_logging [None req-243d3acb-8107-4a9b-b69d-92fd21afe767 None None] SCRIPT_NAME: `/identity` {{(pid=81562) log_request_info /opt/stack/keystone/keystone/server/flask/request_processing/req_logging.py:28}}
Oct 20 08:47:57.635648 dv-cinder-master-3-iscsi devstack@keystone.service[81562]: DEBUG keystone.server.flask.request_processing.req_logging [None req-243d3acb-8107-4a9b-b69d-92fd21afe767 None None] PATH_INFO: `/v3/auth/tokens` {{(pid=81562) log_request_info /opt/stack/keystone/keystone/server/flask/request_processing/req_logging.py:29}}
Oct 20 08:47:57.653107 dv-cinder-master-3-iscsi devstack@keystone.service[81562]: DEBUG keystone.auth.core [None req-243d3acb-8107-4a9b-b69d-92fd21afe767 None None] MFA Rules not processed for user `9804008bc9774f7b96bc93c72ddebd2f`. Rule list: `[]` (Enabled: `True`). {{(pid=81562) check_auth_methods_against_rules /opt/stack/keystone/keystone/auth/core.py:438}}
Oct 20 08:47:57.654254 dv-cinder-master-3-iscsi devstack@keystone.service[81562]: DEBUG keystone.common.fernet_utils [None req-243d3acb-8107-4a9b-b69d-92fd21afe767 None None] Loaded 2 Fernet keys from /etc/keystone/fernet-keys/, but `[fernet_tokens] max_active_keys = 3`; perhaps there have not been enough key rotations to reach `max_active_keys` yet? {{(pid=81562) load_keys /opt/stack/keystone/keystone/common/fernet_utils.py:286}}
Oct 20 08:47:57.656593 dv-cinder-master-3-iscsi devstack@keystone.service[81561]: DEBUG keystone.server.flask.request_processing.middleware.auth_context [None req-5120dd02-311b-4351-bebb-6fdc69f984ee None admin] RBAC: auth_context: {'token': , 'domain_id': None, 'trust_id': None, 'trustor_id': None, 'trustee_id': None, 'domain_name': None, 'group_ids': [], 'user_id': '9804008bc9774f7b96bc93c72ddebd2f', 'user_domain_id': 'default', 'system_scope': 'all', 'project_id': None, 'project_domain_id': None, 'roles': ['admin', 'member', 'reader'], 'is_admin_project': True, 'service_user_id': None, 'service_user_domain_id': None, 'service_project_id': None, 'service_project_domain_id': None, 'service_roles': []} {{(pid=81561) fill_context /opt/stack/keystone/keystone/server/flask/request_processing/middleware/auth_context.py:478}}
Oct 20 08:47:57.657217 dv-cinder-master-3-iscsi devstack@keystone.service[81561]: DEBUG keystone.server.flask.request_processing.req_logging [None req-5120dd02-311b-4351-bebb-6fdc69f984ee None admin] REQUEST_METHOD: `GET` {{(pid=81561) log_request_info /opt/stack/keystone/keystone/server/flask/request_processing/req_logging.py:27}}
Oct 20 08:47:57.657492 dv-cinder-master-3-iscsi devstack@keystone.service[81561]: DEBUG keystone.server.flask.request_processing.req_logging [None req-5120dd02-311b-4351-bebb-6fdc69f984ee None admin] SCRIPT_NAME: `/identity` {{(pid=81561) log_request_info /opt/stack/keystone/keystone/server/flask/request_processing/req_logging.py:28}}
Oct 20 08:47:57.657761 dv-cinder-master-3-iscsi devstack@keystone.service[81561]: DEBUG keystone.server.flask.request_processing.req_logging [None req-5120dd02-311b-4351-bebb-6fdc69f984ee None admin] PATH_INFO: `/v3/roles/reader` {{(pid=81561) log_request_info /opt/stack/keystone/keystone/server/flask/request_processing/req_logging.py:29}}
Oct 20 08:47:57.668184 dv-cinder-master-3-iscsi devstack@keystone.service[81561]: DEBUG keystone.common.rbac_enforcer.enforcer [None req-5120dd02-311b-4351-bebb-6fdc69f984ee None admin] Extracting inferred target data resulted in "NOT FOUND (404)". {{(pid=81561) enforce_call /opt/stack/keystone/keystone/common/rbac_enforcer/enforcer.py:409}}
Oct 20 08:47:57.672968 dv-cinder-master-3-iscsi devstack@keystone.service[81561]: ERROR keystone.server.flask.application [None req-5120dd02-311b-4351-bebb-6fdc69f984ee None admin] Could not find role: reader.: keystone.exception.RoleNotFound: Could not find role: reader.
Oct 20 08:47:57.672968 dv-cinder-master-3-iscsi devstack@keystone.service[81561]: ERROR keystone.server.flask.application
Traceback (most recent call last):
Oct 20 08:47:57.672968 dv-cinder-master-3-iscsi devstack@keystone.service[81561]: ERROR keystone.server.flask.application
File "/usr/local/lib/python3.8/dist-packages/flask/app.py", line 1820, in full_dispatch_request
Oct 20 08:47:57.672968 dv-cinder-master-3-iscsi devstack@keystone.service[81561]: ERROR keystone.server.flask.application rv = self.dispatch_request()
Oct 20 08:47:57.672968 dv-cinder-master-3-iscsi devstack@keystone.service[81561]: ERROR keystone.server.flask.application
File "/usr/local/lib/python3.8/dist-packages/flask/app.py", line 1796, in dispatch_request
Oct 20 08:47:57.672968 dv-cinder-master-3-iscsi devstack@keystone.service[81561]: ERROR keystone.server.flask.application return self.ensure_sync(self.view_functions[rule.endpoint])(**view_args)
Oct 20 08:47:57.672968 dv-cinder-master-3-iscsi devstack@keystone.service[81561]: ERROR keystone.server.flask.application
File "/usr/local/lib/python3.8/dist-packages/flask_restful/__init__.py", line 467, in wrapper
Oct 20 08:47:57.672968 dv-cinder-master-3-iscsi devstack@keystone.service[81561]: ERROR keystone.server.flask.application resp = resource(*args, **kwargs)
Oct 20 08:47:57.672968 dv-cinder-master-3-iscsi devstack@keystone.service[81561]: ERROR keystone.server.flask.application
File "/usr/local/lib/python3.8/dist-packages/flask/views.py", line 107, in view
Oct 20 08:47:57.672968 dv-cinder-master-3-iscsi devstack@keystone.service[81561]: ERROR keystone.server.flask.application return current_app.ensure_sync(self.dispatch_request)(**kwargs)
Oct 20 08:47:57.672968 dv-cinder-master-3-iscsi devstack@keystone.service[81561]: ERROR keystone.server.flask.application
File "/usr/local/lib/python3.8/dist-packages/flask_restful/__init__.py", line 582, in dispatch_request
Oct 20 08:47:57.672968 dv-cinder-master-3-iscsi devstack@keystone.service[81561]: ERROR keystone.server.flask.application resp = meth(*args, **kwargs)
Oct 20 08:47:57.672968 dv-cinder-master-3-iscsi devstack@keystone.service[81561]: ERROR keystone.server.flask.application
File "/opt/stack/keystone/keystone/api/roles.py", line 50, in get
Oct 20 08:47:57.672968 dv-cinder-master-3-iscsi devstack@keystone.service[81561]: ERROR keystone.server.flask.application return self._get_role(role_id)
Oct 20 08:47:57.672968 dv-cinder-master-3-iscsi devstack@keystone.service[81561]: ERROR keystone.server.flask.application
File "/opt/stack/keystone/keystone/api/roles.py", line 70, in _get_role
Oct 20 08:47:57.672968 dv-cinder-master-3-iscsi devstack@keystone.service[81561]: ERROR keystone.server.flask.application ENFORCER.enforce_call(action='identity:get_role')
Oct 20 08:47:57.673922 dv-cinder-master-3-iscsi devstack@keystone.service[81561]: ERROR keystone.server.flask.application
File "/opt/stack/keystone/keystone/common/rbac_enforcer/enforcer.py", line 402, in enforce_call
Oct 20 08:47:57.673922 dv-cinder-master-3-iscsi devstack@keystone.service[81561]: ERROR keystone.server.flask.application policy_dict.update(cls._extract_member_target_data(
Oct 20 08:47:57.673922 dv-cinder-master-3-iscsi devstack@keystone.service[81561]: ERROR keystone.server.flask.application
File "/opt/stack/keystone/keystone/common/rbac_enforcer/enforcer.py", line 234, in _extract_member_target_data
Oct 20 08:47:57.673922 dv-cinder-master-3-iscsi devstack@keystone.service[81561]: ERROR keystone.server.flask.application member_name: func(flask.request.view_args[key])
Oct 20 08:47:57.673922 dv-cinder-master-3-iscsi devstack@keystone.service[81561]: ERROR keystone.server.flask.application
File "/opt/stack/keystone/keystone/common/manager.py", line 115, in wrapped
Oct 20 08:47:57.673922 dv-cinder-master-3-iscsi devstack@keystone.service[81561]: ERROR keystone.server.flask.application __ret_val = __f(*args, **kwargs)
Oct 20 08:47:57.673922 dv-cinder-master-3-iscsi devstack@keystone.service[81561]: ERROR keystone.server.flask.application
File "/usr/local/lib/python3.8/dist-packages/decorator.py", line 232, in fun
Oct 20 08:47:57.673922 dv-cinder-master-3-iscsi devstack@keystone.service[81561]: ERROR keystone.server.flask.application return caller(func, *(extras + args), **kw)
Oct 20 08:47:57.673922 dv-cinder-master-3-iscsi devstack@keystone.service[81561]: ERROR keystone.server.flask.application
File "/usr/local/lib/python3.8/dist-packages/dogpile/cache/region.py", line 1577, in get_or_create_for_user_func
Oct 20 08:47:57.673922 dv-cinder-master-3-iscsi devstack@keystone.service[81561]: ERROR keystone.server.flask.application return self.get_or_create(
Oct 20 08:47:57.673922 dv-cinder-master-3-iscsi devstack@keystone.service[81561]: ERROR keystone.server.flask.application
File "/usr/local/lib/python3.8/dist-packages/dogpile/cache/region.py", line 1042, in get_or_create
Oct 20 08:47:57.673922 dv-cinder-master-3-iscsi devstack@keystone.service[81561]: ERROR keystone.server.flask.application with Lock(
Oct 20 08:47:57.673922 dv-cinder-master-3-iscsi devstack@keystone.service[81561]: ERROR keystone.server.flask.application
File "/usr/local/lib/python3.8/dist-packages/dogpile/lock.py", line 185, in __enter__
Oct 20 08:47:57.673922 dv-cinder-master-3-iscsi devstack@keystone.service[81561]: ERROR keystone.server.flask.application return self._enter()
Oct 20 08:47:57.673922 dv-cinder-master-3-iscsi devstack@keystone.service[81561]: ERROR keystone.server.flask.application
File "/usr/local/lib/python3.8/dist-packages/dogpile/lock.py", line 94, in _enter
Oct 20 08:47:57.673922 dv-cinder-master-3-iscsi devstack@keystone.service[81561]: ERROR keystone.server.flask.application generated = self._enter_create(value, createdtime)
Oct 20 08:47:57.679417 dv-cinder-master-3-iscsi devstack@keystone.service[81561]: ERROR keystone.server.flask.application
File "/usr/local/lib/python3.8/dist-packages/dogpile/lock.py", line 178, in _enter_create
Oct 20 08:47:57.679417 dv-cinder-master-3-iscsi devstack@keystone.service[81561]: ERROR keystone.server.flask.application return self.creator()
Oct 20 08:47:57.679417 dv-cinder-master-3-iscsi devstack@keystone.service[81561]: ERROR keystone.server.flask.application
File "/usr/local/lib/python3.8/dist-packages/dogpile/cache/region.py", line 995, in gen_value
Oct 20 08:47:57.679417 dv-cinder-master-3-iscsi devstack@keystone.service[81561]: ERROR keystone.server.flask.application created_value = creator(
Oct 20 08:47:57.679417 dv-cinder-master-3-iscsi devstack@keystone.service[81561]: ERROR keystone.server.flask.application
File "/opt/stack/keystone/keystone/assignment/core.py", line 1276, in get_role
Oct 20 08:47:57.679417 dv-cinder-master-3-iscsi devstack@keystone.service[81561]: ERROR keystone.server.flask.application return self.driver.get_role(role_id)
Oct 20 08:47:57.679417 dv-cinder-master-3-iscsi devstack@keystone.service[81561]: ERROR keystone.server.flask.application
File "/opt/stack/keystone/keystone/assignment/role_backends/sql.py", line 70, in get_role
Oct 20 08:47:57.679417 dv-cinder-master-3-iscsi devstack@keystone.service[81561]: ERROR keystone.server.flask.application return self._get_role(session, role_id).to_dict()
Oct 20 08:47:57.679417 dv-cinder-master-3-iscsi devstack@keystone.service[81561]: ERROR keystone.server.flask.application
File "/opt/stack/keystone/keystone/assignment/role_backends/sql.py", line 65, in _get_role
Oct 20 08:47:57.679417 dv-cinder-master-3-iscsi devstack@keystone.service[81561]: ERROR keystone.server.flask.application raise exception.RoleNotFound(role_id=role_id)
Oct 20 08:47:57.679417 dv-cinder-master-3-iscsi devstack@keystone.service[81561]: ERROR keystone.server.flask.application keystone.exception.RoleNotFound: Could not find role: reader.
Oct 20 08:47:57.679417 dv-cinder-master-3-iscsi devstack@keystone.service[81561]: ERROR keystone.server.flask.application
Oct 20 08:47:57.679417 dv-cinder-master-3-iscsi devstack@keystone.service[81561]: [pid: 81561|app: 0|req: 100/193] 10.222.0.36 () {56 vars in 1099 bytes} [Thu Oct 20 08:47:57 2022] GET /identity/v3/roles/reader => generated 84 bytes in 157 msecs (HTTP/1.1 404) 5 headers in 183 bytes (2 switches on core 0)
Oct 20 08:47:57.679417 dv-cinder-master-3-iscsi devstack@keystone.service[81561]: DEBUG keystone.server.flask.request_processing.middleware.auth_context [None req-5120dd02-311b-4351-bebb-6fdc69f984ee None admin] Authenticating user token {{(pid=81561) process_request /usr/local/lib/python3.8/dist-packages/keystonemiddleware/auth_token/__init__.py:407}}
Oct 20 08:47:57.690588 dv-cinder-master-3-iscsi devstack@keystone.service[81561]: DEBUG dbcounter [-] [81561] Writing DB stats keystone:SELECT=100 {{(pid=81561) stat_writer /usr/local/lib/python3.8/dist-packages/dbcounter.py:114}}
Oct 20 08:47:57.721465 dv-cinder-master-3-iscsi devstack@keystone.service[81562]: [pid: 81562|app: 0|req: 94/194] 10.222.0.36 () {58 vars in 1024 bytes} [Thu Oct 20 08:47:57 2022] POST /identity/v3/auth/tokens => generated 799 bytes in 87 msecs (HTTP/1.1 201) 6 headers in 363 bytes (1 switches on core 0)
Oct 20 08:47:57.722285 dv-cinder-master-3-iscsi devstack@keystone.service[81562]: DEBUG keystone.server.flask.request_processing.middleware.auth_context [None req-243d3acb-8107-4a9b-b69d-92fd21afe767 None None] Authenticating user token {{(pid=81562) process_request /usr/local/lib/python3.8/dist-packages/keystonemiddleware/auth_token/__init__.py:407}}
Oct 20 08:47:57.777580 dv-cinder-master-3-iscsi devstack@keystone.service[81561]: DEBUG keystone.server.flask.request_processing.middleware.auth_context [None req-5120dd02-311b-4351-bebb-6fdc69f984ee None admin] Validating token access rules against request {{(pid=81561) validate_allowed_request /usr/local/lib/python3.8/dist-packages/keystonemiddleware/auth_token/__init__.py:545}}
Oct 20 08:47:57.788973 dv-cinder-master-3-iscsi devstack@keystone.service[81562]: DEBUG dbcounter [-] [81562] Writing DB stats keystone:SELECT=100 {{(pid=81562) stat_writer /usr/local/lib/python3.8/dist-packages/dbcounter.py:114}}
Oct 20 08:47:57.818428 dv-cinder-master-3-iscsi devstack@keystone.service[81561]: DEBUG keystone.server.flask.request_processing.middleware.auth_context [None req-93ccdc6c-7a0e-4150-a510-52534ad492cc None admin] RBAC: auth_context: {'token': , 'domain_id': None, 'trust_id': None, 'trustor_id': None, 'trustee_id': None, 'domain_name': None, 'group_ids': [], 'user_id': '9804008bc9774f7b96bc93c72ddebd2f', 'user_domain_id': 'default', 'system_scope': 'all', 'project_id': None, 'project_domain_id': None, 'roles': ['admin', 'member', 'reader'], 'is_admin_project': True, 'service_user_id': None, 'service_user_domain_id': None, 'service_project_id': None, 'service_project_domain_id': None, 'service_roles': []} {{(pid=81561) fill_context /opt/stack/keystone/keystone/server/flask/request_processing/middleware/auth_context.py:478}}
Oct 20 08:47:57.819331 dv-cinder-master-3-iscsi devstack@keystone.service[81561]: DEBUG keystone.server.flask.request_processing.req_logging [None req-93ccdc6c-7a0e-4150-a510-52534ad492cc None admin] REQUEST_METHOD: `POST` {{(pid=81561) log_request_info /opt/stack/keystone/keystone/server/flask/request_processing/req_logging.py:27}}
Oct 20 08:47:57.819615 dv-cinder-master-3-iscsi devstack@keystone.service[81561]: DEBUG keystone.server.flask.request_processing.req_logging [None req-93ccdc6c-7a0e-4150-a510-52534ad492cc None admin] SCRIPT_NAME: `/identity` {{(pid=81561) log_request_info /opt/stack/keystone/keystone/server/flask/request_processing/req_logging.py:28}}
Oct 20 08:47:57.820132 dv-cinder-master-3-iscsi devstack@keystone.service[81561]: DEBUG keystone.server.flask.request_processing.req_logging [None req-93ccdc6c-7a0e-4150-a510-52534ad492cc None admin] PATH_INFO: `/v3/users` {{(pid=81561) log_request_info /opt/stack/keystone/keystone/server/flask/request_processing/req_logging.py:29}}
Oct 20 08:47:57.821191 dv-cinder-master-3-iscsi devstack@keystone.service[81561]: DEBUG keystone.common.rbac_enforcer.enforcer [None req-93ccdc6c-7a0e-4150-a510-52534ad492cc None admin] RBAC: Authorizing `identity:create_user()` {{(pid=81561) enforce_call /opt/stack/keystone/keystone/common/rbac_enforcer/enforcer.py:449}}
Oct 20 08:47:57.822994 dv-cinder-master-3-iscsi devstack@keystone.service[81561]: DEBUG keystone.common.rbac_enforcer.enforcer [None req-93ccdc6c-7a0e-4150-a510-52534ad492cc None admin] RBAC: Authorization granted {{(pid=81561) enforce_call /opt/stack/keystone/keystone/common/rbac_enforcer/enforcer.py:457}}
Oct 20 08:47:57.823567 dv-cinder-master-3-iscsi devstack@keystone.service[81562]: DEBUG keystone.server.flask.request_processing.middleware.auth_context [None req-243d3acb-8107-4a9b-b69d-92fd21afe767 None None] Validating token access rules against request {{(pid=81562) validate_allowed_request /usr/local/lib/python3.8/dist-packages/keystonemiddleware/auth_token/__init__.py:545}}
Oct 20 08:47:57.848306 dv-cinder-master-3-iscsi devstack@keystone.service[81561]: [pid: 81561|app: 0|req: 101/195] 10.222.0.36 () {60 vars in 1132 bytes} [Thu Oct 20 08:47:57 2022] POST /identity/v3/users => generated 293 bytes in 174 msecs (HTTP/1.1 201) 5 headers in 182 bytes (1 switches on core 0)
Oct 20 08:47:57.861635 dv-cinder-master-3-iscsi devstack@keystone.service[81562]: DEBUG keystone.server.flask.request_processing.middleware.auth_context [None req-47f0ea01-68e1-42da-889c-4207a9035daf None admin] RBAC: auth_context: {'token': , 'domain_id': None, 'trust_id': None, 'trustor_id': None, 'trustee_id': None, 'domain_name': None, 'group_ids': [], 'user_id': '9804008bc9774f7b96bc93c72ddebd2f', 'user_domain_id': 'default', 'system_scope': 'all', 'project_id': None, 'project_domain_id': None, 'roles': ['admin', 'member', 'reader'], 'is_admin_project': True, 'service_user_id': None, 'service_user_domain_id': None, 'service_project_id': None, 'service_project_domain_id': None, 'service_roles': []} {{(pid=81562) fill_context /opt/stack/keystone/keystone/server/flask/request_processing/middleware/auth_context.py:478}}
Oct 20 08:47:57.862267 dv-cinder-master-3-iscsi devstack@keystone.service[81562]: DEBUG keystone.server.flask.request_processing.req_logging [None req-47f0ea01-68e1-42da-889c-4207a9035daf None admin] REQUEST_METHOD: `GET` {{(pid=81562) log_request_info /opt/stack/keystone/keystone/server/flask/request_processing/req_logging.py:27}}
Oct 20 08:47:57.862586 dv-cinder-master-3-iscsi devstack@keystone.service[81562]: DEBUG keystone.server.flask.request_processing.req_logging [None req-47f0ea01-68e1-42da-889c-4207a9035daf None admin] SCRIPT_NAME: `/identity` {{(pid=81562) log_request_info /opt/stack/keystone/keystone/server/flask/request_processing/req_logging.py:28}}
Oct 20 08:47:57.862904 dv-cinder-master-3-iscsi devstack@keystone.service[81562]: DEBUG keystone.server.flask.request_processing.req_logging [None req-47f0ea01-68e1-42da-889c-4207a9035daf None admin] PATH_INFO: `/v3/roles` {{(pid=81562) log_request_info /opt/stack/keystone/keystone/server/flask/request_processing/req_logging.py:29}}
Oct 20 08:47:57.863598 dv-cinder-master-3-iscsi devstack@keystone.service[81562]: DEBUG keystone.common.rbac_enforcer.enforcer [None req-47f0ea01-68e1-42da-889c-4207a9035daf None admin] RBAC: Adding query filter params (name=reader) {{(pid=81562) _extract_filter_values /opt/stack/keystone/keystone/common/rbac_enforcer/enforcer.py:167}}
Oct 20 08:47:57.863907 dv-cinder-master-3-iscsi devstack@keystone.service[81562]: DEBUG keystone.common.rbac_enforcer.enforcer [None req-47f0ea01-68e1-42da-889c-4207a9035daf None admin] RBAC: Authorizing `identity:list_roles()` {{(pid=81562) enforce_call /opt/stack/keystone/keystone/common/rbac_enforcer/enforcer.py:449}}
Oct 20 08:47:57.865939 dv-cinder-master-3-iscsi devstack@keystone.service[81562]: DEBUG keystone.common.rbac_enforcer.enforcer [None req-47f0ea01-68e1-42da-889c-4207a9035daf None admin] RBAC: Authorization granted {{(pid=81562) enforce_call /opt/stack/keystone/keystone/common/rbac_enforcer/enforcer.py:457}}
Oct 20 08:47:57.881020 dv-cinder-master-3-iscsi devstack@keystone.service[81562]: [pid: 81562|app: 0|req: 95/196] 10.222.0.36 () {56 vars in 1101 bytes} [Thu Oct 20 08:47:57 2022] GET /identity/v3/roles?name=reader => generated 341 bytes in 154 msecs (HTTP/1.1 200) 5 headers in 177 bytes (1 switches on core 0)
Oct 20 08:47:57.883644 dv-cinder-master-3-iscsi devstack@keystone.service[81561]: DEBUG keystone.server.flask.request_processing.middleware.auth_context [None req-93ccdc6c-7a0e-4150-a510-52534ad492cc None admin] Authenticating user token {{(pid=81561) process_request /usr/local/lib/python3.8/dist-packages/keystonemiddleware/auth_token/__init__.py:407}}
Oct 20 08:47:57.962270 dv-cinder-master-3-iscsi devstack@keystone.service[81561]: DEBUG dbcounter [-] [81561] Writing DB stats keystone:SELECT=97,keystone:INSERT=3 {{(pid=81561) stat_writer /usr/local/lib/python3.8/dist-packages/dbcounter.py:114}}
Oct 20 08:47:57.986972 dv-cinder-master-3-iscsi devstack@keystone.service[81562]: DEBUG keystone.server.flask.request_processing.middleware.auth_context [None req-47f0ea01-68e1-42da-889c-4207a9035daf None admin] Authenticating user token {{(pid=81562) process_request /usr/local/lib/python3.8/dist-packages/keystonemiddleware/auth_token/__init__.py:407}}
Oct 20 08:47:57.998885 dv-cinder-master-3-iscsi devstack@keystone.service[81561]: DEBUG keystone.server.flask.request_processing.middleware.auth_context [None req-93ccdc6c-7a0e-4150-a510-52534ad492cc None admin] Validating token access rules against request {{(pid=81561) validate_allowed_request /usr/local/lib/python3.8/dist-packages/keystonemiddleware/auth_token/__init__.py:545}}
