Oct 19 13:15:07.377002 dv-cinder-master-3-iscsi devstack@c-api.service[111801]: DEBUG oslo_db.sqlalchemy.engines [None req-cff64efe-d11f-4c88-8aeb-603ba94af284 tempest-GroupsV314Test-1889881928 tempest-GroupsV314Test-1889881928-project] MySQL server mode set to STRICT_TRANS_TABLES,STRICT_ALL_TABLES,NO_ZERO_IN_DATE,NO_ZERO_DATE,ERROR_FOR_DIVISION_BY_ZERO,TRADITIONAL,NO_ENGINE_SUBSTITUTION {{(pid=111801) _check_effective_sql_mode /usr/local/lib/python3.8/dist-packages/oslo_db/sqlalchemy/engines.py:314}}
Oct 19 13:15:07.383725 dv-cinder-master-3-iscsi devstack@c-api.service[111801]: /usr/local/lib/python3.8/dist-packages/oslo_context/context.py:100: DeprecationWarning: Policy enforcement is depending on the value of is_admin. This key is deprecated. Please update your policy file to use the standard policy values.
Oct 19 13:15:07.383725 dv-cinder-master-3-iscsi devstack@c-api.service[111801]: warnings.warn('Policy enforcement is depending on the value of '
Oct 19 13:15:07.392328 dv-cinder-master-3-iscsi devstack@c-api.service[111801]: WARNING stevedore.named [None req-cff64efe-d11f-4c88-8aeb-603ba94af284 tempest-GroupsV314Test-1889881928 tempest-GroupsV314Test-1889881928-project] Could not load cinder.keymgr.conf_key_mgr.ConfKeyManager
Oct 19 13:15:07.392719 dv-cinder-master-3-iscsi devstack@c-api.service[111801]: WARNING castellan.key_manager [None req-cff64efe-d11f-4c88-8aeb-603ba94af284 tempest-GroupsV314Test-1889881928 tempest-GroupsV314Test-1889881928-project] Deprecation Warning : cinder.keymgr.conf_key_mgr.ConfKeyManager is not a stevedore based driver, trying to load it as a class: stevedore.exception.NoMatches: No 'castellan.drivers' driver found, looking for 'cinder.keymgr.conf_key_mgr.ConfKeyManager'
Oct 19 13:15:07.401603 dv-cinder-master-3-iscsi devstack@c-api.service[111801]: DEBUG oslo_db.sqlalchemy.engines [None req-cff64efe-d11f-4c88-8aeb-603ba94af284 tempest-GroupsV314Test-1889881928 tempest-GroupsV314Test-1889881928-project] MySQL server mode set to STRICT_TRANS_TABLES,STRICT_ALL_TABLES,NO_ZERO_IN_DATE,NO_ZERO_DATE,ERROR_FOR_DIVISION_BY_ZERO,TRADITIONAL,NO_ENGINE_SUBSTITUTION {{(pid=111801) _check_effective_sql_mode /usr/local/lib/python3.8/dist-packages/oslo_db/sqlalchemy/engines.py:314}}
Oct 19 13:15:07.407619 dv-cinder-master-3-iscsi devstack@c-api.service[111801]: /usr/local/lib/python3.8/dist-packages/oslo_context/context.py:100: DeprecationWarning: Policy enforcement is depending on the value of is_admin. This key is deprecated. Please update your policy file to use the standard policy values.
Oct 19 13:15:07.407619 dv-cinder-master-3-iscsi devstack@c-api.service[111801]: warnings.warn('Policy enforcement is depending on the value of '
Oct 19 13:15:07.423398 dv-cinder-master-3-iscsi devstack@c-api.service[111801]: INFO cinder.api.openstack.wsgi [None req-cff64efe-d11f-4c88-8aeb-603ba94af284 tempest-GroupsV314Test-1889881928 tempest-GroupsV314Test-1889881928-project] http://10.222.0.17/volume/v3/2bae557ab6b94365b4b0e6663ecdb640/volumes/detail returned with HTTP 200
Oct 19 13:15:07.424341 dv-cinder-master-3-iscsi devstack@c-api.service[111801]: [pid: 111801|app: 0|req: 175/345] 10.222.0.17 () {60 vars in 1276 bytes} [Wed Oct 19 13:15:07 2022] GET /volume/v3/2bae557ab6b94365b4b0e6663ecdb640/volumes/detail => generated 1975 bytes in 113 msecs (HTTP/1.1 200) 7 headers in 287 bytes (2 switches on core 0)
Oct 19 13:15:07.442574 dv-cinder-master-3-iscsi devstack@c-api.service[111801]: DEBUG cinder.api.middleware.request_id [None req-6222c321-fe6a-4c8a-9f36-2a7633b26d1b None None] RequestId filter calling following filter/app {{(pid=111801) _context_setter /opt/stack/cinder/cinder/api/middleware/request_id.py:62}}
Oct 19 13:15:07.446856 dv-cinder-master-3-iscsi devstack@c-api.service[111801]: INFO cinder.api.openstack.wsgi [None req-6222c321-fe6a-4c8a-9f36-2a7633b26d1b tempest-GroupsV314Test-1889881928 tempest-GroupsV314Test-1889881928-project] POST http://10.222.0.17/volume/v3/2bae557ab6b94365b4b0e6663ecdb640/groups/a2a69c6a-f70d-4976-a47c-9053ae037b22/action
Oct 19 13:15:07.447654 dv-cinder-master-3-iscsi devstack@c-api.service[111801]: DEBUG cinder.api.openstack.wsgi [None req-6222c321-fe6a-4c8a-9f36-2a7633b26d1b tempest-GroupsV314Test-1889881928 tempest-GroupsV314Test-1889881928-project] Action body: b'{"delete": {"delete-volumes": true}}' {{(pid=111801) get_method /opt/stack/cinder/cinder/api/openstack/wsgi.py:983}}
Oct 19 13:15:07.447935 dv-cinder-master-3-iscsi devstack@c-api.service[111801]: DEBUG cinder.api.openstack.wsgi [None req-6222c321-fe6a-4c8a-9f36-2a7633b26d1b tempest-GroupsV314Test-1889881928 tempest-GroupsV314Test-1889881928-project] Action: 'action', calling method: version_select, body: {"delete": {"delete-volumes": true}} {{(pid=111801) _process_stack /opt/stack/cinder/cinder/api/openstack/wsgi.py:866}}
Oct 19 13:15:07.450095 dv-cinder-master-3-iscsi devstack@c-api.service[111801]: DEBUG cinder.api.v3.groups [None req-6222c321-fe6a-4c8a-9f36-2a7633b26d1b tempest-GroupsV314Test-1889881928 tempest-GroupsV314Test-1889881928-project] delete called for group a2a69c6a-f70d-4976-a47c-9053ae037b22 {{(pid=111801) _delete /opt/stack/cinder/cinder/api/v3/groups.py:117}}
Oct 19 13:15:07.450426 dv-cinder-master-3-iscsi devstack@c-api.service[111801]: INFO cinder.api.v3.groups [None req-6222c321-fe6a-4c8a-9f36-2a7633b26d1b tempest-GroupsV314Test-1889881928 tempest-GroupsV314Test-1889881928-project] Delete group with id: a2a69c6a-f70d-4976-a47c-9053ae037b22
Oct 19 13:15:07.457039 dv-cinder-master-3-iscsi devstack@c-api.service[111801]: /usr/local/lib/python3.8/dist-packages/oslo_context/context.py:100: DeprecationWarning: Policy enforcement is depending on the value of is_admin. This key is deprecated. Please update your policy file to use the standard policy values.
Oct 19 13:15:07.457039 dv-cinder-master-3-iscsi devstack@c-api.service[111801]: warnings.warn('Policy enforcement is depending on the value of '
Oct 19 13:15:07.490393 dv-cinder-master-3-iscsi devstack@c-api.service[111802]: INFO cinder.api.openstack.wsgi [None req-0b29fccf-0d26-410e-9d67-7f7b09271f35 tempest-VolumeSnapshotQuotasNegativeTestJSON-1794890382 tempest-VolumeSnapshotQuotasNegativeTestJSON-1794890382-project-admin] http://10.222.0.17/volume/v3/8f74ae6063c0451980cc2b9177429bc9/os-quota-sets/fb0d8ebb961541f6b08cf80ac40da8f4 returned with HTTP 200
Oct 19 13:15:07.497493 dv-cinder-master-3-iscsi devstack@c-api.service[111802]: [pid: 111802|app: 0|req: 171/346] 10.222.0.17 () {60 vars in 1352 bytes} [Wed Oct 19 13:15:07 2022] PUT /volume/v3/8f74ae6063c0451980cc2b9177429bc9/os-quota-sets/fb0d8ebb961541f6b08cf80ac40da8f4 => generated 1254 bytes in 183 msecs (HTTP/1.1 200) 7 headers in 286 bytes (1 switches on core 0)
Oct 19 13:15:07.534423 dv-cinder-master-3-iscsi devstack@c-api.service[111802]: DEBUG cinder.api.middleware.request_id [None req-5a4b6030-11a8-4107-95b5-c125f9ff33e9 None None] RequestId filter calling following filter/app {{(pid=111802) _context_setter /opt/stack/cinder/cinder/api/middleware/request_id.py:62}}
Oct 19 13:15:07.539274 dv-cinder-master-3-iscsi devstack@c-api.service[111802]: INFO cinder.api.openstack.wsgi [None req-5a4b6030-11a8-4107-95b5-c125f9ff33e9 tempest-SnapshotsActionsTest-1563390265 tempest-SnapshotsActionsTest-1563390265-project] GET http://10.222.0.17/volume/v3/f15f31f61baf4d87ae12117b4cd2cee1/snapshots/a9a26097-ca94-416f-b52d-a9a0c7b758e0
Oct 19 13:15:07.539731 dv-cinder-master-3-iscsi devstack@c-api.service[111802]: DEBUG cinder.api.openstack.wsgi [None req-5a4b6030-11a8-4107-95b5-c125f9ff33e9 tempest-SnapshotsActionsTest-1563390265 tempest-SnapshotsActionsTest-1563390265-project] Empty body provided in request {{(pid=111802) get_body /opt/stack/cinder/cinder/api/openstack/wsgi.py:715}}
Oct 19 13:15:07.540195 dv-cinder-master-3-iscsi devstack@c-api.service[111802]: DEBUG cinder.api.openstack.wsgi [None req-5a4b6030-11a8-4107-95b5-c125f9ff33e9 tempest-SnapshotsActionsTest-1563390265 tempest-SnapshotsActionsTest-1563390265-project] Calling method 'show' {{(pid=111802) _process_stack /opt/stack/cinder/cinder/api/openstack/wsgi.py:868}}
Oct 19 13:15:07.557525 dv-cinder-master-3-iscsi devstack@c-api.service[111802]: /usr/local/lib/python3.8/dist-packages/oslo_context/context.py:100: DeprecationWarning: Policy enforcement is depending on the value of is_admin. This key is deprecated. Please update your policy file to use the standard policy values.
Oct 19 13:15:07.557525 dv-cinder-master-3-iscsi devstack@c-api.service[111802]: warnings.warn('Policy enforcement is depending on the value of '
Oct 19 13:15:07.558567 dv-cinder-master-3-iscsi devstack@c-api.service[111802]: INFO cinder.volume.api [None req-5a4b6030-11a8-4107-95b5-c125f9ff33e9 tempest-SnapshotsActionsTest-1563390265 tempest-SnapshotsActionsTest-1563390265-project] Snapshot retrieved successfully.
Oct 19 13:15:07.567084 dv-cinder-master-3-iscsi devstack@c-api.service[111802]: INFO cinder.api.openstack.wsgi [None req-5a4b6030-11a8-4107-95b5-c125f9ff33e9 tempest-SnapshotsActionsTest-1563390265 tempest-SnapshotsActionsTest-1563390265-project] http://10.222.0.17/volume/v3/f15f31f61baf4d87ae12117b4cd2cee1/snapshots/a9a26097-ca94-416f-b52d-a9a0c7b758e0 returned with HTTP 200
Oct 19 13:15:07.568059 dv-cinder-master-3-iscsi devstack@c-api.service[111802]: [pid: 111802|app: 0|req: 172/347] 10.222.0.17 () {58 vars in 1331 bytes} [Wed Oct 19 13:15:07 2022] GET /volume/v3/f15f31f61baf4d87ae12117b4cd2cee1/snapshots/a9a26097-ca94-416f-b52d-a9a0c7b758e0 => generated 437 bytes in 35 msecs (HTTP/1.1 200) 7 headers in 285 bytes (2 switches on core 0)
Oct 19 13:15:07.574714 dv-cinder-master-3-iscsi devstack@c-api.service[111801]: INFO cinder.api.openstack.wsgi [None req-6222c321-fe6a-4c8a-9f36-2a7633b26d1b tempest-GroupsV314Test-1889881928 tempest-GroupsV314Test-1889881928-project] http://10.222.0.17/volume/v3/2bae557ab6b94365b4b0e6663ecdb640/groups/a2a69c6a-f70d-4976-a47c-9053ae037b22/action returned with HTTP 202
Oct 19 13:15:07.575770 dv-cinder-master-3-iscsi devstack@c-api.service[111801]: [pid: 111801|app: 0|req: 176/348] 10.222.0.17 () {62 vars in 1405 bytes} [Wed Oct 19 13:15:07 2022] POST /volume/v3/2bae557ab6b94365b4b0e6663ecdb640/groups/a2a69c6a-f70d-4976-a47c-9053ae037b22/action => generated 0 bytes in 134 msecs (HTTP/1.1 202) 6 headers in 234 bytes (2 switches on core 0)
Oct 19 13:15:07.582431 dv-cinder-master-3-iscsi devstack@c-api.service[111802]: DEBUG cinder.api.middleware.request_id [None req-7ed66bf4-b984-4dd9-ab91-ef385b10a121 None None] RequestId filter calling following filter/app {{(pid=111802) _context_setter /opt/stack/cinder/cinder/api/middleware/request_id.py:62}}
Oct 19 13:15:07.586058 dv-cinder-master-3-iscsi devstack@c-api.service[111802]: INFO cinder.api.openstack.wsgi [None req-7ed66bf4-b984-4dd9-ab91-ef385b10a121 tempest-GroupsV314Test-1889881928 tempest-GroupsV314Test-1889881928-project] GET http://10.222.0.17/volume/v3/2bae557ab6b94365b4b0e6663ecdb640/volumes/4a4d8354-05b2-4a53-aab5-ac1c573f3aa6
Oct 19 13:15:07.586559 dv-cinder-master-3-iscsi devstack@c-api.service[111802]: DEBUG cinder.api.openstack.wsgi [None req-7ed66bf4-b984-4dd9-ab91-ef385b10a121 tempest-GroupsV314Test-1889881928 tempest-GroupsV314Test-1889881928-project] Empty body provided in request {{(pid=111802) get_body /opt/stack/cinder/cinder/api/openstack/wsgi.py:715}}
Oct 19 13:15:07.587222 dv-cinder-master-3-iscsi devstack@c-api.service[111802]: DEBUG cinder.api.openstack.wsgi [None req-7ed66bf4-b984-4dd9-ab91-ef385b10a121 tempest-GroupsV314Test-1889881928 tempest-GroupsV314Test-1889881928-project] Calling method 'show' {{(pid=111802) _process_stack /opt/stack/cinder/cinder/api/openstack/wsgi.py:868}}
Oct 19 13:15:07.602668 dv-cinder-master-3-iscsi devstack@c-api.service[111802]: /usr/local/lib/python3.8/dist-packages/oslo_context/context.py:100: DeprecationWarning: Policy enforcement is depending on the value of is_admin. This key is deprecated. Please update your policy file to use the standard policy values.
Oct 19 13:15:07.602668 dv-cinder-master-3-iscsi devstack@c-api.service[111802]: warnings.warn('Policy enforcement is depending on the value of '
Oct 19 13:15:07.608430 dv-cinder-master-3-iscsi devstack@c-api.service[111801]: DEBUG cinder.api.middleware.request_id [None req-e84e203f-1001-4ba8-9194-fe978bcfc28f None None] RequestId filter calling following filter/app {{(pid=111801) _context_setter /opt/stack/cinder/cinder/api/middleware/request_id.py:62}}
Oct 19 13:15:07.611204 dv-cinder-master-3-iscsi devstack@c-api.service[111802]: INFO cinder.volume.api [None req-7ed66bf4-b984-4dd9-ab91-ef385b10a121 tempest-GroupsV314Test-1889881928 tempest-GroupsV314Test-1889881928-project] Volume info retrieved successfully.
Oct 19 13:15:07.612658 dv-cinder-master-3-iscsi devstack@c-api.service[111802]: WARNING stevedore.named [None req-7ed66bf4-b984-4dd9-ab91-ef385b10a121 tempest-GroupsV314Test-1889881928 tempest-GroupsV314Test-1889881928-project] Could not load cinder.keymgr.conf_key_mgr.ConfKeyManager
Oct 19 13:15:07.613508 dv-cinder-master-3-iscsi devstack@c-api.service[111802]: WARNING castellan.key_manager [None req-7ed66bf4-b984-4dd9-ab91-ef385b10a121 tempest-GroupsV314Test-1889881928 tempest-GroupsV314Test-1889881928-project] Deprecation Warning : cinder.keymgr.conf_key_mgr.ConfKeyManager is not a stevedore based driver, trying to load it as a class: stevedore.exception.NoMatches: No 'castellan.drivers' driver found, looking for 'cinder.keymgr.conf_key_mgr.ConfKeyManager'
Oct 19 13:15:07.615532 dv-cinder-master-3-iscsi devstack@c-api.service[111801]: INFO cinder.api.openstack.wsgi [None req-e84e203f-1001-4ba8-9194-fe978bcfc28f tempest-GroupSnapshotsTest-155076040 tempest-GroupSnapshotsTest-155076040-project] GET http://10.222.0.17/volume/v3/ba3041853a734db3ac26a4224447dcde/volumes/09205493-3d8c-4222-af9b-c9fd006f9e8b
Oct 19 13:15:07.616201 dv-cinder-master-3-iscsi devstack@c-api.service[111801]: DEBUG cinder.api.openstack.wsgi [None req-e84e203f-1001-4ba8-9194-fe978bcfc28f tempest-GroupSnapshotsTest-155076040 tempest-GroupSnapshotsTest-155076040-project] Empty body provided in request {{(pid=111801) get_body /opt/stack/cinder/cinder/api/openstack/wsgi.py:715}}
Oct 19 13:15:07.617357 dv-cinder-master-3-iscsi devstack@c-api.service[111801]: DEBUG cinder.api.openstack.wsgi [None req-e84e203f-1001-4ba8-9194-fe978bcfc28f tempest-GroupSnapshotsTest-155076040 tempest-GroupSnapshotsTest-155076040-project] Calling method 'show' {{(pid=111801) _process_stack /opt/stack/cinder/cinder/api/openstack/wsgi.py:868}}
Oct 19 13:15:07.621831 dv-cinder-master-3-iscsi devstack@c-api.service[111801]: DEBUG dbcounter [-] [111801] Writing DB stats cinder:SELECT=79,cinder:UPDATE=15,cinder:DELETE=1,cinder:INSERT=5 {{(pid=111801) stat_writer /usr/local/lib/python3.8/dist-packages/dbcounter.py:114}}
Oct 19 13:15:07.622419 dv-cinder-master-3-iscsi devstack@c-api.service[111802]: DEBUG oslo_db.sqlalchemy.engines [None req-7ed66bf4-b984-4dd9-ab91-ef385b10a121 tempest-GroupsV314Test-1889881928 tempest-GroupsV314Test-1889881928-project] MySQL server mode set to STRICT_TRANS_TABLES,STRICT_ALL_TABLES,NO_ZERO_IN_DATE,NO_ZERO_DATE,ERROR_FOR_DIVISION_BY_ZERO,TRADITIONAL,NO_ENGINE_SUBSTITUTION {{(pid=111802) _check_effective_sql_mode /usr/local/lib/python3.8/dist-packages/oslo_db/sqlalchemy/engines.py:314}}
Oct 19 13:15:07.630862 dv-cinder-master-3-iscsi devstack@c-api.service[111802]: /usr/local/lib/python3.8/dist-packages/oslo_context/context.py:100: DeprecationWarning: Policy enforcement is depending on the value of is_admin. This key is deprecated. Please update your policy file to use the standard policy values.
Oct 19 13:15:07.630862 dv-cinder-master-3-iscsi devstack@c-api.service[111802]: warnings.warn('Policy enforcement is depending on the value of '
Oct 19 13:15:07.633490 dv-cinder-master-3-iscsi devstack@c-api.service[111801]: INFO cinder.api.openstack.wsgi [None req-e84e203f-1001-4ba8-9194-fe978bcfc28f tempest-GroupSnapshotsTest-155076040 tempest-GroupSnapshotsTest-155076040-project] http://10.222.0.17/volume/v3/ba3041853a734db3ac26a4224447dcde/volumes/09205493-3d8c-4222-af9b-c9fd006f9e8b returned with HTTP 404
Oct 19 13:15:07.638138 dv-cinder-master-3-iscsi devstack@c-api.service[111801]: [pid: 111801|app: 0|req: 177/349] 10.222.0.17 () {60 vars in 1366 bytes} [Wed Oct 19 13:15:07 2022] GET /volume/v3/ba3041853a734db3ac26a4224447dcde/volumes/09205493-3d8c-4222-af9b-c9fd006f9e8b => generated 109 bytes in 31 msecs (HTTP/1.1 404) 7 headers in 293 bytes (2 switches on core 0)
Oct 19 13:15:07.640354 dv-cinder-master-3-iscsi devstack@c-api.service[111801]: DEBUG cinder.api.middleware.request_id [None req-5f180406-5ca9-4c98-b982-c696d07ee827 None None] RequestId filter calling following filter/app {{(pid=111801) _context_setter /opt/stack/cinder/cinder/api/middleware/request_id.py:62}}
Oct 19 13:15:07.645074 dv-cinder-master-3-iscsi devstack@c-api.service[111801]: INFO cinder.api.openstack.wsgi [None req-5f180406-5ca9-4c98-b982-c696d07ee827 tempest-GroupSnapshotsTest-155076040 tempest-GroupSnapshotsTest-155076040-project] GET http://10.222.0.17/volume/v3/ba3041853a734db3ac26a4224447dcde/volumes/802cf1c4-4e48-4cc7-8ffc-a091c5fe57a0
Oct 19 13:15:07.645980 dv-cinder-master-3-iscsi devstack@c-api.service[111801]: DEBUG cinder.api.openstack.wsgi [None req-5f180406-5ca9-4c98-b982-c696d07ee827 tempest-GroupSnapshotsTest-155076040 tempest-GroupSnapshotsTest-155076040-project] Empty body provided in request {{(pid=111801) get_body /opt/stack/cinder/cinder/api/openstack/wsgi.py:715}}
Oct 19 13:15:07.646623 dv-cinder-master-3-iscsi devstack@c-api.service[111801]: DEBUG cinder.api.openstack.wsgi [None req-5f180406-5ca9-4c98-b982-c696d07ee827 tempest-GroupSnapshotsTest-155076040 tempest-GroupSnapshotsTest-155076040-project] Calling method 'show' {{(pid=111801) _process_stack /opt/stack/cinder/cinder/api/openstack/wsgi.py:868}}
Oct 19 13:15:07.664053 dv-cinder-master-3-iscsi devstack@c-api.service[111801]: /usr/local/lib/python3.8/dist-packages/oslo_context/context.py:100: DeprecationWarning: Policy enforcement is depending on the value of is_admin. This key is deprecated. Please update your policy file to use the standard policy values.
Oct 19 13:15:07.664053 dv-cinder-master-3-iscsi devstack@c-api.service[111801]: warnings.warn('Policy enforcement is depending on the value of '
Oct 19 13:15:07.666998 dv-cinder-master-3-iscsi devstack@c-api.service[111802]: INFO cinder.api.openstack.wsgi [None req-7ed66bf4-b984-4dd9-ab91-ef385b10a121 tempest-GroupsV314Test-1889881928 tempest-GroupsV314Test-1889881928-project] http://10.222.0.17/volume/v3/2bae557ab6b94365b4b0e6663ecdb640/volumes/4a4d8354-05b2-4a53-aab5-ac1c573f3aa6 returned with HTTP 200
Oct 19 13:15:07.667760 dv-cinder-master-3-iscsi devstack@c-api.service[111802]: [pid: 111802|app: 0|req: 173/350] 10.222.0.17 () {60 vars in 1366 bytes} [Wed Oct 19 13:15:07 2022] GET /volume/v3/2bae557ab6b94365b4b0e6663ecdb640/volumes/4a4d8354-05b2-4a53-aab5-ac1c573f3aa6 => generated 988 bytes in 86 msecs (HTTP/1.1 200) 7 headers in 286 bytes (1 switches on core 0)
Oct 19 13:15:07.672813 dv-cinder-master-3-iscsi devstack@c-api.service[111801]: INFO cinder.volume.api [None req-5f180406-5ca9-4c98-b982-c696d07ee827 tempest-GroupSnapshotsTest-155076040 tempest-GroupSnapshotsTest-155076040-project] Volume info retrieved successfully.
Oct 19 13:15:07.674666 dv-cinder-master-3-iscsi devstack@c-api.service[111801]: WARNING stevedore.named [None req-5f180406-5ca9-4c98-b982-c696d07ee827 tempest-GroupSnapshotsTest-155076040 tempest-GroupSnapshotsTest-155076040-project] Could not load cinder.keymgr.conf_key_mgr.ConfKeyManager
Oct 19 13:15:07.675123 dv-cinder-master-3-iscsi devstack@c-api.service[111801]: WARNING castellan.key_manager [None req-5f180406-5ca9-4c98-b982-c696d07ee827 tempest-GroupSnapshotsTest-155076040 tempest-GroupSnapshotsTest-155076040-project] Deprecation Warning : cinder.keymgr.conf_key_mgr.ConfKeyManager is not a stevedore based driver, trying to load it as a class: stevedore.exception.NoMatches: No 'castellan.drivers' driver found, looking for 'cinder.keymgr.conf_key_mgr.ConfKeyManager'
Oct 19 13:15:07.686831 dv-cinder-master-3-iscsi devstack@c-api.service[111801]: DEBUG oslo_db.sqlalchemy.engines [None req-5f180406-5ca9-4c98-b982-c696d07ee827 tempest-GroupSnapshotsTest-155076040 tempest-GroupSnapshotsTest-155076040-project] MySQL server mode set to STRICT_TRANS_TABLES,STRICT_ALL_TABLES,NO_ZERO_IN_DATE,NO_ZERO_DATE,ERROR_FOR_DIVISION_BY_ZERO,TRADITIONAL,NO_ENGINE_SUBSTITUTION {{(pid=111801) _check_effective_sql_mode /usr/local/lib/python3.8/dist-packages/oslo_db/sqlalchemy/engines.py:314}}
Oct 19 13:15:07.693533 dv-cinder-master-3-iscsi devstack@c-api.service[111801]: /usr/local/lib/python3.8/dist-packages/oslo_context/context.py:100: DeprecationWarning: Policy enforcement is depending on the value of is_admin. This key is deprecated. Please update your policy file to use the standard policy values.
Oct 19 13:15:07.693533 dv-cinder-master-3-iscsi devstack@c-api.service[111801]: warnings.warn('Policy enforcement is depending on the value of '
Oct 19 13:15:07.708780 dv-cinder-master-3-iscsi devstack@c-api.service[111801]: INFO cinder.api.openstack.wsgi [None req-5f180406-5ca9-4c98-b982-c696d07ee827 tempest-GroupSnapshotsTest-155076040 tempest-GroupSnapshotsTest-155076040-project] http://10.222.0.17/volume/v3/ba3041853a734db3ac26a4224447dcde/volumes/802cf1c4-4e48-4cc7-8ffc-a091c5fe57a0 returned with HTTP 200
Oct 19 13:15:07.709572 dv-cinder-master-3-iscsi devstack@c-api.service[111801]: [pid: 111801|app: 0|req: 178/351] 10.222.0.17 () {60 vars in 1366 bytes} [Wed Oct 19 13:15:07 2022] GET /volume/v3/ba3041853a734db3ac26a4224447dcde/volumes/802cf1c4-4e48-4cc7-8ffc-a091c5fe57a0 => generated 999 bytes in 71 msecs (HTTP/1.1 200) 7 headers in 286 bytes (1 switches on core 0)
Oct 19 13:15:07.922680 dv-cinder-master-3-iscsi devstack@c-api.service[111802]: DEBUG cinder.api.middleware.request_id [None req-a097b14b-d697-4419-a1fa-d992a14649db None None] RequestId filter calling following filter/app {{(pid=111802) _context_setter /opt/stack/cinder/cinder/api/middleware/request_id.py:62}}
Oct 19 13:15:07.926711 dv-cinder-master-3-iscsi devstack@c-api.service[111802]: INFO cinder.api.openstack.wsgi [None req-a097b14b-d697-4419-a1fa-d992a14649db tempest-GroupsTest-1024958461 tempest-GroupsTest-1024958461-project] GET http://10.222.0.17/volume/v3/7119dde5657a4837aaa50f7ef5969be6/volumes/b54b5987-7825-44aa-a8f9-e6814aaafcd3
Oct 19 13:15:07.927320 dv-cinder-master-3-iscsi devstack@c-api.service[111802]: DEBUG cinder.api.openstack.wsgi [None req-a097b14b-d697-4419-a1fa-d992a14649db tempest-GroupsTest-1024958461 tempest-GroupsTest-1024958461-project] Empty body provided in request {{(pid=111802) get_body /opt/stack/cinder/cinder/api/openstack/wsgi.py:715}}
Oct 19 13:15:07.927641 dv-cinder-master-3-iscsi devstack@c-api.service[111802]: DEBUG cinder.api.openstack.wsgi [None req-a097b14b-d697-4419-a1fa-d992a14649db tempest-GroupsTest-1024958461 tempest-GroupsTest-1024958461-project] Calling method 'show' {{(pid=111802) _process_stack /opt/stack/cinder/cinder/api/openstack/wsgi.py:868}}
Oct 19 13:15:07.944299 dv-cinder-master-3-iscsi devstack@c-api.service[111802]: /usr/local/lib/python3.8/dist-packages/oslo_context/context.py:100: DeprecationWarning: Policy enforcement is depending on the value of is_admin. This key is deprecated. Please update your policy file to use the standard policy values.
Oct 19 13:15:07.944299 dv-cinder-master-3-iscsi devstack@c-api.service[111802]: warnings.warn('Policy enforcement is depending on the value of '
Oct 19 13:15:07.951402 dv-cinder-master-3-iscsi devstack@c-api.service[111802]: INFO cinder.volume.api [None req-a097b14b-d697-4419-a1fa-d992a14649db tempest-GroupsTest-1024958461 tempest-GroupsTest-1024958461-project] Volume info retrieved successfully.
Oct 19 13:15:07.953402 dv-cinder-master-3-iscsi devstack@c-api.service[111802]: WARNING stevedore.named [None req-a097b14b-d697-4419-a1fa-d992a14649db tempest-GroupsTest-1024958461 tempest-GroupsTest-1024958461-project] Could not load cinder.keymgr.conf_key_mgr.ConfKeyManager
Oct 19 13:15:07.954154 dv-cinder-master-3-iscsi devstack@c-api.service[111802]: WARNING castellan.key_manager [None req-a097b14b-d697-4419-a1fa-d992a14649db tempest-GroupsTest-1024958461 tempest-GroupsTest-1024958461-project] Deprecation Warning : cinder.keymgr.conf_key_mgr.ConfKeyManager is not a stevedore based driver, trying to load it as a class: stevedore.exception.NoMatches: No 'castellan.drivers' driver found, looking for 'cinder.keymgr.conf_key_mgr.ConfKeyManager'
Oct 19 13:15:07.963827 dv-cinder-master-3-iscsi devstack@c-api.service[111802]: DEBUG oslo_db.sqlalchemy.engines [None req-a097b14b-d697-4419-a1fa-d992a14649db tempest-GroupsTest-1024958461 tempest-GroupsTest-1024958461-project] MySQL server mode set to STRICT_TRANS_TABLES,STRICT_ALL_TABLES,NO_ZERO_IN_DATE,NO_ZERO_DATE,ERROR_FOR_DIVISION_BY_ZERO,TRADITIONAL,NO_ENGINE_SUBSTITUTION {{(pid=111802) _check_effective_sql_mode /usr/local/lib/python3.8/dist-packages/oslo_db/sqlalchemy/engines.py:314}}
Oct 19 13:15:07.972167 dv-cinder-master-3-iscsi devstack@c-api.service[111802]: /usr/local/lib/python3.8/dist-packages/oslo_context/context.py:100: DeprecationWarning: Policy enforcement is depending on the value of is_admin. This key is deprecated. Please update your policy file to use the standard policy values.
Oct 19 13:15:07.972167 dv-cinder-master-3-iscsi devstack@c-api.service[111802]: warnings.warn('Policy enforcement is depending on the value of '
Oct 19 13:15:07.988959 dv-cinder-master-3-iscsi devstack@c-api.service[111802]: INFO cinder.api.openstack.wsgi [None req-a097b14b-d697-4419-a1fa-d992a14649db tempest-GroupsTest-1024958461 tempest-GroupsTest-1024958461-project] http://10.222.0.17/volume/v3/7119dde5657a4837aaa50f7ef5969be6/volumes/b54b5987-7825-44aa-a8f9-e6814aaafcd3 returned with HTTP 200
Oct 19 13:15:07.989874 dv-cinder-master-3-iscsi devstack@c-api.service[111802]: [pid: 111802|app: 0|req: 174/352] 10.222.0.17 () {60 vars in 1366 bytes} [Wed Oct 19 13:15:07 2022] GET /volume/v3/7119dde5657a4837aaa50f7ef5969be6/volumes/b54b5987-7825-44aa-a8f9-e6814aaafcd3 => generated 983 bytes in 68 msecs (HTTP/1.1 200) 7 headers in 286 bytes (1 switches on core 0)
Oct 19 13:15:08.578526 dv-cinder-master-3-iscsi devstack@c-api.service[111801]: DEBUG cinder.api.middleware.request_id [None req-c5608e95-3a98-4a21-be5b-7c0b7a66fe8f None None] RequestId filter calling following filter/app {{(pid=111801) _context_setter /opt/stack/cinder/cinder/api/middleware/request_id.py:62}}
Oct 19 13:15:08.582985 dv-cinder-master-3-iscsi devstack@c-api.service[111801]: INFO cinder.api.openstack.wsgi [None req-c5608e95-3a98-4a21-be5b-7c0b7a66fe8f tempest-SnapshotsActionsTest-1563390265 tempest-SnapshotsActionsTest-1563390265-project] GET http://10.222.0.17/volume/v3/f15f31f61baf4d87ae12117b4cd2cee1/snapshots/a9a26097-ca94-416f-b52d-a9a0c7b758e0
Oct 19 13:15:08.583442 dv-cinder-master-3-iscsi devstack@c-api.service[111801]: DEBUG cinder.api.openstack.wsgi [None req-c5608e95-3a98-4a21-be5b-7c0b7a66fe8f tempest-SnapshotsActionsTest-1563390265 tempest-SnapshotsActionsTest-1563390265-project] Empty body provided in request {{(pid=111801) get_body /opt/stack/cinder/cinder/api/openstack/wsgi.py:715}}
Oct 19 13:15:08.583901 dv-cinder-master-3-iscsi devstack@c-api.service[111801]: DEBUG cinder.api.openstack.wsgi [None req-c5608e95-3a98-4a21-be5b-7c0b7a66fe8f tempest-SnapshotsActionsTest-1563390265 tempest-SnapshotsActionsTest-1563390265-project] Calling method 'show' {{(pid=111801) _process_stack /opt/stack/cinder/cinder/api/openstack/wsgi.py:868}}
Oct 19 13:15:08.594280 dv-cinder-master-3-iscsi devstack@c-api.service[111801]: /usr/local/lib/python3.8/dist-packages/oslo_context/context.py:100: DeprecationWarning: Policy enforcement is depending on the value of is_admin. This key is deprecated. Please update your policy file to use the standard policy values.
Oct 19 13:15:08.594280 dv-cinder-master-3-iscsi devstack@c-api.service[111801]: warnings.warn('Policy enforcement is depending on the value of '
Oct 19 13:15:08.595306 dv-cinder-master-3-iscsi devstack@c-api.service[111801]: INFO cinder.volume.api [None req-c5608e95-3a98-4a21-be5b-7c0b7a66fe8f tempest-SnapshotsActionsTest-1563390265 tempest-SnapshotsActionsTest-1563390265-project] Snapshot retrieved successfully.
Oct 19 13:15:08.597140 dv-cinder-master-3-iscsi devstack@c-api.service[111801]: INFO cinder.api.openstack.wsgi [None req-c5608e95-3a98-4a21-be5b-7c0b7a66fe8f tempest-SnapshotsActionsTest-1563390265 tempest-SnapshotsActionsTest-1563390265-project] http://10.222.0.17/volume/v3/f15f31f61baf4d87ae12117b4cd2cee1/snapshots/a9a26097-ca94-416f-b52d-a9a0c7b758e0 returned with HTTP 200
Oct 19 13:15:08.598189 dv-cinder-master-3-iscsi devstack@c-api.service[111801]: [pid: 111801|app: 0|req: 179/353] 10.222.0.17 () {58 vars in 1331 bytes} [Wed Oct 19 13:15:08 2022] GET /volume/v3/f15f31f61baf4d87ae12117b4cd2cee1/snapshots/a9a26097-ca94-416f-b52d-a9a0c7b758e0 => generated 437 bytes in 21 msecs (HTTP/1.1 200) 7 headers in 285 bytes (1 switches on core 0)
Oct 19 13:15:08.686083 dv-cinder-master-3-iscsi devstack@c-api.service[111802]: DEBUG cinder.api.middleware.request_id [None req-2675f609-0532-402f-8fa9-fd50b3064916 None None] RequestId filter calling following filter/app {{(pid=111802) _context_setter /opt/stack/cinder/cinder/api/middleware/request_id.py:62}}
Oct 19 13:15:08.691928 dv-cinder-master-3-iscsi devstack@c-api.service[111802]: INFO cinder.api.openstack.wsgi [None req-2675f609-0532-402f-8fa9-fd50b3064916 tempest-GroupsV314Test-1889881928 tempest-GroupsV314Test-1889881928-project] GET http://10.222.0.17/volume/v3/2bae557ab6b94365b4b0e6663ecdb640/volumes/4a4d8354-05b2-4a53-aab5-ac1c573f3aa6
Oct 19 13:15:08.692709 dv-cinder-master-3-iscsi devstack@c-api.service[111802]: DEBUG cinder.api.openstack.wsgi [None req-2675f609-0532-402f-8fa9-fd50b3064916 tempest-GroupsV314Test-1889881928 tempest-GroupsV314Test-1889881928-project] Empty body provided in request {{(pid=111802) get_body /opt/stack/cinder/cinder/api/openstack/wsgi.py:715}}
Oct 19 13:15:08.693242 dv-cinder-master-3-iscsi devstack@c-api.service[111802]: DEBUG cinder.api.openstack.wsgi [None req-2675f609-0532-402f-8fa9-fd50b3064916 tempest-GroupsV314Test-1889881928 tempest-GroupsV314Test-1889881928-project] Calling method 'show' {{(pid=111802) _process_stack /opt/stack/cinder/cinder/api/openstack/wsgi.py:868}}
Oct 19 13:15:08.709901 dv-cinder-master-3-iscsi devstack@c-api.service[111802]: /usr/local/lib/python3.8/dist-packages/oslo_context/context.py:100: DeprecationWarning: Policy enforcement is depending on the value of is_admin. This key is deprecated. Please update your policy file to use the standard policy values.
Oct 19 13:15:08.709901 dv-cinder-master-3-iscsi devstack@c-api.service[111802]: warnings.warn('Policy enforcement is depending on the value of '
Oct 19 13:15:08.717034 dv-cinder-master-3-iscsi devstack@c-api.service[111802]: INFO cinder.volume.api [None req-2675f609-0532-402f-8fa9-fd50b3064916 tempest-GroupsV314Test-1889881928 tempest-GroupsV314Test-1889881928-project] Volume info retrieved successfully.
Oct 19 13:15:08.718766 dv-cinder-master-3-iscsi devstack@c-api.service[111802]: WARNING stevedore.named [None req-2675f609-0532-402f-8fa9-fd50b3064916 tempest-GroupsV314Test-1889881928 tempest-GroupsV314Test-1889881928-project] Could not load cinder.keymgr.conf_key_mgr.ConfKeyManager
Oct 19 13:15:08.719297 dv-cinder-master-3-iscsi devstack@c-api.service[111802]: WARNING castellan.key_manager [None req-2675f609-0532-402f-8fa9-fd50b3064916 tempest-GroupsV314Test-1889881928 tempest-GroupsV314Test-1889881928-project] Deprecation Warning : cinder.keymgr.conf_key_mgr.ConfKeyManager is not a stevedore based driver, trying to load it as a class: stevedore.exception.NoMatches: No 'castellan.drivers' driver found, looking for 'cinder.keymgr.conf_key_mgr.ConfKeyManager'
Oct 19 13:15:08.729234 dv-cinder-master-3-iscsi devstack@c-api.service[111801]: DEBUG cinder.api.middleware.request_id [None req-059f78ed-3377-41e5-8278-198d097a9454 None None] RequestId filter calling following filter/app {{(pid=111801) _context_setter /opt/stack/cinder/cinder/api/middleware/request_id.py:62}}
Oct 19 13:15:08.732904 dv-cinder-master-3-iscsi devstack@c-api.service[111802]: DEBUG oslo_db.sqlalchemy.engines [None req-2675f609-0532-402f-8fa9-fd50b3064916 tempest-GroupsV314Test-1889881928 tempest-GroupsV314Test-1889881928-project] MySQL server mode set to STRICT_TRANS_TABLES,STRICT_ALL_TABLES,NO_ZERO_IN_DATE,NO_ZERO_DATE,ERROR_FOR_DIVISION_BY_ZERO,TRADITIONAL,NO_ENGINE_SUBSTITUTION {{(pid=111802) _check_effective_sql_mode /usr/local/lib/python3.8/dist-packages/oslo_db/sqlalchemy/engines.py:314}}
Oct 19 13:15:08.733499 dv-cinder-master-3-iscsi devstack@c-api.service[111801]: INFO cinder.api.openstack.wsgi [None req-059f78ed-3377-41e5-8278-198d097a9454 tempest-GroupSnapshotsTest-155076040 tempest-GroupSnapshotsTest-155076040-project] GET http://10.222.0.17/volume/v3/ba3041853a734db3ac26a4224447dcde/volumes/802cf1c4-4e48-4cc7-8ffc-a091c5fe57a0
Oct 19 13:15:08.734386 dv-cinder-master-3-iscsi devstack@c-api.service[111801]: DEBUG cinder.api.openstack.wsgi [None req-059f78ed-3377-41e5-8278-198d097a9454 tempest-GroupSnapshotsTest-155076040 tempest-GroupSnapshotsTest-155076040-project] Empty body provided in request {{(pid=111801) get_body /opt/stack/cinder/cinder/api/openstack/wsgi.py:715}}
Oct 19 13:15:08.735849 dv-cinder-master-3-iscsi devstack@c-api.service[111801]: DEBUG cinder.api.openstack.wsgi [None req-059f78ed-3377-41e5-8278-198d097a9454 tempest-GroupSnapshotsTest-155076040 tempest-GroupSnapshotsTest-155076040-project] Calling method 'show' {{(pid=111801) _process_stack /opt/stack/cinder/cinder/api/openstack/wsgi.py:868}}
Oct 19 13:15:08.741311 dv-cinder-master-3-iscsi devstack@c-api.service[111802]: /usr/local/lib/python3.8/dist-packages/oslo_context/context.py:100: DeprecationWarning: Policy enforcement is depending on the value of is_admin. This key is deprecated. Please update your policy file to use the standard policy values.
Oct 19 13:15:08.741311 dv-cinder-master-3-iscsi devstack@c-api.service[111802]: warnings.warn('Policy enforcement is depending on the value of '
Oct 19 13:15:08.748539 dv-cinder-master-3-iscsi devstack@c-api.service[111801]: INFO cinder.api.openstack.wsgi [None req-059f78ed-3377-41e5-8278-198d097a9454 tempest-GroupSnapshotsTest-155076040 tempest-GroupSnapshotsTest-155076040-project] http://10.222.0.17/volume/v3/ba3041853a734db3ac26a4224447dcde/volumes/802cf1c4-4e48-4cc7-8ffc-a091c5fe57a0 returned with HTTP 404
Oct 19 13:15:08.750988 dv-cinder-master-3-iscsi devstack@c-api.service[111801]: [pid: 111801|app: 0|req: 180/354] 10.222.0.17 () {60 vars in 1366 bytes} [Wed Oct 19 13:15:08 2022] GET /volume/v3/ba3041853a734db3ac26a4224447dcde/volumes/802cf1c4-4e48-4cc7-8ffc-a091c5fe57a0 => generated 109 bytes in 23 msecs (HTTP/1.1 404) 7 headers in 293 bytes (2 switches on core 0)
Oct 19 13:15:08.755871 dv-cinder-master-3-iscsi devstack@c-api.service[111801]: DEBUG cinder.api.middleware.request_id [None req-d045f1fc-c455-4c4d-8f88-827a7f98a160 None None] RequestId filter calling following filter/app {{(pid=111801) _context_setter /opt/stack/cinder/cinder/api/middleware/request_id.py:62}}
Oct 19 13:15:08.760724 dv-cinder-master-3-iscsi devstack@c-api.service[111801]: INFO cinder.api.openstack.wsgi [None req-d045f1fc-c455-4c4d-8f88-827a7f98a160 tempest-GroupSnapshotsTest-155076040 tempest-GroupSnapshotsTest-155076040-project] GET http://10.222.0.17/volume/v3/ba3041853a734db3ac26a4224447dcde/groups/af7fb1c1-b56f-4a34-beb7-18a1ba7b398d
Oct 19 13:15:08.761254 dv-cinder-master-3-iscsi devstack@c-api.service[111801]: DEBUG cinder.api.openstack.wsgi [None req-d045f1fc-c455-4c4d-8f88-827a7f98a160 tempest-GroupSnapshotsTest-155076040 tempest-GroupSnapshotsTest-155076040-project] Empty body provided in request {{(pid=111801) get_body /opt/stack/cinder/cinder/api/openstack/wsgi.py:715}}
Oct 19 13:15:08.762040 dv-cinder-master-3-iscsi devstack@c-api.service[111801]: DEBUG cinder.api.openstack.wsgi [None req-d045f1fc-c455-4c4d-8f88-827a7f98a160 tempest-GroupSnapshotsTest-155076040 tempest-GroupSnapshotsTest-155076040-project] Calling method 'version_select' {{(pid=111801) _process_stack /opt/stack/cinder/cinder/api/openstack/wsgi.py:868}}
Oct 19 13:15:08.762382 dv-cinder-master-3-iscsi devstack@c-api.service[111801]: DEBUG cinder.api.v3.groups [None req-d045f1fc-c455-4c4d-8f88-827a7f98a160 tempest-GroupSnapshotsTest-155076040 tempest-GroupSnapshotsTest-155076040-project] show called for member af7fb1c1-b56f-4a34-beb7-18a1ba7b398d {{(pid=111801) show /opt/stack/cinder/cinder/api/v3/groups.py:58}}
Oct 19 13:15:08.766552 dv-cinder-master-3-iscsi devstack@c-api.service[111802]: INFO cinder.api.openstack.wsgi [None req-2675f609-0532-402f-8fa9-fd50b3064916 tempest-GroupsV314Test-1889881928 tempest-GroupsV314Test-1889881928-project] http://10.222.0.17/volume/v3/2bae557ab6b94365b4b0e6663ecdb640/volumes/4a4d8354-05b2-4a53-aab5-ac1c573f3aa6 returned with HTTP 200
Oct 19 13:15:08.779520 dv-cinder-master-3-iscsi devstack@c-api.service[111802]: [pid: 111802|app: 0|req: 175/355] 10.222.0.17 () {60 vars in 1366 bytes} [Wed Oct 19 13:15:08 2022] GET /volume/v3/2bae557ab6b94365b4b0e6663ecdb640/volumes/4a4d8354-05b2-4a53-aab5-ac1c573f3aa6 => generated 988 bytes in 83 msecs (HTTP/1.1 200) 7 headers in 286 bytes (1 switches on core 0)
Oct 19 13:15:08.779848 dv-cinder-master-3-iscsi devstack@c-api.service[111801]: INFO cinder.api.openstack.wsgi [None req-d045f1fc-c455-4c4d-8f88-827a7f98a160 tempest-GroupSnapshotsTest-155076040 tempest-GroupSnapshotsTest-155076040-project] http://10.222.0.17/volume/v3/ba3041853a734db3ac26a4224447dcde/groups/af7fb1c1-b56f-4a34-beb7-18a1ba7b398d returned with HTTP 404
Oct 19 13:15:08.779848 dv-cinder-master-3-iscsi devstack@c-api.service[111801]: [pid: 111801|app: 0|req: 181/356] 10.222.0.17 () {60 vars in 1363 bytes} [Wed Oct 19 13:15:08 2022] GET /volume/v3/ba3041853a734db3ac26a4224447dcde/groups/af7fb1c1-b56f-4a34-beb7-18a1ba7b398d => generated 108 bytes in 22 msecs (HTTP/1.1 404) 7 headers in 293 bytes (2 switches on core 0)
Oct 19 13:15:08.784381 dv-cinder-master-3-iscsi devstack@c-api.service[111802]: DEBUG cinder.api.middleware.request_id [None req-ed48d294-0916-4631-a799-b3b1ccbd0fbf None None] RequestId filter calling following filter/app {{(pid=111802) _context_setter /opt/stack/cinder/cinder/api/middleware/request_id.py:62}}
Oct 19 13:15:08.786407 dv-cinder-master-3-iscsi devstack@c-api.service[111802]: INFO cinder.api.openstack.wsgi [None req-ed48d294-0916-4631-a799-b3b1ccbd0fbf tempest-GroupSnapshotsTest-538879032 tempest-GroupSnapshotsTest-538879032-project-admin] DELETE http://10.222.0.17/volume/v3/f67a9508594c45c69906510bfdd86c90/group_types/1cd2eab2-3832-4142-bfdb-f49d6f22d39c
Oct 19 13:15:08.786895 dv-cinder-master-3-iscsi devstack@c-api.service[111802]: DEBUG cinder.api.openstack.wsgi [None req-ed48d294-0916-4631-a799-b3b1ccbd0fbf tempest-GroupSnapshotsTest-538879032 tempest-GroupSnapshotsTest-538879032-project-admin] Empty body provided in request {{(pid=111802) get_body /opt/stack/cinder/cinder/api/openstack/wsgi.py:715}}
Oct 19 13:15:08.787350 dv-cinder-master-3-iscsi devstack@c-api.service[111802]: DEBUG cinder.api.openstack.wsgi [None req-ed48d294-0916-4631-a799-b3b1ccbd0fbf tempest-GroupSnapshotsTest-538879032 tempest-GroupSnapshotsTest-538879032-project-admin] Calling method 'version_select' {{(pid=111802) _process_stack /opt/stack/cinder/cinder/api/openstack/wsgi.py:868}}
Oct 19 13:15:08.817725 dv-cinder-master-3-iscsi devstack@c-api.service[111802]: INFO cinder.api.openstack.wsgi [None req-ed48d294-0916-4631-a799-b3b1ccbd0fbf tempest-GroupSnapshotsTest-538879032 tempest-GroupSnapshotsTest-538879032-project-admin] http://10.222.0.17/volume/v3/f67a9508594c45c69906510bfdd86c90/group_types/1cd2eab2-3832-4142-bfdb-f49d6f22d39c returned with HTTP 202
Oct 19 13:15:08.818844 dv-cinder-master-3-iscsi devstack@c-api.service[111802]: [pid: 111802|app: 0|req: 176/357] 10.222.0.17 () {60 vars in 1381 bytes} [Wed Oct 19 13:15:08 2022] DELETE /volume/v3/f67a9508594c45c69906510bfdd86c90/group_types/1cd2eab2-3832-4142-bfdb-f49d6f22d39c => generated 0 bytes in 38 msecs (HTTP/1.1 202) 6 headers in 234 bytes (1 switches on core 0)
Oct 19 13:15:08.834651 dv-cinder-master-3-iscsi devstack@c-api.service[111801]: DEBUG cinder.api.middleware.request_id [None req-74e9953d-64c1-4fdb-8162-b30533b4b23d None None] RequestId filter calling following filter/app {{(pid=111801) _context_setter /opt/stack/cinder/cinder/api/middleware/request_id.py:62}}
Oct 19 13:15:08.838373 dv-cinder-master-3-iscsi devstack@c-api.service[111801]: INFO cinder.api.openstack.wsgi [None req-74e9953d-64c1-4fdb-8162-b30533b4b23d tempest-GroupSnapshotsTest-538879032 tempest-GroupSnapshotsTest-538879032-project-admin] POST http://10.222.0.17/volume/v3/f67a9508594c45c69906510bfdd86c90/types
Oct 19 13:15:08.839124 dv-cinder-master-3-iscsi devstack@c-api.service[111801]: DEBUG cinder.api.openstack.wsgi [None req-74e9953d-64c1-4fdb-8162-b30533b4b23d tempest-GroupSnapshotsTest-538879032 tempest-GroupSnapshotsTest-538879032-project-admin] Action: 'create', calling method: _create, body: {"volume_type": {"name": "tempest-GroupSnapshotsTest-volume-type-1505395160"}} {{(pid=111801) _process_stack /opt/stack/cinder/cinder/api/openstack/wsgi.py:866}}
Oct 19 13:15:08.879719 dv-cinder-master-3-iscsi devstack@c-api.service[111801]: INFO cinder.api.openstack.wsgi [None req-74e9953d-64c1-4fdb-8162-b30533b4b23d tempest-GroupSnapshotsTest-538879032 tempest-GroupSnapshotsTest-538879032-project-admin] http://10.222.0.17/volume/v3/f67a9508594c45c69906510bfdd86c90/types returned with HTTP 200
Oct 19 13:15:08.880814 dv-cinder-master-3-iscsi devstack@c-api.service[111801]: [pid: 111801|app: 0|req: 182/358] 10.222.0.17 () {60 vars in 1229 bytes} [Wed Oct 19 13:15:08 2022] POST /volume/v3/f67a9508594c45c69906510bfdd86c90/types => generated 224 bytes in 47 msecs (HTTP/1.1 200) 7 headers in 285 bytes (1 switches on core 0)
Oct 19 13:15:08.888361 dv-cinder-master-3-iscsi devstack@c-api.service[111802]: DEBUG cinder.api.middleware.request_id [None req-484e584e-820a-4ac3-90ed-c19b9a2bb59a None None] RequestId filter calling following filter/app {{(pid=111802) _context_setter /opt/stack/cinder/cinder/api/middleware/request_id.py:62}}
Oct 19 13:15:08.892646 dv-cinder-master-3-iscsi devstack@c-api.service[111802]: INFO cinder.api.openstack.wsgi [None req-484e584e-820a-4ac3-90ed-c19b9a2bb59a tempest-GroupSnapshotsTest-538879032 tempest-GroupSnapshotsTest-538879032-project-admin] POST http://10.222.0.17/volume/v3/f67a9508594c45c69906510bfdd86c90/group_types
Oct 19 13:15:08.893418 dv-cinder-master-3-iscsi devstack@c-api.service[111802]: DEBUG cinder.api.openstack.wsgi [None req-484e584e-820a-4ac3-90ed-c19b9a2bb59a tempest-GroupSnapshotsTest-538879032 tempest-GroupSnapshotsTest-538879032-project-admin] Action: 'create', calling method: version_select, body: {"group_type": {"name": "tempest-GroupSnapshotsTest-group-type-723192353"}} {{(pid=111802) _process_stack /opt/stack/cinder/cinder/api/openstack/wsgi.py:866}}
Oct 19 13:15:08.916057 dv-cinder-master-3-iscsi devstack@c-api.service[111802]: INFO cinder.api.openstack.wsgi [None req-484e584e-820a-4ac3-90ed-c19b9a2bb59a tempest-GroupSnapshotsTest-538879032 tempest-GroupSnapshotsTest-538879032-project-admin] http://10.222.0.17/volume/v3/f67a9508594c45c69906510bfdd86c90/group_types returned with HTTP 202
Oct 19 13:15:08.916831 dv-cinder-master-3-iscsi devstack@c-api.service[111802]: [pid: 111802|app: 0|req: 177/359] 10.222.0.17 () {62 vars in 1288 bytes} [Wed Oct 19 13:15:08 2022] POST /volume/v3/f67a9508594c45c69906510bfdd86c90/group_types => generated 180 bytes in 30 msecs (HTTP/1.1 202) 7 headers in 292 bytes (2 switches on core 0)
Oct 19 13:15:08.924198 dv-cinder-master-3-iscsi devstack@c-api.service[111801]: DEBUG cinder.api.middleware.request_id [None req-f439b423-4f05-4665-a5c1-11e42b52922a None None] RequestId filter calling following filter/app {{(pid=111801) _context_setter /opt/stack/cinder/cinder/api/middleware/request_id.py:62}}
Oct 19 13:15:08.928013 dv-cinder-master-3-iscsi devstack@c-api.service[111801]: INFO cinder.api.openstack.wsgi [None req-f439b423-4f05-4665-a5c1-11e42b52922a tempest-GroupSnapshotsTest-155076040 tempest-GroupSnapshotsTest-155076040-project] POST http://10.222.0.17/volume/v3/ba3041853a734db3ac26a4224447dcde/groups
Oct 19 13:15:08.928771 dv-cinder-master-3-iscsi devstack@c-api.service[111801]: DEBUG cinder.api.openstack.wsgi [None req-f439b423-4f05-4665-a5c1-11e42b52922a tempest-GroupSnapshotsTest-155076040 tempest-GroupSnapshotsTest-155076040-project] Action: 'create', calling method: version_select, body: {"group": {"group_type": "c5f4aeca-64f8-48e3-85a5-c3a804c39d47", "volume_types": ["2e8ae301-106c-435c-833e-7efcc560eb5f"], "name": "tempest-GroupSnapshotsTest-Group-2122887791"}} {{(pid=111801) _process_stack /opt/stack/cinder/cinder/api/openstack/wsgi.py:866}}
Oct 19 13:15:08.931036 dv-cinder-master-3-iscsi devstack@c-api.service[111801]: DEBUG cinder.api.v3.groups [None req-f439b423-4f05-4665-a5c1-11e42b52922a tempest-GroupSnapshotsTest-155076040 tempest-GroupSnapshotsTest-155076040-project] Creating new group {'group': {'group_type': 'c5f4aeca-64f8-48e3-85a5-c3a804c39d47', 'volume_types': ['2e8ae301-106c-435c-833e-7efcc560eb5f'], 'name': 'tempest-GroupSnapshotsTest-Group-2122887791'}} {{(pid=111801) create /opt/stack/cinder/cinder/api/v3/groups.py:190}}
Oct 19 13:15:08.937293 dv-cinder-master-3-iscsi devstack@c-api.service[111801]: INFO cinder.api.v3.groups [None req-f439b423-4f05-4665-a5c1-11e42b52922a tempest-GroupSnapshotsTest-155076040 tempest-GroupSnapshotsTest-155076040-project] Creating group tempest-GroupSnapshotsTest-Group-2122887791.
Oct 19 13:15:08.949479 dv-cinder-master-3-iscsi devstack@c-api.service[111801]: INFO cinder.volume.api [None req-f439b423-4f05-4665-a5c1-11e42b52922a tempest-GroupSnapshotsTest-155076040 tempest-GroupSnapshotsTest-155076040-project] Availability Zones retrieved successfully.
Oct 19 13:15:08.969570 dv-cinder-master-3-iscsi devstack@c-api.service[111801]: DEBUG cinder.quota [None req-f439b423-4f05-4665-a5c1-11e42b52922a tempest-GroupSnapshotsTest-155076040 tempest-GroupSnapshotsTest-155076040-project] Created reservations ['4b5f2b3a-35dc-402b-8ab7-ec40c70ec712'] {{(pid=111801) reserve /opt/stack/cinder/cinder/quota.py:755}}
Oct 19 13:15:09.007945 dv-cinder-master-3-iscsi devstack@c-api.service[111802]: DEBUG cinder.api.middleware.request_id [None req-1ce57b18-c8ae-45b9-8637-9617afa64371 None None] RequestId filter calling following filter/app {{(pid=111802) _context_setter /opt/stack/cinder/cinder/api/middleware/request_id.py:62}}
Oct 19 13:15:09.012533 dv-cinder-master-3-iscsi devstack@c-api.service[111801]: INFO cinder.api.openstack.wsgi [None req-f439b423-4f05-4665-a5c1-11e42b52922a tempest-GroupSnapshotsTest-155076040 tempest-GroupSnapshotsTest-155076040-project] http://10.222.0.17/volume/v3/ba3041853a734db3ac26a4224447dcde/groups returned with HTTP 202
Oct 19 13:15:09.018697 dv-cinder-master-3-iscsi devstack@c-api.service[111801]: [pid: 111801|app: 0|req: 183/360] 10.222.0.17 () {62 vars in 1274 bytes} [Wed Oct 19 13:15:08 2022] POST /volume/v3/ba3041853a734db3ac26a4224447dcde/groups => generated 112 bytes in 94 msecs (HTTP/1.1 202) 7 headers in 292 bytes (1 switches on core 0)
Oct 19 13:15:09.020886 dv-cinder-master-3-iscsi devstack@c-api.service[111801]: DEBUG cinder.api.middleware.request_id [None req-57dc5b21-0e40-4a65-90fa-e3d1c3b0b679 None None] RequestId filter calling following filter/app {{(pid=111801) _context_setter /opt/stack/cinder/cinder/api/middleware/request_id.py:62}}
Oct 19 13:15:09.024115 dv-cinder-master-3-iscsi devstack@c-api.service[111802]: INFO cinder.api.openstack.wsgi [None req-1ce57b18-c8ae-45b9-8637-9617afa64371 tempest-GroupsTest-1024958461 tempest-GroupsTest-1024958461-project] GET http://10.222.0.17/volume/v3/7119dde5657a4837aaa50f7ef5969be6/volumes/b54b5987-7825-44aa-a8f9-e6814aaafcd3
Oct 19 13:15:09.024552 dv-cinder-master-3-iscsi devstack@c-api.service[111801]: INFO cinder.api.openstack.wsgi [None req-57dc5b21-0e40-4a65-90fa-e3d1c3b0b679 tempest-GroupSnapshotsTest-155076040 tempest-GroupSnapshotsTest-155076040-project] GET http://10.222.0.17/volume/v3/ba3041853a734db3ac26a4224447dcde/groups/187ee3d5-9f65-41c7-a9ba-e9b73ae0d6ad
Oct 19 13:15:09.024676 dv-cinder-master-3-iscsi devstack@c-api.service[111802]: DEBUG cinder.api.openstack.wsgi [None req-1ce57b18-c8ae-45b9-8637-9617afa64371 tempest-GroupsTest-1024958461 tempest-GroupsTest-1024958461-project] Empty body provided in request {{(pid=111802) get_body /opt/stack/cinder/cinder/api/openstack/wsgi.py:715}}
Oct 19 13:15:09.025105 dv-cinder-master-3-iscsi devstack@c-api.service[111802]: DEBUG cinder.api.openstack.wsgi [None req-1ce57b18-c8ae-45b9-8637-9617afa64371 tempest-GroupsTest-1024958461 tempest-GroupsTest-1024958461-project] Calling method 'show' {{(pid=111802) _process_stack /opt/stack/cinder/cinder/api/openstack/wsgi.py:868}}
Oct 19 13:15:09.025206 dv-cinder-master-3-iscsi devstack@c-api.service[111801]: DEBUG cinder.api.openstack.wsgi [None req-57dc5b21-0e40-4a65-90fa-e3d1c3b0b679 tempest-GroupSnapshotsTest-155076040 tempest-GroupSnapshotsTest-155076040-project] Empty body provided in request {{(pid=111801) get_body /opt/stack/cinder/cinder/api/openstack/wsgi.py:715}}
Oct 19 13:15:09.025952 dv-cinder-master-3-iscsi devstack@c-api.service[111801]: DEBUG cinder.api.openstack.wsgi [None req-57dc5b21-0e40-4a65-90fa-e3d1c3b0b679 tempest-GroupSnapshotsTest-155076040 tempest-GroupSnapshotsTest-155076040-project] Calling method 'version_select' {{(pid=111801) _process_stack /opt/stack/cinder/cinder/api/openstack/wsgi.py:868}}
