Oct 09 00:56:04.219623 dv-cinder-master-3-iscsi devstack@c-api.service[113285]: INFO cinder.api.openstack.wsgi [None req-f1ed668d-8fab-446f-b38b-c94277959ea0 tempest-GroupSnapshotsTest-1188543737 tempest-GroupSnapshotsTest-1188543737-project] http://10.222.0.33/volume/v3/b129a63b5ece4a578c2bcc961efe5060/volumes/detail returned with HTTP 200
Oct 09 00:56:04.227089 dv-cinder-master-3-iscsi devstack@c-api.service[113285]: [pid: 113285|app: 0|req: 78/146] 10.222.0.33 () {60 vars in 1276 bytes} [Sun Oct 9 00:56:03 2022] GET /volume/v3/b129a63b5ece4a578c2bcc961efe5060/volumes/detail => generated 1003 bytes in 271 msecs (HTTP/1.1 200) 7 headers in 287 bytes (1 switches on core 0)
Oct 09 00:56:04.246524 dv-cinder-master-3-iscsi devstack@c-api.service[113284]: DEBUG cinder.api.middleware.request_id [None req-6c3158dd-31ae-4948-a50c-2af26687c6d2 None None] RequestId filter calling following filter/app {{(pid=113284) _context_setter /opt/stack/cinder/cinder/api/middleware/request_id.py:62}}
Oct 09 00:56:04.252873 dv-cinder-master-3-iscsi devstack@c-api.service[113284]: INFO cinder.api.openstack.wsgi [None req-6c3158dd-31ae-4948-a50c-2af26687c6d2 tempest-GroupSnapshotsTest-1188543737 tempest-GroupSnapshotsTest-1188543737-project] GET http://10.222.0.33/volume/v3/b129a63b5ece4a578c2bcc961efe5060/snapshots/detail
Oct 09 00:56:04.253849 dv-cinder-master-3-iscsi devstack@c-api.service[113284]: DEBUG cinder.api.openstack.wsgi [None req-6c3158dd-31ae-4948-a50c-2af26687c6d2 tempest-GroupSnapshotsTest-1188543737 tempest-GroupSnapshotsTest-1188543737-project] Empty body provided in request {{(pid=113284) get_body /opt/stack/cinder/cinder/api/openstack/wsgi.py:715}}
Oct 09 00:56:04.253967 dv-cinder-master-3-iscsi devstack@c-api.service[113284]: DEBUG cinder.api.openstack.wsgi [None req-6c3158dd-31ae-4948-a50c-2af26687c6d2 tempest-GroupSnapshotsTest-1188543737 tempest-GroupSnapshotsTest-1188543737-project] Calling method 'detail' {{(pid=113284) _process_stack /opt/stack/cinder/cinder/api/openstack/wsgi.py:868}}
Oct 09 00:56:04.255024 dv-cinder-master-3-iscsi devstack@c-api.service[113284]: DEBUG cinder.api.api_utils [None req-6c3158dd-31ae-4948-a50c-2af26687c6d2 tempest-GroupSnapshotsTest-1188543737 tempest-GroupSnapshotsTest-1188543737-project] Removing options '' from query. {{(pid=113284) remove_invalid_filter_options /opt/stack/cinder/cinder/api/api_utils.py:83}}
Oct 09 00:56:04.256124 dv-cinder-master-3-iscsi devstack@c-api.service[113284]: /usr/local/lib/python3.8/dist-packages/oslo_context/context.py:100: DeprecationWarning: Policy enforcement is depending on the value of is_admin. This key is deprecated. Please update your policy file to use the standard policy values.
Oct 09 00:56:04.256124 dv-cinder-master-3-iscsi devstack@c-api.service[113284]: warnings.warn('Policy enforcement is depending on the value of '
Oct 09 00:56:04.262404 dv-cinder-master-3-iscsi devstack@c-api.service[113284]: DEBUG cinder.db.sqlalchemy.api [None req-6c3158dd-31ae-4948-a50c-2af26687c6d2 tempest-GroupSnapshotsTest-1188543737 tempest-GroupSnapshotsTest-1188543737-project] Building query based on filter {{(pid=113284) _process_snaps_filters /opt/stack/cinder/cinder/db/sqlalchemy/api.py:3885}}
Oct 09 00:56:04.278423 dv-cinder-master-3-iscsi devstack@c-api.service[113284]: INFO cinder.volume.api [None req-6c3158dd-31ae-4948-a50c-2af26687c6d2 tempest-GroupSnapshotsTest-1188543737 tempest-GroupSnapshotsTest-1188543737-project] Get all snapshots completed successfully.
Oct 09 00:56:04.286504 dv-cinder-master-3-iscsi devstack@c-api.service[113284]: INFO cinder.api.openstack.wsgi [None req-6c3158dd-31ae-4948-a50c-2af26687c6d2 tempest-GroupSnapshotsTest-1188543737 tempest-GroupSnapshotsTest-1188543737-project] http://10.222.0.33/volume/v3/b129a63b5ece4a578c2bcc961efe5060/snapshots/detail returned with HTTP 200
Oct 09 00:56:04.287705 dv-cinder-master-3-iscsi devstack@c-api.service[113284]: [pid: 113284|app: 0|req: 69/147] 10.222.0.33 () {58 vars in 1241 bytes} [Sun Oct 9 00:56:04 2022] GET /volume/v3/b129a63b5ece4a578c2bcc961efe5060/snapshots/detail => generated 17 bytes in 43 msecs (HTTP/1.1 200) 7 headers in 284 bytes (1 switches on core 0)
Oct 09 00:56:04.298614 dv-cinder-master-3-iscsi devstack@c-api.service[113285]: DEBUG cinder.api.middleware.request_id [None req-b5721258-aff7-4771-8b72-dc38d7cd2094 None None] RequestId filter calling following filter/app {{(pid=113285) _context_setter /opt/stack/cinder/cinder/api/middleware/request_id.py:62}}
Oct 09 00:56:04.304774 dv-cinder-master-3-iscsi devstack@c-api.service[113285]: INFO cinder.api.openstack.wsgi [None req-b5721258-aff7-4771-8b72-dc38d7cd2094 tempest-GroupSnapshotsTest-1188543737 tempest-GroupSnapshotsTest-1188543737-project] GET http://10.222.0.33/volume/v3/b129a63b5ece4a578c2bcc961efe5060/group_snapshots/996e22e1-8074-437b-9f9a-399d3bad694d
Oct 09 00:56:04.305819 dv-cinder-master-3-iscsi devstack@c-api.service[113285]: DEBUG cinder.api.openstack.wsgi [None req-b5721258-aff7-4771-8b72-dc38d7cd2094 tempest-GroupSnapshotsTest-1188543737 tempest-GroupSnapshotsTest-1188543737-project] Empty body provided in request {{(pid=113285) get_body /opt/stack/cinder/cinder/api/openstack/wsgi.py:715}}
Oct 09 00:56:04.306567 dv-cinder-master-3-iscsi devstack@c-api.service[113285]: DEBUG cinder.api.openstack.wsgi [None req-b5721258-aff7-4771-8b72-dc38d7cd2094 tempest-GroupSnapshotsTest-1188543737 tempest-GroupSnapshotsTest-1188543737-project] Calling method 'version_select' {{(pid=113285) _process_stack /opt/stack/cinder/cinder/api/openstack/wsgi.py:868}}
Oct 09 00:56:04.308959 dv-cinder-master-3-iscsi devstack@c-api.service[113285]: DEBUG cinder.api.v3.group_snapshots [None req-b5721258-aff7-4771-8b72-dc38d7cd2094 tempest-GroupSnapshotsTest-1188543737 tempest-GroupSnapshotsTest-1188543737-project] show called for member 996e22e1-8074-437b-9f9a-399d3bad694d {{(pid=113285) show /opt/stack/cinder/cinder/api/v3/group_snapshots.py:58}}
Oct 09 00:56:04.331842 dv-cinder-master-3-iscsi devstack@c-api.service[113285]: /usr/local/lib/python3.8/dist-packages/oslo_context/context.py:100: DeprecationWarning: Policy enforcement is depending on the value of is_admin. This key is deprecated. Please update your policy file to use the standard policy values.
Oct 09 00:56:04.331842 dv-cinder-master-3-iscsi devstack@c-api.service[113285]: warnings.warn('Policy enforcement is depending on the value of '
Oct 09 00:56:04.355357 dv-cinder-master-3-iscsi devstack@c-api.service[113285]: INFO cinder.api.openstack.wsgi [None req-b5721258-aff7-4771-8b72-dc38d7cd2094 tempest-GroupSnapshotsTest-1188543737 tempest-GroupSnapshotsTest-1188543737-project] http://10.222.0.33/volume/v3/b129a63b5ece4a578c2bcc961efe5060/group_snapshots/996e22e1-8074-437b-9f9a-399d3bad694d returned with HTTP 200
Oct 09 00:56:04.359820 dv-cinder-master-3-iscsi devstack@c-api.service[113285]: [pid: 113285|app: 0|req: 79/148] 10.222.0.33 () {60 vars in 1390 bytes} [Sun Oct 9 00:56:04 2022] GET /volume/v3/b129a63b5ece4a578c2bcc961efe5060/group_snapshots/996e22e1-8074-437b-9f9a-399d3bad694d => generated 306 bytes in 64 msecs (HTTP/1.1 200) 7 headers in 286 bytes (1 switches on core 0)
Oct 09 00:56:05.366181 dv-cinder-master-3-iscsi devstack@c-api.service[113284]: DEBUG cinder.api.middleware.request_id [None req-c06c811d-1f93-4deb-b950-97157010cb10 None None] RequestId filter calling following filter/app {{(pid=113284) _context_setter /opt/stack/cinder/cinder/api/middleware/request_id.py:62}}
Oct 09 00:56:05.377941 dv-cinder-master-3-iscsi devstack@c-api.service[113284]: INFO cinder.api.openstack.wsgi [None req-c06c811d-1f93-4deb-b950-97157010cb10 tempest-GroupSnapshotsTest-1188543737 tempest-GroupSnapshotsTest-1188543737-project] GET http://10.222.0.33/volume/v3/b129a63b5ece4a578c2bcc961efe5060/group_snapshots/996e22e1-8074-437b-9f9a-399d3bad694d
Oct 09 00:56:05.378469 dv-cinder-master-3-iscsi devstack@c-api.service[113284]: DEBUG cinder.api.openstack.wsgi [None req-c06c811d-1f93-4deb-b950-97157010cb10 tempest-GroupSnapshotsTest-1188543737 tempest-GroupSnapshotsTest-1188543737-project] Empty body provided in request {{(pid=113284) get_body /opt/stack/cinder/cinder/api/openstack/wsgi.py:715}}
Oct 09 00:56:05.378932 dv-cinder-master-3-iscsi devstack@c-api.service[113284]: DEBUG cinder.api.openstack.wsgi [None req-c06c811d-1f93-4deb-b950-97157010cb10 tempest-GroupSnapshotsTest-1188543737 tempest-GroupSnapshotsTest-1188543737-project] Calling method 'version_select' {{(pid=113284) _process_stack /opt/stack/cinder/cinder/api/openstack/wsgi.py:868}}
Oct 09 00:56:05.379347 dv-cinder-master-3-iscsi devstack@c-api.service[113284]: DEBUG cinder.api.v3.group_snapshots [None req-c06c811d-1f93-4deb-b950-97157010cb10 tempest-GroupSnapshotsTest-1188543737 tempest-GroupSnapshotsTest-1188543737-project] show called for member 996e22e1-8074-437b-9f9a-399d3bad694d {{(pid=113284) show /opt/stack/cinder/cinder/api/v3/group_snapshots.py:58}}
Oct 09 00:56:05.401231 dv-cinder-master-3-iscsi devstack@c-api.service[113284]: INFO cinder.api.openstack.wsgi [None req-c06c811d-1f93-4deb-b950-97157010cb10 tempest-GroupSnapshotsTest-1188543737 tempest-GroupSnapshotsTest-1188543737-project] http://10.222.0.33/volume/v3/b129a63b5ece4a578c2bcc961efe5060/group_snapshots/996e22e1-8074-437b-9f9a-399d3bad694d returned with HTTP 404
Oct 09 00:56:05.405665 dv-cinder-master-3-iscsi devstack@c-api.service[113284]: [pid: 113284|app: 0|req: 70/149] 10.222.0.33 () {60 vars in 1390 bytes} [Sun Oct 9 00:56:05 2022] GET /volume/v3/b129a63b5ece4a578c2bcc961efe5060/group_snapshots/996e22e1-8074-437b-9f9a-399d3bad694d => generated 116 bytes in 40 msecs (HTTP/1.1 404) 7 headers in 293 bytes (1 switches on core 0)
Oct 09 00:56:05.408833 dv-cinder-master-3-iscsi devstack@c-api.service[113285]: DEBUG cinder.api.middleware.request_id [None req-aef18850-b940-441e-8e9b-87be7a724d3b None None] RequestId filter calling following filter/app {{(pid=113285) _context_setter /opt/stack/cinder/cinder/api/middleware/request_id.py:62}}
Oct 09 00:56:05.413089 dv-cinder-master-3-iscsi devstack@c-api.service[113285]: INFO cinder.api.openstack.wsgi [None req-aef18850-b940-441e-8e9b-87be7a724d3b tempest-GroupSnapshotsTest-1188543737 tempest-GroupSnapshotsTest-1188543737-project] GET http://10.222.0.33/volume/v3/b129a63b5ece4a578c2bcc961efe5060/volumes/detail
Oct 09 00:56:05.413517 dv-cinder-master-3-iscsi devstack@c-api.service[113285]: DEBUG cinder.api.openstack.wsgi [None req-aef18850-b940-441e-8e9b-87be7a724d3b tempest-GroupSnapshotsTest-1188543737 tempest-GroupSnapshotsTest-1188543737-project] Empty body provided in request {{(pid=113285) get_body /opt/stack/cinder/cinder/api/openstack/wsgi.py:715}}
Oct 09 00:56:05.413972 dv-cinder-master-3-iscsi devstack@c-api.service[113285]: DEBUG cinder.api.openstack.wsgi [None req-aef18850-b940-441e-8e9b-87be7a724d3b tempest-GroupSnapshotsTest-1188543737 tempest-GroupSnapshotsTest-1188543737-project] Calling method 'detail' {{(pid=113285) _process_stack /opt/stack/cinder/cinder/api/openstack/wsgi.py:868}}
Oct 09 00:56:05.414541 dv-cinder-master-3-iscsi devstack@c-api.service[113285]: DEBUG cinder.api.api_utils [None req-aef18850-b940-441e-8e9b-87be7a724d3b tempest-GroupSnapshotsTest-1188543737 tempest-GroupSnapshotsTest-1188543737-project] Removing options '' from query. {{(pid=113285) remove_invalid_filter_options /opt/stack/cinder/cinder/api/api_utils.py:83}}
Oct 09 00:56:05.416734 dv-cinder-master-3-iscsi devstack@c-api.service[113285]: DEBUG cinder.volume.api [None req-aef18850-b940-441e-8e9b-87be7a724d3b tempest-GroupSnapshotsTest-1188543737 tempest-GroupSnapshotsTest-1188543737-project] Searching by: MultiDict([('no_migration_targets', True)]). {{(pid=113285) get_all /opt/stack/cinder/cinder/volume/api.py:664}}
Oct 09 00:56:05.564520 dv-cinder-master-3-iscsi devstack@c-api.service[113285]: INFO cinder.volume.api [None req-aef18850-b940-441e-8e9b-87be7a724d3b tempest-GroupSnapshotsTest-1188543737 tempest-GroupSnapshotsTest-1188543737-project] Get all volumes completed successfully.
Oct 09 00:56:05.574863 dv-cinder-master-3-iscsi devstack@c-api.service[113285]: WARNING stevedore.named [None req-aef18850-b940-441e-8e9b-87be7a724d3b tempest-GroupSnapshotsTest-1188543737 tempest-GroupSnapshotsTest-1188543737-project] Could not load cinder.keymgr.conf_key_mgr.ConfKeyManager
Oct 09 00:56:05.575496 dv-cinder-master-3-iscsi devstack@c-api.service[113285]: WARNING castellan.key_manager [None req-aef18850-b940-441e-8e9b-87be7a724d3b tempest-GroupSnapshotsTest-1188543737 tempest-GroupSnapshotsTest-1188543737-project] Deprecation Warning : cinder.keymgr.conf_key_mgr.ConfKeyManager is not a stevedore based driver, trying to load it as a class: stevedore.exception.NoMatches: No 'castellan.drivers' driver found, looking for 'cinder.keymgr.conf_key_mgr.ConfKeyManager'
Oct 09 00:56:05.601574 dv-cinder-master-3-iscsi devstack@c-api.service[113285]: DEBUG oslo_db.sqlalchemy.engines [None req-aef18850-b940-441e-8e9b-87be7a724d3b tempest-GroupSnapshotsTest-1188543737 tempest-GroupSnapshotsTest-1188543737-project] MySQL server mode set to STRICT_TRANS_TABLES,STRICT_ALL_TABLES,NO_ZERO_IN_DATE,NO_ZERO_DATE,ERROR_FOR_DIVISION_BY_ZERO,TRADITIONAL,NO_ENGINE_SUBSTITUTION {{(pid=113285) _check_effective_sql_mode /usr/local/lib/python3.8/dist-packages/oslo_db/sqlalchemy/engines.py:314}}
Oct 09 00:56:05.622393 dv-cinder-master-3-iscsi devstack@c-api.service[113285]: /usr/local/lib/python3.8/dist-packages/oslo_context/context.py:100: DeprecationWarning: Policy enforcement is depending on the value of is_admin. This key is deprecated. Please update your policy file to use the standard policy values.
Oct 09 00:56:05.622393 dv-cinder-master-3-iscsi devstack@c-api.service[113285]: warnings.warn('Policy enforcement is depending on the value of '
Oct 09 00:56:05.662226 dv-cinder-master-3-iscsi devstack@c-api.service[113285]: INFO cinder.api.openstack.wsgi [None req-aef18850-b940-441e-8e9b-87be7a724d3b tempest-GroupSnapshotsTest-1188543737 tempest-GroupSnapshotsTest-1188543737-project] http://10.222.0.33/volume/v3/b129a63b5ece4a578c2bcc961efe5060/volumes/detail returned with HTTP 200
Oct 09 00:56:05.666189 dv-cinder-master-3-iscsi devstack@c-api.service[113285]: [pid: 113285|app: 0|req: 80/150] 10.222.0.33 () {60 vars in 1276 bytes} [Sun Oct 9 00:56:05 2022] GET /volume/v3/b129a63b5ece4a578c2bcc961efe5060/volumes/detail => generated 1003 bytes in 259 msecs (HTTP/1.1 200) 7 headers in 287 bytes (1 switches on core 0)
Oct 09 00:56:05.683001 dv-cinder-master-3-iscsi devstack@c-api.service[113284]: DEBUG cinder.api.middleware.request_id [None req-77f70ba0-4704-42f7-83a0-df6113cbc52e None None] RequestId filter calling following filter/app {{(pid=113284) _context_setter /opt/stack/cinder/cinder/api/middleware/request_id.py:62}}
Oct 09 00:56:05.687706 dv-cinder-master-3-iscsi devstack@c-api.service[113284]: INFO cinder.api.openstack.wsgi [None req-77f70ba0-4704-42f7-83a0-df6113cbc52e tempest-GroupSnapshotsTest-1188543737 tempest-GroupSnapshotsTest-1188543737-project] POST http://10.222.0.33/volume/v3/b129a63b5ece4a578c2bcc961efe5060/groups/ad323c68-5854-4ba1-b618-f5f5c2fa4841/action
Oct 09 00:56:05.688656 dv-cinder-master-3-iscsi devstack@c-api.service[113284]: DEBUG cinder.api.openstack.wsgi [None req-77f70ba0-4704-42f7-83a0-df6113cbc52e tempest-GroupSnapshotsTest-1188543737 tempest-GroupSnapshotsTest-1188543737-project] Action body: b'{"delete": {"delete-volumes": true}}' {{(pid=113284) get_method /opt/stack/cinder/cinder/api/openstack/wsgi.py:983}}
Oct 09 00:56:05.689539 dv-cinder-master-3-iscsi devstack@c-api.service[113284]: DEBUG cinder.api.openstack.wsgi [None req-77f70ba0-4704-42f7-83a0-df6113cbc52e tempest-GroupSnapshotsTest-1188543737 tempest-GroupSnapshotsTest-1188543737-project] Action: 'action', calling method: delete_group, body: {"delete": {"delete-volumes": true}} {{(pid=113284) _process_stack /opt/stack/cinder/cinder/api/openstack/wsgi.py:866}}
Oct 09 00:56:05.691518 dv-cinder-master-3-iscsi devstack@c-api.service[113284]: DEBUG cinder.api.v3.groups [None req-77f70ba0-4704-42f7-83a0-df6113cbc52e tempest-GroupSnapshotsTest-1188543737 tempest-GroupSnapshotsTest-1188543737-project] delete called for group ad323c68-5854-4ba1-b618-f5f5c2fa4841 {{(pid=113284) _delete /opt/stack/cinder/cinder/api/v3/groups.py:117}}
Oct 09 00:56:05.694154 dv-cinder-master-3-iscsi devstack@c-api.service[113284]: INFO cinder.api.v3.groups [None req-77f70ba0-4704-42f7-83a0-df6113cbc52e tempest-GroupSnapshotsTest-1188543737 tempest-GroupSnapshotsTest-1188543737-project] Delete group with id: ad323c68-5854-4ba1-b618-f5f5c2fa4841
Oct 09 00:56:05.717880 dv-cinder-master-3-iscsi devstack@c-api.service[113284]: /usr/local/lib/python3.8/dist-packages/oslo_context/context.py:100: DeprecationWarning: Policy enforcement is depending on the value of is_admin. This key is deprecated. Please update your policy file to use the standard policy values.
Oct 09 00:56:05.717880 dv-cinder-master-3-iscsi devstack@c-api.service[113284]: warnings.warn('Policy enforcement is depending on the value of '
Oct 09 00:56:05.934715 dv-cinder-master-3-iscsi devstack@c-api.service[113284]: INFO cinder.api.openstack.wsgi [None req-77f70ba0-4704-42f7-83a0-df6113cbc52e tempest-GroupSnapshotsTest-1188543737 tempest-GroupSnapshotsTest-1188543737-project] http://10.222.0.33/volume/v3/b129a63b5ece4a578c2bcc961efe5060/groups/ad323c68-5854-4ba1-b618-f5f5c2fa4841/action returned with HTTP 202
Oct 09 00:56:05.936490 dv-cinder-master-3-iscsi devstack@c-api.service[113284]: [pid: 113284|app: 0|req: 71/151] 10.222.0.33 () {62 vars in 1405 bytes} [Sun Oct 9 00:56:05 2022] POST /volume/v3/b129a63b5ece4a578c2bcc961efe5060/groups/ad323c68-5854-4ba1-b618-f5f5c2fa4841/action => generated 0 bytes in 254 msecs (HTTP/1.1 202) 6 headers in 234 bytes (1 switches on core 0)
Oct 09 00:56:05.941797 dv-cinder-master-3-iscsi devstack@c-api.service[113285]: DEBUG cinder.api.middleware.request_id [None req-81b2982d-5329-4790-81f1-c0dfe02c2d45 None None] RequestId filter calling following filter/app {{(pid=113285) _context_setter /opt/stack/cinder/cinder/api/middleware/request_id.py:62}}
Oct 09 00:56:05.946266 dv-cinder-master-3-iscsi devstack@c-api.service[113285]: INFO cinder.api.openstack.wsgi [None req-81b2982d-5329-4790-81f1-c0dfe02c2d45 tempest-GroupSnapshotsTest-1188543737 tempest-GroupSnapshotsTest-1188543737-project] GET http://10.222.0.33/volume/v3/b129a63b5ece4a578c2bcc961efe5060/volumes/144eb6ac-b615-41a2-a670-96c12407ee81
Oct 09 00:56:05.946973 dv-cinder-master-3-iscsi devstack@c-api.service[113285]: DEBUG cinder.api.openstack.wsgi [None req-81b2982d-5329-4790-81f1-c0dfe02c2d45 tempest-GroupSnapshotsTest-1188543737 tempest-GroupSnapshotsTest-1188543737-project] Empty body provided in request {{(pid=113285) get_body /opt/stack/cinder/cinder/api/openstack/wsgi.py:715}}
Oct 09 00:56:05.947611 dv-cinder-master-3-iscsi devstack@c-api.service[113285]: DEBUG cinder.api.openstack.wsgi [None req-81b2982d-5329-4790-81f1-c0dfe02c2d45 tempest-GroupSnapshotsTest-1188543737 tempest-GroupSnapshotsTest-1188543737-project] Calling method 'show' {{(pid=113285) _process_stack /opt/stack/cinder/cinder/api/openstack/wsgi.py:868}}
Oct 09 00:56:05.993935 dv-cinder-master-3-iscsi devstack@c-api.service[113285]: /usr/local/lib/python3.8/dist-packages/oslo_context/context.py:100: DeprecationWarning: Policy enforcement is depending on the value of is_admin. This key is deprecated. Please update your policy file to use the standard policy values.
Oct 09 00:56:05.993935 dv-cinder-master-3-iscsi devstack@c-api.service[113285]: warnings.warn('Policy enforcement is depending on the value of '
Oct 09 00:56:06.040497 dv-cinder-master-3-iscsi devstack@c-api.service[113285]: INFO cinder.volume.api [None req-81b2982d-5329-4790-81f1-c0dfe02c2d45 tempest-GroupSnapshotsTest-1188543737 tempest-GroupSnapshotsTest-1188543737-project] Volume info retrieved successfully.
Oct 09 00:56:06.055055 dv-cinder-master-3-iscsi devstack@c-api.service[113285]: WARNING stevedore.named [None req-81b2982d-5329-4790-81f1-c0dfe02c2d45 tempest-GroupSnapshotsTest-1188543737 tempest-GroupSnapshotsTest-1188543737-project] Could not load cinder.keymgr.conf_key_mgr.ConfKeyManager
Oct 09 00:56:06.056139 dv-cinder-master-3-iscsi devstack@c-api.service[113285]: WARNING castellan.key_manager [None req-81b2982d-5329-4790-81f1-c0dfe02c2d45 tempest-GroupSnapshotsTest-1188543737 tempest-GroupSnapshotsTest-1188543737-project] Deprecation Warning : cinder.keymgr.conf_key_mgr.ConfKeyManager is not a stevedore based driver, trying to load it as a class: stevedore.exception.NoMatches: No 'castellan.drivers' driver found, looking for 'cinder.keymgr.conf_key_mgr.ConfKeyManager'
Oct 09 00:56:06.079740 dv-cinder-master-3-iscsi devstack@c-api.service[113285]: DEBUG oslo_db.sqlalchemy.engines [None req-81b2982d-5329-4790-81f1-c0dfe02c2d45 tempest-GroupSnapshotsTest-1188543737 tempest-GroupSnapshotsTest-1188543737-project] MySQL server mode set to STRICT_TRANS_TABLES,STRICT_ALL_TABLES,NO_ZERO_IN_DATE,NO_ZERO_DATE,ERROR_FOR_DIVISION_BY_ZERO,TRADITIONAL,NO_ENGINE_SUBSTITUTION {{(pid=113285) _check_effective_sql_mode /usr/local/lib/python3.8/dist-packages/oslo_db/sqlalchemy/engines.py:314}}
Oct 09 00:56:06.100377 dv-cinder-master-3-iscsi devstack@c-api.service[113285]: /usr/local/lib/python3.8/dist-packages/oslo_context/context.py:100: DeprecationWarning: Policy enforcement is depending on the value of is_admin. This key is deprecated. Please update your policy file to use the standard policy values.
Oct 09 00:56:06.100377 dv-cinder-master-3-iscsi devstack@c-api.service[113285]: warnings.warn('Policy enforcement is depending on the value of '
Oct 09 00:56:06.172288 dv-cinder-master-3-iscsi devstack@c-api.service[113285]: INFO cinder.api.openstack.wsgi [None req-81b2982d-5329-4790-81f1-c0dfe02c2d45 tempest-GroupSnapshotsTest-1188543737 tempest-GroupSnapshotsTest-1188543737-project] http://10.222.0.33/volume/v3/b129a63b5ece4a578c2bcc961efe5060/volumes/144eb6ac-b615-41a2-a670-96c12407ee81 returned with HTTP 200
Oct 09 00:56:06.177622 dv-cinder-master-3-iscsi devstack@c-api.service[113285]: [pid: 113285|app: 0|req: 81/152] 10.222.0.33 () {60 vars in 1366 bytes} [Sun Oct 9 00:56:05 2022] GET /volume/v3/b129a63b5ece4a578c2bcc961efe5060/volumes/144eb6ac-b615-41a2-a670-96c12407ee81 => generated 999 bytes in 237 msecs (HTTP/1.1 200) 7 headers in 286 bytes (1 switches on core 0)
Oct 09 00:56:07.193759 dv-cinder-master-3-iscsi devstack@c-api.service[113284]: DEBUG cinder.api.middleware.request_id [None req-9f29bd5e-5af5-4fde-83c6-a7817eba1d75 None None] RequestId filter calling following filter/app {{(pid=113284) _context_setter /opt/stack/cinder/cinder/api/middleware/request_id.py:62}}
Oct 09 00:56:07.198242 dv-cinder-master-3-iscsi devstack@c-api.service[113285]: DEBUG cinder.api.middleware.request_id [None req-f19a0979-38c1-454a-8ff6-d4cd63d06f75 None None] RequestId filter calling following filter/app {{(pid=113285) _context_setter /opt/stack/cinder/cinder/api/middleware/request_id.py:62}}
Oct 09 00:56:07.198678 dv-cinder-master-3-iscsi devstack@c-api.service[113284]: INFO cinder.api.openstack.wsgi [None req-9f29bd5e-5af5-4fde-83c6-a7817eba1d75 tempest-GroupSnapshotsTest-1188543737 tempest-GroupSnapshotsTest-1188543737-project] GET http://10.222.0.33/volume/v3/b129a63b5ece4a578c2bcc961efe5060/volumes/144eb6ac-b615-41a2-a670-96c12407ee81
Oct 09 00:56:07.199071 dv-cinder-master-3-iscsi devstack@c-api.service[113284]: DEBUG cinder.api.openstack.wsgi [None req-9f29bd5e-5af5-4fde-83c6-a7817eba1d75 tempest-GroupSnapshotsTest-1188543737 tempest-GroupSnapshotsTest-1188543737-project] Empty body provided in request {{(pid=113284) get_body /opt/stack/cinder/cinder/api/openstack/wsgi.py:715}}
Oct 09 00:56:07.199671 dv-cinder-master-3-iscsi devstack@c-api.service[113284]: DEBUG cinder.api.openstack.wsgi [None req-9f29bd5e-5af5-4fde-83c6-a7817eba1d75 tempest-GroupSnapshotsTest-1188543737 tempest-GroupSnapshotsTest-1188543737-project] Calling method 'show' {{(pid=113284) _process_stack /opt/stack/cinder/cinder/api/openstack/wsgi.py:868}}
Oct 09 00:56:07.233896 dv-cinder-master-3-iscsi devstack@c-api.service[113284]: INFO cinder.api.openstack.wsgi [None req-9f29bd5e-5af5-4fde-83c6-a7817eba1d75 tempest-GroupSnapshotsTest-1188543737 tempest-GroupSnapshotsTest-1188543737-project] http://10.222.0.33/volume/v3/b129a63b5ece4a578c2bcc961efe5060/volumes/144eb6ac-b615-41a2-a670-96c12407ee81 returned with HTTP 404
Oct 09 00:56:07.235165 dv-cinder-master-3-iscsi devstack@c-api.service[113284]: [pid: 113284|app: 0|req: 72/153] 10.222.0.33 () {60 vars in 1366 bytes} [Sun Oct 9 00:56:07 2022] GET /volume/v3/b129a63b5ece4a578c2bcc961efe5060/volumes/144eb6ac-b615-41a2-a670-96c12407ee81 => generated 109 bytes in 42 msecs (HTTP/1.1 404) 7 headers in 293 bytes (1 switches on core 0)
Oct 09 00:56:07.241602 dv-cinder-master-3-iscsi devstack@c-api.service[113284]: DEBUG cinder.api.middleware.request_id [None req-525521e6-d885-4050-b696-86b9ad422735 None None] RequestId filter calling following filter/app {{(pid=113284) _context_setter /opt/stack/cinder/cinder/api/middleware/request_id.py:62}}
Oct 09 00:56:07.254527 dv-cinder-master-3-iscsi devstack@c-api.service[113284]: INFO cinder.api.openstack.wsgi [None req-525521e6-d885-4050-b696-86b9ad422735 tempest-GroupSnapshotsTest-1188543737 tempest-GroupSnapshotsTest-1188543737-project] GET http://10.222.0.33/volume/v3/b129a63b5ece4a578c2bcc961efe5060/groups/ad323c68-5854-4ba1-b618-f5f5c2fa4841
Oct 09 00:56:07.255152 dv-cinder-master-3-iscsi devstack@c-api.service[113284]: DEBUG cinder.api.openstack.wsgi [None req-525521e6-d885-4050-b696-86b9ad422735 tempest-GroupSnapshotsTest-1188543737 tempest-GroupSnapshotsTest-1188543737-project] Empty body provided in request {{(pid=113284) get_body /opt/stack/cinder/cinder/api/openstack/wsgi.py:715}}
Oct 09 00:56:07.255801 dv-cinder-master-3-iscsi devstack@c-api.service[113284]: DEBUG cinder.api.openstack.wsgi [None req-525521e6-d885-4050-b696-86b9ad422735 tempest-GroupSnapshotsTest-1188543737 tempest-GroupSnapshotsTest-1188543737-project] Calling method 'version_select' {{(pid=113284) _process_stack /opt/stack/cinder/cinder/api/openstack/wsgi.py:868}}
Oct 09 00:56:07.258783 dv-cinder-master-3-iscsi devstack@c-api.service[113284]: DEBUG cinder.api.v3.groups [None req-525521e6-d885-4050-b696-86b9ad422735 tempest-GroupSnapshotsTest-1188543737 tempest-GroupSnapshotsTest-1188543737-project] show called for member ad323c68-5854-4ba1-b618-f5f5c2fa4841 {{(pid=113284) show /opt/stack/cinder/cinder/api/v3/groups.py:58}}
Oct 09 00:56:07.284647 dv-cinder-master-3-iscsi devstack@c-api.service[113284]: INFO cinder.api.openstack.wsgi [None req-525521e6-d885-4050-b696-86b9ad422735 tempest-GroupSnapshotsTest-1188543737 tempest-GroupSnapshotsTest-1188543737-project] http://10.222.0.33/volume/v3/b129a63b5ece4a578c2bcc961efe5060/groups/ad323c68-5854-4ba1-b618-f5f5c2fa4841 returned with HTTP 404
Oct 09 00:56:07.287225 dv-cinder-master-3-iscsi devstack@c-api.service[113284]: [pid: 113284|app: 0|req: 73/154] 10.222.0.33 () {60 vars in 1363 bytes} [Sun Oct 9 00:56:07 2022] GET /volume/v3/b129a63b5ece4a578c2bcc961efe5060/groups/ad323c68-5854-4ba1-b618-f5f5c2fa4841 => generated 108 bytes in 47 msecs (HTTP/1.1 404) 7 headers in 293 bytes (1 switches on core 0)
Oct 09 00:56:07.290869 dv-cinder-master-3-iscsi devstack@c-api.service[113284]: DEBUG cinder.api.middleware.request_id [None req-36a51631-88cd-4d72-a6d5-1f79ad4d6fa2 None None] RequestId filter calling following filter/app {{(pid=113284) _context_setter /opt/stack/cinder/cinder/api/middleware/request_id.py:62}}
Oct 09 00:56:07.295462 dv-cinder-master-3-iscsi devstack@c-api.service[113284]: INFO cinder.api.openstack.wsgi [None req-36a51631-88cd-4d72-a6d5-1f79ad4d6fa2 tempest-GroupSnapshotsTest-1330988939 tempest-GroupSnapshotsTest-1330988939-project-admin] DELETE http://10.222.0.33/volume/v3/9201690b2e83499ea2a735e6c673b8af/group_types/abaf6f10-ce68-477c-aba3-072bd1e6bd9e
Oct 09 00:56:07.296266 dv-cinder-master-3-iscsi devstack@c-api.service[113284]: DEBUG cinder.api.openstack.wsgi [None req-36a51631-88cd-4d72-a6d5-1f79ad4d6fa2 tempest-GroupSnapshotsTest-1330988939 tempest-GroupSnapshotsTest-1330988939-project-admin] Empty body provided in request {{(pid=113284) get_body /opt/stack/cinder/cinder/api/openstack/wsgi.py:715}}
Oct 09 00:56:07.296869 dv-cinder-master-3-iscsi devstack@c-api.service[113284]: DEBUG cinder.api.openstack.wsgi [None req-36a51631-88cd-4d72-a6d5-1f79ad4d6fa2 tempest-GroupSnapshotsTest-1330988939 tempest-GroupSnapshotsTest-1330988939-project-admin] Calling method 'version_select' {{(pid=113284) _process_stack /opt/stack/cinder/cinder/api/openstack/wsgi.py:868}}
Oct 09 00:56:07.345895 dv-cinder-master-3-iscsi devstack@c-api.service[113284]: INFO cinder.api.openstack.wsgi [None req-36a51631-88cd-4d72-a6d5-1f79ad4d6fa2 tempest-GroupSnapshotsTest-1330988939 tempest-GroupSnapshotsTest-1330988939-project-admin] http://10.222.0.33/volume/v3/9201690b2e83499ea2a735e6c673b8af/group_types/abaf6f10-ce68-477c-aba3-072bd1e6bd9e returned with HTTP 202
Oct 09 00:56:07.356979 dv-cinder-master-3-iscsi devstack@c-api.service[113284]: [pid: 113284|app: 0|req: 74/155] 10.222.0.33 () {60 vars in 1381 bytes} [Sun Oct 9 00:56:07 2022] DELETE /volume/v3/9201690b2e83499ea2a735e6c673b8af/group_types/abaf6f10-ce68-477c-aba3-072bd1e6bd9e => generated 0 bytes in 67 msecs (HTTP/1.1 202) 6 headers in 234 bytes (1 switches on core 0)
Oct 09 00:56:07.359448 dv-cinder-master-3-iscsi devstack@c-api.service[113284]: DEBUG cinder.api.middleware.request_id [None req-76538808-f96c-4cde-b819-cd6510eb6e29 None None] RequestId filter calling following filter/app {{(pid=113284) _context_setter /opt/stack/cinder/cinder/api/middleware/request_id.py:62}}
Oct 09 00:56:07.382247 dv-cinder-master-3-iscsi devstack@c-api.service[113284]: INFO cinder.api.openstack.wsgi [None req-76538808-f96c-4cde-b819-cd6510eb6e29 tempest-GroupSnapshotsTest-1330988939 tempest-GroupSnapshotsTest-1330988939-project-admin] POST http://10.222.0.33/volume/v3/9201690b2e83499ea2a735e6c673b8af/types
Oct 09 00:56:07.387481 dv-cinder-master-3-iscsi devstack@c-api.service[113284]: DEBUG cinder.api.openstack.wsgi [None req-76538808-f96c-4cde-b819-cd6510eb6e29 tempest-GroupSnapshotsTest-1330988939 tempest-GroupSnapshotsTest-1330988939-project-admin] Action: 'create', calling method: _create, body: {"volume_type": {"name": "tempest-GroupSnapshotsTest-volume-type-662900451"}} {{(pid=113284) _process_stack /opt/stack/cinder/cinder/api/openstack/wsgi.py:866}}
Oct 09 00:56:07.409870 dv-cinder-master-3-iscsi devstack@c-api.service[113285]: INFO cinder.api.openstack.wsgi [None req-f19a0979-38c1-454a-8ff6-d4cd63d06f75 tempest-BackendsCapabilitiesAdminTestsJSON-1516568267 tempest-BackendsCapabilitiesAdminTestsJSON-1516568267-project-admin] GET http://10.222.0.33/volume/v3/28e69a2efede4f4a834de16f5712ec2e/scheduler-stats/get_pools
Oct 09 00:56:07.410576 dv-cinder-master-3-iscsi devstack@c-api.service[113285]: DEBUG cinder.api.openstack.wsgi [None req-f19a0979-38c1-454a-8ff6-d4cd63d06f75 tempest-BackendsCapabilitiesAdminTestsJSON-1516568267 tempest-BackendsCapabilitiesAdminTestsJSON-1516568267-project-admin] Empty body provided in request {{(pid=113285) get_body /opt/stack/cinder/cinder/api/openstack/wsgi.py:715}}
Oct 09 00:56:07.411180 dv-cinder-master-3-iscsi devstack@c-api.service[113285]: DEBUG cinder.api.openstack.wsgi [None req-f19a0979-38c1-454a-8ff6-d4cd63d06f75 tempest-BackendsCapabilitiesAdminTestsJSON-1516568267 tempest-BackendsCapabilitiesAdminTestsJSON-1516568267-project-admin] Calling method 'get_pools' {{(pid=113285) _process_stack /opt/stack/cinder/cinder/api/openstack/wsgi.py:868}}
Oct 09 00:56:07.453731 dv-cinder-master-3-iscsi devstack@c-api.service[113284]: INFO cinder.api.openstack.wsgi [None req-76538808-f96c-4cde-b819-cd6510eb6e29 tempest-GroupSnapshotsTest-1330988939 tempest-GroupSnapshotsTest-1330988939-project-admin] http://10.222.0.33/volume/v3/9201690b2e83499ea2a735e6c673b8af/types returned with HTTP 200
Oct 09 00:56:07.454679 dv-cinder-master-3-iscsi devstack@c-api.service[113284]: [pid: 113284|app: 0|req: 75/156] 10.222.0.33 () {60 vars in 1229 bytes} [Sun Oct 9 00:56:07 2022] POST /volume/v3/9201690b2e83499ea2a735e6c673b8af/types => generated 223 bytes in 97 msecs (HTTP/1.1 200) 7 headers in 285 bytes (1 switches on core 0)
Oct 09 00:56:07.467002 dv-cinder-master-3-iscsi devstack@c-api.service[113284]: DEBUG cinder.api.middleware.request_id [None req-8ee1552a-5930-41e1-a279-353d70503c25 None None] RequestId filter calling following filter/app {{(pid=113284) _context_setter /opt/stack/cinder/cinder/api/middleware/request_id.py:62}}
Oct 09 00:56:07.490358 dv-cinder-master-3-iscsi devstack@c-api.service[113284]: INFO cinder.api.openstack.wsgi [None req-8ee1552a-5930-41e1-a279-353d70503c25 tempest-GroupSnapshotsTest-1330988939 tempest-GroupSnapshotsTest-1330988939-project-admin] POST http://10.222.0.33/volume/v3/9201690b2e83499ea2a735e6c673b8af/group_types
Oct 09 00:56:07.490981 dv-cinder-master-3-iscsi devstack@c-api.service[113285]: INFO cinder.api.openstack.wsgi [None req-f19a0979-38c1-454a-8ff6-d4cd63d06f75 tempest-BackendsCapabilitiesAdminTestsJSON-1516568267 tempest-BackendsCapabilitiesAdminTestsJSON-1516568267-project-admin] http://10.222.0.33/volume/v3/28e69a2efede4f4a834de16f5712ec2e/scheduler-stats/get_pools returned with HTTP 200
Oct 09 00:56:07.492248 dv-cinder-master-3-iscsi devstack@c-api.service[113285]: [pid: 113285|app: 0|req: 82/157] 10.222.0.33 () {58 vars in 1268 bytes} [Sun Oct 9 00:56:07 2022] GET /volume/v3/28e69a2efede4f4a834de16f5712ec2e/scheduler-stats/get_pools => generated 66 bytes in 296 msecs (HTTP/1.1 200) 7 headers in 284 bytes (2 switches on core 0)
Oct 09 00:56:07.496079 dv-cinder-master-3-iscsi devstack@c-api.service[113284]: DEBUG cinder.api.openstack.wsgi [None req-8ee1552a-5930-41e1-a279-353d70503c25 tempest-GroupSnapshotsTest-1330988939 tempest-GroupSnapshotsTest-1330988939-project-admin] Action: 'create', calling method: version_select, body: {"group_type": {"name": "tempest-GroupSnapshotsTest-group-type-1466729166"}} {{(pid=113284) _process_stack /opt/stack/cinder/cinder/api/openstack/wsgi.py:866}}
Oct 09 00:56:07.499928 dv-cinder-master-3-iscsi devstack@c-api.service[113285]: DEBUG cinder.api.middleware.request_id [None req-8ae2c944-962e-4c98-80d3-8922437447b6 None None] RequestId filter calling following filter/app {{(pid=113285) _context_setter /opt/stack/cinder/cinder/api/middleware/request_id.py:62}}
Oct 09 00:56:07.514701 dv-cinder-master-3-iscsi devstack@c-api.service[113285]: INFO cinder.api.openstack.wsgi [None req-8ae2c944-962e-4c98-80d3-8922437447b6 tempest-BackendsCapabilitiesAdminTestsJSON-1516568267 tempest-BackendsCapabilitiesAdminTestsJSON-1516568267-project-admin] GET http://10.222.0.33/volume/v3/28e69a2efede4f4a834de16f5712ec2e/scheduler-stats/get_pools?detail=True
Oct 09 00:56:07.515477 dv-cinder-master-3-iscsi devstack@c-api.service[113285]: DEBUG cinder.api.openstack.wsgi [None req-8ae2c944-962e-4c98-80d3-8922437447b6 tempest-BackendsCapabilitiesAdminTestsJSON-1516568267 tempest-BackendsCapabilitiesAdminTestsJSON-1516568267-project-admin] Empty body provided in request {{(pid=113285) get_body /opt/stack/cinder/cinder/api/openstack/wsgi.py:715}}
Oct 09 00:56:07.516584 dv-cinder-master-3-iscsi devstack@c-api.service[113285]: DEBUG cinder.api.openstack.wsgi [None req-8ae2c944-962e-4c98-80d3-8922437447b6 tempest-BackendsCapabilitiesAdminTestsJSON-1516568267 tempest-BackendsCapabilitiesAdminTestsJSON-1516568267-project-admin] Calling method 'get_pools' {{(pid=113285) _process_stack /opt/stack/cinder/cinder/api/openstack/wsgi.py:868}}
Oct 09 00:56:07.550751 dv-cinder-master-3-iscsi devstack@c-api.service[113285]: INFO cinder.api.openstack.wsgi [None req-8ae2c944-962e-4c98-80d3-8922437447b6 tempest-BackendsCapabilitiesAdminTestsJSON-1516568267 tempest-BackendsCapabilitiesAdminTestsJSON-1516568267-project-admin] http://10.222.0.33/volume/v3/28e69a2efede4f4a834de16f5712ec2e/scheduler-stats/get_pools?detail=True returned with HTTP 200
Oct 09 00:56:07.552920 dv-cinder-master-3-iscsi devstack@c-api.service[113285]: [pid: 113285|app: 0|req: 83/158] 10.222.0.33 () {58 vars in 1291 bytes} [Sun Oct 9 00:56:07 2022] GET /volume/v3/28e69a2efede4f4a834de16f5712ec2e/scheduler-stats/get_pools?detail=True => generated 482 bytes in 54 msecs (HTTP/1.1 200) 7 headers in 285 bytes (1 switches on core 0)
Oct 09 00:56:07.563120 dv-cinder-master-3-iscsi devstack@c-api.service[113285]: DEBUG cinder.api.middleware.request_id [None req-2f6e9e9c-e251-42ab-9e69-10c159ffc3af None None] RequestId filter calling following filter/app {{(pid=113285) _context_setter /opt/stack/cinder/cinder/api/middleware/request_id.py:62}}
Oct 09 00:56:07.571835 dv-cinder-master-3-iscsi devstack@c-api.service[113285]: INFO cinder.api.openstack.wsgi [None req-2f6e9e9c-e251-42ab-9e69-10c159ffc3af tempest-BackendsCapabilitiesAdminTestsJSON-1516568267 tempest-BackendsCapabilitiesAdminTestsJSON-1516568267-project-admin] GET http://10.222.0.33/volume/v3/28e69a2efede4f4a834de16f5712ec2e/capabilities/hv-cinder-maste@wincnd
Oct 09 00:56:07.572607 dv-cinder-master-3-iscsi devstack@c-api.service[113285]: DEBUG cinder.api.openstack.wsgi [None req-2f6e9e9c-e251-42ab-9e69-10c159ffc3af tempest-BackendsCapabilitiesAdminTestsJSON-1516568267 tempest-BackendsCapabilitiesAdminTestsJSON-1516568267-project-admin] Empty body provided in request {{(pid=113285) get_body /opt/stack/cinder/cinder/api/openstack/wsgi.py:715}}
Oct 09 00:56:07.573272 dv-cinder-master-3-iscsi devstack@c-api.service[113285]: DEBUG cinder.api.openstack.wsgi [None req-2f6e9e9c-e251-42ab-9e69-10c159ffc3af tempest-BackendsCapabilitiesAdminTestsJSON-1516568267 tempest-BackendsCapabilitiesAdminTestsJSON-1516568267-project-admin] Calling method 'show' {{(pid=113285) _process_stack /opt/stack/cinder/cinder/api/openstack/wsgi.py:868}}
Oct 09 00:56:07.585050 dv-cinder-master-3-iscsi devstack@c-api.service[113284]: INFO cinder.api.openstack.wsgi [None req-8ee1552a-5930-41e1-a279-353d70503c25 tempest-GroupSnapshotsTest-1330988939 tempest-GroupSnapshotsTest-1330988939-project-admin] http://10.222.0.33/volume/v3/9201690b2e83499ea2a735e6c673b8af/group_types returned with HTTP 202
Oct 09 00:56:07.585817 dv-cinder-master-3-iscsi devstack@c-api.service[113284]: [pid: 113284|app: 0|req: 76/159] 10.222.0.33 () {62 vars in 1288 bytes} [Sun Oct 9 00:56:07 2022] POST /volume/v3/9201690b2e83499ea2a735e6c673b8af/group_types => generated 181 bytes in 120 msecs (HTTP/1.1 202) 7 headers in 292 bytes (1 switches on core 0)
Oct 09 00:56:07.593874 dv-cinder-master-3-iscsi devstack@c-api.service[113284]: DEBUG cinder.api.middleware.request_id [None req-8cf3d0ff-cdb3-467f-a3ec-996df7c74b48 None None] RequestId filter calling following filter/app {{(pid=113284) _context_setter /opt/stack/cinder/cinder/api/middleware/request_id.py:62}}
Oct 09 00:56:07.608713 dv-cinder-master-3-iscsi devstack@c-api.service[113284]: INFO cinder.api.openstack.wsgi [None req-8cf3d0ff-cdb3-467f-a3ec-996df7c74b48 tempest-GroupSnapshotsTest-1188543737 tempest-GroupSnapshotsTest-1188543737-project] POST http://10.222.0.33/volume/v3/b129a63b5ece4a578c2bcc961efe5060/groups
Oct 09 00:56:07.613316 dv-cinder-master-3-iscsi devstack@c-api.service[113284]: DEBUG cinder.api.openstack.wsgi [None req-8cf3d0ff-cdb3-467f-a3ec-996df7c74b48 tempest-GroupSnapshotsTest-1188543737 tempest-GroupSnapshotsTest-1188543737-project] Action: 'create', calling method: version_select, body: {"group": {"group_type": "2c76977b-3b29-4b7a-a20f-b44b616546dd", "volume_types": ["77e5b0dd-706c-481f-8583-249dc355ec7e"], "name": "tempest-GroupSnapshotsTest-Group-141269641"}} {{(pid=113284) _process_stack /opt/stack/cinder/cinder/api/openstack/wsgi.py:866}}
Oct 09 00:56:07.614741 dv-cinder-master-3-iscsi devstack@c-api.service[113285]: INFO cinder.api.openstack.wsgi [None req-2f6e9e9c-e251-42ab-9e69-10c159ffc3af tempest-BackendsCapabilitiesAdminTestsJSON-1516568267 tempest-BackendsCapabilitiesAdminTestsJSON-1516568267-project-admin] http://10.222.0.33/volume/v3/28e69a2efede4f4a834de16f5712ec2e/capabilities/hv-cinder-maste@wincnd returned with HTTP 200
Oct 09 00:56:07.616304 dv-cinder-master-3-iscsi devstack@c-api.service[113285]: [pid: 113285|app: 0|req: 84/160] 10.222.0.33 () {58 vars in 1298 bytes} [Sun Oct 9 00:56:07 2022] GET /volume/v3/28e69a2efede4f4a834de16f5712ec2e/capabilities/hv-cinder-maste@wincnd => generated 715 bytes in 56 msecs (HTTP/1.1 200) 7 headers in 285 bytes (2 switches on core 0)
Oct 09 00:56:07.626097 dv-cinder-master-3-iscsi devstack@c-api.service[113285]: DEBUG cinder.api.middleware.request_id [None req-fe8afdeb-ebcc-4657-ad96-6278c103bbee None None] RequestId filter calling following filter/app {{(pid=113285) _context_setter /opt/stack/cinder/cinder/api/middleware/request_id.py:62}}
Oct 09 00:56:07.631090 dv-cinder-master-3-iscsi devstack@c-api.service[113284]: DEBUG cinder.api.v3.groups [None req-8cf3d0ff-cdb3-467f-a3ec-996df7c74b48 tempest-GroupSnapshotsTest-1188543737 tempest-GroupSnapshotsTest-1188543737-project] Creating new group {'group': {'group_type': '2c76977b-3b29-4b7a-a20f-b44b616546dd', 'volume_types': ['77e5b0dd-706c-481f-8583-249dc355ec7e'], 'name': 'tempest-GroupSnapshotsTest-Group-141269641'}} {{(pid=113284) create /opt/stack/cinder/cinder/api/v3/groups.py:190}}
Oct 09 00:56:07.632256 dv-cinder-master-3-iscsi devstack@c-api.service[113285]: INFO cinder.api.openstack.wsgi [None req-fe8afdeb-ebcc-4657-ad96-6278c103bbee tempest-BackendsCapabilitiesAdminTestsJSON-1516568267 tempest-BackendsCapabilitiesAdminTestsJSON-1516568267-project-admin] GET http://10.222.0.33/volume/v3/28e69a2efede4f4a834de16f5712ec2e/capabilities/hv-cinder-maste@wincnd
Oct 09 00:56:07.635689 dv-cinder-master-3-iscsi devstack@c-api.service[113285]: DEBUG cinder.api.openstack.wsgi [None req-fe8afdeb-ebcc-4657-ad96-6278c103bbee tempest-BackendsCapabilitiesAdminTestsJSON-1516568267 tempest-BackendsCapabilitiesAdminTestsJSON-1516568267-project-admin] Empty body provided in request {{(pid=113285) get_body /opt/stack/cinder/cinder/api/openstack/wsgi.py:715}}
Oct 09 00:56:07.638546 dv-cinder-master-3-iscsi devstack@c-api.service[113284]: DEBUG dbcounter [-] [113284] Writing DB stats cinder:SELECT=87,cinder:UPDATE=11,cinder:INSERT=2 {{(pid=113284) stat_writer /usr/local/lib/python3.8/dist-packages/dbcounter.py:114}}
Oct 09 00:56:07.640493 dv-cinder-master-3-iscsi devstack@c-api.service[113285]: DEBUG cinder.api.openstack.wsgi [None req-fe8afdeb-ebcc-4657-ad96-6278c103bbee tempest-BackendsCapabilitiesAdminTestsJSON-1516568267 tempest-BackendsCapabilitiesAdminTestsJSON-1516568267-project-admin] Calling method 'show' {{(pid=113285) _process_stack /opt/stack/cinder/cinder/api/openstack/wsgi.py:868}}
Oct 09 00:56:07.653010 dv-cinder-master-3-iscsi devstack@c-api.service[113284]: INFO cinder.api.v3.groups [None req-8cf3d0ff-cdb3-467f-a3ec-996df7c74b48 tempest-GroupSnapshotsTest-1188543737 tempest-GroupSnapshotsTest-1188543737-project] Creating group tempest-GroupSnapshotsTest-Group-141269641.
Oct 09 00:56:07.696513 dv-cinder-master-3-iscsi devstack@c-api.service[113285]: INFO cinder.api.openstack.wsgi [None req-fe8afdeb-ebcc-4657-ad96-6278c103bbee tempest-BackendsCapabilitiesAdminTestsJSON-1516568267 tempest-BackendsCapabilitiesAdminTestsJSON-1516568267-project-admin] http://10.222.0.33/volume/v3/28e69a2efede4f4a834de16f5712ec2e/capabilities/hv-cinder-maste@wincnd returned with HTTP 200
Oct 09 00:56:07.707056 dv-cinder-master-3-iscsi devstack@c-api.service[113285]: [pid: 113285|app: 0|req: 85/161] 10.222.0.33 () {58 vars in 1298 bytes} [Sun Oct 9 00:56:07 2022] GET /volume/v3/28e69a2efede4f4a834de16f5712ec2e/capabilities/hv-cinder-maste@wincnd => generated 715 bytes in 82 msecs (HTTP/1.1 200) 7 headers in 285 bytes (2 switches on core 0)
Oct 09 00:56:07.711314 dv-cinder-master-3-iscsi devstack@c-api.service[113284]: INFO cinder.volume.api [None req-8cf3d0ff-cdb3-467f-a3ec-996df7c74b48 tempest-GroupSnapshotsTest-1188543737 tempest-GroupSnapshotsTest-1188543737-project] Availability Zones retrieved successfully.
Oct 09 00:56:07.764577 dv-cinder-master-3-iscsi devstack@c-api.service[113284]: DEBUG cinder.quota [None req-8cf3d0ff-cdb3-467f-a3ec-996df7c74b48 tempest-GroupSnapshotsTest-1188543737 tempest-GroupSnapshotsTest-1188543737-project] Created reservations ['cd0b139a-cc6b-4231-85b5-7a3020131476'] {{(pid=113284) reserve /opt/stack/cinder/cinder/quota.py:755}}
Oct 09 00:56:07.913683 dv-cinder-master-3-iscsi devstack@c-api.service[113284]: INFO cinder.api.openstack.wsgi [None req-8cf3d0ff-cdb3-467f-a3ec-996df7c74b48 tempest-GroupSnapshotsTest-1188543737 tempest-GroupSnapshotsTest-1188543737-project] http://10.222.0.33/volume/v3/b129a63b5ece4a578c2bcc961efe5060/groups returned with HTTP 202
Oct 09 00:56:07.921576 dv-cinder-master-3-iscsi devstack@c-api.service[113285]: DEBUG cinder.api.middleware.request_id [None req-fd7631a0-8c1d-4b8a-a5c6-0e8aa8f75f91 None None] RequestId filter calling following filter/app {{(pid=113285) _context_setter /opt/stack/cinder/cinder/api/middleware/request_id.py:62}}
Oct 09 00:56:07.925547 dv-cinder-master-3-iscsi devstack@c-api.service[113285]: INFO cinder.api.openstack.wsgi [None req-fd7631a0-8c1d-4b8a-a5c6-0e8aa8f75f91 tempest-GroupSnapshotsTest-1188543737 tempest-GroupSnapshotsTest-1188543737-project] GET http://10.222.0.33/volume/v3/b129a63b5ece4a578c2bcc961efe5060/groups/9550d7aa-2040-43f4-8f38-13ed1ccc7203
Oct 09 00:56:07.926063 dv-cinder-master-3-iscsi devstack@c-api.service[113285]: DEBUG cinder.api.openstack.wsgi [None req-fd7631a0-8c1d-4b8a-a5c6-0e8aa8f75f91 tempest-GroupSnapshotsTest-1188543737 tempest-GroupSnapshotsTest-1188543737-project] Empty body provided in request {{(pid=113285) get_body /opt/stack/cinder/cinder/api/openstack/wsgi.py:715}}
Oct 09 00:56:07.926498 dv-cinder-master-3-iscsi devstack@c-api.service[113285]: DEBUG cinder.api.openstack.wsgi [None req-fd7631a0-8c1d-4b8a-a5c6-0e8aa8f75f91 tempest-GroupSnapshotsTest-1188543737 tempest-GroupSnapshotsTest-1188543737-project] Calling method 'version_select' {{(pid=113285) _process_stack /opt/stack/cinder/cinder/api/openstack/wsgi.py:868}}
Oct 09 00:56:07.926848 dv-cinder-master-3-iscsi devstack@c-api.service[113285]: DEBUG cinder.api.v3.groups [None req-fd7631a0-8c1d-4b8a-a5c6-0e8aa8f75f91 tempest-GroupSnapshotsTest-1188543737 tempest-GroupSnapshotsTest-1188543737-project] show called for member 9550d7aa-2040-43f4-8f38-13ed1ccc7203 {{(pid=113285) show /opt/stack/cinder/cinder/api/v3/groups.py:58}}
Oct 09 00:56:07.930239 dv-cinder-master-3-iscsi devstack@c-api.service[113284]: [pid: 113284|app: 0|req: 77/162] 10.222.0.33 () {62 vars in 1274 bytes} [Sun Oct 9 00:56:07 2022] POST /volume/v3/b129a63b5ece4a578c2bcc961efe5060/groups => generated 111 bytes in 327 msecs (HTTP/1.1 202) 7 headers in 292 bytes (1 switches on core 0)
Oct 09 00:56:07.942604 dv-cinder-master-3-iscsi devstack@c-api.service[113285]: /usr/local/lib/python3.8/dist-packages/oslo_context/context.py:100: DeprecationWarning: Policy enforcement is depending on the value of is_admin. This key is deprecated. Please update your policy file to use the standard policy values.
Oct 09 00:56:07.942604 dv-cinder-master-3-iscsi devstack@c-api.service[113285]: warnings.warn('Policy enforcement is depending on the value of '
Oct 09 00:56:07.975472 dv-cinder-master-3-iscsi devstack@c-api.service[113285]: INFO cinder.api.openstack.wsgi [None req-fd7631a0-8c1d-4b8a-a5c6-0e8aa8f75f91 tempest-GroupSnapshotsTest-1188543737 tempest-GroupSnapshotsTest-1188543737-project] http://10.222.0.33/volume/v3/b129a63b5ece4a578c2bcc961efe5060/groups/9550d7aa-2040-43f4-8f38-13ed1ccc7203 returned with HTTP 200
Oct 09 00:56:07.989592 dv-cinder-master-3-iscsi devstack@c-api.service[113285]: [pid: 113285|app: 0|req: 86/163] 10.222.0.33 () {60 vars in 1363 bytes} [Sun Oct 9 00:56:07 2022] GET /volume/v3/b129a63b5ece4a578c2bcc961efe5060/groups/9550d7aa-2040-43f4-8f38-13ed1ccc7203 => generated 391 bytes in 57 msecs (HTTP/1.1 200) 7 headers in 286 bytes (1 switches on core 0)
Oct 09 00:56:08.989663 dv-cinder-master-3-iscsi devstack@c-api.service[113284]: DEBUG cinder.api.middleware.request_id [None req-b8b5bf21-5f8f-4553-afcd-83784c50063e None None] RequestId filter calling following filter/app {{(pid=113284) _context_setter /opt/stack/cinder/cinder/api/middleware/request_id.py:62}}
Oct 09 00:56:08.994111 dv-cinder-master-3-iscsi devstack@c-api.service[113284]: INFO cinder.api.openstack.wsgi [None req-b8b5bf21-5f8f-4553-afcd-83784c50063e tempest-GroupSnapshotsTest-1188543737 tempest-GroupSnapshotsTest-1188543737-project] GET http://10.222.0.33/volume/v3/b129a63b5ece4a578c2bcc961efe5060/groups/9550d7aa-2040-43f4-8f38-13ed1ccc7203
Oct 09 00:56:08.994609 dv-cinder-master-3-iscsi devstack@c-api.service[113284]: DEBUG cinder.api.openstack.wsgi [None req-b8b5bf21-5f8f-4553-afcd-83784c50063e tempest-GroupSnapshotsTest-1188543737 tempest-GroupSnapshotsTest-1188543737-project] Empty body provided in request {{(pid=113284) get_body /opt/stack/cinder/cinder/api/openstack/wsgi.py:715}}
Oct 09 00:56:08.995058 dv-cinder-master-3-iscsi devstack@c-api.service[113284]: DEBUG cinder.api.openstack.wsgi [None req-b8b5bf21-5f8f-4553-afcd-83784c50063e tempest-GroupSnapshotsTest-1188543737 tempest-GroupSnapshotsTest-1188543737-project] Calling method 'version_select' {{(pid=113284) _process_stack /opt/stack/cinder/cinder/api/openstack/wsgi.py:868}}
Oct 09 00:56:08.995558 dv-cinder-master-3-iscsi devstack@c-api.service[113284]: DEBUG cinder.api.v3.groups [None req-b8b5bf21-5f8f-4553-afcd-83784c50063e tempest-GroupSnapshotsTest-1188543737 tempest-GroupSnapshotsTest-1188543737-project] show called for member 9550d7aa-2040-43f4-8f38-13ed1ccc7203 {{(pid=113284) show /opt/stack/cinder/cinder/api/v3/groups.py:58}}
