Oct 02 00:41:31.574290 dv-cinder-master-3-iscsi devstack@keystone.service[81433]: DEBUG keystone.server.flask.request_processing.middleware.auth_context [None req-d94080e4-48ad-4942-9afa-d2b04770f1bc None admin] Authenticating user token {{(pid=81433) process_request /usr/local/lib/python3.8/dist-packages/keystonemiddleware/auth_token/__init__.py:407}}
Oct 02 00:41:31.614912 dv-cinder-master-3-iscsi devstack@keystone.service[81433]: DEBUG dbcounter [-] [81433] Writing DB stats keystone:SELECT=100 {{(pid=81433) stat_writer /usr/local/lib/python3.8/dist-packages/dbcounter.py:114}}
Oct 02 00:41:31.708402 dv-cinder-master-3-iscsi devstack@keystone.service[81433]: DEBUG keystone.server.flask.request_processing.middleware.auth_context [None req-d94080e4-48ad-4942-9afa-d2b04770f1bc None admin] Validating token access rules against request {{(pid=81433) validate_allowed_request /usr/local/lib/python3.8/dist-packages/keystonemiddleware/auth_token/__init__.py:545}}
Oct 02 00:41:31.724919 dv-cinder-master-3-iscsi devstack@keystone.service[81432]: DEBUG keystone.server.flask.request_processing.middleware.auth_context [None req-a971fb0b-8dec-47d6-8ae5-e9137c5d386c None None] Validating token access rules against request {{(pid=81432) validate_allowed_request /usr/local/lib/python3.8/dist-packages/keystonemiddleware/auth_token/__init__.py:545}}
Oct 02 00:41:31.767609 dv-cinder-master-3-iscsi devstack@keystone.service[81433]: DEBUG keystone.server.flask.request_processing.middleware.auth_context [None req-922ca9a2-2d8f-42f1-83f5-fd3fa5c247bf None admin] RBAC: auth_context: {'token': , 'domain_id': None, 'trust_id': None, 'trustor_id': None, 'trustee_id': None, 'domain_name': None, 'group_ids': [], 'user_id': 'b3c5f8b9f24f40b99d0e28c5d77526fa', 'user_domain_id': 'default', 'system_scope': 'all', 'project_id': None, 'project_domain_id': None, 'roles': ['admin', 'member', 'reader'], 'is_admin_project': True, 'service_user_id': None, 'service_user_domain_id': None, 'service_project_id': None, 'service_project_domain_id': None, 'service_roles': []} {{(pid=81433) fill_context /opt/stack/keystone/keystone/server/flask/request_processing/middleware/auth_context.py:478}}
Oct 02 00:41:31.770194 dv-cinder-master-3-iscsi devstack@keystone.service[81433]: DEBUG keystone.server.flask.request_processing.req_logging [None req-922ca9a2-2d8f-42f1-83f5-fd3fa5c247bf None admin] REQUEST_METHOD: `GET` {{(pid=81433) log_request_info /opt/stack/keystone/keystone/server/flask/request_processing/req_logging.py:27}}
Oct 02 00:41:31.772268 dv-cinder-master-3-iscsi devstack@keystone.service[81433]: DEBUG keystone.server.flask.request_processing.req_logging [None req-922ca9a2-2d8f-42f1-83f5-fd3fa5c247bf None admin] SCRIPT_NAME: `/identity` {{(pid=81433) log_request_info /opt/stack/keystone/keystone/server/flask/request_processing/req_logging.py:28}}
Oct 02 00:41:31.772803 dv-cinder-master-3-iscsi devstack@keystone.service[81433]: DEBUG keystone.server.flask.request_processing.req_logging [None req-922ca9a2-2d8f-42f1-83f5-fd3fa5c247bf None admin] PATH_INFO: `/v3/role_assignments` {{(pid=81433) log_request_info /opt/stack/keystone/keystone/server/flask/request_processing/req_logging.py:29}}
Oct 02 00:41:31.774636 dv-cinder-master-3-iscsi devstack@keystone.service[81433]: DEBUG keystone.common.rbac_enforcer.enforcer [None req-922ca9a2-2d8f-42f1-83f5-fd3fa5c247bf None admin] RBAC: Adding query filter params (role.id=680bd58399004020984edb53af05d3f8, user.id=c09c126a57144a5aa89bf76276b2f0a8, scope.system=all) {{(pid=81433) _extract_filter_values /opt/stack/keystone/keystone/common/rbac_enforcer/enforcer.py:167}}
Oct 02 00:41:31.775966 dv-cinder-master-3-iscsi devstack@keystone.service[81433]: DEBUG keystone.common.rbac_enforcer.enforcer [None req-922ca9a2-2d8f-42f1-83f5-fd3fa5c247bf None admin] RBAC: Authorizing `identity:list_role_assignments()` {{(pid=81433) enforce_call /opt/stack/keystone/keystone/common/rbac_enforcer/enforcer.py:449}}
Oct 02 00:41:31.777708 dv-cinder-master-3-iscsi devstack@keystone.service[81433]: DEBUG keystone.common.rbac_enforcer.enforcer [None req-922ca9a2-2d8f-42f1-83f5-fd3fa5c247bf None admin] RBAC: Authorization granted {{(pid=81433) enforce_call /opt/stack/keystone/keystone/common/rbac_enforcer/enforcer.py:457}}
Oct 02 00:41:31.794129 dv-cinder-master-3-iscsi devstack@keystone.service[81432]: DEBUG keystone.server.flask.request_processing.middleware.auth_context [None req-1bd71ef6-af11-4d5f-a905-04ae39e72223 None admin] RBAC: auth_context: {'token': , 'domain_id': None, 'trust_id': None, 'trustor_id': None, 'trustee_id': None, 'domain_name': None, 'group_ids': [], 'user_id': 'b3c5f8b9f24f40b99d0e28c5d77526fa', 'user_domain_id': 'default', 'system_scope': 'all', 'project_id': None, 'project_domain_id': None, 'roles': ['admin', 'member', 'reader'], 'is_admin_project': True, 'service_user_id': None, 'service_user_domain_id': None, 'service_project_id': None, 'service_project_domain_id': None, 'service_roles': []} {{(pid=81432) fill_context /opt/stack/keystone/keystone/server/flask/request_processing/middleware/auth_context.py:478}}
Oct 02 00:41:31.795088 dv-cinder-master-3-iscsi devstack@keystone.service[81432]: DEBUG keystone.server.flask.request_processing.req_logging [None req-1bd71ef6-af11-4d5f-a905-04ae39e72223 None admin] REQUEST_METHOD: `GET` {{(pid=81432) log_request_info /opt/stack/keystone/keystone/server/flask/request_processing/req_logging.py:27}}
Oct 02 00:41:31.795584 dv-cinder-master-3-iscsi devstack@keystone.service[81432]: DEBUG keystone.server.flask.request_processing.req_logging [None req-1bd71ef6-af11-4d5f-a905-04ae39e72223 None admin] SCRIPT_NAME: `/identity` {{(pid=81432) log_request_info /opt/stack/keystone/keystone/server/flask/request_processing/req_logging.py:28}}
Oct 02 00:41:31.796060 dv-cinder-master-3-iscsi devstack@keystone.service[81432]: DEBUG keystone.server.flask.request_processing.req_logging [None req-1bd71ef6-af11-4d5f-a905-04ae39e72223 None admin] PATH_INFO: `/v3/auth/tokens` {{(pid=81432) log_request_info /opt/stack/keystone/keystone/server/flask/request_processing/req_logging.py:29}}
Oct 02 00:41:31.802748 dv-cinder-master-3-iscsi devstack@keystone.service[81433]: [pid: 81433|app: 0|req: 190/367] 10.222.0.25 () {56 vars in 1308 bytes} [Sun Oct 2 00:41:31 2022] GET /identity/v3/role_assignments?user.id=c09c126a57144a5aa89bf76276b2f0a8&scope.system=all&role.id=680bd58399004020984edb53af05d3f8 => generated 510 bytes in 230 msecs (HTTP/1.1 200) 5 headers in 177 bytes (1 switches on core 0)
Oct 02 00:41:31.812594 dv-cinder-master-3-iscsi devstack@keystone.service[81433]: DEBUG keystone.server.flask.request_processing.middleware.auth_context [None req-922ca9a2-2d8f-42f1-83f5-fd3fa5c247bf None admin] Authenticating user token {{(pid=81433) process_request /usr/local/lib/python3.8/dist-packages/keystonemiddleware/auth_token/__init__.py:407}}
Oct 02 00:41:31.941755 dv-cinder-master-3-iscsi devstack@keystone.service[81432]: DEBUG dbcounter [-] [81432] Writing DB stats keystone:SELECT=100 {{(pid=81432) stat_writer /usr/local/lib/python3.8/dist-packages/dbcounter.py:114}}
Oct 02 00:41:31.954563 dv-cinder-master-3-iscsi devstack@keystone.service[81432]: DEBUG keystone.common.rbac_enforcer.enforcer [None req-1bd71ef6-af11-4d5f-a905-04ae39e72223 None admin] RBAC: Authorizing `identity:validate_token()` {{(pid=81432) enforce_call /opt/stack/keystone/keystone/common/rbac_enforcer/enforcer.py:449}}
Oct 02 00:41:31.956294 dv-cinder-master-3-iscsi devstack@keystone.service[81432]: DEBUG keystone.common.rbac_enforcer.enforcer [None req-1bd71ef6-af11-4d5f-a905-04ae39e72223 None admin] RBAC: Authorization granted {{(pid=81432) enforce_call /opt/stack/keystone/keystone/common/rbac_enforcer/enforcer.py:457}}
Oct 02 00:41:31.995145 dv-cinder-master-3-iscsi devstack@keystone.service[81433]: DEBUG keystone.server.flask.request_processing.middleware.auth_context [None req-922ca9a2-2d8f-42f1-83f5-fd3fa5c247bf None admin] Validating token access rules against request {{(pid=81433) validate_allowed_request /usr/local/lib/python3.8/dist-packages/keystonemiddleware/auth_token/__init__.py:545}}
Oct 02 00:41:32.008666 dv-cinder-master-3-iscsi devstack@keystone.service[81433]: DEBUG dbcounter [-] [81433] Writing DB stats keystone:SELECT=100 {{(pid=81433) stat_writer /usr/local/lib/python3.8/dist-packages/dbcounter.py:114}}
Oct 02 00:41:32.040663 dv-cinder-master-3-iscsi devstack@keystone.service[81433]: DEBUG keystone.server.flask.request_processing.middleware.auth_context [None req-1db2a72a-d34f-4fa3-aac8-3a8edd5cf602 None admin] RBAC: auth_context: {'token': , 'domain_id': None, 'trust_id': None, 'trustor_id': None, 'trustee_id': None, 'domain_name': None, 'group_ids': [], 'user_id': 'b3c5f8b9f24f40b99d0e28c5d77526fa', 'user_domain_id': 'default', 'system_scope': 'all', 'project_id': None, 'project_domain_id': None, 'roles': ['admin', 'member', 'reader'], 'is_admin_project': True, 'service_user_id': None, 'service_user_domain_id': None, 'service_project_id': None, 'service_project_domain_id': None, 'service_roles': []} {{(pid=81433) fill_context /opt/stack/keystone/keystone/server/flask/request_processing/middleware/auth_context.py:478}}
Oct 02 00:41:32.041623 dv-cinder-master-3-iscsi devstack@keystone.service[81433]: DEBUG keystone.server.flask.request_processing.req_logging [None req-1db2a72a-d34f-4fa3-aac8-3a8edd5cf602 None admin] REQUEST_METHOD: `GET` {{(pid=81433) log_request_info /opt/stack/keystone/keystone/server/flask/request_processing/req_logging.py:27}}
Oct 02 00:41:32.042177 dv-cinder-master-3-iscsi devstack@keystone.service[81433]: DEBUG keystone.server.flask.request_processing.req_logging [None req-1db2a72a-d34f-4fa3-aac8-3a8edd5cf602 None admin] SCRIPT_NAME: `/identity` {{(pid=81433) log_request_info /opt/stack/keystone/keystone/server/flask/request_processing/req_logging.py:28}}
Oct 02 00:41:32.042627 dv-cinder-master-3-iscsi devstack@keystone.service[81433]: DEBUG keystone.server.flask.request_processing.req_logging [None req-1db2a72a-d34f-4fa3-aac8-3a8edd5cf602 None admin] PATH_INFO: `/v3/projects/74b104206ad84d6bbb9d5fd926b6f1aa` {{(pid=81433) log_request_info /opt/stack/keystone/keystone/server/flask/request_processing/req_logging.py:29}}
Oct 02 00:41:32.043849 dv-cinder-master-3-iscsi devstack@keystone.service[81433]: DEBUG keystone.common.rbac_enforcer.enforcer [None req-1db2a72a-d34f-4fa3-aac8-3a8edd5cf602 None admin] RBAC: Authorizing `identity:get_project(project_id=74b104206ad84d6bbb9d5fd926b6f1aa)` {{(pid=81433) enforce_call /opt/stack/keystone/keystone/common/rbac_enforcer/enforcer.py:449}}
Oct 02 00:41:32.045333 dv-cinder-master-3-iscsi devstack@keystone.service[81433]: DEBUG keystone.common.rbac_enforcer.enforcer [None req-1db2a72a-d34f-4fa3-aac8-3a8edd5cf602 None admin] RBAC: Authorization granted {{(pid=81433) enforce_call /opt/stack/keystone/keystone/common/rbac_enforcer/enforcer.py:457}}
Oct 02 00:41:32.047079 dv-cinder-master-3-iscsi devstack@keystone.service[81433]: [pid: 81433|app: 0|req: 191/368] 10.222.0.25 () {56 vars in 1186 bytes} [Sun Oct 2 00:41:31 2022] GET /identity/v3/projects/74b104206ad84d6bbb9d5fd926b6f1aa => generated 302 bytes in 241 msecs (HTTP/1.1 200) 5 headers in 177 bytes (1 switches on core 0)
Oct 02 00:41:32.048094 dv-cinder-master-3-iscsi devstack@keystone.service[81433]: DEBUG keystone.server.flask.request_processing.middleware.auth_context [None req-1db2a72a-d34f-4fa3-aac8-3a8edd5cf602 None admin] Authenticating user token {{(pid=81433) process_request /usr/local/lib/python3.8/dist-packages/keystonemiddleware/auth_token/__init__.py:407}}
Oct 02 00:41:32.170744 dv-cinder-master-3-iscsi devstack@keystone.service[81433]: DEBUG keystone.server.flask.request_processing.middleware.auth_context [None req-1db2a72a-d34f-4fa3-aac8-3a8edd5cf602 None admin] Validating token access rules against request {{(pid=81433) validate_allowed_request /usr/local/lib/python3.8/dist-packages/keystonemiddleware/auth_token/__init__.py:545}}
Oct 02 00:41:32.190829 dv-cinder-master-3-iscsi devstack@keystone.service[81432]: [pid: 81432|app: 0|req: 178/369] 10.222.0.25 () {58 vars in 1282 bytes} [Sun Oct 2 00:41:31 2022] GET /identity/v3/auth/tokens => generated 799 bytes in 632 msecs (HTTP/1.1 200) 6 headers in 358 bytes (1 switches on core 0)
Oct 02 00:41:32.191827 dv-cinder-master-3-iscsi devstack@keystone.service[81432]: DEBUG keystone.server.flask.request_processing.middleware.auth_context [None req-1bd71ef6-af11-4d5f-a905-04ae39e72223 None admin] Authenticating user token {{(pid=81432) process_request /usr/local/lib/python3.8/dist-packages/keystonemiddleware/auth_token/__init__.py:407}}
Oct 02 00:41:32.218401 dv-cinder-master-3-iscsi devstack@keystone.service[81433]: DEBUG keystone.server.flask.request_processing.middleware.auth_context [None req-c49155e7-ae2a-4d6a-ba95-45f25b5e09d9 None admin] RBAC: auth_context: {'token': , 'domain_id': None, 'trust_id': None, 'trustor_id': None, 'trustee_id': None, 'domain_name': None, 'group_ids': [], 'user_id': 'b3c5f8b9f24f40b99d0e28c5d77526fa', 'user_domain_id': 'default', 'system_scope': 'all', 'project_id': None, 'project_domain_id': None, 'roles': ['admin', 'member', 'reader'], 'is_admin_project': True, 'service_user_id': None, 'service_user_domain_id': None, 'service_project_id': None, 'service_project_domain_id': None, 'service_roles': []} {{(pid=81433) fill_context /opt/stack/keystone/keystone/server/flask/request_processing/middleware/auth_context.py:478}}
Oct 02 00:41:32.219285 dv-cinder-master-3-iscsi devstack@keystone.service[81433]: DEBUG keystone.server.flask.request_processing.req_logging [None req-c49155e7-ae2a-4d6a-ba95-45f25b5e09d9 None admin] REQUEST_METHOD: `GET` {{(pid=81433) log_request_info /opt/stack/keystone/keystone/server/flask/request_processing/req_logging.py:27}}
Oct 02 00:41:32.219570 dv-cinder-master-3-iscsi devstack@keystone.service[81433]: DEBUG keystone.server.flask.request_processing.req_logging [None req-c49155e7-ae2a-4d6a-ba95-45f25b5e09d9 None admin] SCRIPT_NAME: `/identity` {{(pid=81433) log_request_info /opt/stack/keystone/keystone/server/flask/request_processing/req_logging.py:28}}
Oct 02 00:41:32.219845 dv-cinder-master-3-iscsi devstack@keystone.service[81433]: DEBUG keystone.server.flask.request_processing.req_logging [None req-c49155e7-ae2a-4d6a-ba95-45f25b5e09d9 None admin] PATH_INFO: `/v3/roles/admin` {{(pid=81433) log_request_info /opt/stack/keystone/keystone/server/flask/request_processing/req_logging.py:29}}
Oct 02 00:41:32.235824 dv-cinder-master-3-iscsi devstack@keystone.service[81433]: DEBUG keystone.common.rbac_enforcer.enforcer [None req-c49155e7-ae2a-4d6a-ba95-45f25b5e09d9 None admin] Extracting inferred target data resulted in "NOT FOUND (404)". {{(pid=81433) enforce_call /opt/stack/keystone/keystone/common/rbac_enforcer/enforcer.py:409}}
Oct 02 00:41:32.241742 dv-cinder-master-3-iscsi devstack@keystone.service[81433]: ERROR keystone.server.flask.application [None req-c49155e7-ae2a-4d6a-ba95-45f25b5e09d9 None admin] Could not find role: admin.: keystone.exception.RoleNotFound: Could not find role: admin.
Oct 02 00:41:32.241742 dv-cinder-master-3-iscsi devstack@keystone.service[81433]: ERROR keystone.server.flask.application
Traceback (most recent call last):
Oct 02 00:41:32.241742 dv-cinder-master-3-iscsi devstack@keystone.service[81433]: ERROR keystone.server.flask.application
File "/usr/local/lib/python3.8/dist-packages/flask/app.py", line 1820, in full_dispatch_request
Oct 02 00:41:32.241742 dv-cinder-master-3-iscsi devstack@keystone.service[81433]: ERROR keystone.server.flask.application rv = self.dispatch_request()
Oct 02 00:41:32.241742 dv-cinder-master-3-iscsi devstack@keystone.service[81433]: ERROR keystone.server.flask.application
File "/usr/local/lib/python3.8/dist-packages/flask/app.py", line 1796, in dispatch_request
Oct 02 00:41:32.241742 dv-cinder-master-3-iscsi devstack@keystone.service[81433]: ERROR keystone.server.flask.application return self.ensure_sync(self.view_functions[rule.endpoint])(**view_args)
Oct 02 00:41:32.241742 dv-cinder-master-3-iscsi devstack@keystone.service[81433]: ERROR keystone.server.flask.application
File "/usr/local/lib/python3.8/dist-packages/flask_restful/__init__.py", line 467, in wrapper
Oct 02 00:41:32.241742 dv-cinder-master-3-iscsi devstack@keystone.service[81433]: ERROR keystone.server.flask.application resp = resource(*args, **kwargs)
Oct 02 00:41:32.241742 dv-cinder-master-3-iscsi devstack@keystone.service[81433]: ERROR keystone.server.flask.application
File "/usr/local/lib/python3.8/dist-packages/flask/views.py", line 107, in view
Oct 02 00:41:32.241742 dv-cinder-master-3-iscsi devstack@keystone.service[81433]: ERROR keystone.server.flask.application return current_app.ensure_sync(self.dispatch_request)(**kwargs)
Oct 02 00:41:32.241742 dv-cinder-master-3-iscsi devstack@keystone.service[81433]: ERROR keystone.server.flask.application
File "/usr/local/lib/python3.8/dist-packages/flask_restful/__init__.py", line 582, in dispatch_request
Oct 02 00:41:32.241742 dv-cinder-master-3-iscsi devstack@keystone.service[81433]: ERROR keystone.server.flask.application resp = meth(*args, **kwargs)
Oct 02 00:41:32.241742 dv-cinder-master-3-iscsi devstack@keystone.service[81433]: ERROR keystone.server.flask.application
File "/opt/stack/keystone/keystone/api/roles.py", line 50, in get
Oct 02 00:41:32.241742 dv-cinder-master-3-iscsi devstack@keystone.service[81433]: ERROR keystone.server.flask.application return self._get_role(role_id)
Oct 02 00:41:32.241742 dv-cinder-master-3-iscsi devstack@keystone.service[81433]: ERROR keystone.server.flask.application
File "/opt/stack/keystone/keystone/api/roles.py", line 70, in _get_role
Oct 02 00:41:32.241742 dv-cinder-master-3-iscsi devstack@keystone.service[81433]: ERROR keystone.server.flask.application ENFORCER.enforce_call(action='identity:get_role')
Oct 02 00:41:32.242758 dv-cinder-master-3-iscsi devstack@keystone.service[81433]: ERROR keystone.server.flask.application
File "/opt/stack/keystone/keystone/common/rbac_enforcer/enforcer.py", line 402, in enforce_call
Oct 02 00:41:32.242758 dv-cinder-master-3-iscsi devstack@keystone.service[81433]: ERROR keystone.server.flask.application policy_dict.update(cls._extract_member_target_data(
Oct 02 00:41:32.242758 dv-cinder-master-3-iscsi devstack@keystone.service[81433]: ERROR keystone.server.flask.application
File "/opt/stack/keystone/keystone/common/rbac_enforcer/enforcer.py", line 234, in _extract_member_target_data
Oct 02 00:41:32.242758 dv-cinder-master-3-iscsi devstack@keystone.service[81433]: ERROR keystone.server.flask.application member_name: func(flask.request.view_args[key])
Oct 02 00:41:32.242758 dv-cinder-master-3-iscsi devstack@keystone.service[81433]: ERROR keystone.server.flask.application
File "/opt/stack/keystone/keystone/common/manager.py", line 115, in wrapped
Oct 02 00:41:32.242758 dv-cinder-master-3-iscsi devstack@keystone.service[81433]: ERROR keystone.server.flask.application __ret_val = __f(*args, **kwargs)
Oct 02 00:41:32.242758 dv-cinder-master-3-iscsi devstack@keystone.service[81433]: ERROR keystone.server.flask.application
File "/usr/local/lib/python3.8/dist-packages/decorator.py", line 232, in fun
Oct 02 00:41:32.242758 dv-cinder-master-3-iscsi devstack@keystone.service[81433]: ERROR keystone.server.flask.application return caller(func, *(extras + args), **kw)
Oct 02 00:41:32.242758 dv-cinder-master-3-iscsi devstack@keystone.service[81433]: ERROR keystone.server.flask.application
File "/usr/local/lib/python3.8/dist-packages/dogpile/cache/region.py", line 1577, in get_or_create_for_user_func
Oct 02 00:41:32.242758 dv-cinder-master-3-iscsi devstack@keystone.service[81433]: ERROR keystone.server.flask.application return self.get_or_create(
Oct 02 00:41:32.242758 dv-cinder-master-3-iscsi devstack@keystone.service[81433]: ERROR keystone.server.flask.application
File "/usr/local/lib/python3.8/dist-packages/dogpile/cache/region.py", line 1042, in get_or_create
Oct 02 00:41:32.242758 dv-cinder-master-3-iscsi devstack@keystone.service[81433]: ERROR keystone.server.flask.application with Lock(
Oct 02 00:41:32.242758 dv-cinder-master-3-iscsi devstack@keystone.service[81433]: ERROR keystone.server.flask.application
File "/usr/local/lib/python3.8/dist-packages/dogpile/lock.py", line 185, in __enter__
Oct 02 00:41:32.242758 dv-cinder-master-3-iscsi devstack@keystone.service[81433]: ERROR keystone.server.flask.application return self._enter()
Oct 02 00:41:32.242758 dv-cinder-master-3-iscsi devstack@keystone.service[81433]: ERROR keystone.server.flask.application
File "/usr/local/lib/python3.8/dist-packages/dogpile/lock.py", line 94, in _enter
Oct 02 00:41:32.242758 dv-cinder-master-3-iscsi devstack@keystone.service[81433]: ERROR keystone.server.flask.application generated = self._enter_create(value, createdtime)
Oct 02 00:41:32.244227 dv-cinder-master-3-iscsi devstack@keystone.service[81433]: ERROR keystone.server.flask.application
File "/usr/local/lib/python3.8/dist-packages/dogpile/lock.py", line 178, in _enter_create
Oct 02 00:41:32.244227 dv-cinder-master-3-iscsi devstack@keystone.service[81433]: ERROR keystone.server.flask.application return self.creator()
Oct 02 00:41:32.244227 dv-cinder-master-3-iscsi devstack@keystone.service[81433]: ERROR keystone.server.flask.application
File "/usr/local/lib/python3.8/dist-packages/dogpile/cache/region.py", line 995, in gen_value
Oct 02 00:41:32.244227 dv-cinder-master-3-iscsi devstack@keystone.service[81433]: ERROR keystone.server.flask.application created_value = creator(
Oct 02 00:41:32.244227 dv-cinder-master-3-iscsi devstack@keystone.service[81433]: ERROR keystone.server.flask.application
File "/opt/stack/keystone/keystone/assignment/core.py", line 1276, in get_role
Oct 02 00:41:32.244227 dv-cinder-master-3-iscsi devstack@keystone.service[81433]: ERROR keystone.server.flask.application return self.driver.get_role(role_id)
Oct 02 00:41:32.244227 dv-cinder-master-3-iscsi devstack@keystone.service[81433]: ERROR keystone.server.flask.application
File "/opt/stack/keystone/keystone/assignment/role_backends/sql.py", line 70, in get_role
Oct 02 00:41:32.244227 dv-cinder-master-3-iscsi devstack@keystone.service[81433]: ERROR keystone.server.flask.application return self._get_role(session, role_id).to_dict()
Oct 02 00:41:32.244227 dv-cinder-master-3-iscsi devstack@keystone.service[81433]: ERROR keystone.server.flask.application
File "/opt/stack/keystone/keystone/assignment/role_backends/sql.py", line 65, in _get_role
Oct 02 00:41:32.244227 dv-cinder-master-3-iscsi devstack@keystone.service[81433]: ERROR keystone.server.flask.application raise exception.RoleNotFound(role_id=role_id)
Oct 02 00:41:32.244227 dv-cinder-master-3-iscsi devstack@keystone.service[81433]: ERROR keystone.server.flask.application keystone.exception.RoleNotFound: Could not find role: admin.
Oct 02 00:41:32.244227 dv-cinder-master-3-iscsi devstack@keystone.service[81433]: ERROR keystone.server.flask.application
Oct 02 00:41:32.244227 dv-cinder-master-3-iscsi devstack@keystone.service[81433]: [pid: 81433|app: 0|req: 192/370] 10.222.0.25 () {56 vars in 1096 bytes} [Sun Oct 2 00:41:32 2022] GET /identity/v3/roles/admin => generated 83 bytes in 196 msecs (HTTP/1.1 404) 5 headers in 183 bytes (1 switches on core 0)
Oct 02 00:41:32.244932 dv-cinder-master-3-iscsi devstack@keystone.service[81433]: DEBUG keystone.server.flask.request_processing.middleware.auth_context [None req-c49155e7-ae2a-4d6a-ba95-45f25b5e09d9 None admin] Authenticating user token {{(pid=81433) process_request /usr/local/lib/python3.8/dist-packages/keystonemiddleware/auth_token/__init__.py:407}}
Oct 02 00:41:32.275812 dv-cinder-master-3-iscsi devstack@keystone.service[81433]: DEBUG dbcounter [-] [81433] Writing DB stats keystone:SELECT=100 {{(pid=81433) stat_writer /usr/local/lib/python3.8/dist-packages/dbcounter.py:114}}
Oct 02 00:41:32.344611 dv-cinder-master-3-iscsi devstack@keystone.service[81432]: DEBUG dbcounter [-] [81432] Writing DB stats keystone:SELECT=100 {{(pid=81432) stat_writer /usr/local/lib/python3.8/dist-packages/dbcounter.py:114}}
Oct 02 00:41:32.351654 dv-cinder-master-3-iscsi devstack@keystone.service[81432]: DEBUG keystone.server.flask.request_processing.middleware.auth_context [None req-1bd71ef6-af11-4d5f-a905-04ae39e72223 None admin] Validating token access rules against request {{(pid=81432) validate_allowed_request /usr/local/lib/python3.8/dist-packages/keystonemiddleware/auth_token/__init__.py:545}}
Oct 02 00:41:32.394729 dv-cinder-master-3-iscsi devstack@keystone.service[81433]: DEBUG keystone.server.flask.request_processing.middleware.auth_context [None req-c49155e7-ae2a-4d6a-ba95-45f25b5e09d9 None admin] Validating token access rules against request {{(pid=81433) validate_allowed_request /usr/local/lib/python3.8/dist-packages/keystonemiddleware/auth_token/__init__.py:545}}
Oct 02 00:41:32.396035 dv-cinder-master-3-iscsi devstack@keystone.service[81432]: DEBUG keystone.server.flask.request_processing.middleware.auth_context [None req-8ff543fe-0b31-492e-89e0-cf79d44f1924 None admin] RBAC: auth_context: {'token': , 'domain_id': None, 'trust_id': None, 'trustor_id': None, 'trustee_id': None, 'domain_name': None, 'group_ids': [], 'user_id': 'b3c5f8b9f24f40b99d0e28c5d77526fa', 'user_domain_id': 'default', 'system_scope': 'all', 'project_id': None, 'project_domain_id': None, 'roles': ['admin', 'member', 'reader'], 'is_admin_project': True, 'service_user_id': None, 'service_user_domain_id': None, 'service_project_id': None, 'service_project_domain_id': None, 'service_roles': []} {{(pid=81432) fill_context /opt/stack/keystone/keystone/server/flask/request_processing/middleware/auth_context.py:478}}
Oct 02 00:41:32.396670 dv-cinder-master-3-iscsi devstack@keystone.service[81432]: DEBUG keystone.server.flask.request_processing.req_logging [None req-8ff543fe-0b31-492e-89e0-cf79d44f1924 None admin] REQUEST_METHOD: `GET` {{(pid=81432) log_request_info /opt/stack/keystone/keystone/server/flask/request_processing/req_logging.py:27}}
Oct 02 00:41:32.396947 dv-cinder-master-3-iscsi devstack@keystone.service[81432]: DEBUG keystone.server.flask.request_processing.req_logging [None req-8ff543fe-0b31-492e-89e0-cf79d44f1924 None admin] SCRIPT_NAME: `/identity` {{(pid=81432) log_request_info /opt/stack/keystone/keystone/server/flask/request_processing/req_logging.py:28}}
Oct 02 00:41:32.398142 dv-cinder-master-3-iscsi devstack@keystone.service[81432]: DEBUG keystone.server.flask.request_processing.req_logging [None req-8ff543fe-0b31-492e-89e0-cf79d44f1924 None admin] PATH_INFO: `/v3/groups/0e21a7774468486e9c4b62328a0325f2` {{(pid=81432) log_request_info /opt/stack/keystone/keystone/server/flask/request_processing/req_logging.py:29}}
Oct 02 00:41:32.398590 dv-cinder-master-3-iscsi devstack@keystone.service[81432]: DEBUG keystone.common.rbac_enforcer.enforcer [None req-8ff543fe-0b31-492e-89e0-cf79d44f1924 None admin] RBAC: Authorizing `identity:get_group(group_id=0e21a7774468486e9c4b62328a0325f2)` {{(pid=81432) enforce_call /opt/stack/keystone/keystone/common/rbac_enforcer/enforcer.py:449}}
Oct 02 00:41:32.401017 dv-cinder-master-3-iscsi devstack@keystone.service[81432]: DEBUG keystone.common.rbac_enforcer.enforcer [None req-8ff543fe-0b31-492e-89e0-cf79d44f1924 None admin] RBAC: Authorization granted {{(pid=81432) enforce_call /opt/stack/keystone/keystone/common/rbac_enforcer/enforcer.py:457}}
Oct 02 00:41:32.403000 dv-cinder-master-3-iscsi devstack@keystone.service[81432]: [pid: 81432|app: 0|req: 179/371] 10.222.0.25 () {56 vars in 1180 bytes} [Sun Oct 2 00:41:32 2022] GET /identity/v3/groups/0e21a7774468486e9c4b62328a0325f2 => generated 226 bytes in 211 msecs (HTTP/1.1 200) 5 headers in 177 bytes (1 switches on core 0)
Oct 02 00:41:32.403880 dv-cinder-master-3-iscsi devstack@keystone.service[81432]: DEBUG keystone.server.flask.request_processing.middleware.auth_context [None req-8ff543fe-0b31-492e-89e0-cf79d44f1924 None admin] Authenticating user token {{(pid=81432) process_request /usr/local/lib/python3.8/dist-packages/keystonemiddleware/auth_token/__init__.py:407}}
Oct 02 00:41:32.438794 dv-cinder-master-3-iscsi devstack@keystone.service[81433]: DEBUG keystone.server.flask.request_processing.middleware.auth_context [None req-b988ef81-462a-46c5-8684-c6b3efa3f392 None admin] RBAC: auth_context: {'token': , 'domain_id': None, 'trust_id': None, 'trustor_id': None, 'trustee_id': None, 'domain_name': None, 'group_ids': [], 'user_id': 'b3c5f8b9f24f40b99d0e28c5d77526fa', 'user_domain_id': 'default', 'system_scope': 'all', 'project_id': None, 'project_domain_id': None, 'roles': ['admin', 'member', 'reader'], 'is_admin_project': True, 'service_user_id': None, 'service_user_domain_id': None, 'service_project_id': None, 'service_project_domain_id': None, 'service_roles': []} {{(pid=81433) fill_context /opt/stack/keystone/keystone/server/flask/request_processing/middleware/auth_context.py:478}}
Oct 02 00:41:32.439854 dv-cinder-master-3-iscsi devstack@keystone.service[81433]: DEBUG keystone.server.flask.request_processing.req_logging [None req-b988ef81-462a-46c5-8684-c6b3efa3f392 None admin] REQUEST_METHOD: `GET` {{(pid=81433) log_request_info /opt/stack/keystone/keystone/server/flask/request_processing/req_logging.py:27}}
Oct 02 00:41:32.440352 dv-cinder-master-3-iscsi devstack@keystone.service[81433]: DEBUG keystone.server.flask.request_processing.req_logging [None req-b988ef81-462a-46c5-8684-c6b3efa3f392 None admin] SCRIPT_NAME: `/identity` {{(pid=81433) log_request_info /opt/stack/keystone/keystone/server/flask/request_processing/req_logging.py:28}}
Oct 02 00:41:32.440828 dv-cinder-master-3-iscsi devstack@keystone.service[81433]: DEBUG keystone.server.flask.request_processing.req_logging [None req-b988ef81-462a-46c5-8684-c6b3efa3f392 None admin] PATH_INFO: `/v3/projects/74b104206ad84d6bbb9d5fd926b6f1aa` {{(pid=81433) log_request_info /opt/stack/keystone/keystone/server/flask/request_processing/req_logging.py:29}}
Oct 02 00:41:32.442336 dv-cinder-master-3-iscsi devstack@keystone.service[81433]: DEBUG keystone.common.rbac_enforcer.enforcer [None req-b988ef81-462a-46c5-8684-c6b3efa3f392 None admin] RBAC: Authorizing `identity:get_project(project_id=74b104206ad84d6bbb9d5fd926b6f1aa)` {{(pid=81433) enforce_call /opt/stack/keystone/keystone/common/rbac_enforcer/enforcer.py:449}}
Oct 02 00:41:32.444003 dv-cinder-master-3-iscsi devstack@keystone.service[81433]: DEBUG keystone.common.rbac_enforcer.enforcer [None req-b988ef81-462a-46c5-8684-c6b3efa3f392 None admin] RBAC: Authorization granted {{(pid=81433) enforce_call /opt/stack/keystone/keystone/common/rbac_enforcer/enforcer.py:457}}
Oct 02 00:41:32.450303 dv-cinder-master-3-iscsi devstack@keystone.service[81433]: [pid: 81433|app: 0|req: 193/372] 10.222.0.25 () {56 vars in 1186 bytes} [Sun Oct 2 00:41:32 2022] GET /identity/v3/projects/74b104206ad84d6bbb9d5fd926b6f1aa => generated 302 bytes in 202 msecs (HTTP/1.1 200) 5 headers in 177 bytes (1 switches on core 0)
Oct 02 00:41:32.451448 dv-cinder-master-3-iscsi devstack@keystone.service[81433]: DEBUG keystone.server.flask.request_processing.middleware.auth_context [None req-b988ef81-462a-46c5-8684-c6b3efa3f392 None admin] Authenticating user token {{(pid=81433) process_request /usr/local/lib/python3.8/dist-packages/keystonemiddleware/auth_token/__init__.py:407}}
Oct 02 00:41:32.527502 dv-cinder-master-3-iscsi devstack@keystone.service[81432]: DEBUG keystone.server.flask.request_processing.middleware.auth_context [None req-8ff543fe-0b31-492e-89e0-cf79d44f1924 None admin] Validating token access rules against request {{(pid=81432) validate_allowed_request /usr/local/lib/python3.8/dist-packages/keystonemiddleware/auth_token/__init__.py:545}}
Oct 02 00:41:32.564011 dv-cinder-master-3-iscsi devstack@keystone.service[81433]: DEBUG dbcounter [-] [81433] Writing DB stats keystone:SELECT=100 {{(pid=81433) stat_writer /usr/local/lib/python3.8/dist-packages/dbcounter.py:114}}
Oct 02 00:41:32.576729 dv-cinder-master-3-iscsi devstack@keystone.service[81433]: DEBUG keystone.server.flask.request_processing.middleware.auth_context [None req-b988ef81-462a-46c5-8684-c6b3efa3f392 None admin] Validating token access rules against request {{(pid=81433) validate_allowed_request /usr/local/lib/python3.8/dist-packages/keystonemiddleware/auth_token/__init__.py:545}}
Oct 02 00:41:32.585099 dv-cinder-master-3-iscsi devstack@keystone.service[81432]: DEBUG keystone.server.flask.request_processing.middleware.auth_context [None req-850839b7-a538-454f-a4c3-0f85475a7c9b None admin] RBAC: auth_context: {'token': , 'domain_id': None, 'trust_id': None, 'trustor_id': None, 'trustee_id': None, 'domain_name': None, 'group_ids': [], 'user_id': 'b3c5f8b9f24f40b99d0e28c5d77526fa', 'user_domain_id': 'default', 'system_scope': 'all', 'project_id': None, 'project_domain_id': None, 'roles': ['admin', 'member', 'reader'], 'is_admin_project': True, 'service_user_id': None, 'service_user_domain_id': None, 'service_project_id': None, 'service_project_domain_id': None, 'service_roles': []} {{(pid=81432) fill_context /opt/stack/keystone/keystone/server/flask/request_processing/middleware/auth_context.py:478}}
Oct 02 00:41:32.586043 dv-cinder-master-3-iscsi devstack@keystone.service[81432]: DEBUG keystone.server.flask.request_processing.req_logging [None req-850839b7-a538-454f-a4c3-0f85475a7c9b None admin] REQUEST_METHOD: `GET` {{(pid=81432) log_request_info /opt/stack/keystone/keystone/server/flask/request_processing/req_logging.py:27}}
Oct 02 00:41:32.586907 dv-cinder-master-3-iscsi devstack@keystone.service[81432]: DEBUG keystone.server.flask.request_processing.req_logging [None req-850839b7-a538-454f-a4c3-0f85475a7c9b None admin] SCRIPT_NAME: `/identity` {{(pid=81432) log_request_info /opt/stack/keystone/keystone/server/flask/request_processing/req_logging.py:28}}
Oct 02 00:41:32.587715 dv-cinder-master-3-iscsi devstack@keystone.service[81432]: DEBUG keystone.server.flask.request_processing.req_logging [None req-850839b7-a538-454f-a4c3-0f85475a7c9b None admin] PATH_INFO: `/v3/roles` {{(pid=81432) log_request_info /opt/stack/keystone/keystone/server/flask/request_processing/req_logging.py:29}}
Oct 02 00:41:32.588399 dv-cinder-master-3-iscsi devstack@keystone.service[81432]: DEBUG keystone.common.rbac_enforcer.enforcer [None req-850839b7-a538-454f-a4c3-0f85475a7c9b None admin] RBAC: Adding query filter params (name=admin) {{(pid=81432) _extract_filter_values /opt/stack/keystone/keystone/common/rbac_enforcer/enforcer.py:167}}
Oct 02 00:41:32.588703 dv-cinder-master-3-iscsi devstack@keystone.service[81432]: DEBUG keystone.common.rbac_enforcer.enforcer [None req-850839b7-a538-454f-a4c3-0f85475a7c9b None admin] RBAC: Authorizing `identity:list_roles()` {{(pid=81432) enforce_call /opt/stack/keystone/keystone/common/rbac_enforcer/enforcer.py:449}}
Oct 02 00:41:32.590212 dv-cinder-master-3-iscsi devstack@keystone.service[81432]: DEBUG keystone.common.rbac_enforcer.enforcer [None req-850839b7-a538-454f-a4c3-0f85475a7c9b None admin] RBAC: Authorization granted {{(pid=81432) enforce_call /opt/stack/keystone/keystone/common/rbac_enforcer/enforcer.py:457}}
Oct 02 00:41:32.600429 dv-cinder-master-3-iscsi devstack@keystone.service[81432]: [pid: 81432|app: 0|req: 180/373] 10.222.0.25 () {56 vars in 1099 bytes} [Sun Oct 2 00:41:32 2022] GET /identity/v3/roles?name=admin => generated 339 bytes in 197 msecs (HTTP/1.1 200) 5 headers in 177 bytes (1 switches on core 0)
Oct 02 00:41:32.601337 dv-cinder-master-3-iscsi devstack@keystone.service[81432]: DEBUG keystone.server.flask.request_processing.middleware.auth_context [None req-850839b7-a538-454f-a4c3-0f85475a7c9b None admin] Authenticating user token {{(pid=81432) process_request /usr/local/lib/python3.8/dist-packages/keystonemiddleware/auth_token/__init__.py:407}}
Oct 02 00:41:32.621719 dv-cinder-master-3-iscsi devstack@keystone.service[81433]: DEBUG keystone.server.flask.request_processing.middleware.auth_context [None req-69bf90c5-5534-4894-9c9f-13db8a2778c3 None admin] RBAC: auth_context: {'token': , 'domain_id': None, 'trust_id': None, 'trustor_id': None, 'trustee_id': None, 'domain_name': None, 'group_ids': [], 'user_id': 'b3c5f8b9f24f40b99d0e28c5d77526fa', 'user_domain_id': 'default', 'system_scope': 'all', 'project_id': None, 'project_domain_id': None, 'roles': ['admin', 'member', 'reader'], 'is_admin_project': True, 'service_user_id': None, 'service_user_domain_id': None, 'service_project_id': None, 'service_project_domain_id': None, 'service_roles': []} {{(pid=81433) fill_context /opt/stack/keystone/keystone/server/flask/request_processing/middleware/auth_context.py:478}}
Oct 02 00:41:32.623228 dv-cinder-master-3-iscsi devstack@keystone.service[81433]: DEBUG keystone.server.flask.request_processing.req_logging [None req-69bf90c5-5534-4894-9c9f-13db8a2778c3 None admin] REQUEST_METHOD: `GET` {{(pid=81433) log_request_info /opt/stack/keystone/keystone/server/flask/request_processing/req_logging.py:27}}
Oct 02 00:41:32.623974 dv-cinder-master-3-iscsi devstack@keystone.service[81433]: DEBUG keystone.server.flask.request_processing.req_logging [None req-69bf90c5-5534-4894-9c9f-13db8a2778c3 None admin] SCRIPT_NAME: `/identity` {{(pid=81433) log_request_info /opt/stack/keystone/keystone/server/flask/request_processing/req_logging.py:28}}
Oct 02 00:41:32.624462 dv-cinder-master-3-iscsi devstack@keystone.service[81433]: DEBUG keystone.server.flask.request_processing.req_logging [None req-69bf90c5-5534-4894-9c9f-13db8a2778c3 None admin] PATH_INFO: `/v3/role_assignments` {{(pid=81433) log_request_info /opt/stack/keystone/keystone/server/flask/request_processing/req_logging.py:29}}
Oct 02 00:41:32.625699 dv-cinder-master-3-iscsi devstack@keystone.service[81433]: DEBUG keystone.common.rbac_enforcer.enforcer [None req-69bf90c5-5534-4894-9c9f-13db8a2778c3 None admin] RBAC: Adding query filter params (group.id=0e21a7774468486e9c4b62328a0325f2, role.id=e4fa1b2d8c404336a855b6142fbf25d4, scope.project.id=74b104206ad84d6bbb9d5fd926b6f1aa) {{(pid=81433) _extract_filter_values /opt/stack/keystone/keystone/common/rbac_enforcer/enforcer.py:167}}
Oct 02 00:41:32.626470 dv-cinder-master-3-iscsi devstack@keystone.service[81433]: DEBUG keystone.common.rbac_enforcer.enforcer [None req-69bf90c5-5534-4894-9c9f-13db8a2778c3 None admin] RBAC: Authorizing `identity:list_role_assignments()` {{(pid=81433) enforce_call /opt/stack/keystone/keystone/common/rbac_enforcer/enforcer.py:449}}
Oct 02 00:41:32.627911 dv-cinder-master-3-iscsi devstack@keystone.service[81433]: DEBUG keystone.common.rbac_enforcer.enforcer [None req-69bf90c5-5534-4894-9c9f-13db8a2778c3 None admin] RBAC: Authorization granted {{(pid=81433) enforce_call /opt/stack/keystone/keystone/common/rbac_enforcer/enforcer.py:457}}
Oct 02 00:41:32.637879 dv-cinder-master-3-iscsi devstack@keystone.service[81433]: [pid: 81433|app: 0|req: 194/374] 10.222.0.25 () {56 vars in 1376 bytes} [Sun Oct 2 00:41:32 2022] GET /identity/v3/role_assignments?group.id=0e21a7774468486e9c4b62328a0325f2&scope.project.id=74b104206ad84d6bbb9d5fd926b6f1aa&role.id=e4fa1b2d8c404336a855b6142fbf25d4 => generated 260 bytes in 187 msecs (HTTP/1.1 200) 5 headers in 177 bytes (1 switches on core 0)
Oct 02 00:41:32.638765 dv-cinder-master-3-iscsi devstack@keystone.service[81432]: DEBUG dbcounter [-] [81432] Writing DB stats keystone:SELECT=100 {{(pid=81432) stat_writer /usr/local/lib/python3.8/dist-packages/dbcounter.py:114}}
Oct 02 00:41:32.640246 dv-cinder-master-3-iscsi devstack@keystone.service[81433]: DEBUG keystone.server.flask.request_processing.middleware.auth_context [None req-69bf90c5-5534-4894-9c9f-13db8a2778c3 None admin] Authenticating user token {{(pid=81433) process_request /usr/local/lib/python3.8/dist-packages/keystonemiddleware/auth_token/__init__.py:407}}
Oct 02 00:41:32.751817 dv-cinder-master-3-iscsi devstack@keystone.service[81432]: DEBUG keystone.server.flask.request_processing.middleware.auth_context [None req-850839b7-a538-454f-a4c3-0f85475a7c9b None admin] Validating token access rules against request {{(pid=81432) validate_allowed_request /usr/local/lib/python3.8/dist-packages/keystonemiddleware/auth_token/__init__.py:545}}
Oct 02 00:41:32.783259 dv-cinder-master-3-iscsi devstack@keystone.service[81433]: DEBUG keystone.server.flask.request_processing.middleware.auth_context [None req-69bf90c5-5534-4894-9c9f-13db8a2778c3 None admin] Validating token access rules against request {{(pid=81433) validate_allowed_request /usr/local/lib/python3.8/dist-packages/keystonemiddleware/auth_token/__init__.py:545}}
Oct 02 00:41:32.824882 dv-cinder-master-3-iscsi devstack@keystone.service[81432]: DEBUG keystone.server.flask.request_processing.middleware.auth_context [None req-c7eb030e-6e13-4839-8736-308f0235dc2e None admin] RBAC: auth_context: {'token': , 'domain_id': None, 'trust_id': None, 'trustor_id': None, 'trustee_id': None, 'domain_name': None, 'group_ids': [], 'user_id': 'b3c5f8b9f24f40b99d0e28c5d77526fa', 'user_domain_id': 'default', 'system_scope': 'all', 'project_id': None, 'project_domain_id': None, 'roles': ['admin', 'member', 'reader'], 'is_admin_project': True, 'service_user_id': None, 'service_user_domain_id': None, 'service_project_id': None, 'service_project_domain_id': None, 'service_roles': []} {{(pid=81432) fill_context /opt/stack/keystone/keystone/server/flask/request_processing/middleware/auth_context.py:478}}
Oct 02 00:41:32.826254 dv-cinder-master-3-iscsi devstack@keystone.service[81432]: DEBUG keystone.server.flask.request_processing.req_logging [None req-c7eb030e-6e13-4839-8736-308f0235dc2e None admin] REQUEST_METHOD: `GET` {{(pid=81432) log_request_info /opt/stack/keystone/keystone/server/flask/request_processing/req_logging.py:27}}
Oct 02 00:41:32.827729 dv-cinder-master-3-iscsi devstack@keystone.service[81433]: DEBUG keystone.server.flask.request_processing.middleware.auth_context [None req-2a40669e-5717-469a-814a-f71da6ad7966 None admin] RBAC: auth_context: {'token': , 'domain_id': None, 'trust_id': None, 'trustor_id': None, 'trustee_id': None, 'domain_name': None, 'group_ids': [], 'user_id': 'b3c5f8b9f24f40b99d0e28c5d77526fa', 'user_domain_id': 'default', 'system_scope': 'all', 'project_id': None, 'project_domain_id': None, 'roles': ['admin', 'member', 'reader'], 'is_admin_project': True, 'service_user_id': None, 'service_user_domain_id': None, 'service_project_id': None, 'service_project_domain_id': None, 'service_roles': []} {{(pid=81433) fill_context /opt/stack/keystone/keystone/server/flask/request_processing/middleware/auth_context.py:478}}
Oct 02 00:41:32.828272 dv-cinder-master-3-iscsi devstack@keystone.service[81432]: DEBUG keystone.server.flask.request_processing.req_logging [None req-c7eb030e-6e13-4839-8736-308f0235dc2e None admin] SCRIPT_NAME: `/identity` {{(pid=81432) log_request_info /opt/stack/keystone/keystone/server/flask/request_processing/req_logging.py:28}}
Oct 02 00:41:32.829138 dv-cinder-master-3-iscsi devstack@keystone.service[81433]: DEBUG keystone.server.flask.request_processing.req_logging [None req-2a40669e-5717-469a-814a-f71da6ad7966 None admin] REQUEST_METHOD: `GET` {{(pid=81433) log_request_info /opt/stack/keystone/keystone/server/flask/request_processing/req_logging.py:27}}
Oct 02 00:41:32.829630 dv-cinder-master-3-iscsi devstack@keystone.service[81432]: DEBUG keystone.server.flask.request_processing.req_logging [None req-c7eb030e-6e13-4839-8736-308f0235dc2e None admin] PATH_INFO: `/v3/groups/0e21a7774468486e9c4b62328a0325f2` {{(pid=81432) log_request_info /opt/stack/keystone/keystone/server/flask/request_processing/req_logging.py:29}}
Oct 02 00:41:32.830405 dv-cinder-master-3-iscsi devstack@keystone.service[81433]: DEBUG keystone.server.flask.request_processing.req_logging [None req-2a40669e-5717-469a-814a-f71da6ad7966 None admin] SCRIPT_NAME: `/identity` {{(pid=81433) log_request_info /opt/stack/keystone/keystone/server/flask/request_processing/req_logging.py:28}}
Oct 02 00:41:32.831344 dv-cinder-master-3-iscsi devstack@keystone.service[81433]: DEBUG keystone.server.flask.request_processing.req_logging [None req-2a40669e-5717-469a-814a-f71da6ad7966 None admin] PATH_INFO: `/v3/auth/tokens` {{(pid=81433) log_request_info /opt/stack/keystone/keystone/server/flask/request_processing/req_logging.py:29}}
Oct 02 00:41:32.832203 dv-cinder-master-3-iscsi devstack@keystone.service[81432]: DEBUG keystone.common.rbac_enforcer.enforcer [None req-c7eb030e-6e13-4839-8736-308f0235dc2e None admin] RBAC: Authorizing `identity:get_group(group_id=0e21a7774468486e9c4b62328a0325f2)` {{(pid=81432) enforce_call /opt/stack/keystone/keystone/common/rbac_enforcer/enforcer.py:449}}
Oct 02 00:41:32.835113 dv-cinder-master-3-iscsi devstack@keystone.service[81432]: DEBUG keystone.common.rbac_enforcer.enforcer [None req-c7eb030e-6e13-4839-8736-308f0235dc2e None admin] RBAC: Authorization granted {{(pid=81432) enforce_call /opt/stack/keystone/keystone/common/rbac_enforcer/enforcer.py:457}}
Oct 02 00:41:32.840021 dv-cinder-master-3-iscsi devstack@keystone.service[81432]: [pid: 81432|app: 0|req: 181/375] 10.222.0.25 () {56 vars in 1180 bytes} [Sun Oct 2 00:41:32 2022] GET /identity/v3/groups/0e21a7774468486e9c4b62328a0325f2 => generated 226 bytes in 239 msecs (HTTP/1.1 200) 5 headers in 177 bytes (1 switches on core 0)
Oct 02 00:41:32.846077 dv-cinder-master-3-iscsi devstack@keystone.service[81432]: DEBUG keystone.server.flask.request_processing.middleware.auth_context [None req-c7eb030e-6e13-4839-8736-308f0235dc2e None admin] Authenticating user token {{(pid=81432) process_request /usr/local/lib/python3.8/dist-packages/keystonemiddleware/auth_token/__init__.py:407}}
Oct 02 00:41:32.896790 dv-cinder-master-3-iscsi devstack@keystone.service[81433]: DEBUG dbcounter [-] [81433] Writing DB stats keystone:SELECT=100 {{(pid=81433) stat_writer /usr/local/lib/python3.8/dist-packages/dbcounter.py:114}}
Oct 02 00:41:32.951180 dv-cinder-master-3-iscsi devstack@keystone.service[81433]: DEBUG keystone.common.rbac_enforcer.enforcer [None req-2a40669e-5717-469a-814a-f71da6ad7966 None admin] RBAC: Authorizing `identity:validate_token()` {{(pid=81433) enforce_call /opt/stack/keystone/keystone/common/rbac_enforcer/enforcer.py:449}}
Oct 02 00:41:32.952733 dv-cinder-master-3-iscsi devstack@keystone.service[81433]: DEBUG keystone.common.rbac_enforcer.enforcer [None req-2a40669e-5717-469a-814a-f71da6ad7966 None admin] RBAC: Authorization granted {{(pid=81433) enforce_call /opt/stack/keystone/keystone/common/rbac_enforcer/enforcer.py:457}}
Oct 02 00:41:32.984608 dv-cinder-master-3-iscsi devstack@keystone.service[81432]: DEBUG dbcounter [-] [81432] Writing DB stats keystone:SELECT=100 {{(pid=81432) stat_writer /usr/local/lib/python3.8/dist-packages/dbcounter.py:114}}
Oct 02 00:41:32.995698 dv-cinder-master-3-iscsi devstack@keystone.service[81432]: DEBUG keystone.server.flask.request_processing.middleware.auth_context [None req-c7eb030e-6e13-4839-8736-308f0235dc2e None admin] Validating token access rules against request {{(pid=81432) validate_allowed_request /usr/local/lib/python3.8/dist-packages/keystonemiddleware/auth_token/__init__.py:545}}
Oct 02 00:41:33.044221 dv-cinder-master-3-iscsi devstack@keystone.service[81432]: DEBUG keystone.server.flask.request_processing.middleware.auth_context [None req-b9f3a3ca-6c44-4dac-bc39-c89549941271 None admin] RBAC: auth_context: {'token': , 'domain_id': None, 'trust_id': None, 'trustor_id': None, 'trustee_id': None, 'domain_name': None, 'group_ids': [], 'user_id': 'b3c5f8b9f24f40b99d0e28c5d77526fa', 'user_domain_id': 'default', 'system_scope': 'all', 'project_id': None, 'project_domain_id': None, 'roles': ['admin', 'member', 'reader'], 'is_admin_project': True, 'service_user_id': None, 'service_user_domain_id': None, 'service_project_id': None, 'service_project_domain_id': None, 'service_roles': []} {{(pid=81432) fill_context /opt/stack/keystone/keystone/server/flask/request_processing/middleware/auth_context.py:478}}
Oct 02 00:41:33.045458 dv-cinder-master-3-iscsi devstack@keystone.service[81432]: DEBUG keystone.server.flask.request_processing.req_logging [None req-b9f3a3ca-6c44-4dac-bc39-c89549941271 None admin] REQUEST_METHOD: `GET` {{(pid=81432) log_request_info /opt/stack/keystone/keystone/server/flask/request_processing/req_logging.py:27}}
Oct 02 00:41:33.046883 dv-cinder-master-3-iscsi devstack@keystone.service[81432]: DEBUG keystone.server.flask.request_processing.req_logging [None req-b9f3a3ca-6c44-4dac-bc39-c89549941271 None admin] SCRIPT_NAME: `/identity` {{(pid=81432) log_request_info /opt/stack/keystone/keystone/server/flask/request_processing/req_logging.py:28}}
Oct 02 00:41:33.047381 dv-cinder-master-3-iscsi devstack@keystone.service[81432]: DEBUG keystone.server.flask.request_processing.req_logging [None req-b9f3a3ca-6c44-4dac-bc39-c89549941271 None admin] PATH_INFO: `/v3/role_assignments` {{(pid=81432) log_request_info /opt/stack/keystone/keystone/server/flask/request_processing/req_logging.py:29}}
Oct 02 00:41:33.048329 dv-cinder-master-3-iscsi devstack@keystone.service[81432]: DEBUG keystone.common.rbac_enforcer.enforcer [None req-b9f3a3ca-6c44-4dac-bc39-c89549941271 None admin] RBAC: Adding query filter params (group.id=0e21a7774468486e9c4b62328a0325f2, role.id=5e19a16e5bfd4c94b1c34ae717ccfc42, scope.project.id=74b104206ad84d6bbb9d5fd926b6f1aa) {{(pid=81432) _extract_filter_values /opt/stack/keystone/keystone/common/rbac_enforcer/enforcer.py:167}}
Oct 02 00:41:33.048846 dv-cinder-master-3-iscsi devstack@keystone.service[81432]: DEBUG keystone.common.rbac_enforcer.enforcer [None req-b9f3a3ca-6c44-4dac-bc39-c89549941271 None admin] RBAC: Authorizing `identity:list_role_assignments()` {{(pid=81432) enforce_call /opt/stack/keystone/keystone/common/rbac_enforcer/enforcer.py:449}}
