Oct 02 00:40:42.632353 dv-cinder-master-3-iscsi devstack@keystone.service[81432]: [pid: 81432|app: 0|req: 27/54] 10.222.0.25 () {58 vars in 1024 bytes} [Sun Oct 2 00:40:42 2022] POST /identity/v3/auth/tokens => generated 799 bytes in 192 msecs (HTTP/1.1 201) 6 headers in 363 bytes (2 switches on core 0)
Oct 02 00:40:42.677162 dv-cinder-master-3-iscsi devstack@keystone.service[81433]: DEBUG dbcounter [-] [81433] Writing DB stats keystone:SELECT=100 {{(pid=81433) stat_writer /usr/local/lib/python3.8/dist-packages/dbcounter.py:114}}
Oct 02 00:40:42.729101 dv-cinder-master-3-iscsi devstack@keystone.service[81433]: DEBUG keystone.server.flask.request_processing.middleware.auth_context [None req-b3a25b8b-b198-462a-bd0b-fb7aece6c01d None admin] Validating token access rules against request {{(pid=81433) validate_allowed_request /usr/local/lib/python3.8/dist-packages/keystonemiddleware/auth_token/__init__.py:545}}
Oct 02 00:40:42.762427 dv-cinder-master-3-iscsi devstack@keystone.service[81433]: DEBUG keystone.server.flask.request_processing.middleware.auth_context [None req-e8de0983-c294-4b17-bff1-24d6f42a84f1 None admin] RBAC: auth_context: {'token': , 'domain_id': None, 'trust_id': None, 'trustor_id': None, 'trustee_id': None, 'domain_name': None, 'group_ids': [], 'user_id': 'b3c5f8b9f24f40b99d0e28c5d77526fa', 'user_domain_id': 'default', 'system_scope': 'all', 'project_id': None, 'project_domain_id': None, 'roles': ['admin', 'member', 'reader'], 'is_admin_project': True, 'service_user_id': None, 'service_user_domain_id': None, 'service_project_id': None, 'service_project_domain_id': None, 'service_roles': []} {{(pid=81433) fill_context /opt/stack/keystone/keystone/server/flask/request_processing/middleware/auth_context.py:478}}
Oct 02 00:40:42.763051 dv-cinder-master-3-iscsi devstack@keystone.service[81433]: DEBUG keystone.server.flask.request_processing.req_logging [None req-e8de0983-c294-4b17-bff1-24d6f42a84f1 None admin] REQUEST_METHOD: `GET` {{(pid=81433) log_request_info /opt/stack/keystone/keystone/server/flask/request_processing/req_logging.py:27}}
Oct 02 00:40:42.763330 dv-cinder-master-3-iscsi devstack@keystone.service[81433]: DEBUG keystone.server.flask.request_processing.req_logging [None req-e8de0983-c294-4b17-bff1-24d6f42a84f1 None admin] SCRIPT_NAME: `/identity` {{(pid=81433) log_request_info /opt/stack/keystone/keystone/server/flask/request_processing/req_logging.py:28}}
Oct 02 00:40:42.763599 dv-cinder-master-3-iscsi devstack@keystone.service[81433]: DEBUG keystone.server.flask.request_processing.req_logging [None req-e8de0983-c294-4b17-bff1-24d6f42a84f1 None admin] PATH_INFO: `/v3/role_assignments` {{(pid=81433) log_request_info /opt/stack/keystone/keystone/server/flask/request_processing/req_logging.py:29}}
Oct 02 00:40:42.764318 dv-cinder-master-3-iscsi devstack@keystone.service[81433]: DEBUG keystone.common.rbac_enforcer.enforcer [None req-e8de0983-c294-4b17-bff1-24d6f42a84f1 None admin] RBAC: Adding query filter params (role.id=e6c41ef419da4c0d98f540b23c2e1a8a, scope.domain.id=default, user.id=b3c5f8b9f24f40b99d0e28c5d77526fa) {{(pid=81433) _extract_filter_values /opt/stack/keystone/keystone/common/rbac_enforcer/enforcer.py:167}}
Oct 02 00:40:42.764625 dv-cinder-master-3-iscsi devstack@keystone.service[81433]: DEBUG keystone.common.rbac_enforcer.enforcer [None req-e8de0983-c294-4b17-bff1-24d6f42a84f1 None admin] RBAC: Authorizing `identity:list_role_assignments()` {{(pid=81433) enforce_call /opt/stack/keystone/keystone/common/rbac_enforcer/enforcer.py:449}}
Oct 02 00:40:42.766052 dv-cinder-master-3-iscsi devstack@keystone.service[81433]: DEBUG keystone.common.rbac_enforcer.enforcer [None req-e8de0983-c294-4b17-bff1-24d6f42a84f1 None admin] RBAC: Authorization granted {{(pid=81433) enforce_call /opt/stack/keystone/keystone/common/rbac_enforcer/enforcer.py:457}}
Oct 02 00:40:42.771864 dv-cinder-master-3-iscsi devstack@keystone.service[81433]: [pid: 81433|app: 0|req: 28/55] 10.222.0.25 () {56 vars in 1322 bytes} [Sun Oct 2 00:40:42 2022] GET /identity/v3/role_assignments?user.id=b3c5f8b9f24f40b99d0e28c5d77526fa&scope.domain.id=default&role.id=e6c41ef419da4c0d98f540b23c2e1a8a => generated 530 bytes in 140 msecs (HTTP/1.1 200) 5 headers in 177 bytes (2 switches on core 0)
Oct 02 00:40:42.900853 dv-cinder-master-3-iscsi devstack@keystone.service[81432]: DEBUG keystone.server.flask.request_processing.middleware.auth_context [None req-6f61e485-b8fb-410f-9feb-52b526ab71e7 None None] Authenticating user token {{(pid=81432) process_request /usr/local/lib/python3.8/dist-packages/keystonemiddleware/auth_token/__init__.py:407}}
Oct 02 00:40:42.994322 dv-cinder-master-3-iscsi devstack@keystone.service[81432]: DEBUG dbcounter [-] [81432] Writing DB stats keystone:SELECT=100 {{(pid=81432) stat_writer /usr/local/lib/python3.8/dist-packages/dbcounter.py:114}}
Oct 02 00:40:43.001977 dv-cinder-master-3-iscsi devstack@keystone.service[81432]: DEBUG keystone.server.flask.request_processing.middleware.auth_context [None req-6f61e485-b8fb-410f-9feb-52b526ab71e7 None None] Validating token access rules against request {{(pid=81432) validate_allowed_request /usr/local/lib/python3.8/dist-packages/keystonemiddleware/auth_token/__init__.py:545}}
Oct 02 00:40:43.037282 dv-cinder-master-3-iscsi devstack@keystone.service[81432]: DEBUG keystone.server.flask.request_processing.middleware.auth_context [None req-13bc4d6f-296d-4408-8e6c-896756ff49a9 None admin] RBAC: auth_context: {'token': , 'domain_id': None, 'trust_id': None, 'trustor_id': None, 'trustee_id': None, 'domain_name': None, 'group_ids': [], 'user_id': 'b3c5f8b9f24f40b99d0e28c5d77526fa', 'user_domain_id': 'default', 'system_scope': 'all', 'project_id': None, 'project_domain_id': None, 'roles': ['admin', 'member', 'reader'], 'is_admin_project': True, 'service_user_id': None, 'service_user_domain_id': None, 'service_project_id': None, 'service_project_domain_id': None, 'service_roles': []} {{(pid=81432) fill_context /opt/stack/keystone/keystone/server/flask/request_processing/middleware/auth_context.py:478}}
Oct 02 00:40:43.037911 dv-cinder-master-3-iscsi devstack@keystone.service[81432]: DEBUG keystone.server.flask.request_processing.req_logging [None req-13bc4d6f-296d-4408-8e6c-896756ff49a9 None admin] REQUEST_METHOD: `GET` {{(pid=81432) log_request_info /opt/stack/keystone/keystone/server/flask/request_processing/req_logging.py:27}}
Oct 02 00:40:43.038246 dv-cinder-master-3-iscsi devstack@keystone.service[81432]: DEBUG keystone.server.flask.request_processing.req_logging [None req-13bc4d6f-296d-4408-8e6c-896756ff49a9 None admin] SCRIPT_NAME: `/identity` {{(pid=81432) log_request_info /opt/stack/keystone/keystone/server/flask/request_processing/req_logging.py:28}}
Oct 02 00:40:43.038520 dv-cinder-master-3-iscsi devstack@keystone.service[81432]: DEBUG keystone.server.flask.request_processing.req_logging [None req-13bc4d6f-296d-4408-8e6c-896756ff49a9 None admin] PATH_INFO: `/v3/domains/default` {{(pid=81432) log_request_info /opt/stack/keystone/keystone/server/flask/request_processing/req_logging.py:29}}
Oct 02 00:40:43.039600 dv-cinder-master-3-iscsi devstack@keystone.service[81432]: DEBUG keystone.common.rbac_enforcer.enforcer [None req-13bc4d6f-296d-4408-8e6c-896756ff49a9 None admin] RBAC: Authorizing `identity:get_domain(domain_id=default)` {{(pid=81432) enforce_call /opt/stack/keystone/keystone/common/rbac_enforcer/enforcer.py:449}}
Oct 02 00:40:43.041026 dv-cinder-master-3-iscsi devstack@keystone.service[81432]: DEBUG keystone.common.rbac_enforcer.enforcer [None req-13bc4d6f-296d-4408-8e6c-896756ff49a9 None admin] RBAC: Authorization granted {{(pid=81432) enforce_call /opt/stack/keystone/keystone/common/rbac_enforcer/enforcer.py:457}}
Oct 02 00:40:43.042593 dv-cinder-master-3-iscsi devstack@keystone.service[81432]: [pid: 81432|app: 0|req: 28/56] 10.222.0.25 () {56 vars in 1108 bytes} [Sun Oct 2 00:40:42 2022] GET /identity/v3/domains/default => generated 199 bytes in 142 msecs (HTTP/1.1 200) 5 headers in 177 bytes (1 switches on core 0)
Oct 02 00:40:43.048532 dv-cinder-master-3-iscsi devstack@keystone.service[81433]: DEBUG keystone.server.flask.request_processing.middleware.auth_context [None req-e8de0983-c294-4b17-bff1-24d6f42a84f1 None admin] Authenticating user token {{(pid=81433) process_request /usr/local/lib/python3.8/dist-packages/keystonemiddleware/auth_token/__init__.py:407}}
Oct 02 00:40:43.145422 dv-cinder-master-3-iscsi devstack@keystone.service[81433]: DEBUG keystone.server.flask.request_processing.middleware.auth_context [None req-e8de0983-c294-4b17-bff1-24d6f42a84f1 None admin] Validating token access rules against request {{(pid=81433) validate_allowed_request /usr/local/lib/python3.8/dist-packages/keystonemiddleware/auth_token/__init__.py:545}}
Oct 02 00:40:43.155151 dv-cinder-master-3-iscsi devstack@keystone.service[81433]: DEBUG dbcounter [-] [81433] Writing DB stats keystone:SELECT=100 {{(pid=81433) stat_writer /usr/local/lib/python3.8/dist-packages/dbcounter.py:114}}
Oct 02 00:40:43.177824 dv-cinder-master-3-iscsi devstack@keystone.service[81433]: DEBUG keystone.server.flask.request_processing.middleware.auth_context [None req-20651e1d-00ec-4aa0-9f62-15551a3eff4b None admin] RBAC: auth_context: {'token': , 'domain_id': None, 'trust_id': None, 'trustor_id': None, 'trustee_id': None, 'domain_name': None, 'group_ids': [], 'user_id': 'b3c5f8b9f24f40b99d0e28c5d77526fa', 'user_domain_id': 'default', 'system_scope': 'all', 'project_id': None, 'project_domain_id': None, 'roles': ['admin', 'member', 'reader'], 'is_admin_project': True, 'service_user_id': None, 'service_user_domain_id': None, 'service_project_id': None, 'service_project_domain_id': None, 'service_roles': []} {{(pid=81433) fill_context /opt/stack/keystone/keystone/server/flask/request_processing/middleware/auth_context.py:478}}
Oct 02 00:40:43.178448 dv-cinder-master-3-iscsi devstack@keystone.service[81433]: DEBUG keystone.server.flask.request_processing.req_logging [None req-20651e1d-00ec-4aa0-9f62-15551a3eff4b None admin] REQUEST_METHOD: `POST` {{(pid=81433) log_request_info /opt/stack/keystone/keystone/server/flask/request_processing/req_logging.py:27}}
Oct 02 00:40:43.178725 dv-cinder-master-3-iscsi devstack@keystone.service[81433]: DEBUG keystone.server.flask.request_processing.req_logging [None req-20651e1d-00ec-4aa0-9f62-15551a3eff4b None admin] SCRIPT_NAME: `/identity` {{(pid=81433) log_request_info /opt/stack/keystone/keystone/server/flask/request_processing/req_logging.py:28}}
Oct 02 00:40:43.178997 dv-cinder-master-3-iscsi devstack@keystone.service[81433]: DEBUG keystone.server.flask.request_processing.req_logging [None req-20651e1d-00ec-4aa0-9f62-15551a3eff4b None admin] PATH_INFO: `/v3/projects` {{(pid=81433) log_request_info /opt/stack/keystone/keystone/server/flask/request_processing/req_logging.py:29}}
Oct 02 00:40:43.179643 dv-cinder-master-3-iscsi devstack@keystone.service[81433]: DEBUG keystone.common.rbac_enforcer.enforcer [None req-20651e1d-00ec-4aa0-9f62-15551a3eff4b None admin] RBAC: Authorizing `identity:create_project()` {{(pid=81433) enforce_call /opt/stack/keystone/keystone/common/rbac_enforcer/enforcer.py:449}}
Oct 02 00:40:43.181096 dv-cinder-master-3-iscsi devstack@keystone.service[81433]: DEBUG keystone.common.rbac_enforcer.enforcer [None req-20651e1d-00ec-4aa0-9f62-15551a3eff4b None admin] RBAC: Authorization granted {{(pid=81433) enforce_call /opt/stack/keystone/keystone/common/rbac_enforcer/enforcer.py:457}}
Oct 02 00:40:43.208927 dv-cinder-master-3-iscsi devstack@keystone.service[81433]: [pid: 81433|app: 0|req: 29/57] 10.222.0.25 () {60 vars in 1140 bytes} [Sun Oct 2 00:40:43 2022] POST /identity/v3/projects => generated 298 bytes in 161 msecs (HTTP/1.1 201) 5 headers in 182 bytes (2 switches on core 0)
Oct 02 00:40:45.318732 dv-cinder-master-3-iscsi devstack@keystone.service[81432]: DEBUG keystone.server.flask.request_processing.req_logging [None req-073f0db6-ea3c-4aba-a78c-3b7bec831225 None None] REQUEST_METHOD: `GET` {{(pid=81432) log_request_info /opt/stack/keystone/keystone/server/flask/request_processing/req_logging.py:27}}
Oct 02 00:40:45.319195 dv-cinder-master-3-iscsi devstack@keystone.service[81432]: DEBUG keystone.server.flask.request_processing.req_logging [None req-073f0db6-ea3c-4aba-a78c-3b7bec831225 None None] SCRIPT_NAME: `/identity` {{(pid=81432) log_request_info /opt/stack/keystone/keystone/server/flask/request_processing/req_logging.py:28}}
Oct 02 00:40:45.319195 dv-cinder-master-3-iscsi devstack@keystone.service[81432]: DEBUG keystone.server.flask.request_processing.req_logging [None req-073f0db6-ea3c-4aba-a78c-3b7bec831225 None None] PATH_INFO: `/` {{(pid=81432) log_request_info /opt/stack/keystone/keystone/server/flask/request_processing/req_logging.py:29}}
Oct 02 00:40:45.320547 dv-cinder-master-3-iscsi devstack@keystone.service[81432]: [pid: 81432|app: 0|req: 29/58] 10.222.0.25 () {54 vars in 927 bytes} [Sun Oct 2 00:40:45 2022] GET /identity => generated 270 bytes in 3 msecs (HTTP/1.1 300) 6 headers in 234 bytes (1 switches on core 0)
Oct 02 00:40:45.326015 dv-cinder-master-3-iscsi devstack@keystone.service[81433]: DEBUG keystone.server.flask.request_processing.req_logging [None req-1a8721bf-f725-4cc4-b36f-afb23744bdb3 None None] REQUEST_METHOD: `POST` {{(pid=81433) log_request_info /opt/stack/keystone/keystone/server/flask/request_processing/req_logging.py:27}}
Oct 02 00:40:45.326411 dv-cinder-master-3-iscsi devstack@keystone.service[81433]: DEBUG keystone.server.flask.request_processing.req_logging [None req-1a8721bf-f725-4cc4-b36f-afb23744bdb3 None None] SCRIPT_NAME: `/identity` {{(pid=81433) log_request_info /opt/stack/keystone/keystone/server/flask/request_processing/req_logging.py:28}}
Oct 02 00:40:45.326592 dv-cinder-master-3-iscsi devstack@keystone.service[81433]: DEBUG keystone.server.flask.request_processing.req_logging [None req-1a8721bf-f725-4cc4-b36f-afb23744bdb3 None None] PATH_INFO: `/v3/auth/tokens` {{(pid=81433) log_request_info /opt/stack/keystone/keystone/server/flask/request_processing/req_logging.py:29}}
Oct 02 00:40:45.344638 dv-cinder-master-3-iscsi devstack@keystone.service[81433]: DEBUG keystone.auth.core [None req-1a8721bf-f725-4cc4-b36f-afb23744bdb3 None None] MFA Rules not processed for user `b3c5f8b9f24f40b99d0e28c5d77526fa`. Rule list: `[]` (Enabled: `True`). {{(pid=81433) check_auth_methods_against_rules /opt/stack/keystone/keystone/auth/core.py:438}}
Oct 02 00:40:45.345813 dv-cinder-master-3-iscsi devstack@keystone.service[81433]: DEBUG keystone.common.fernet_utils [None req-1a8721bf-f725-4cc4-b36f-afb23744bdb3 None None] Loaded 2 Fernet keys from /etc/keystone/fernet-keys/, but `[fernet_tokens] max_active_keys = 3`; perhaps there have not been enough key rotations to reach `max_active_keys` yet? {{(pid=81433) load_keys /opt/stack/keystone/keystone/common/fernet_utils.py:286}}
Oct 02 00:40:45.409528 dv-cinder-master-3-iscsi devstack@keystone.service[81433]: [pid: 81433|app: 0|req: 30/59] 10.222.0.25 () {58 vars in 1024 bytes} [Sun Oct 2 00:40:45 2022] POST /identity/v3/auth/tokens => generated 799 bytes in 84 msecs (HTTP/1.1 201) 6 headers in 363 bytes (1 switches on core 0)
Oct 02 00:40:45.677701 dv-cinder-master-3-iscsi devstack@keystone.service[81432]: DEBUG keystone.server.flask.request_processing.middleware.auth_context [None req-073f0db6-ea3c-4aba-a78c-3b7bec831225 None None] Authenticating user token {{(pid=81432) process_request /usr/local/lib/python3.8/dist-packages/keystonemiddleware/auth_token/__init__.py:407}}
Oct 02 00:40:45.775871 dv-cinder-master-3-iscsi devstack@keystone.service[81432]: DEBUG keystone.server.flask.request_processing.middleware.auth_context [None req-073f0db6-ea3c-4aba-a78c-3b7bec831225 None None] Validating token access rules against request {{(pid=81432) validate_allowed_request /usr/local/lib/python3.8/dist-packages/keystonemiddleware/auth_token/__init__.py:545}}
Oct 02 00:40:45.808010 dv-cinder-master-3-iscsi devstack@keystone.service[81432]: DEBUG keystone.server.flask.request_processing.middleware.auth_context [None req-fdb71f86-9cd4-4abd-9c10-bbcf40a54918 None admin] RBAC: auth_context: {'token': , 'domain_id': None, 'trust_id': None, 'trustor_id': None, 'trustee_id': None, 'domain_name': None, 'group_ids': [], 'user_id': 'b3c5f8b9f24f40b99d0e28c5d77526fa', 'user_domain_id': 'default', 'system_scope': 'all', 'project_id': None, 'project_domain_id': None, 'roles': ['admin', 'member', 'reader'], 'is_admin_project': True, 'service_user_id': None, 'service_user_domain_id': None, 'service_project_id': None, 'service_project_domain_id': None, 'service_roles': []} {{(pid=81432) fill_context /opt/stack/keystone/keystone/server/flask/request_processing/middleware/auth_context.py:478}}
Oct 02 00:40:45.808645 dv-cinder-master-3-iscsi devstack@keystone.service[81432]: DEBUG keystone.server.flask.request_processing.req_logging [None req-fdb71f86-9cd4-4abd-9c10-bbcf40a54918 None admin] REQUEST_METHOD: `GET` {{(pid=81432) log_request_info /opt/stack/keystone/keystone/server/flask/request_processing/req_logging.py:27}}
Oct 02 00:40:45.808928 dv-cinder-master-3-iscsi devstack@keystone.service[81432]: DEBUG keystone.server.flask.request_processing.req_logging [None req-fdb71f86-9cd4-4abd-9c10-bbcf40a54918 None admin] SCRIPT_NAME: `/identity` {{(pid=81432) log_request_info /opt/stack/keystone/keystone/server/flask/request_processing/req_logging.py:28}}
Oct 02 00:40:45.809205 dv-cinder-master-3-iscsi devstack@keystone.service[81432]: DEBUG keystone.server.flask.request_processing.req_logging [None req-fdb71f86-9cd4-4abd-9c10-bbcf40a54918 None admin] PATH_INFO: `/v3/domains/default` {{(pid=81432) log_request_info /opt/stack/keystone/keystone/server/flask/request_processing/req_logging.py:29}}
Oct 02 00:40:45.810970 dv-cinder-master-3-iscsi devstack@keystone.service[81432]: DEBUG keystone.common.rbac_enforcer.enforcer [None req-fdb71f86-9cd4-4abd-9c10-bbcf40a54918 None admin] RBAC: Authorizing `identity:get_domain(domain_id=default)` {{(pid=81432) enforce_call /opt/stack/keystone/keystone/common/rbac_enforcer/enforcer.py:449}}
Oct 02 00:40:45.812448 dv-cinder-master-3-iscsi devstack@keystone.service[81432]: DEBUG keystone.common.rbac_enforcer.enforcer [None req-fdb71f86-9cd4-4abd-9c10-bbcf40a54918 None admin] RBAC: Authorization granted {{(pid=81432) enforce_call /opt/stack/keystone/keystone/common/rbac_enforcer/enforcer.py:457}}
Oct 02 00:40:45.814018 dv-cinder-master-3-iscsi devstack@keystone.service[81432]: [pid: 81432|app: 0|req: 30/60] 10.222.0.25 () {56 vars in 1108 bytes} [Sun Oct 2 00:40:45 2022] GET /identity/v3/domains/default => generated 199 bytes in 137 msecs (HTTP/1.1 200) 5 headers in 177 bytes (1 switches on core 0)
Oct 02 00:40:45.819522 dv-cinder-master-3-iscsi devstack@keystone.service[81433]: DEBUG keystone.server.flask.request_processing.middleware.auth_context [None req-1a8721bf-f725-4cc4-b36f-afb23744bdb3 None None] Authenticating user token {{(pid=81433) process_request /usr/local/lib/python3.8/dist-packages/keystonemiddleware/auth_token/__init__.py:407}}
Oct 02 00:40:45.906468 dv-cinder-master-3-iscsi devstack@keystone.service[81433]: DEBUG dbcounter [-] [81433] Writing DB stats keystone:SELECT=99,keystone:INSERT=1 {{(pid=81433) stat_writer /usr/local/lib/python3.8/dist-packages/dbcounter.py:114}}
Oct 02 00:40:45.915966 dv-cinder-master-3-iscsi devstack@keystone.service[81433]: DEBUG keystone.server.flask.request_processing.middleware.auth_context [None req-1a8721bf-f725-4cc4-b36f-afb23744bdb3 None None] Validating token access rules against request {{(pid=81433) validate_allowed_request /usr/local/lib/python3.8/dist-packages/keystonemiddleware/auth_token/__init__.py:545}}
Oct 02 00:40:45.957212 dv-cinder-master-3-iscsi devstack@keystone.service[81433]: DEBUG keystone.server.flask.request_processing.middleware.auth_context [None req-ff7472d5-916d-460d-8b79-0250d0f85a69 None admin] RBAC: auth_context: {'token': , 'domain_id': None, 'trust_id': None, 'trustor_id': None, 'trustee_id': None, 'domain_name': None, 'group_ids': [], 'user_id': 'b3c5f8b9f24f40b99d0e28c5d77526fa', 'user_domain_id': 'default', 'system_scope': 'all', 'project_id': None, 'project_domain_id': None, 'roles': ['admin', 'member', 'reader'], 'is_admin_project': True, 'service_user_id': None, 'service_user_domain_id': None, 'service_project_id': None, 'service_project_domain_id': None, 'service_roles': []} {{(pid=81433) fill_context /opt/stack/keystone/keystone/server/flask/request_processing/middleware/auth_context.py:478}}
Oct 02 00:40:45.957750 dv-cinder-master-3-iscsi devstack@keystone.service[81433]: DEBUG keystone.server.flask.request_processing.req_logging [None req-ff7472d5-916d-460d-8b79-0250d0f85a69 None admin] REQUEST_METHOD: `POST` {{(pid=81433) log_request_info /opt/stack/keystone/keystone/server/flask/request_processing/req_logging.py:27}}
Oct 02 00:40:45.958031 dv-cinder-master-3-iscsi devstack@keystone.service[81433]: DEBUG keystone.server.flask.request_processing.req_logging [None req-ff7472d5-916d-460d-8b79-0250d0f85a69 None admin] SCRIPT_NAME: `/identity` {{(pid=81433) log_request_info /opt/stack/keystone/keystone/server/flask/request_processing/req_logging.py:28}}
Oct 02 00:40:45.958338 dv-cinder-master-3-iscsi devstack@keystone.service[81433]: DEBUG keystone.server.flask.request_processing.req_logging [None req-ff7472d5-916d-460d-8b79-0250d0f85a69 None admin] PATH_INFO: `/v3/users` {{(pid=81433) log_request_info /opt/stack/keystone/keystone/server/flask/request_processing/req_logging.py:29}}
Oct 02 00:40:45.958993 dv-cinder-master-3-iscsi devstack@keystone.service[81433]: DEBUG keystone.common.rbac_enforcer.enforcer [None req-ff7472d5-916d-460d-8b79-0250d0f85a69 None admin] RBAC: Authorizing `identity:create_user()` {{(pid=81433) enforce_call /opt/stack/keystone/keystone/common/rbac_enforcer/enforcer.py:449}}
Oct 02 00:40:45.960445 dv-cinder-master-3-iscsi devstack@keystone.service[81433]: DEBUG keystone.common.rbac_enforcer.enforcer [None req-ff7472d5-916d-460d-8b79-0250d0f85a69 None admin] RBAC: Authorization granted {{(pid=81433) enforce_call /opt/stack/keystone/keystone/common/rbac_enforcer/enforcer.py:457}}
Oct 02 00:40:45.986976 dv-cinder-master-3-iscsi devstack@keystone.service[81433]: [pid: 81433|app: 0|req: 31/61] 10.222.0.25 () {60 vars in 1132 bytes} [Sun Oct 2 00:40:45 2022] POST /identity/v3/users => generated 275 bytes in 168 msecs (HTTP/1.1 201) 5 headers in 182 bytes (1 switches on core 0)
Oct 02 00:40:49.327488 dv-cinder-master-3-iscsi devstack@keystone.service[81432]: DEBUG keystone.server.flask.request_processing.req_logging [None req-69270307-e503-48d3-a4a7-43c7f125f71a None None] REQUEST_METHOD: `GET` {{(pid=81432) log_request_info /opt/stack/keystone/keystone/server/flask/request_processing/req_logging.py:27}}
Oct 02 00:40:49.327991 dv-cinder-master-3-iscsi devstack@keystone.service[81433]: DEBUG keystone.server.flask.request_processing.req_logging [None req-23b64fed-58af-420f-9b44-4ef06dd64991 None None] REQUEST_METHOD: `GET` {{(pid=81433) log_request_info /opt/stack/keystone/keystone/server/flask/request_processing/req_logging.py:27}}
Oct 02 00:40:49.328336 dv-cinder-master-3-iscsi devstack@keystone.service[81432]: DEBUG keystone.server.flask.request_processing.req_logging [None req-69270307-e503-48d3-a4a7-43c7f125f71a None None] SCRIPT_NAME: `/identity` {{(pid=81432) log_request_info /opt/stack/keystone/keystone/server/flask/request_processing/req_logging.py:28}}
Oct 02 00:40:49.328436 dv-cinder-master-3-iscsi devstack@keystone.service[81433]: DEBUG keystone.server.flask.request_processing.req_logging [None req-23b64fed-58af-420f-9b44-4ef06dd64991 None None] SCRIPT_NAME: `/identity` {{(pid=81433) log_request_info /opt/stack/keystone/keystone/server/flask/request_processing/req_logging.py:28}}
Oct 02 00:40:49.328521 dv-cinder-master-3-iscsi devstack@keystone.service[81432]: DEBUG keystone.server.flask.request_processing.req_logging [None req-69270307-e503-48d3-a4a7-43c7f125f71a None None] PATH_INFO: `/` {{(pid=81432) log_request_info /opt/stack/keystone/keystone/server/flask/request_processing/req_logging.py:29}}
Oct 02 00:40:49.328602 dv-cinder-master-3-iscsi devstack@keystone.service[81433]: DEBUG keystone.server.flask.request_processing.req_logging [None req-23b64fed-58af-420f-9b44-4ef06dd64991 None None] PATH_INFO: `/` {{(pid=81433) log_request_info /opt/stack/keystone/keystone/server/flask/request_processing/req_logging.py:29}}
Oct 02 00:40:49.328687 dv-cinder-master-3-iscsi devstack@keystone.service[81432]: [pid: 81432|app: 0|req: 31/62] 10.222.0.25 () {54 vars in 927 bytes} [Sun Oct 2 00:40:49 2022] GET /identity => generated 270 bytes in 3 msecs (HTTP/1.1 300) 6 headers in 234 bytes (1 switches on core 0)
Oct 02 00:40:49.328759 dv-cinder-master-3-iscsi devstack@keystone.service[81433]: [pid: 81433|app: 0|req: 32/63] 10.222.0.25 () {54 vars in 927 bytes} [Sun Oct 2 00:40:49 2022] GET /identity => generated 270 bytes in 3 msecs (HTTP/1.1 300) 6 headers in 234 bytes (1 switches on core 0)
Oct 02 00:40:49.332554 dv-cinder-master-3-iscsi devstack@keystone.service[81432]: DEBUG keystone.server.flask.request_processing.req_logging [None req-d067d32c-bad3-40af-910b-f3a53f5fa6c5 None None] REQUEST_METHOD: `POST` {{(pid=81432) log_request_info /opt/stack/keystone/keystone/server/flask/request_processing/req_logging.py:27}}
Oct 02 00:40:49.332676 dv-cinder-master-3-iscsi devstack@keystone.service[81433]: DEBUG keystone.server.flask.request_processing.req_logging [None req-5b9ead71-c333-4f7b-9be4-4107232ec224 None None] REQUEST_METHOD: `POST` {{(pid=81433) log_request_info /opt/stack/keystone/keystone/server/flask/request_processing/req_logging.py:27}}
Oct 02 00:40:49.332917 dv-cinder-master-3-iscsi devstack@keystone.service[81433]: DEBUG keystone.server.flask.request_processing.req_logging [None req-5b9ead71-c333-4f7b-9be4-4107232ec224 None None] SCRIPT_NAME: `/identity` {{(pid=81433) log_request_info /opt/stack/keystone/keystone/server/flask/request_processing/req_logging.py:28}}
Oct 02 00:40:49.333222 dv-cinder-master-3-iscsi devstack@keystone.service[81432]: DEBUG keystone.server.flask.request_processing.req_logging [None req-d067d32c-bad3-40af-910b-f3a53f5fa6c5 None None] SCRIPT_NAME: `/identity` {{(pid=81432) log_request_info /opt/stack/keystone/keystone/server/flask/request_processing/req_logging.py:28}}
Oct 02 00:40:49.333328 dv-cinder-master-3-iscsi devstack@keystone.service[81433]: DEBUG keystone.server.flask.request_processing.req_logging [None req-5b9ead71-c333-4f7b-9be4-4107232ec224 None None] PATH_INFO: `/v3/auth/tokens` {{(pid=81433) log_request_info /opt/stack/keystone/keystone/server/flask/request_processing/req_logging.py:29}}
Oct 02 00:40:49.333738 dv-cinder-master-3-iscsi devstack@keystone.service[81432]: DEBUG keystone.server.flask.request_processing.req_logging [None req-d067d32c-bad3-40af-910b-f3a53f5fa6c5 None None] PATH_INFO: `/v3/auth/tokens` {{(pid=81432) log_request_info /opt/stack/keystone/keystone/server/flask/request_processing/req_logging.py:29}}
Oct 02 00:40:49.359142 dv-cinder-master-3-iscsi devstack@keystone.service[81433]: DEBUG keystone.auth.core [None req-5b9ead71-c333-4f7b-9be4-4107232ec224 None None] MFA Rules not processed for user `b3c5f8b9f24f40b99d0e28c5d77526fa`. Rule list: `[]` (Enabled: `True`). {{(pid=81433) check_auth_methods_against_rules /opt/stack/keystone/keystone/auth/core.py:438}}
Oct 02 00:40:49.360633 dv-cinder-master-3-iscsi devstack@keystone.service[81433]: DEBUG keystone.common.fernet_utils [None req-5b9ead71-c333-4f7b-9be4-4107232ec224 None None] Loaded 2 Fernet keys from /etc/keystone/fernet-keys/, but `[fernet_tokens] max_active_keys = 3`; perhaps there have not been enough key rotations to reach `max_active_keys` yet? {{(pid=81433) load_keys /opt/stack/keystone/keystone/common/fernet_utils.py:286}}
Oct 02 00:40:49.364044 dv-cinder-master-3-iscsi devstack@keystone.service[81432]: DEBUG keystone.auth.core [None req-d067d32c-bad3-40af-910b-f3a53f5fa6c5 None None] MFA Rules not processed for user `b3c5f8b9f24f40b99d0e28c5d77526fa`. Rule list: `[]` (Enabled: `True`). {{(pid=81432) check_auth_methods_against_rules /opt/stack/keystone/keystone/auth/core.py:438}}
Oct 02 00:40:49.366390 dv-cinder-master-3-iscsi devstack@keystone.service[81432]: DEBUG keystone.common.fernet_utils [None req-d067d32c-bad3-40af-910b-f3a53f5fa6c5 None None] Loaded 2 Fernet keys from /etc/keystone/fernet-keys/, but `[fernet_tokens] max_active_keys = 3`; perhaps there have not been enough key rotations to reach `max_active_keys` yet? {{(pid=81432) load_keys /opt/stack/keystone/keystone/common/fernet_utils.py:286}}
Oct 02 00:40:49.412753 dv-cinder-master-3-iscsi devstack@keystone.service[81432]: DEBUG dbcounter [-] [81432] Writing DB stats keystone:SELECT=100 {{(pid=81432) stat_writer /usr/local/lib/python3.8/dist-packages/dbcounter.py:114}}
Oct 02 00:40:49.449665 dv-cinder-master-3-iscsi devstack@keystone.service[81433]: [pid: 81433|app: 0|req: 33/64] 10.222.0.25 () {58 vars in 1024 bytes} [Sun Oct 2 00:40:49 2022] POST /identity/v3/auth/tokens => generated 799 bytes in 118 msecs (HTTP/1.1 201) 6 headers in 363 bytes (1 switches on core 0)
Oct 02 00:40:49.498185 dv-cinder-master-3-iscsi devstack@keystone.service[81433]: DEBUG keystone.server.flask.request_processing.req_logging [None req-e32e3292-c06a-48ae-9351-c3941be2756b None None] REQUEST_METHOD: `GET` {{(pid=81433) log_request_info /opt/stack/keystone/keystone/server/flask/request_processing/req_logging.py:27}}
Oct 02 00:40:49.498715 dv-cinder-master-3-iscsi devstack@keystone.service[81433]: DEBUG keystone.server.flask.request_processing.req_logging [None req-e32e3292-c06a-48ae-9351-c3941be2756b None None] SCRIPT_NAME: `/identity` {{(pid=81433) log_request_info /opt/stack/keystone/keystone/server/flask/request_processing/req_logging.py:28}}
Oct 02 00:40:49.498816 dv-cinder-master-3-iscsi devstack@keystone.service[81432]: [pid: 81432|app: 0|req: 32/65] 10.222.0.25 () {58 vars in 1024 bytes} [Sun Oct 2 00:40:49 2022] POST /identity/v3/auth/tokens => generated 799 bytes in 167 msecs (HTTP/1.1 201) 6 headers in 363 bytes (2 switches on core 0)
Oct 02 00:40:49.499280 dv-cinder-master-3-iscsi devstack@keystone.service[81433]: DEBUG keystone.server.flask.request_processing.req_logging [None req-e32e3292-c06a-48ae-9351-c3941be2756b None None] PATH_INFO: `/` {{(pid=81433) log_request_info /opt/stack/keystone/keystone/server/flask/request_processing/req_logging.py:29}}
Oct 02 00:40:49.501104 dv-cinder-master-3-iscsi devstack@keystone.service[81433]: [pid: 81433|app: 0|req: 34/66] 10.222.0.25 () {54 vars in 927 bytes} [Sun Oct 2 00:40:49 2022] GET /identity => generated 270 bytes in 4 msecs (HTTP/1.1 300) 6 headers in 234 bytes (1 switches on core 0)
Oct 02 00:40:49.515680 dv-cinder-master-3-iscsi devstack@keystone.service[81432]: DEBUG keystone.server.flask.request_processing.req_logging [None req-f6ba3e7e-a8d1-4846-a25e-102fb899e475 None None] REQUEST_METHOD: `POST` {{(pid=81432) log_request_info /opt/stack/keystone/keystone/server/flask/request_processing/req_logging.py:27}}
Oct 02 00:40:49.515968 dv-cinder-master-3-iscsi devstack@keystone.service[81432]: DEBUG keystone.server.flask.request_processing.req_logging [None req-f6ba3e7e-a8d1-4846-a25e-102fb899e475 None None] SCRIPT_NAME: `/identity` {{(pid=81432) log_request_info /opt/stack/keystone/keystone/server/flask/request_processing/req_logging.py:28}}
Oct 02 00:40:49.516242 dv-cinder-master-3-iscsi devstack@keystone.service[81432]: DEBUG keystone.server.flask.request_processing.req_logging [None req-f6ba3e7e-a8d1-4846-a25e-102fb899e475 None None] PATH_INFO: `/v3/auth/tokens` {{(pid=81432) log_request_info /opt/stack/keystone/keystone/server/flask/request_processing/req_logging.py:29}}
Oct 02 00:40:49.543363 dv-cinder-master-3-iscsi devstack@keystone.service[81432]: DEBUG keystone.auth.core [None req-f6ba3e7e-a8d1-4846-a25e-102fb899e475 None None] MFA Rules not processed for user `b3c5f8b9f24f40b99d0e28c5d77526fa`. Rule list: `[]` (Enabled: `True`). {{(pid=81432) check_auth_methods_against_rules /opt/stack/keystone/keystone/auth/core.py:438}}
Oct 02 00:40:49.545053 dv-cinder-master-3-iscsi devstack@keystone.service[81432]: DEBUG keystone.common.fernet_utils [None req-f6ba3e7e-a8d1-4846-a25e-102fb899e475 None None] Loaded 2 Fernet keys from /etc/keystone/fernet-keys/, but `[fernet_tokens] max_active_keys = 3`; perhaps there have not been enough key rotations to reach `max_active_keys` yet? {{(pid=81432) load_keys /opt/stack/keystone/keystone/common/fernet_utils.py:286}}
Oct 02 00:40:49.639510 dv-cinder-master-3-iscsi devstack@keystone.service[81432]: [pid: 81432|app: 0|req: 33/67] 10.222.0.25 () {58 vars in 1024 bytes} [Sun Oct 2 00:40:49 2022] POST /identity/v3/auth/tokens => generated 799 bytes in 125 msecs (HTTP/1.1 201) 6 headers in 363 bytes (1 switches on core 0)
Oct 02 00:40:49.800031 dv-cinder-master-3-iscsi devstack@keystone.service[81433]: DEBUG keystone.server.flask.request_processing.req_logging [None req-0b13bb28-67d2-4575-83cb-83981575954c None None] REQUEST_METHOD: `GET` {{(pid=81433) log_request_info /opt/stack/keystone/keystone/server/flask/request_processing/req_logging.py:27}}
Oct 02 00:40:49.800645 dv-cinder-master-3-iscsi devstack@keystone.service[81433]: DEBUG keystone.server.flask.request_processing.req_logging [None req-0b13bb28-67d2-4575-83cb-83981575954c None None] SCRIPT_NAME: `/identity` {{(pid=81433) log_request_info /opt/stack/keystone/keystone/server/flask/request_processing/req_logging.py:28}}
Oct 02 00:40:49.801111 dv-cinder-master-3-iscsi devstack@keystone.service[81433]: DEBUG keystone.server.flask.request_processing.req_logging [None req-0b13bb28-67d2-4575-83cb-83981575954c None None] PATH_INFO: `/` {{(pid=81433) log_request_info /opt/stack/keystone/keystone/server/flask/request_processing/req_logging.py:29}}
Oct 02 00:40:49.802783 dv-cinder-master-3-iscsi devstack@keystone.service[81433]: [pid: 81433|app: 0|req: 35/68] 10.222.0.25 () {54 vars in 927 bytes} [Sun Oct 2 00:40:49 2022] GET /identity => generated 270 bytes in 4 msecs (HTTP/1.1 300) 6 headers in 234 bytes (1 switches on core 0)
Oct 02 00:40:49.808296 dv-cinder-master-3-iscsi devstack@keystone.service[81432]: DEBUG keystone.server.flask.request_processing.req_logging [None req-9f326537-16fe-4236-8c12-ff751a1e4cd3 None None] REQUEST_METHOD: `POST` {{(pid=81432) log_request_info /opt/stack/keystone/keystone/server/flask/request_processing/req_logging.py:27}}
Oct 02 00:40:49.808834 dv-cinder-master-3-iscsi devstack@keystone.service[81432]: DEBUG keystone.server.flask.request_processing.req_logging [None req-9f326537-16fe-4236-8c12-ff751a1e4cd3 None None] SCRIPT_NAME: `/identity` {{(pid=81432) log_request_info /opt/stack/keystone/keystone/server/flask/request_processing/req_logging.py:28}}
Oct 02 00:40:49.809860 dv-cinder-master-3-iscsi devstack@keystone.service[81432]: DEBUG keystone.server.flask.request_processing.req_logging [None req-9f326537-16fe-4236-8c12-ff751a1e4cd3 None None] PATH_INFO: `/v3/auth/tokens` {{(pid=81432) log_request_info /opt/stack/keystone/keystone/server/flask/request_processing/req_logging.py:29}}
Oct 02 00:40:49.821086 dv-cinder-master-3-iscsi devstack@keystone.service[81433]: DEBUG keystone.server.flask.request_processing.middleware.auth_context [None req-0b13bb28-67d2-4575-83cb-83981575954c None None] Authenticating user token {{(pid=81433) process_request /usr/local/lib/python3.8/dist-packages/keystonemiddleware/auth_token/__init__.py:407}}
Oct 02 00:40:49.847591 dv-cinder-master-3-iscsi devstack@keystone.service[81432]: DEBUG keystone.auth.core [None req-9f326537-16fe-4236-8c12-ff751a1e4cd3 None None] MFA Rules not processed for user `b3c5f8b9f24f40b99d0e28c5d77526fa`. Rule list: `[]` (Enabled: `True`). {{(pid=81432) check_auth_methods_against_rules /opt/stack/keystone/keystone/auth/core.py:438}}
Oct 02 00:40:49.849909 dv-cinder-master-3-iscsi devstack@keystone.service[81432]: DEBUG keystone.common.fernet_utils [None req-9f326537-16fe-4236-8c12-ff751a1e4cd3 None None] Loaded 2 Fernet keys from /etc/keystone/fernet-keys/, but `[fernet_tokens] max_active_keys = 3`; perhaps there have not been enough key rotations to reach `max_active_keys` yet? {{(pid=81432) load_keys /opt/stack/keystone/keystone/common/fernet_utils.py:286}}
Oct 02 00:40:49.936240 dv-cinder-master-3-iscsi devstack@keystone.service[81432]: [pid: 81432|app: 0|req: 34/69] 10.222.0.25 () {58 vars in 1024 bytes} [Sun Oct 2 00:40:49 2022] POST /identity/v3/auth/tokens => generated 799 bytes in 129 msecs (HTTP/1.1 201) 6 headers in 363 bytes (1 switches on core 0)
Oct 02 00:40:49.937091 dv-cinder-master-3-iscsi devstack@keystone.service[81432]: DEBUG keystone.server.flask.request_processing.middleware.auth_context [None req-9f326537-16fe-4236-8c12-ff751a1e4cd3 None None] Authenticating user token {{(pid=81432) process_request /usr/local/lib/python3.8/dist-packages/keystonemiddleware/auth_token/__init__.py:407}}
Oct 02 00:40:49.942408 dv-cinder-master-3-iscsi devstack@keystone.service[81433]: DEBUG dbcounter [-] [81433] Writing DB stats keystone:SELECT=97,keystone:INSERT=3 {{(pid=81433) stat_writer /usr/local/lib/python3.8/dist-packages/dbcounter.py:114}}
Oct 02 00:40:49.974414 dv-cinder-master-3-iscsi devstack@keystone.service[81432]: DEBUG dbcounter [-] [81432] Writing DB stats keystone:SELECT=100 {{(pid=81432) stat_writer /usr/local/lib/python3.8/dist-packages/dbcounter.py:114}}
Oct 02 00:40:49.977860 dv-cinder-master-3-iscsi devstack@keystone.service[81433]: DEBUG keystone.server.flask.request_processing.middleware.auth_context [None req-0b13bb28-67d2-4575-83cb-83981575954c None None] Validating token access rules against request {{(pid=81433) validate_allowed_request /usr/local/lib/python3.8/dist-packages/keystonemiddleware/auth_token/__init__.py:545}}
Oct 02 00:40:50.039845 dv-cinder-master-3-iscsi devstack@keystone.service[81433]: DEBUG keystone.server.flask.request_processing.middleware.auth_context [None req-65e203e5-71f7-4378-9248-081ab3f3e16d None admin] RBAC: auth_context: {'token': , 'domain_id': None, 'trust_id': None, 'trustor_id': None, 'trustee_id': None, 'domain_name': None, 'group_ids': [], 'user_id': 'b3c5f8b9f24f40b99d0e28c5d77526fa', 'user_domain_id': 'default', 'system_scope': 'all', 'project_id': None, 'project_domain_id': None, 'roles': ['admin', 'member', 'reader'], 'is_admin_project': True, 'service_user_id': None, 'service_user_domain_id': None, 'service_project_id': None, 'service_project_domain_id': None, 'service_roles': []} {{(pid=81433) fill_context /opt/stack/keystone/keystone/server/flask/request_processing/middleware/auth_context.py:478}}
Oct 02 00:40:50.040494 dv-cinder-master-3-iscsi devstack@keystone.service[81433]: DEBUG keystone.server.flask.request_processing.req_logging [None req-65e203e5-71f7-4378-9248-081ab3f3e16d None admin] REQUEST_METHOD: `GET` {{(pid=81433) log_request_info /opt/stack/keystone/keystone/server/flask/request_processing/req_logging.py:27}}
Oct 02 00:40:50.040776 dv-cinder-master-3-iscsi devstack@keystone.service[81433]: DEBUG keystone.server.flask.request_processing.req_logging [None req-65e203e5-71f7-4378-9248-081ab3f3e16d None admin] SCRIPT_NAME: `/identity` {{(pid=81433) log_request_info /opt/stack/keystone/keystone/server/flask/request_processing/req_logging.py:28}}
Oct 02 00:40:50.041051 dv-cinder-master-3-iscsi devstack@keystone.service[81433]: DEBUG keystone.server.flask.request_processing.req_logging [None req-65e203e5-71f7-4378-9248-081ab3f3e16d None admin] PATH_INFO: `/v3/roles/admin` {{(pid=81433) log_request_info /opt/stack/keystone/keystone/server/flask/request_processing/req_logging.py:29}}
Oct 02 00:40:50.052898 dv-cinder-master-3-iscsi devstack@keystone.service[81433]: DEBUG keystone.common.rbac_enforcer.enforcer [None req-65e203e5-71f7-4378-9248-081ab3f3e16d None admin] Extracting inferred target data resulted in "NOT FOUND (404)". {{(pid=81433) enforce_call /opt/stack/keystone/keystone/common/rbac_enforcer/enforcer.py:409}}
Oct 02 00:40:50.057750 dv-cinder-master-3-iscsi devstack@keystone.service[81433]: ERROR keystone.server.flask.application [None req-65e203e5-71f7-4378-9248-081ab3f3e16d None admin] Could not find role: admin.: keystone.exception.RoleNotFound: Could not find role: admin.
Oct 02 00:40:50.057750 dv-cinder-master-3-iscsi devstack@keystone.service[81433]: ERROR keystone.server.flask.application
Traceback (most recent call last):
Oct 02 00:40:50.057750 dv-cinder-master-3-iscsi devstack@keystone.service[81433]: ERROR keystone.server.flask.application
File "/usr/local/lib/python3.8/dist-packages/flask/app.py", line 1820, in full_dispatch_request
Oct 02 00:40:50.057750 dv-cinder-master-3-iscsi devstack@keystone.service[81433]: ERROR keystone.server.flask.application rv = self.dispatch_request()
Oct 02 00:40:50.057750 dv-cinder-master-3-iscsi devstack@keystone.service[81433]: ERROR keystone.server.flask.application
File "/usr/local/lib/python3.8/dist-packages/flask/app.py", line 1796, in dispatch_request
Oct 02 00:40:50.057750 dv-cinder-master-3-iscsi devstack@keystone.service[81433]: ERROR keystone.server.flask.application return self.ensure_sync(self.view_functions[rule.endpoint])(**view_args)
Oct 02 00:40:50.057750 dv-cinder-master-3-iscsi devstack@keystone.service[81433]: ERROR keystone.server.flask.application
File "/usr/local/lib/python3.8/dist-packages/flask_restful/__init__.py", line 467, in wrapper
Oct 02 00:40:50.057750 dv-cinder-master-3-iscsi devstack@keystone.service[81433]: ERROR keystone.server.flask.application resp = resource(*args, **kwargs)
Oct 02 00:40:50.057750 dv-cinder-master-3-iscsi devstack@keystone.service[81433]: ERROR keystone.server.flask.application
File "/usr/local/lib/python3.8/dist-packages/flask/views.py", line 107, in view
Oct 02 00:40:50.057750 dv-cinder-master-3-iscsi devstack@keystone.service[81433]: ERROR keystone.server.flask.application return current_app.ensure_sync(self.dispatch_request)(**kwargs)
Oct 02 00:40:50.057750 dv-cinder-master-3-iscsi devstack@keystone.service[81433]: ERROR keystone.server.flask.application
File "/usr/local/lib/python3.8/dist-packages/flask_restful/__init__.py", line 582, in dispatch_request
Oct 02 00:40:50.057750 dv-cinder-master-3-iscsi devstack@keystone.service[81433]: ERROR keystone.server.flask.application resp = meth(*args, **kwargs)
Oct 02 00:40:50.057750 dv-cinder-master-3-iscsi devstack@keystone.service[81433]: ERROR keystone.server.flask.application
File "/opt/stack/keystone/keystone/api/roles.py", line 50, in get
Oct 02 00:40:50.057750 dv-cinder-master-3-iscsi devstack@keystone.service[81433]: ERROR keystone.server.flask.application return self._get_role(role_id)
Oct 02 00:40:50.057750 dv-cinder-master-3-iscsi devstack@keystone.service[81433]: ERROR keystone.server.flask.application
File "/opt/stack/keystone/keystone/api/roles.py", line 70, in _get_role
Oct 02 00:40:50.057750 dv-cinder-master-3-iscsi devstack@keystone.service[81433]: ERROR keystone.server.flask.application ENFORCER.enforce_call(action='identity:get_role')
Oct 02 00:40:50.058628 dv-cinder-master-3-iscsi devstack@keystone.service[81433]: ERROR keystone.server.flask.application
File "/opt/stack/keystone/keystone/common/rbac_enforcer/enforcer.py", line 402, in enforce_call
Oct 02 00:40:50.058628 dv-cinder-master-3-iscsi devstack@keystone.service[81433]: ERROR keystone.server.flask.application policy_dict.update(cls._extract_member_target_data(
Oct 02 00:40:50.058628 dv-cinder-master-3-iscsi devstack@keystone.service[81433]: ERROR keystone.server.flask.application
File "/opt/stack/keystone/keystone/common/rbac_enforcer/enforcer.py", line 234, in _extract_member_target_data
Oct 02 00:40:50.058628 dv-cinder-master-3-iscsi devstack@keystone.service[81433]: ERROR keystone.server.flask.application member_name: func(flask.request.view_args[key])
Oct 02 00:40:50.058628 dv-cinder-master-3-iscsi devstack@keystone.service[81433]: ERROR keystone.server.flask.application
File "/opt/stack/keystone/keystone/common/manager.py", line 115, in wrapped
Oct 02 00:40:50.058628 dv-cinder-master-3-iscsi devstack@keystone.service[81433]: ERROR keystone.server.flask.application __ret_val = __f(*args, **kwargs)
Oct 02 00:40:50.058628 dv-cinder-master-3-iscsi devstack@keystone.service[81433]: ERROR keystone.server.flask.application
File "/usr/local/lib/python3.8/dist-packages/decorator.py", line 232, in fun
Oct 02 00:40:50.058628 dv-cinder-master-3-iscsi devstack@keystone.service[81433]: ERROR keystone.server.flask.application return caller(func, *(extras + args), **kw)
Oct 02 00:40:50.058628 dv-cinder-master-3-iscsi devstack@keystone.service[81433]: ERROR keystone.server.flask.application
File "/usr/local/lib/python3.8/dist-packages/dogpile/cache/region.py", line 1577, in get_or_create_for_user_func
Oct 02 00:40:50.058628 dv-cinder-master-3-iscsi devstack@keystone.service[81433]: ERROR keystone.server.flask.application return self.get_or_create(
Oct 02 00:40:50.058628 dv-cinder-master-3-iscsi devstack@keystone.service[81433]: ERROR keystone.server.flask.application
File "/usr/local/lib/python3.8/dist-packages/dogpile/cache/region.py", line 1042, in get_or_create
Oct 02 00:40:50.058628 dv-cinder-master-3-iscsi devstack@keystone.service[81433]: ERROR keystone.server.flask.application with Lock(
Oct 02 00:40:50.058628 dv-cinder-master-3-iscsi devstack@keystone.service[81433]: ERROR keystone.server.flask.application
File "/usr/local/lib/python3.8/dist-packages/dogpile/lock.py", line 185, in __enter__
Oct 02 00:40:50.058628 dv-cinder-master-3-iscsi devstack@keystone.service[81433]: ERROR keystone.server.flask.application return self._enter()
Oct 02 00:40:50.058628 dv-cinder-master-3-iscsi devstack@keystone.service[81433]: ERROR keystone.server.flask.application
File "/usr/local/lib/python3.8/dist-packages/dogpile/lock.py", line 94, in _enter
Oct 02 00:40:50.058628 dv-cinder-master-3-iscsi devstack@keystone.service[81433]: ERROR keystone.server.flask.application generated = self._enter_create(value, createdtime)
Oct 02 00:40:50.059901 dv-cinder-master-3-iscsi devstack@keystone.service[81433]: ERROR keystone.server.flask.application
File "/usr/local/lib/python3.8/dist-packages/dogpile/lock.py", line 178, in _enter_create
Oct 02 00:40:50.059901 dv-cinder-master-3-iscsi devstack@keystone.service[81433]: ERROR keystone.server.flask.application return self.creator()
Oct 02 00:40:50.059901 dv-cinder-master-3-iscsi devstack@keystone.service[81433]: ERROR keystone.server.flask.application
File "/usr/local/lib/python3.8/dist-packages/dogpile/cache/region.py", line 995, in gen_value
Oct 02 00:40:50.059901 dv-cinder-master-3-iscsi devstack@keystone.service[81433]: ERROR keystone.server.flask.application created_value = creator(
Oct 02 00:40:50.059901 dv-cinder-master-3-iscsi devstack@keystone.service[81433]: ERROR keystone.server.flask.application
File "/opt/stack/keystone/keystone/assignment/core.py", line 1276, in get_role
Oct 02 00:40:50.059901 dv-cinder-master-3-iscsi devstack@keystone.service[81433]: ERROR keystone.server.flask.application return self.driver.get_role(role_id)
Oct 02 00:40:50.059901 dv-cinder-master-3-iscsi devstack@keystone.service[81433]: ERROR keystone.server.flask.application
File "/opt/stack/keystone/keystone/assignment/role_backends/sql.py", line 70, in get_role
Oct 02 00:40:50.059901 dv-cinder-master-3-iscsi devstack@keystone.service[81433]: ERROR keystone.server.flask.application return self._get_role(session, role_id).to_dict()
Oct 02 00:40:50.059901 dv-cinder-master-3-iscsi devstack@keystone.service[81433]: ERROR keystone.server.flask.application
File "/opt/stack/keystone/keystone/assignment/role_backends/sql.py", line 65, in _get_role
Oct 02 00:40:50.059901 dv-cinder-master-3-iscsi devstack@keystone.service[81433]: ERROR keystone.server.flask.application raise exception.RoleNotFound(role_id=role_id)
Oct 02 00:40:50.059901 dv-cinder-master-3-iscsi devstack@keystone.service[81433]: ERROR keystone.server.flask.application keystone.exception.RoleNotFound: Could not find role: admin.
Oct 02 00:40:50.059901 dv-cinder-master-3-iscsi devstack@keystone.service[81433]: ERROR keystone.server.flask.application
Oct 02 00:40:50.059901 dv-cinder-master-3-iscsi devstack@keystone.service[81433]: [pid: 81433|app: 0|req: 36/70] 10.222.0.25 () {56 vars in 1096 bytes} [Sun Oct 2 00:40:49 2022] GET /identity/v3/roles/admin => generated 83 bytes in 238 msecs (HTTP/1.1 404) 5 headers in 183 bytes (1 switches on core 0)
Oct 02 00:40:50.061194 dv-cinder-master-3-iscsi devstack@keystone.service[81433]: DEBUG keystone.server.flask.request_processing.req_logging [None req-48bc06c7-e6ac-42ea-8029-d044e2d92da5 None None] REQUEST_METHOD: `GET` {{(pid=81433) log_request_info /opt/stack/keystone/keystone/server/flask/request_processing/req_logging.py:27}}
Oct 02 00:40:50.061388 dv-cinder-master-3-iscsi devstack@keystone.service[81433]: DEBUG keystone.server.flask.request_processing.req_logging [None req-48bc06c7-e6ac-42ea-8029-d044e2d92da5 None None] SCRIPT_NAME: `/identity` {{(pid=81433) log_request_info /opt/stack/keystone/keystone/server/flask/request_processing/req_logging.py:28}}
Oct 02 00:40:50.061665 dv-cinder-master-3-iscsi devstack@keystone.service[81433]: DEBUG keystone.server.flask.request_processing.req_logging [None req-48bc06c7-e6ac-42ea-8029-d044e2d92da5 None None] PATH_INFO: `/` {{(pid=81433) log_request_info /opt/stack/keystone/keystone/server/flask/request_processing/req_logging.py:29}}
Oct 02 00:40:50.063052 dv-cinder-master-3-iscsi devstack@keystone.service[81433]: [pid: 81433|app: 0|req: 37/71] 10.222.0.25 () {54 vars in 927 bytes} [Sun Oct 2 00:40:50 2022] GET /identity => generated 270 bytes in 3 msecs (HTTP/1.1 300) 6 headers in 234 bytes (1 switches on core 0)
