Sep 30 09:46:17.328003 dv-cinder-master-3-iscsi devstack@c-api.service[120273]: DEBUG cinder.api.openstack.wsgi [None req-95bed8b9-714c-4e3c-bb16-4131c9c34110 tempest-UserMessagesTest-645613207 tempest-UserMessagesTest-645613207-project-admin] Empty body provided in request {{(pid=120273) get_body /opt/stack/cinder/cinder/api/openstack/wsgi.py:715}}
Sep 30 09:46:17.328609 dv-cinder-master-3-iscsi devstack@c-api.service[120273]: DEBUG cinder.api.openstack.wsgi [None req-95bed8b9-714c-4e3c-bb16-4131c9c34110 tempest-UserMessagesTest-645613207 tempest-UserMessagesTest-645613207-project-admin] Calling method '_delete' {{(pid=120273) _process_stack /opt/stack/cinder/cinder/api/openstack/wsgi.py:868}}
Sep 30 09:46:17.477196 dv-cinder-master-3-iscsi devstack@c-api.service[120274]: INFO cinder.api.openstack.wsgi [None req-fd774377-fc94-44f6-8563-5633d7766109 tempest-GroupSnapshotsTest-1905560838 tempest-GroupSnapshotsTest-1905560838-project] http://10.222.0.39/volume/v3/d38d518c11a34ffc8921d4c241b8ce06/groups returned with HTTP 202
Sep 30 09:46:17.483194 dv-cinder-master-3-iscsi devstack@c-api.service[120274]: [pid: 120274|app: 0|req: 97/217] 10.222.0.39 () {62 vars in 1274 bytes} [Fri Sep 30 09:46:16 2022] POST /volume/v3/d38d518c11a34ffc8921d4c241b8ce06/groups => generated 112 bytes in 1105 msecs (HTTP/1.1 202) 7 headers in 292 bytes (1 switches on core 0)
Sep 30 09:46:17.495568 dv-cinder-master-3-iscsi devstack@c-api.service[120273]: INFO cinder.api.openstack.wsgi [None req-95bed8b9-714c-4e3c-bb16-4131c9c34110 tempest-UserMessagesTest-645613207 tempest-UserMessagesTest-645613207-project-admin] http://10.222.0.39/volume/v3/1515f97c9abf462c8119127fa08851b2/types/ec9beab1-c798-4547-a6c1-22b1ab63a088 returned with HTTP 202
Sep 30 09:46:17.495568 dv-cinder-master-3-iscsi devstack@c-api.service[120273]: [pid: 120273|app: 0|req: 121/218] 10.222.0.39 () {58 vars in 1322 bytes} [Fri Sep 30 09:46:17 2022] DELETE /volume/v3/1515f97c9abf462c8119127fa08851b2/types/ec9beab1-c798-4547-a6c1-22b1ab63a088 => generated 0 bytes in 165 msecs (HTTP/1.1 202) 6 headers in 233 bytes (1 switches on core 0)
Sep 30 09:46:17.497072 dv-cinder-master-3-iscsi devstack@c-api.service[120274]: DEBUG cinder.api.middleware.request_id [None req-ca090a49-41c0-45bd-8f4e-0bc59b46d585 None None] RequestId filter calling following filter/app {{(pid=120274) _context_setter /opt/stack/cinder/cinder/api/middleware/request_id.py:62}}
Sep 30 09:46:17.497072 dv-cinder-master-3-iscsi devstack@c-api.service[120274]: INFO cinder.api.openstack.wsgi [None req-ca090a49-41c0-45bd-8f4e-0bc59b46d585 tempest-GroupSnapshotsTest-1905560838 tempest-GroupSnapshotsTest-1905560838-project] GET http://10.222.0.39/volume/v3/d38d518c11a34ffc8921d4c241b8ce06/groups/e3cec42f-2557-445a-8c15-6df3f1326a27
Sep 30 09:46:17.497072 dv-cinder-master-3-iscsi devstack@c-api.service[120274]: DEBUG cinder.api.openstack.wsgi [None req-ca090a49-41c0-45bd-8f4e-0bc59b46d585 tempest-GroupSnapshotsTest-1905560838 tempest-GroupSnapshotsTest-1905560838-project] Empty body provided in request {{(pid=120274) get_body /opt/stack/cinder/cinder/api/openstack/wsgi.py:715}}
Sep 30 09:46:17.497072 dv-cinder-master-3-iscsi devstack@c-api.service[120274]: DEBUG cinder.api.openstack.wsgi [None req-ca090a49-41c0-45bd-8f4e-0bc59b46d585 tempest-GroupSnapshotsTest-1905560838 tempest-GroupSnapshotsTest-1905560838-project] Calling method 'version_select' {{(pid=120274) _process_stack /opt/stack/cinder/cinder/api/openstack/wsgi.py:868}}
Sep 30 09:46:17.497072 dv-cinder-master-3-iscsi devstack@c-api.service[120274]: DEBUG cinder.api.v3.groups [None req-ca090a49-41c0-45bd-8f4e-0bc59b46d585 tempest-GroupSnapshotsTest-1905560838 tempest-GroupSnapshotsTest-1905560838-project] show called for member e3cec42f-2557-445a-8c15-6df3f1326a27 {{(pid=120274) show /opt/stack/cinder/cinder/api/v3/groups.py:58}}
Sep 30 09:46:17.502316 dv-cinder-master-3-iscsi devstack@c-api.service[120273]: DEBUG cinder.api.middleware.request_id [None req-179e7330-07bc-43e4-a8d1-8b85efdb7b00 None None] RequestId filter calling following filter/app {{(pid=120273) _context_setter /opt/stack/cinder/cinder/api/middleware/request_id.py:62}}
Sep 30 09:46:17.508415 dv-cinder-master-3-iscsi devstack@c-api.service[120273]: INFO cinder.api.openstack.wsgi [None req-179e7330-07bc-43e4-a8d1-8b85efdb7b00 tempest-UserMessagesTest-645613207 tempest-UserMessagesTest-645613207-project-admin] GET http://10.222.0.39/volume/v3/1515f97c9abf462c8119127fa08851b2/types/ec9beab1-c798-4547-a6c1-22b1ab63a088
Sep 30 09:46:17.509176 dv-cinder-master-3-iscsi devstack@c-api.service[120273]: DEBUG cinder.api.openstack.wsgi [None req-179e7330-07bc-43e4-a8d1-8b85efdb7b00 tempest-UserMessagesTest-645613207 tempest-UserMessagesTest-645613207-project-admin] Empty body provided in request {{(pid=120273) get_body /opt/stack/cinder/cinder/api/openstack/wsgi.py:715}}
Sep 30 09:46:17.509300 dv-cinder-master-3-iscsi devstack@c-api.service[120274]: /usr/local/lib/python3.8/dist-packages/oslo_context/context.py:100: DeprecationWarning: Policy enforcement is depending on the value of is_admin. This key is deprecated. Please update your policy file to use the standard policy values.
Sep 30 09:46:17.509300 dv-cinder-master-3-iscsi devstack@c-api.service[120274]: warnings.warn('Policy enforcement is depending on the value of '
Sep 30 09:46:17.510223 dv-cinder-master-3-iscsi devstack@c-api.service[120273]: DEBUG cinder.api.openstack.wsgi [None req-179e7330-07bc-43e4-a8d1-8b85efdb7b00 tempest-UserMessagesTest-645613207 tempest-UserMessagesTest-645613207-project-admin] Calling method 'show' {{(pid=120273) _process_stack /opt/stack/cinder/cinder/api/openstack/wsgi.py:868}}
Sep 30 09:46:17.519484 dv-cinder-master-3-iscsi devstack@c-api.service[120273]: INFO cinder.api.openstack.wsgi [None req-179e7330-07bc-43e4-a8d1-8b85efdb7b00 tempest-UserMessagesTest-645613207 tempest-UserMessagesTest-645613207-project-admin] http://10.222.0.39/volume/v3/1515f97c9abf462c8119127fa08851b2/types/ec9beab1-c798-4547-a6c1-22b1ab63a088 returned with HTTP 404
Sep 30 09:46:17.523032 dv-cinder-master-3-iscsi devstack@c-api.service[120273]: [pid: 120273|app: 0|req: 122/219] 10.222.0.39 () {58 vars in 1319 bytes} [Fri Sep 30 09:46:17 2022] GET /volume/v3/1515f97c9abf462c8119127fa08851b2/types/ec9beab1-c798-4547-a6c1-22b1ab63a088 => generated 114 bytes in 23 msecs (HTTP/1.1 404) 7 headers in 292 bytes (1 switches on core 0)
Sep 30 09:46:17.527873 dv-cinder-master-3-iscsi devstack@c-api.service[120273]: DEBUG cinder.api.middleware.request_id [None req-5041c83e-ca52-4a5a-83ec-8b1844e795b7 None None] RequestId filter calling following filter/app {{(pid=120273) _context_setter /opt/stack/cinder/cinder/api/middleware/request_id.py:62}}
Sep 30 09:46:17.539225 dv-cinder-master-3-iscsi devstack@c-api.service[120273]: INFO cinder.api.openstack.wsgi [None req-5041c83e-ca52-4a5a-83ec-8b1844e795b7 tempest-UserMessagesTest-1687915053 tempest-UserMessagesTest-1687915053-project] DELETE http://10.222.0.39/volume/v3/e9ef243fe44845d3a4c631111a5c9ca8/volumes/2535de61-e455-4c50-ab20-b01e8e59b978
Sep 30 09:46:17.542263 dv-cinder-master-3-iscsi devstack@c-api.service[120273]: DEBUG cinder.api.openstack.wsgi [None req-5041c83e-ca52-4a5a-83ec-8b1844e795b7 tempest-UserMessagesTest-1687915053 tempest-UserMessagesTest-1687915053-project] Empty body provided in request {{(pid=120273) get_body /opt/stack/cinder/cinder/api/openstack/wsgi.py:715}}
Sep 30 09:46:17.547675 dv-cinder-master-3-iscsi devstack@c-api.service[120273]: DEBUG cinder.api.openstack.wsgi [None req-5041c83e-ca52-4a5a-83ec-8b1844e795b7 tempest-UserMessagesTest-1687915053 tempest-UserMessagesTest-1687915053-project] Calling method 'delete' {{(pid=120273) _process_stack /opt/stack/cinder/cinder/api/openstack/wsgi.py:868}}
Sep 30 09:46:17.547675 dv-cinder-master-3-iscsi devstack@c-api.service[120273]: INFO cinder.api.v3.volumes [None req-5041c83e-ca52-4a5a-83ec-8b1844e795b7 tempest-UserMessagesTest-1687915053 tempest-UserMessagesTest-1687915053-project] Delete volume with id: 2535de61-e455-4c50-ab20-b01e8e59b978
Sep 30 09:46:17.553528 dv-cinder-master-3-iscsi devstack@c-api.service[120274]: INFO cinder.api.openstack.wsgi [None req-ca090a49-41c0-45bd-8f4e-0bc59b46d585 tempest-GroupSnapshotsTest-1905560838 tempest-GroupSnapshotsTest-1905560838-project] http://10.222.0.39/volume/v3/d38d518c11a34ffc8921d4c241b8ce06/groups/e3cec42f-2557-445a-8c15-6df3f1326a27 returned with HTTP 200
Sep 30 09:46:17.564038 dv-cinder-master-3-iscsi devstack@c-api.service[120274]: [pid: 120274|app: 0|req: 98/220] 10.222.0.39 () {60 vars in 1363 bytes} [Fri Sep 30 09:46:17 2022] GET /volume/v3/d38d518c11a34ffc8921d4c241b8ce06/groups/e3cec42f-2557-445a-8c15-6df3f1326a27 => generated 392 bytes in 78 msecs (HTTP/1.1 200) 7 headers in 286 bytes (1 switches on core 0)
Sep 30 09:46:17.571018 dv-cinder-master-3-iscsi devstack@c-api.service[120273]: /usr/local/lib/python3.8/dist-packages/oslo_context/context.py:100: DeprecationWarning: Policy enforcement is depending on the value of is_admin. This key is deprecated. Please update your policy file to use the standard policy values.
Sep 30 09:46:17.571018 dv-cinder-master-3-iscsi devstack@c-api.service[120273]: warnings.warn('Policy enforcement is depending on the value of '
Sep 30 09:46:17.578843 dv-cinder-master-3-iscsi devstack@c-api.service[120273]: INFO cinder.volume.api [None req-5041c83e-ca52-4a5a-83ec-8b1844e795b7 tempest-UserMessagesTest-1687915053 tempest-UserMessagesTest-1687915053-project] Volume info retrieved successfully.
Sep 30 09:46:17.582827 dv-cinder-master-3-iscsi devstack@c-api.service[120273]: DEBUG cinder.volume.api [None req-5041c83e-ca52-4a5a-83ec-8b1844e795b7 tempest-UserMessagesTest-1687915053 tempest-UserMessagesTest-1687915053-project] Decrease volume quotas for non temporary volume in non error_managing status. {{(pid=120273) delete /opt/stack/cinder/cinder/volume/api.py:434}}
Sep 30 09:46:17.641014 dv-cinder-master-3-iscsi devstack@c-api.service[120273]: WARNING cinder.quota [None req-5041c83e-ca52-4a5a-83ec-8b1844e795b7 tempest-UserMessagesTest-1687915053 tempest-UserMessagesTest-1687915053-project] Deprecated: Default quota for resource: volumes_tempest-UserMessagesTest-volume-type-1127716883 is set by the default quota flag: quota_volumes_tempest-UserMessagesTest-volume-type-1127716883, it is now deprecated. Please use the default quota class for default quota.
Sep 30 09:46:17.643886 dv-cinder-master-3-iscsi devstack@c-api.service[120273]: WARNING cinder.quota [None req-5041c83e-ca52-4a5a-83ec-8b1844e795b7 tempest-UserMessagesTest-1687915053 tempest-UserMessagesTest-1687915053-project] Deprecated: Default quota for resource: gigabytes_tempest-UserMessagesTest-volume-type-1127716883 is set by the default quota flag: quota_gigabytes_tempest-UserMessagesTest-volume-type-1127716883, it is now deprecated. Please use the default quota class for default quota.
Sep 30 09:46:17.765329 dv-cinder-master-3-iscsi devstack@c-api.service[120273]: DEBUG cinder.quota [None req-5041c83e-ca52-4a5a-83ec-8b1844e795b7 tempest-UserMessagesTest-1687915053 tempest-UserMessagesTest-1687915053-project] Created reservations ['76af2909-9197-4a3b-b265-0dcaa955bab2', 'f6342e3d-adab-45f1-9786-24df619eaeae', '8fe6803f-f8a2-4dbe-a678-5210d4f1b721', 'dd2ae30a-0b25-4f46-b603-7b4fb75241d7'] {{(pid=120273) reserve /opt/stack/cinder/cinder/quota.py:755}}
Sep 30 09:46:18.026428 dv-cinder-master-3-iscsi devstack@c-api.service[120273]: INFO cinder.volume.api [None req-5041c83e-ca52-4a5a-83ec-8b1844e795b7 tempest-UserMessagesTest-1687915053 tempest-UserMessagesTest-1687915053-project] Delete volume request issued successfully.
Sep 30 09:46:18.026969 dv-cinder-master-3-iscsi devstack@c-api.service[120273]: INFO cinder.api.openstack.wsgi [None req-5041c83e-ca52-4a5a-83ec-8b1844e795b7 tempest-UserMessagesTest-1687915053 tempest-UserMessagesTest-1687915053-project] http://10.222.0.39/volume/v3/e9ef243fe44845d3a4c631111a5c9ca8/volumes/2535de61-e455-4c50-ab20-b01e8e59b978 returned with HTTP 202
Sep 30 09:46:18.028188 dv-cinder-master-3-iscsi devstack@c-api.service[120273]: [pid: 120273|app: 0|req: 123/221] 10.222.0.39 () {60 vars in 1368 bytes} [Fri Sep 30 09:46:17 2022] DELETE /volume/v3/e9ef243fe44845d3a4c631111a5c9ca8/volumes/2535de61-e455-4c50-ab20-b01e8e59b978 => generated 0 bytes in 501 msecs (HTTP/1.1 202) 6 headers in 233 bytes (1 switches on core 0)
Sep 30 09:46:18.032641 dv-cinder-master-3-iscsi devstack@c-api.service[120274]: DEBUG cinder.api.middleware.request_id [None req-4fa6fb19-2cb5-46fb-ae5d-13f432abce98 None None] RequestId filter calling following filter/app {{(pid=120274) _context_setter /opt/stack/cinder/cinder/api/middleware/request_id.py:62}}
Sep 30 09:46:18.036741 dv-cinder-master-3-iscsi devstack@c-api.service[120274]: INFO cinder.api.openstack.wsgi [None req-4fa6fb19-2cb5-46fb-ae5d-13f432abce98 tempest-UserMessagesTest-1687915053 tempest-UserMessagesTest-1687915053-project] GET http://10.222.0.39/volume/v3/e9ef243fe44845d3a4c631111a5c9ca8/volumes/2535de61-e455-4c50-ab20-b01e8e59b978
Sep 30 09:46:18.037329 dv-cinder-master-3-iscsi devstack@c-api.service[120274]: DEBUG cinder.api.openstack.wsgi [None req-4fa6fb19-2cb5-46fb-ae5d-13f432abce98 tempest-UserMessagesTest-1687915053 tempest-UserMessagesTest-1687915053-project] Empty body provided in request {{(pid=120274) get_body /opt/stack/cinder/cinder/api/openstack/wsgi.py:715}}
Sep 30 09:46:18.037866 dv-cinder-master-3-iscsi devstack@c-api.service[120274]: DEBUG cinder.api.openstack.wsgi [None req-4fa6fb19-2cb5-46fb-ae5d-13f432abce98 tempest-UserMessagesTest-1687915053 tempest-UserMessagesTest-1687915053-project] Calling method 'show' {{(pid=120274) _process_stack /opt/stack/cinder/cinder/api/openstack/wsgi.py:868}}
Sep 30 09:46:18.062680 dv-cinder-master-3-iscsi devstack@c-api.service[120274]: INFO cinder.api.openstack.wsgi [None req-4fa6fb19-2cb5-46fb-ae5d-13f432abce98 tempest-UserMessagesTest-1687915053 tempest-UserMessagesTest-1687915053-project] http://10.222.0.39/volume/v3/e9ef243fe44845d3a4c631111a5c9ca8/volumes/2535de61-e455-4c50-ab20-b01e8e59b978 returned with HTTP 404
Sep 30 09:46:18.063781 dv-cinder-master-3-iscsi devstack@c-api.service[120274]: [pid: 120274|app: 0|req: 99/222] 10.222.0.39 () {60 vars in 1365 bytes} [Fri Sep 30 09:46:18 2022] GET /volume/v3/e9ef243fe44845d3a4c631111a5c9ca8/volumes/2535de61-e455-4c50-ab20-b01e8e59b978 => generated 109 bytes in 32 msecs (HTTP/1.1 404) 7 headers in 292 bytes (1 switches on core 0)
Sep 30 09:46:18.072907 dv-cinder-master-3-iscsi devstack@c-api.service[120273]: DEBUG cinder.api.middleware.request_id [None req-60829c3b-e0bb-4a23-bbf8-f74166e77567 None None] RequestId filter calling following filter/app {{(pid=120273) _context_setter /opt/stack/cinder/cinder/api/middleware/request_id.py:62}}
Sep 30 09:46:18.080569 dv-cinder-master-3-iscsi devstack@c-api.service[120273]: INFO cinder.api.openstack.wsgi [None req-60829c3b-e0bb-4a23-bbf8-f74166e77567 tempest-UserMessagesTest-645613207 tempest-UserMessagesTest-645613207-project-admin] DELETE http://10.222.0.39/volume/v3/1515f97c9abf462c8119127fa08851b2/types/9bcad573-625e-4a6b-9c24-04df89b76957
Sep 30 09:46:18.081027 dv-cinder-master-3-iscsi devstack@c-api.service[120273]: DEBUG cinder.api.openstack.wsgi [None req-60829c3b-e0bb-4a23-bbf8-f74166e77567 tempest-UserMessagesTest-645613207 tempest-UserMessagesTest-645613207-project-admin] Empty body provided in request {{(pid=120273) get_body /opt/stack/cinder/cinder/api/openstack/wsgi.py:715}}
Sep 30 09:46:18.082567 dv-cinder-master-3-iscsi devstack@c-api.service[120273]: DEBUG cinder.api.openstack.wsgi [None req-60829c3b-e0bb-4a23-bbf8-f74166e77567 tempest-UserMessagesTest-645613207 tempest-UserMessagesTest-645613207-project-admin] Calling method '_delete' {{(pid=120273) _process_stack /opt/stack/cinder/cinder/api/openstack/wsgi.py:868}}
Sep 30 09:46:18.254409 dv-cinder-master-3-iscsi devstack@c-api.service[120273]: INFO cinder.api.openstack.wsgi [None req-60829c3b-e0bb-4a23-bbf8-f74166e77567 tempest-UserMessagesTest-645613207 tempest-UserMessagesTest-645613207-project-admin] http://10.222.0.39/volume/v3/1515f97c9abf462c8119127fa08851b2/types/9bcad573-625e-4a6b-9c24-04df89b76957 returned with HTTP 202
Sep 30 09:46:18.255422 dv-cinder-master-3-iscsi devstack@c-api.service[120273]: [pid: 120273|app: 0|req: 124/223] 10.222.0.39 () {58 vars in 1322 bytes} [Fri Sep 30 09:46:18 2022] DELETE /volume/v3/1515f97c9abf462c8119127fa08851b2/types/9bcad573-625e-4a6b-9c24-04df89b76957 => generated 0 bytes in 188 msecs (HTTP/1.1 202) 6 headers in 233 bytes (1 switches on core 0)
Sep 30 09:46:18.266956 dv-cinder-master-3-iscsi devstack@c-api.service[120274]: DEBUG cinder.api.middleware.request_id [None req-97b81250-1ff9-410c-a6ad-1a54c47d507f None None] RequestId filter calling following filter/app {{(pid=120274) _context_setter /opt/stack/cinder/cinder/api/middleware/request_id.py:62}}
Sep 30 09:46:18.273030 dv-cinder-master-3-iscsi devstack@c-api.service[120274]: INFO cinder.api.openstack.wsgi [None req-97b81250-1ff9-410c-a6ad-1a54c47d507f tempest-UserMessagesTest-645613207 tempest-UserMessagesTest-645613207-project-admin] GET http://10.222.0.39/volume/v3/1515f97c9abf462c8119127fa08851b2/types/9bcad573-625e-4a6b-9c24-04df89b76957
Sep 30 09:46:18.273476 dv-cinder-master-3-iscsi devstack@c-api.service[120274]: DEBUG cinder.api.openstack.wsgi [None req-97b81250-1ff9-410c-a6ad-1a54c47d507f tempest-UserMessagesTest-645613207 tempest-UserMessagesTest-645613207-project-admin] Empty body provided in request {{(pid=120274) get_body /opt/stack/cinder/cinder/api/openstack/wsgi.py:715}}
Sep 30 09:46:18.273935 dv-cinder-master-3-iscsi devstack@c-api.service[120274]: DEBUG cinder.api.openstack.wsgi [None req-97b81250-1ff9-410c-a6ad-1a54c47d507f tempest-UserMessagesTest-645613207 tempest-UserMessagesTest-645613207-project-admin] Calling method 'show' {{(pid=120274) _process_stack /opt/stack/cinder/cinder/api/openstack/wsgi.py:868}}
Sep 30 09:46:18.285965 dv-cinder-master-3-iscsi devstack@c-api.service[120274]: INFO cinder.api.openstack.wsgi [None req-97b81250-1ff9-410c-a6ad-1a54c47d507f tempest-UserMessagesTest-645613207 tempest-UserMessagesTest-645613207-project-admin] http://10.222.0.39/volume/v3/1515f97c9abf462c8119127fa08851b2/types/9bcad573-625e-4a6b-9c24-04df89b76957 returned with HTTP 404
Sep 30 09:46:18.286932 dv-cinder-master-3-iscsi devstack@c-api.service[120274]: [pid: 120274|app: 0|req: 100/224] 10.222.0.39 () {58 vars in 1319 bytes} [Fri Sep 30 09:46:18 2022] GET /volume/v3/1515f97c9abf462c8119127fa08851b2/types/9bcad573-625e-4a6b-9c24-04df89b76957 => generated 114 bytes in 21 msecs (HTTP/1.1 404) 7 headers in 292 bytes (1 switches on core 0)
Sep 30 09:46:18.305247 dv-cinder-master-3-iscsi devstack@c-api.service[120273]: DEBUG cinder.api.middleware.request_id [None req-93597064-0e00-41f0-9ddb-d5adee6574bb None None] RequestId filter calling following filter/app {{(pid=120273) _context_setter /opt/stack/cinder/cinder/api/middleware/request_id.py:62}}
Sep 30 09:46:18.310027 dv-cinder-master-3-iscsi devstack@c-api.service[120273]: INFO cinder.api.openstack.wsgi [None req-93597064-0e00-41f0-9ddb-d5adee6574bb tempest-SnapshotsActionsTest-2082143963 tempest-SnapshotsActionsTest-2082143963-project] GET http://10.222.0.39/volume/v3/179cdac0ebe64e4ab4c01578c80c7845/snapshots/ec69af2e-208b-4b02-8d36-6db4f6da849a
Sep 30 09:46:18.310473 dv-cinder-master-3-iscsi devstack@c-api.service[120273]: DEBUG cinder.api.openstack.wsgi [None req-93597064-0e00-41f0-9ddb-d5adee6574bb tempest-SnapshotsActionsTest-2082143963 tempest-SnapshotsActionsTest-2082143963-project] Empty body provided in request {{(pid=120273) get_body /opt/stack/cinder/cinder/api/openstack/wsgi.py:715}}
Sep 30 09:46:18.311514 dv-cinder-master-3-iscsi devstack@c-api.service[120273]: DEBUG cinder.api.openstack.wsgi [None req-93597064-0e00-41f0-9ddb-d5adee6574bb tempest-SnapshotsActionsTest-2082143963 tempest-SnapshotsActionsTest-2082143963-project] Calling method 'show' {{(pid=120273) _process_stack /opt/stack/cinder/cinder/api/openstack/wsgi.py:868}}
Sep 30 09:46:18.326878 dv-cinder-master-3-iscsi devstack@c-api.service[120273]: /usr/local/lib/python3.8/dist-packages/oslo_context/context.py:100: DeprecationWarning: Policy enforcement is depending on the value of is_admin. This key is deprecated. Please update your policy file to use the standard policy values.
Sep 30 09:46:18.326878 dv-cinder-master-3-iscsi devstack@c-api.service[120273]: warnings.warn('Policy enforcement is depending on the value of '
Sep 30 09:46:18.328235 dv-cinder-master-3-iscsi devstack@c-api.service[120273]: INFO cinder.volume.api [None req-93597064-0e00-41f0-9ddb-d5adee6574bb tempest-SnapshotsActionsTest-2082143963 tempest-SnapshotsActionsTest-2082143963-project] Snapshot retrieved successfully.
Sep 30 09:46:18.330739 dv-cinder-master-3-iscsi devstack@c-api.service[120273]: INFO cinder.api.openstack.wsgi [None req-93597064-0e00-41f0-9ddb-d5adee6574bb tempest-SnapshotsActionsTest-2082143963 tempest-SnapshotsActionsTest-2082143963-project] http://10.222.0.39/volume/v3/179cdac0ebe64e4ab4c01578c80c7845/snapshots/ec69af2e-208b-4b02-8d36-6db4f6da849a returned with HTTP 200
Sep 30 09:46:18.337112 dv-cinder-master-3-iscsi devstack@c-api.service[120273]: [pid: 120273|app: 0|req: 125/225] 10.222.0.39 () {58 vars in 1331 bytes} [Fri Sep 30 09:46:18 2022] GET /volume/v3/179cdac0ebe64e4ab4c01578c80c7845/snapshots/ec69af2e-208b-4b02-8d36-6db4f6da849a => generated 438 bytes in 31 msecs (HTTP/1.1 200) 7 headers in 285 bytes (1 switches on core 0)
Sep 30 09:46:18.371450 dv-cinder-master-3-iscsi devstack@c-api.service[120273]: DEBUG dbcounter [-] [120273] Writing DB stats cinder:SELECT=65,cinder:UPDATE=27,cinder:INSERT=8 {{(pid=120273) stat_writer /usr/local/lib/python3.8/dist-packages/dbcounter.py:114}}
Sep 30 09:46:18.567978 dv-cinder-master-3-iscsi devstack@c-api.service[120274]: DEBUG cinder.api.middleware.request_id [None req-ca0d9111-95e3-41af-b3fd-375e1439d004 None None] RequestId filter calling following filter/app {{(pid=120274) _context_setter /opt/stack/cinder/cinder/api/middleware/request_id.py:62}}
Sep 30 09:46:18.572102 dv-cinder-master-3-iscsi devstack@c-api.service[120274]: INFO cinder.api.openstack.wsgi [None req-ca0d9111-95e3-41af-b3fd-375e1439d004 tempest-GroupSnapshotsTest-1905560838 tempest-GroupSnapshotsTest-1905560838-project] GET http://10.222.0.39/volume/v3/d38d518c11a34ffc8921d4c241b8ce06/groups/e3cec42f-2557-445a-8c15-6df3f1326a27
Sep 30 09:46:18.572667 dv-cinder-master-3-iscsi devstack@c-api.service[120274]: DEBUG cinder.api.openstack.wsgi [None req-ca0d9111-95e3-41af-b3fd-375e1439d004 tempest-GroupSnapshotsTest-1905560838 tempest-GroupSnapshotsTest-1905560838-project] Empty body provided in request {{(pid=120274) get_body /opt/stack/cinder/cinder/api/openstack/wsgi.py:715}}
Sep 30 09:46:18.573149 dv-cinder-master-3-iscsi devstack@c-api.service[120274]: DEBUG cinder.api.openstack.wsgi [None req-ca0d9111-95e3-41af-b3fd-375e1439d004 tempest-GroupSnapshotsTest-1905560838 tempest-GroupSnapshotsTest-1905560838-project] Calling method 'version_select' {{(pid=120274) _process_stack /opt/stack/cinder/cinder/api/openstack/wsgi.py:868}}
Sep 30 09:46:18.573499 dv-cinder-master-3-iscsi devstack@c-api.service[120274]: DEBUG cinder.api.v3.groups [None req-ca0d9111-95e3-41af-b3fd-375e1439d004 tempest-GroupSnapshotsTest-1905560838 tempest-GroupSnapshotsTest-1905560838-project] show called for member e3cec42f-2557-445a-8c15-6df3f1326a27 {{(pid=120274) show /opt/stack/cinder/cinder/api/v3/groups.py:58}}
Sep 30 09:46:18.586882 dv-cinder-master-3-iscsi devstack@c-api.service[120274]: /usr/local/lib/python3.8/dist-packages/oslo_context/context.py:100: DeprecationWarning: Policy enforcement is depending on the value of is_admin. This key is deprecated. Please update your policy file to use the standard policy values.
Sep 30 09:46:18.586882 dv-cinder-master-3-iscsi devstack@c-api.service[120274]: warnings.warn('Policy enforcement is depending on the value of '
Sep 30 09:46:18.602748 dv-cinder-master-3-iscsi devstack@c-api.service[120274]: INFO cinder.api.openstack.wsgi [None req-ca0d9111-95e3-41af-b3fd-375e1439d004 tempest-GroupSnapshotsTest-1905560838 tempest-GroupSnapshotsTest-1905560838-project] http://10.222.0.39/volume/v3/d38d518c11a34ffc8921d4c241b8ce06/groups/e3cec42f-2557-445a-8c15-6df3f1326a27 returned with HTTP 200
Sep 30 09:46:18.603627 dv-cinder-master-3-iscsi devstack@c-api.service[120274]: [pid: 120274|app: 0|req: 101/226] 10.222.0.39 () {60 vars in 1363 bytes} [Fri Sep 30 09:46:18 2022] GET /volume/v3/d38d518c11a34ffc8921d4c241b8ce06/groups/e3cec42f-2557-445a-8c15-6df3f1326a27 => generated 392 bytes in 37 msecs (HTTP/1.1 200) 7 headers in 286 bytes (1 switches on core 0)
Sep 30 09:46:18.780054 dv-cinder-master-3-iscsi devstack@c-api.service[120274]: DEBUG dbcounter [-] [120274] Writing DB stats cinder:SELECT=73,cinder:INSERT=10,cinder:UPDATE=17 {{(pid=120274) stat_writer /usr/local/lib/python3.8/dist-packages/dbcounter.py:114}}
Sep 30 09:46:19.261419 dv-cinder-master-3-iscsi devstack@c-api.service[120273]: DEBUG cinder.api.middleware.request_id [None req-2020d9be-60a7-4eb1-aac8-6d37c6614cce None None] RequestId filter calling following filter/app {{(pid=120273) _context_setter /opt/stack/cinder/cinder/api/middleware/request_id.py:62}}
Sep 30 09:46:19.341592 dv-cinder-master-3-iscsi devstack@c-api.service[120274]: DEBUG cinder.api.middleware.request_id [None req-a650a311-3b8d-42bc-90d8-9e0ac90eb202 None None] RequestId filter calling following filter/app {{(pid=120274) _context_setter /opt/stack/cinder/cinder/api/middleware/request_id.py:62}}
Sep 30 09:46:19.345663 dv-cinder-master-3-iscsi devstack@c-api.service[120274]: INFO cinder.api.openstack.wsgi [None req-a650a311-3b8d-42bc-90d8-9e0ac90eb202 tempest-SnapshotsActionsTest-2082143963 tempest-SnapshotsActionsTest-2082143963-project] GET http://10.222.0.39/volume/v3/179cdac0ebe64e4ab4c01578c80c7845/snapshots/ec69af2e-208b-4b02-8d36-6db4f6da849a
Sep 30 09:46:19.346117 dv-cinder-master-3-iscsi devstack@c-api.service[120274]: DEBUG cinder.api.openstack.wsgi [None req-a650a311-3b8d-42bc-90d8-9e0ac90eb202 tempest-SnapshotsActionsTest-2082143963 tempest-SnapshotsActionsTest-2082143963-project] Empty body provided in request {{(pid=120274) get_body /opt/stack/cinder/cinder/api/openstack/wsgi.py:715}}
Sep 30 09:46:19.346569 dv-cinder-master-3-iscsi devstack@c-api.service[120274]: DEBUG cinder.api.openstack.wsgi [None req-a650a311-3b8d-42bc-90d8-9e0ac90eb202 tempest-SnapshotsActionsTest-2082143963 tempest-SnapshotsActionsTest-2082143963-project] Calling method 'show' {{(pid=120274) _process_stack /opt/stack/cinder/cinder/api/openstack/wsgi.py:868}}
Sep 30 09:46:19.363933 dv-cinder-master-3-iscsi devstack@c-api.service[120274]: /usr/local/lib/python3.8/dist-packages/oslo_context/context.py:100: DeprecationWarning: Policy enforcement is depending on the value of is_admin. This key is deprecated. Please update your policy file to use the standard policy values.
Sep 30 09:46:19.363933 dv-cinder-master-3-iscsi devstack@c-api.service[120274]: warnings.warn('Policy enforcement is depending on the value of '
Sep 30 09:46:19.364948 dv-cinder-master-3-iscsi devstack@c-api.service[120274]: INFO cinder.volume.api [None req-a650a311-3b8d-42bc-90d8-9e0ac90eb202 tempest-SnapshotsActionsTest-2082143963 tempest-SnapshotsActionsTest-2082143963-project] Snapshot retrieved successfully.
Sep 30 09:46:19.366762 dv-cinder-master-3-iscsi devstack@c-api.service[120274]: INFO cinder.api.openstack.wsgi [None req-a650a311-3b8d-42bc-90d8-9e0ac90eb202 tempest-SnapshotsActionsTest-2082143963 tempest-SnapshotsActionsTest-2082143963-project] http://10.222.0.39/volume/v3/179cdac0ebe64e4ab4c01578c80c7845/snapshots/ec69af2e-208b-4b02-8d36-6db4f6da849a returned with HTTP 200
Sep 30 09:46:19.379441 dv-cinder-master-3-iscsi devstack@c-api.service[120274]: [pid: 120274|app: 0|req: 102/227] 10.222.0.39 () {58 vars in 1331 bytes} [Fri Sep 30 09:46:19 2022] GET /volume/v3/179cdac0ebe64e4ab4c01578c80c7845/snapshots/ec69af2e-208b-4b02-8d36-6db4f6da849a => generated 438 bytes in 39 msecs (HTTP/1.1 200) 7 headers in 285 bytes (2 switches on core 0)
Sep 30 09:46:19.603791 dv-cinder-master-3-iscsi devstack@c-api.service[120273]: INFO cinder.api.openstack.wsgi [None req-2020d9be-60a7-4eb1-aac8-6d37c6614cce tempest-GroupsV314Test-1551476134 tempest-GroupsV314Test-1551476134-project-admin] POST http://10.222.0.39/volume/v3/7e9cca2169e84930adf5d41582bc75e0/types
Sep 30 09:46:19.603791 dv-cinder-master-3-iscsi devstack@c-api.service[120273]: DEBUG cinder.api.openstack.wsgi [None req-2020d9be-60a7-4eb1-aac8-6d37c6614cce tempest-GroupsV314Test-1551476134 tempest-GroupsV314Test-1551476134-project-admin] Action: 'create', calling method: _create, body: {"volume_type": {"name": "tempest-GroupsV314Test-volume-type-689880925"}} {{(pid=120273) _process_stack /opt/stack/cinder/cinder/api/openstack/wsgi.py:866}}
Sep 30 09:46:19.613718 dv-cinder-master-3-iscsi devstack@c-api.service[120274]: DEBUG cinder.api.middleware.request_id [None req-87c88eff-cc20-4bdd-9376-187d4d46e528 None None] RequestId filter calling following filter/app {{(pid=120274) _context_setter /opt/stack/cinder/cinder/api/middleware/request_id.py:62}}
Sep 30 09:46:19.617550 dv-cinder-master-3-iscsi devstack@c-api.service[120274]: INFO cinder.api.openstack.wsgi [None req-87c88eff-cc20-4bdd-9376-187d4d46e528 tempest-GroupSnapshotsTest-1905560838 tempest-GroupSnapshotsTest-1905560838-project] GET http://10.222.0.39/volume/v3/d38d518c11a34ffc8921d4c241b8ce06/groups/e3cec42f-2557-445a-8c15-6df3f1326a27
Sep 30 09:46:19.618039 dv-cinder-master-3-iscsi devstack@c-api.service[120274]: DEBUG cinder.api.openstack.wsgi [None req-87c88eff-cc20-4bdd-9376-187d4d46e528 tempest-GroupSnapshotsTest-1905560838 tempest-GroupSnapshotsTest-1905560838-project] Empty body provided in request {{(pid=120274) get_body /opt/stack/cinder/cinder/api/openstack/wsgi.py:715}}
Sep 30 09:46:19.618539 dv-cinder-master-3-iscsi devstack@c-api.service[120274]: DEBUG cinder.api.openstack.wsgi [None req-87c88eff-cc20-4bdd-9376-187d4d46e528 tempest-GroupSnapshotsTest-1905560838 tempest-GroupSnapshotsTest-1905560838-project] Calling method 'version_select' {{(pid=120274) _process_stack /opt/stack/cinder/cinder/api/openstack/wsgi.py:868}}
Sep 30 09:46:19.618918 dv-cinder-master-3-iscsi devstack@c-api.service[120274]: DEBUG cinder.api.v3.groups [None req-87c88eff-cc20-4bdd-9376-187d4d46e528 tempest-GroupSnapshotsTest-1905560838 tempest-GroupSnapshotsTest-1905560838-project] show called for member e3cec42f-2557-445a-8c15-6df3f1326a27 {{(pid=120274) show /opt/stack/cinder/cinder/api/v3/groups.py:58}}
Sep 30 09:46:19.635805 dv-cinder-master-3-iscsi devstack@c-api.service[120274]: /usr/local/lib/python3.8/dist-packages/oslo_context/context.py:100: DeprecationWarning: Policy enforcement is depending on the value of is_admin. This key is deprecated. Please update your policy file to use the standard policy values.
Sep 30 09:46:19.635805 dv-cinder-master-3-iscsi devstack@c-api.service[120274]: warnings.warn('Policy enforcement is depending on the value of '
Sep 30 09:46:19.657318 dv-cinder-master-3-iscsi devstack@c-api.service[120274]: INFO cinder.api.openstack.wsgi [None req-87c88eff-cc20-4bdd-9376-187d4d46e528 tempest-GroupSnapshotsTest-1905560838 tempest-GroupSnapshotsTest-1905560838-project] http://10.222.0.39/volume/v3/d38d518c11a34ffc8921d4c241b8ce06/groups/e3cec42f-2557-445a-8c15-6df3f1326a27 returned with HTTP 200
Sep 30 09:46:19.664735 dv-cinder-master-3-iscsi devstack@c-api.service[120274]: [pid: 120274|app: 0|req: 103/228] 10.222.0.39 () {60 vars in 1363 bytes} [Fri Sep 30 09:46:19 2022] GET /volume/v3/d38d518c11a34ffc8921d4c241b8ce06/groups/e3cec42f-2557-445a-8c15-6df3f1326a27 => generated 393 bytes in 52 msecs (HTTP/1.1 200) 7 headers in 286 bytes (2 switches on core 0)
Sep 30 09:46:19.674129 dv-cinder-master-3-iscsi devstack@c-api.service[120274]: DEBUG cinder.api.middleware.request_id [None req-e7eefa35-eeab-418b-8744-10ad62f5a490 None None] RequestId filter calling following filter/app {{(pid=120274) _context_setter /opt/stack/cinder/cinder/api/middleware/request_id.py:62}}
Sep 30 09:46:19.680364 dv-cinder-master-3-iscsi devstack@c-api.service[120274]: INFO cinder.api.openstack.wsgi [None req-e7eefa35-eeab-418b-8744-10ad62f5a490 tempest-GroupSnapshotsTest-1905560838 tempest-GroupSnapshotsTest-1905560838-project] POST http://10.222.0.39/volume/v3/d38d518c11a34ffc8921d4c241b8ce06/volumes
Sep 30 09:46:19.681932 dv-cinder-master-3-iscsi devstack@c-api.service[120274]: DEBUG cinder.api.openstack.wsgi [None req-e7eefa35-eeab-418b-8744-10ad62f5a490 tempest-GroupSnapshotsTest-1905560838 tempest-GroupSnapshotsTest-1905560838-project] Action: 'create', calling method: create, body: {"volume": {"volume_type": "532bb144-cf38-4dac-a217-9e64b3f93306", "group_id": "e3cec42f-2557-445a-8c15-6df3f1326a27", "size": 1, "name": "tempest-GroupSnapshotsTest-Volume-1826917764"}} {{(pid=120274) _process_stack /opt/stack/cinder/cinder/api/openstack/wsgi.py:866}}
Sep 30 09:46:19.684541 dv-cinder-master-3-iscsi devstack@c-api.service[120274]: DEBUG cinder.api.v3.volumes [None req-e7eefa35-eeab-418b-8744-10ad62f5a490 tempest-GroupSnapshotsTest-1905560838 tempest-GroupSnapshotsTest-1905560838-project] Create volume request body: {'volume': {'volume_type': '532bb144-cf38-4dac-a217-9e64b3f93306', 'group_id': 'e3cec42f-2557-445a-8c15-6df3f1326a27', 'size': 1, 'name': 'tempest-GroupSnapshotsTest-Volume-1826917764'}} {{(pid=120274) create /opt/stack/cinder/cinder/api/v3/volumes.py:298}}
Sep 30 09:46:19.712728 dv-cinder-master-3-iscsi devstack@c-api.service[120273]: INFO cinder.api.openstack.wsgi [None req-2020d9be-60a7-4eb1-aac8-6d37c6614cce tempest-GroupsV314Test-1551476134 tempest-GroupsV314Test-1551476134-project-admin] http://10.222.0.39/volume/v3/7e9cca2169e84930adf5d41582bc75e0/types returned with HTTP 200
Sep 30 09:46:19.719126 dv-cinder-master-3-iscsi devstack@c-api.service[120273]: [pid: 120273|app: 0|req: 126/229] 10.222.0.39 () {60 vars in 1229 bytes} [Fri Sep 30 09:46:19 2022] POST /volume/v3/7e9cca2169e84930adf5d41582bc75e0/types => generated 219 bytes in 458 msecs (HTTP/1.1 200) 7 headers in 285 bytes (1 switches on core 0)
Sep 30 09:46:19.722339 dv-cinder-master-3-iscsi devstack@c-api.service[120273]: DEBUG cinder.api.middleware.request_id [None req-e0666fce-2a39-4eb8-95cd-232ccabe2ee3 None None] RequestId filter calling following filter/app {{(pid=120273) _context_setter /opt/stack/cinder/cinder/api/middleware/request_id.py:62}}
Sep 30 09:46:19.735436 dv-cinder-master-3-iscsi devstack@c-api.service[120273]: INFO cinder.api.openstack.wsgi [None req-e0666fce-2a39-4eb8-95cd-232ccabe2ee3 tempest-GroupsV314Test-1551476134 tempest-GroupsV314Test-1551476134-project-admin] POST http://10.222.0.39/volume/v3/7e9cca2169e84930adf5d41582bc75e0/group_types
Sep 30 09:46:19.736743 dv-cinder-master-3-iscsi devstack@c-api.service[120274]: /usr/local/lib/python3.8/dist-packages/oslo_context/context.py:100: DeprecationWarning: Policy enforcement is depending on the value of is_admin. This key is deprecated. Please update your policy file to use the standard policy values.
Sep 30 09:46:19.736743 dv-cinder-master-3-iscsi devstack@c-api.service[120274]: warnings.warn('Policy enforcement is depending on the value of '
Sep 30 09:46:19.737761 dv-cinder-master-3-iscsi devstack@c-api.service[120274]: INFO cinder.api.v3.volumes [None req-e7eefa35-eeab-418b-8744-10ad62f5a490 tempest-GroupSnapshotsTest-1905560838 tempest-GroupSnapshotsTest-1905560838-project] Create volume of 1 GB
Sep 30 09:46:19.738700 dv-cinder-master-3-iscsi devstack@c-api.service[120273]: DEBUG cinder.api.openstack.wsgi [None req-e0666fce-2a39-4eb8-95cd-232ccabe2ee3 tempest-GroupsV314Test-1551476134 tempest-GroupsV314Test-1551476134-project-admin] Action: 'create', calling method: version_select, body: {"group_type": {"name": "tempest-GroupsV314Test-group-type-478299952"}} {{(pid=120273) _process_stack /opt/stack/cinder/cinder/api/openstack/wsgi.py:866}}
Sep 30 09:46:19.775505 dv-cinder-master-3-iscsi devstack@c-api.service[120274]: INFO cinder.volume.api [None req-e7eefa35-eeab-418b-8744-10ad62f5a490 tempest-GroupSnapshotsTest-1905560838 tempest-GroupSnapshotsTest-1905560838-project] Availability Zones retrieved successfully.
Sep 30 09:46:19.802320 dv-cinder-master-3-iscsi devstack@c-api.service[120274]: DEBUG cinder.volume.api [None req-e7eefa35-eeab-418b-8744-10ad62f5a490 tempest-GroupSnapshotsTest-1905560838 tempest-GroupSnapshotsTest-1905560838-project] Flow 'volume_create_api' (3434b226-da21-4bd9-853a-4cef63be593a) transitioned into state 'RUNNING' from state 'PENDING' {{(pid=120274) _flow_receiver /usr/local/lib/python3.8/dist-packages/taskflow/listeners/logging.py:141}}
Sep 30 09:46:19.805004 dv-cinder-master-3-iscsi devstack@c-api.service[120274]: DEBUG cinder.volume.api [None req-e7eefa35-eeab-418b-8744-10ad62f5a490 tempest-GroupSnapshotsTest-1905560838 tempest-GroupSnapshotsTest-1905560838-project] Task 'cinder.volume.flows.api.create_volume.ExtractVolumeRequestTask;volume:create' (5263a142-a609-4bd3-b754-136f7d34a9ee) transitioned into state 'RUNNING' from state 'PENDING' {{(pid=120274) _task_receiver /usr/local/lib/python3.8/dist-packages/taskflow/listeners/logging.py:190}}
Sep 30 09:46:19.808372 dv-cinder-master-3-iscsi devstack@c-api.service[120274]: /usr/local/lib/python3.8/dist-packages/oslo_context/context.py:100: DeprecationWarning: Policy enforcement is depending on the value of is_admin. This key is deprecated. Please update your policy file to use the standard policy values.
Sep 30 09:46:19.808372 dv-cinder-master-3-iscsi devstack@c-api.service[120274]: warnings.warn('Policy enforcement is depending on the value of '
Sep 30 09:46:19.808372 dv-cinder-master-3-iscsi devstack@c-api.service[120274]: DEBUG cinder.volume.flows.api.create_volume [None req-e7eefa35-eeab-418b-8744-10ad62f5a490 tempest-GroupSnapshotsTest-1905560838 tempest-GroupSnapshotsTest-1905560838-project] Validating volume size '1' using validate_int {{(pid=120274) _extract_size /opt/stack/cinder/cinder/volume/flows/api/create_volume.py:228}}
Sep 30 09:46:19.860899 dv-cinder-master-3-iscsi devstack@c-api.service[120274]: DEBUG cinder.volume.api [None req-e7eefa35-eeab-418b-8744-10ad62f5a490 tempest-GroupSnapshotsTest-1905560838 tempest-GroupSnapshotsTest-1905560838-project] Task 'cinder.volume.flows.api.create_volume.ExtractVolumeRequestTask;volume:create' (5263a142-a609-4bd3-b754-136f7d34a9ee) transitioned into state 'SUCCESS' from state 'RUNNING' with result '{'size': 1, 'snapshot_id': None, 'source_volid': None, 'volume_type': VolumeType(created_at=2022-09-30T09:46:16Z,deleted=False,deleted_at=None,description=None,extra_specs={},id=532bb144-cf38-4dac-a217-9e64b3f93306,is_public=True,name='tempest-GroupSnapshotsTest-volume-type-259333198',projects=[],qos_specs=,qos_specs_id=None,updated_at=None), 'volume_type_id': '532bb144-cf38-4dac-a217-9e64b3f93306', 'encryption_key_id': None, 'qos_specs': None, 'consistencygroup_id': None, 'cgsnapshot_id': None, 'group_id': 'e3cec42f-2557-445a-8c15-6df3f1326a27', 'replication_status': 'disabled', 'refresh_az': False, 'backup_id': None, 'multiattach': False, 'availability_zones': ['nova']}' {{(pid=120274) _task_receiver /usr/local/lib/python3.8/dist-packages/taskflow/listeners/logging.py:178}}
Sep 30 09:46:19.863348 dv-cinder-master-3-iscsi devstack@c-api.service[120273]: INFO cinder.api.openstack.wsgi [None req-e0666fce-2a39-4eb8-95cd-232ccabe2ee3 tempest-GroupsV314Test-1551476134 tempest-GroupsV314Test-1551476134-project-admin] http://10.222.0.39/volume/v3/7e9cca2169e84930adf5d41582bc75e0/group_types returned with HTTP 202
Sep 30 09:46:19.863558 dv-cinder-master-3-iscsi devstack@c-api.service[120274]: DEBUG cinder.volume.api [None req-e7eefa35-eeab-418b-8744-10ad62f5a490 tempest-GroupSnapshotsTest-1905560838 tempest-GroupSnapshotsTest-1905560838-project] Task 'cinder.volume.flows.api.create_volume.QuotaReserveTask;volume:create' (952b0c09-b868-4ea1-a3a8-91c88d8d5b55) transitioned into state 'RUNNING' from state 'PENDING' {{(pid=120274) _task_receiver /usr/local/lib/python3.8/dist-packages/taskflow/listeners/logging.py:190}}
Sep 30 09:46:19.864096 dv-cinder-master-3-iscsi devstack@c-api.service[120273]: [pid: 120273|app: 0|req: 127/230] 10.222.0.39 () {62 vars in 1288 bytes} [Fri Sep 30 09:46:19 2022] POST /volume/v3/7e9cca2169e84930adf5d41582bc75e0/group_types => generated 176 bytes in 144 msecs (HTTP/1.1 202) 7 headers in 292 bytes (1 switches on core 0)
Sep 30 09:46:19.872308 dv-cinder-master-3-iscsi devstack@c-api.service[120273]: DEBUG cinder.api.middleware.request_id [None req-f8a1072a-6c68-41d3-bf5e-755bf596ce79 None None] RequestId filter calling following filter/app {{(pid=120273) _context_setter /opt/stack/cinder/cinder/api/middleware/request_id.py:62}}
Sep 30 09:46:19.936867 dv-cinder-master-3-iscsi devstack@c-api.service[120274]: WARNING cinder.quota [None req-e7eefa35-eeab-418b-8744-10ad62f5a490 tempest-GroupSnapshotsTest-1905560838 tempest-GroupSnapshotsTest-1905560838-project] Deprecated: Default quota for resource: volumes_tempest-GroupSnapshotsTest-volume-type-259333198 is set by the default quota flag: quota_volumes_tempest-GroupSnapshotsTest-volume-type-259333198, it is now deprecated. Please use the default quota class for default quota.
Sep 30 09:46:19.938558 dv-cinder-master-3-iscsi devstack@c-api.service[120274]: WARNING cinder.quota [None req-e7eefa35-eeab-418b-8744-10ad62f5a490 tempest-GroupSnapshotsTest-1905560838 tempest-GroupSnapshotsTest-1905560838-project] Deprecated: Default quota for resource: gigabytes_tempest-GroupSnapshotsTest-volume-type-259333198 is set by the default quota flag: quota_gigabytes_tempest-GroupSnapshotsTest-volume-type-259333198, it is now deprecated. Please use the default quota class for default quota.
Sep 30 09:46:20.156502 dv-cinder-master-3-iscsi devstack@c-api.service[120273]: INFO cinder.api.openstack.wsgi [None req-f8a1072a-6c68-41d3-bf5e-755bf596ce79 tempest-GroupsV314Test-1772785453 tempest-GroupsV314Test-1772785453-project] POST http://10.222.0.39/volume/v3/9a686dae16a04996ad351ddb92875e0e/groups
Sep 30 09:46:20.157261 dv-cinder-master-3-iscsi devstack@c-api.service[120273]: DEBUG cinder.api.openstack.wsgi [None req-f8a1072a-6c68-41d3-bf5e-755bf596ce79 tempest-GroupsV314Test-1772785453 tempest-GroupsV314Test-1772785453-project] Action: 'create', calling method: version_select, body: {"group": {"group_type": "2d3265af-092f-43aa-80d5-1c3ef1717882", "volume_types": ["ecca1b58-0b06-4d4a-809a-f1d598cd0fff"], "name": "tempest-GroupsV314Test-Group-478007831"}} {{(pid=120273) _process_stack /opt/stack/cinder/cinder/api/openstack/wsgi.py:866}}
Sep 30 09:46:20.159789 dv-cinder-master-3-iscsi devstack@c-api.service[120273]: DEBUG cinder.api.v3.groups [None req-f8a1072a-6c68-41d3-bf5e-755bf596ce79 tempest-GroupsV314Test-1772785453 tempest-GroupsV314Test-1772785453-project] Creating new group {'group': {'group_type': '2d3265af-092f-43aa-80d5-1c3ef1717882', 'volume_types': ['ecca1b58-0b06-4d4a-809a-f1d598cd0fff'], 'name': 'tempest-GroupsV314Test-Group-478007831'}} {{(pid=120273) create /opt/stack/cinder/cinder/api/v3/groups.py:190}}
Sep 30 09:46:20.168879 dv-cinder-master-3-iscsi devstack@c-api.service[120274]: DEBUG cinder.quota [None req-e7eefa35-eeab-418b-8744-10ad62f5a490 tempest-GroupSnapshotsTest-1905560838 tempest-GroupSnapshotsTest-1905560838-project] Created reservations ['1acfffcd-6837-41b2-81c2-140ef8753caa', 'b0c7dab7-1446-4bbb-8cfc-8ec362e4ae1c', 'a85d350d-fa54-4a9a-a7f6-bdf0633a0b1b', 'e99298d8-1c8e-4e33-9ea6-843e938cdbf9'] {{(pid=120274) reserve /opt/stack/cinder/cinder/quota.py:755}}
Sep 30 09:46:20.172193 dv-cinder-master-3-iscsi devstack@c-api.service[120274]: DEBUG cinder.volume.api [None req-e7eefa35-eeab-418b-8744-10ad62f5a490 tempest-GroupSnapshotsTest-1905560838 tempest-GroupSnapshotsTest-1905560838-project] Task 'cinder.volume.flows.api.create_volume.QuotaReserveTask;volume:create' (952b0c09-b868-4ea1-a3a8-91c88d8d5b55) transitioned into state 'SUCCESS' from state 'RUNNING' with result '{'reservations': ['1acfffcd-6837-41b2-81c2-140ef8753caa', 'b0c7dab7-1446-4bbb-8cfc-8ec362e4ae1c', 'a85d350d-fa54-4a9a-a7f6-bdf0633a0b1b', 'e99298d8-1c8e-4e33-9ea6-843e938cdbf9']}' {{(pid=120274) _task_receiver /usr/local/lib/python3.8/dist-packages/taskflow/listeners/logging.py:178}}
Sep 30 09:46:20.177544 dv-cinder-master-3-iscsi devstack@c-api.service[120274]: DEBUG cinder.volume.api [None req-e7eefa35-eeab-418b-8744-10ad62f5a490 tempest-GroupSnapshotsTest-1905560838 tempest-GroupSnapshotsTest-1905560838-project] Task 'cinder.volume.flows.api.create_volume.EntryCreateTask;volume:create' (175ca66e-8b4c-4107-b498-627acd55742f) transitioned into state 'RUNNING' from state 'PENDING' {{(pid=120274) _task_receiver /usr/local/lib/python3.8/dist-packages/taskflow/listeners/logging.py:190}}
Sep 30 09:46:20.192675 dv-cinder-master-3-iscsi devstack@c-api.service[120273]: INFO cinder.api.v3.groups [None req-f8a1072a-6c68-41d3-bf5e-755bf596ce79 tempest-GroupsV314Test-1772785453 tempest-GroupsV314Test-1772785453-project] Creating group tempest-GroupsV314Test-Group-478007831.
Sep 30 09:46:20.242197 dv-cinder-master-3-iscsi devstack@c-api.service[120273]: INFO cinder.volume.api [None req-f8a1072a-6c68-41d3-bf5e-755bf596ce79 tempest-GroupsV314Test-1772785453 tempest-GroupsV314Test-1772785453-project] Availability Zones retrieved successfully.
Sep 30 09:46:20.292422 dv-cinder-master-3-iscsi devstack@c-api.service[120274]: DEBUG cinder.volume.api [None req-e7eefa35-eeab-418b-8744-10ad62f5a490 tempest-GroupSnapshotsTest-1905560838 tempest-GroupSnapshotsTest-1905560838-project] Task 'cinder.volume.flows.api.create_volume.EntryCreateTask;volume:create' (175ca66e-8b4c-4107-b498-627acd55742f) transitioned into state 'SUCCESS' from state 'RUNNING' with result '{'volume_id': '3a12bebd-7819-4239-997f-e2497bc22e55', 'volume_properties': VolumeProperties(attach_status='detached',availability_zone='nova',cgsnapshot_id=None,consistencygroup_id=None,display_description=None,display_name='tempest-GroupSnapshotsTest-Volume-1826917764',encryption_key_id=None,group_id=e3cec42f-2557-445a-8c15-6df3f1326a27,group_type_id=,metadata={},multiattach=False,project_id='d38d518c11a34ffc8921d4c241b8ce06',qos_specs=None,replication_status=,reservations=['1acfffcd-6837-41b2-81c2-140ef8753caa','b0c7dab7-1446-4bbb-8cfc-8ec362e4ae1c','a85d350d-fa54-4a9a-a7f6-bdf0633a0b1b','e99298d8-1c8e-4e33-9ea6-843e938cdbf9'],size=1,snapshot_id=None,source_replicaid=,source_volid=None,status='creating',user_id='5a978f07591d4b78b248c27546a92b40',volume_type_id=532bb144-cf38-4dac-a217-9e64b3f93306), 'volume': Volume(_name_id=None,admin_metadata=,attach_status='detached',availability_zone='nova',bootable=False,cluster=,cluster_name=None,consistencygroup=,consistencygroup_id=None,created_at=2022-09-30T09:46:20Z,deleted=False,deleted_at=None,display_description=None,display_name='tempest-GroupSnapshotsTest-Volume-1826917764',ec2_id=None,encryption_key_id=None,glance_metadata=,group=,group_id=e3cec42f-2557-445a-8c15-6df3f1326a27,host=None,id=3a12bebd-7819-4239-997f-e2497bc22e55,launched_at=None,metadata={},migration_status=None,multiattach=False,previous_status=None,project_id='d38d518c11a34ffc8921d4c241b8ce06',provider_auth=None,provider_geometry=None,provider_id=None,provider_location=None,replication_driver_data=None,replication_extended_status=None,replication_status=None,scheduled_at=None,service_uuid=None,shared_targets=True,size=1,snapshot_id=None,snapshots=,source_volid=None,status='creating',terminated_at=None,updated_at=None,use_quota=True,user_id='5a978f07591d4b78b248c27546a92b40',volume_attachment=VolumeAttachmentList,volume_type=VolumeType(532bb144-cf38-4dac-a217-9e64b3f93306),volume_type_id=532bb144-cf38-4dac-a217-9e64b3f93306)}' {{(pid=120274) _task_receiver /usr/local/lib/python3.8/dist-packages/taskflow/listeners/logging.py:178}}
Sep 30 09:46:20.295702 dv-cinder-master-3-iscsi devstack@c-api.service[120274]: DEBUG cinder.volume.api [None req-e7eefa35-eeab-418b-8744-10ad62f5a490 tempest-GroupSnapshotsTest-1905560838 tempest-GroupSnapshotsTest-1905560838-project] Task 'cinder.volume.flows.api.create_volume.QuotaCommitTask;volume:create' (27a3a3fe-95a6-4ab8-ace7-ee09410c2ae0) transitioned into state 'RUNNING' from state 'PENDING' {{(pid=120274) _task_receiver /usr/local/lib/python3.8/dist-packages/taskflow/listeners/logging.py:190}}
Sep 30 09:46:20.441618 dv-cinder-master-3-iscsi devstack@c-api.service[120274]: DEBUG cinder.volume.api [None req-e7eefa35-eeab-418b-8744-10ad62f5a490 tempest-GroupSnapshotsTest-1905560838 tempest-GroupSnapshotsTest-1905560838-project] Task 'cinder.volume.flows.api.create_volume.QuotaCommitTask;volume:create' (27a3a3fe-95a6-4ab8-ace7-ee09410c2ae0) transitioned into state 'SUCCESS' from state 'RUNNING' with result '{'volume_properties': VolumeProperties(attach_status='detached',availability_zone='nova',cgsnapshot_id=None,consistencygroup_id=None,display_description=None,display_name='tempest-GroupSnapshotsTest-Volume-1826917764',encryption_key_id=None,group_id=e3cec42f-2557-445a-8c15-6df3f1326a27,group_type_id=,metadata={},multiattach=False,project_id='d38d518c11a34ffc8921d4c241b8ce06',qos_specs=None,replication_status=,reservations=['1acfffcd-6837-41b2-81c2-140ef8753caa','b0c7dab7-1446-4bbb-8cfc-8ec362e4ae1c','a85d350d-fa54-4a9a-a7f6-bdf0633a0b1b','e99298d8-1c8e-4e33-9ea6-843e938cdbf9'],size=1,snapshot_id=None,source_replicaid=,source_volid=None,status='creating',user_id='5a978f07591d4b78b248c27546a92b40',volume_type_id=532bb144-cf38-4dac-a217-9e64b3f93306)}' {{(pid=120274) _task_receiver /usr/local/lib/python3.8/dist-packages/taskflow/listeners/logging.py:178}}
