Sep 30 09:46:09.147724 dv-cinder-master-3-iscsi devstack@c-api.service[120273]: INFO cinder.volume.api [None req-a3ef3c22-7fe4-44c6-a20e-1dc183f85f1e tempest-VolumesTestJSON-1184215611 tempest-VolumesTestJSON-1184215611-project] Volume info retrieved successfully.
Sep 30 09:46:09.236586 dv-cinder-master-3-iscsi devstack@c-api.service[120274]: INFO cinder.api.openstack.wsgi [None req-14f8c5a6-6ad1-400c-bbc6-36dd5d9b7c3a tempest-GroupSnapshotsTest-1905560838 tempest-GroupSnapshotsTest-1905560838-project] http://10.222.0.39/volume/v3/d38d518c11a34ffc8921d4c241b8ce06/group_snapshots/678ddb91-e0c3-4f95-b79c-1482233ce8d3 returned with HTTP 202
Sep 30 09:46:09.238255 dv-cinder-master-3-iscsi devstack@c-api.service[120274]: [pid: 120274|app: 0|req: 73/155] 10.222.0.39 () {60 vars in 1393 bytes} [Fri Sep 30 09:46:08 2022] DELETE /volume/v3/d38d518c11a34ffc8921d4c241b8ce06/group_snapshots/678ddb91-e0c3-4f95-b79c-1482233ce8d3 => generated 0 bytes in 445 msecs (HTTP/1.1 202) 6 headers in 234 bytes (1 switches on core 0)
Sep 30 09:46:09.251484 dv-cinder-master-3-iscsi devstack@c-api.service[120274]: DEBUG cinder.api.middleware.request_id [None req-5df6010e-8df6-452e-a7b2-69d1c63c0bbb None None] RequestId filter calling following filter/app {{(pid=120274) _context_setter /opt/stack/cinder/cinder/api/middleware/request_id.py:62}}
Sep 30 09:46:09.260075 dv-cinder-master-3-iscsi devstack@c-api.service[120274]: INFO cinder.api.openstack.wsgi [None req-5df6010e-8df6-452e-a7b2-69d1c63c0bbb tempest-GroupSnapshotsTest-1905560838 tempest-GroupSnapshotsTest-1905560838-project] GET http://10.222.0.39/volume/v3/d38d518c11a34ffc8921d4c241b8ce06/volumes/detail
Sep 30 09:46:09.260598 dv-cinder-master-3-iscsi devstack@c-api.service[120274]: DEBUG cinder.api.openstack.wsgi [None req-5df6010e-8df6-452e-a7b2-69d1c63c0bbb tempest-GroupSnapshotsTest-1905560838 tempest-GroupSnapshotsTest-1905560838-project] Empty body provided in request {{(pid=120274) get_body /opt/stack/cinder/cinder/api/openstack/wsgi.py:715}}
Sep 30 09:46:09.268833 dv-cinder-master-3-iscsi devstack@c-api.service[120274]: DEBUG cinder.api.openstack.wsgi [None req-5df6010e-8df6-452e-a7b2-69d1c63c0bbb tempest-GroupSnapshotsTest-1905560838 tempest-GroupSnapshotsTest-1905560838-project] Calling method 'detail' {{(pid=120274) _process_stack /opt/stack/cinder/cinder/api/openstack/wsgi.py:868}}
Sep 30 09:46:09.268833 dv-cinder-master-3-iscsi devstack@c-api.service[120274]: DEBUG cinder.api.api_utils [None req-5df6010e-8df6-452e-a7b2-69d1c63c0bbb tempest-GroupSnapshotsTest-1905560838 tempest-GroupSnapshotsTest-1905560838-project] Removing options '' from query. {{(pid=120274) remove_invalid_filter_options /opt/stack/cinder/cinder/api/api_utils.py:83}}
Sep 30 09:46:09.280050 dv-cinder-master-3-iscsi devstack@c-api.service[120274]: /usr/local/lib/python3.8/dist-packages/oslo_context/context.py:100: DeprecationWarning: Policy enforcement is depending on the value of is_admin. This key is deprecated. Please update your policy file to use the standard policy values.
Sep 30 09:46:09.280050 dv-cinder-master-3-iscsi devstack@c-api.service[120274]: warnings.warn('Policy enforcement is depending on the value of '
Sep 30 09:46:09.300005 dv-cinder-master-3-iscsi devstack@c-api.service[120274]: DEBUG cinder.volume.api [None req-5df6010e-8df6-452e-a7b2-69d1c63c0bbb tempest-GroupSnapshotsTest-1905560838 tempest-GroupSnapshotsTest-1905560838-project] Searching by: MultiDict([('no_migration_targets', True)]). {{(pid=120274) get_all /opt/stack/cinder/cinder/volume/api.py:664}}
Sep 30 09:46:09.427309 dv-cinder-master-3-iscsi devstack@c-api.service[120273]: INFO cinder.volume.api [None req-a3ef3c22-7fe4-44c6-a20e-1dc183f85f1e tempest-VolumesTestJSON-1184215611 tempest-VolumesTestJSON-1184215611-project] Delete volume request issued successfully.
Sep 30 09:46:09.433172 dv-cinder-master-3-iscsi devstack@c-api.service[120273]: INFO cinder.api.openstack.wsgi [None req-a3ef3c22-7fe4-44c6-a20e-1dc183f85f1e tempest-VolumesTestJSON-1184215611 tempest-VolumesTestJSON-1184215611-project] http://10.222.0.39/volume/v3/a8f8c0108e1d45c6984325afff2c5fe9/volumes/9d8d15b1-abe1-4219-bfab-2e6cb317c503 returned with HTTP 202
Sep 30 09:46:09.433172 dv-cinder-master-3-iscsi devstack@c-api.service[120273]: [pid: 120273|app: 0|req: 83/156] 10.222.0.39 () {58 vars in 1328 bytes} [Fri Sep 30 09:46:09 2022] DELETE /volume/v3/a8f8c0108e1d45c6984325afff2c5fe9/volumes/9d8d15b1-abe1-4219-bfab-2e6cb317c503 => generated 0 bytes in 345 msecs (HTTP/1.1 202) 6 headers in 233 bytes (2 switches on core 0)
Sep 30 09:46:09.445794 dv-cinder-master-3-iscsi devstack@c-api.service[120273]: DEBUG cinder.api.middleware.request_id [None req-0f19589e-989a-421e-8751-6cd3188e5091 None None] RequestId filter calling following filter/app {{(pid=120273) _context_setter /opt/stack/cinder/cinder/api/middleware/request_id.py:62}}
Sep 30 09:46:09.450040 dv-cinder-master-3-iscsi devstack@c-api.service[120273]: INFO cinder.api.openstack.wsgi [None req-0f19589e-989a-421e-8751-6cd3188e5091 tempest-VolumesTestJSON-1184215611 tempest-VolumesTestJSON-1184215611-project] GET http://10.222.0.39/volume/v3/a8f8c0108e1d45c6984325afff2c5fe9/volumes/9d8d15b1-abe1-4219-bfab-2e6cb317c503
Sep 30 09:46:09.450494 dv-cinder-master-3-iscsi devstack@c-api.service[120273]: DEBUG cinder.api.openstack.wsgi [None req-0f19589e-989a-421e-8751-6cd3188e5091 tempest-VolumesTestJSON-1184215611 tempest-VolumesTestJSON-1184215611-project] Empty body provided in request {{(pid=120273) get_body /opt/stack/cinder/cinder/api/openstack/wsgi.py:715}}
Sep 30 09:46:09.450977 dv-cinder-master-3-iscsi devstack@c-api.service[120273]: DEBUG cinder.api.openstack.wsgi [None req-0f19589e-989a-421e-8751-6cd3188e5091 tempest-VolumesTestJSON-1184215611 tempest-VolumesTestJSON-1184215611-project] Calling method 'show' {{(pid=120273) _process_stack /opt/stack/cinder/cinder/api/openstack/wsgi.py:868}}
Sep 30 09:46:09.476664 dv-cinder-master-3-iscsi devstack@c-api.service[120274]: INFO cinder.volume.api [None req-5df6010e-8df6-452e-a7b2-69d1c63c0bbb tempest-GroupSnapshotsTest-1905560838 tempest-GroupSnapshotsTest-1905560838-project] Get all volumes completed successfully.
Sep 30 09:46:09.478385 dv-cinder-master-3-iscsi devstack@c-api.service[120274]: WARNING stevedore.named [None req-5df6010e-8df6-452e-a7b2-69d1c63c0bbb tempest-GroupSnapshotsTest-1905560838 tempest-GroupSnapshotsTest-1905560838-project] Could not load cinder.keymgr.conf_key_mgr.ConfKeyManager
Sep 30 09:46:09.478944 dv-cinder-master-3-iscsi devstack@c-api.service[120274]: WARNING castellan.key_manager [None req-5df6010e-8df6-452e-a7b2-69d1c63c0bbb tempest-GroupSnapshotsTest-1905560838 tempest-GroupSnapshotsTest-1905560838-project] Deprecation Warning : cinder.keymgr.conf_key_mgr.ConfKeyManager is not a stevedore based driver, trying to load it as a class: stevedore.exception.NoMatches: No 'castellan.drivers' driver found, looking for 'cinder.keymgr.conf_key_mgr.ConfKeyManager'
Sep 30 09:46:09.484994 dv-cinder-master-3-iscsi devstack@c-api.service[120273]: /usr/local/lib/python3.8/dist-packages/oslo_context/context.py:100: DeprecationWarning: Policy enforcement is depending on the value of is_admin. This key is deprecated. Please update your policy file to use the standard policy values.
Sep 30 09:46:09.484994 dv-cinder-master-3-iscsi devstack@c-api.service[120273]: warnings.warn('Policy enforcement is depending on the value of '
Sep 30 09:46:09.489950 dv-cinder-master-3-iscsi devstack@c-api.service[120274]: DEBUG oslo_db.sqlalchemy.engines [None req-5df6010e-8df6-452e-a7b2-69d1c63c0bbb tempest-GroupSnapshotsTest-1905560838 tempest-GroupSnapshotsTest-1905560838-project] MySQL server mode set to STRICT_TRANS_TABLES,STRICT_ALL_TABLES,NO_ZERO_IN_DATE,NO_ZERO_DATE,ERROR_FOR_DIVISION_BY_ZERO,TRADITIONAL,NO_ENGINE_SUBSTITUTION {{(pid=120274) _check_effective_sql_mode /usr/local/lib/python3.8/dist-packages/oslo_db/sqlalchemy/engines.py:314}}
Sep 30 09:46:09.501368 dv-cinder-master-3-iscsi devstack@c-api.service[120274]: /usr/local/lib/python3.8/dist-packages/oslo_context/context.py:100: DeprecationWarning: Policy enforcement is depending on the value of is_admin. This key is deprecated. Please update your policy file to use the standard policy values.
Sep 30 09:46:09.501368 dv-cinder-master-3-iscsi devstack@c-api.service[120274]: warnings.warn('Policy enforcement is depending on the value of '
Sep 30 09:46:09.504866 dv-cinder-master-3-iscsi devstack@c-api.service[120273]: INFO cinder.volume.api [None req-0f19589e-989a-421e-8751-6cd3188e5091 tempest-VolumesTestJSON-1184215611 tempest-VolumesTestJSON-1184215611-project] Volume info retrieved successfully.
Sep 30 09:46:09.507917 dv-cinder-master-3-iscsi devstack@c-api.service[120274]: DEBUG dbcounter [-] [120274] Writing DB stats cinder:SELECT=76,cinder:INSERT=10,cinder:UPDATE=14 {{(pid=120274) stat_writer /usr/local/lib/python3.8/dist-packages/dbcounter.py:114}}
Sep 30 09:46:09.523678 dv-cinder-master-3-iscsi devstack@c-api.service[120273]: INFO cinder.api.openstack.wsgi [None req-0f19589e-989a-421e-8751-6cd3188e5091 tempest-VolumesTestJSON-1184215611 tempest-VolumesTestJSON-1184215611-project] http://10.222.0.39/volume/v3/a8f8c0108e1d45c6984325afff2c5fe9/volumes/9d8d15b1-abe1-4219-bfab-2e6cb317c503 returned with HTTP 200
Sep 30 09:46:09.524722 dv-cinder-master-3-iscsi devstack@c-api.service[120273]: [pid: 120273|app: 0|req: 84/157] 10.222.0.39 () {58 vars in 1325 bytes} [Fri Sep 30 09:46:09 2022] GET /volume/v3/a8f8c0108e1d45c6984325afff2c5fe9/volumes/9d8d15b1-abe1-4219-bfab-2e6cb317c503 => generated 921 bytes in 92 msecs (HTTP/1.1 200) 7 headers in 285 bytes (1 switches on core 0)
Sep 30 09:46:09.547147 dv-cinder-master-3-iscsi devstack@c-api.service[120274]: INFO cinder.api.openstack.wsgi [None req-5df6010e-8df6-452e-a7b2-69d1c63c0bbb tempest-GroupSnapshotsTest-1905560838 tempest-GroupSnapshotsTest-1905560838-project] http://10.222.0.39/volume/v3/d38d518c11a34ffc8921d4c241b8ce06/volumes/detail returned with HTTP 200
Sep 30 09:46:09.549132 dv-cinder-master-3-iscsi devstack@c-api.service[120274]: [pid: 120274|app: 0|req: 74/158] 10.222.0.39 () {60 vars in 1276 bytes} [Fri Sep 30 09:46:09 2022] GET /volume/v3/d38d518c11a34ffc8921d4c241b8ce06/volumes/detail => generated 1002 bytes in 300 msecs (HTTP/1.1 200) 7 headers in 287 bytes (1 switches on core 0)
Sep 30 09:46:09.573834 dv-cinder-master-3-iscsi devstack@c-api.service[120273]: DEBUG cinder.api.middleware.request_id [None req-6f621cf2-b725-4cf4-8a65-3469deb46e64 None None] RequestId filter calling following filter/app {{(pid=120273) _context_setter /opt/stack/cinder/cinder/api/middleware/request_id.py:62}}
Sep 30 09:46:09.585510 dv-cinder-master-3-iscsi devstack@c-api.service[120273]: INFO cinder.api.openstack.wsgi [None req-6f621cf2-b725-4cf4-8a65-3469deb46e64 tempest-GroupSnapshotsTest-1905560838 tempest-GroupSnapshotsTest-1905560838-project] GET http://10.222.0.39/volume/v3/d38d518c11a34ffc8921d4c241b8ce06/snapshots/detail
Sep 30 09:46:09.586079 dv-cinder-master-3-iscsi devstack@c-api.service[120273]: DEBUG cinder.api.openstack.wsgi [None req-6f621cf2-b725-4cf4-8a65-3469deb46e64 tempest-GroupSnapshotsTest-1905560838 tempest-GroupSnapshotsTest-1905560838-project] Empty body provided in request {{(pid=120273) get_body /opt/stack/cinder/cinder/api/openstack/wsgi.py:715}}
Sep 30 09:46:09.586410 dv-cinder-master-3-iscsi devstack@c-api.service[120273]: DEBUG cinder.api.openstack.wsgi [None req-6f621cf2-b725-4cf4-8a65-3469deb46e64 tempest-GroupSnapshotsTest-1905560838 tempest-GroupSnapshotsTest-1905560838-project] Calling method 'detail' {{(pid=120273) _process_stack /opt/stack/cinder/cinder/api/openstack/wsgi.py:868}}
Sep 30 09:46:09.592582 dv-cinder-master-3-iscsi devstack@c-api.service[120273]: DEBUG cinder.api.api_utils [None req-6f621cf2-b725-4cf4-8a65-3469deb46e64 tempest-GroupSnapshotsTest-1905560838 tempest-GroupSnapshotsTest-1905560838-project] Removing options '' from query. {{(pid=120273) remove_invalid_filter_options /opt/stack/cinder/cinder/api/api_utils.py:83}}
Sep 30 09:46:09.601112 dv-cinder-master-3-iscsi devstack@c-api.service[120273]: DEBUG cinder.db.sqlalchemy.api [None req-6f621cf2-b725-4cf4-8a65-3469deb46e64 tempest-GroupSnapshotsTest-1905560838 tempest-GroupSnapshotsTest-1905560838-project] Building query based on filter {{(pid=120273) _process_snaps_filters /opt/stack/cinder/cinder/db/sqlalchemy/api.py:3885}}
Sep 30 09:46:09.628284 dv-cinder-master-3-iscsi devstack@c-api.service[120273]: INFO cinder.volume.api [None req-6f621cf2-b725-4cf4-8a65-3469deb46e64 tempest-GroupSnapshotsTest-1905560838 tempest-GroupSnapshotsTest-1905560838-project] Get all snapshots completed successfully.
Sep 30 09:46:09.630374 dv-cinder-master-3-iscsi devstack@c-api.service[120273]: /usr/local/lib/python3.8/dist-packages/oslo_context/context.py:100: DeprecationWarning: Policy enforcement is depending on the value of is_admin. This key is deprecated. Please update your policy file to use the standard policy values.
Sep 30 09:46:09.630374 dv-cinder-master-3-iscsi devstack@c-api.service[120273]: warnings.warn('Policy enforcement is depending on the value of '
Sep 30 09:46:09.631668 dv-cinder-master-3-iscsi devstack@c-api.service[120273]: INFO cinder.api.openstack.wsgi [None req-6f621cf2-b725-4cf4-8a65-3469deb46e64 tempest-GroupSnapshotsTest-1905560838 tempest-GroupSnapshotsTest-1905560838-project] http://10.222.0.39/volume/v3/d38d518c11a34ffc8921d4c241b8ce06/snapshots/detail returned with HTTP 200
Sep 30 09:46:09.642922 dv-cinder-master-3-iscsi devstack@c-api.service[120273]: [pid: 120273|app: 0|req: 85/159] 10.222.0.39 () {58 vars in 1241 bytes} [Fri Sep 30 09:46:09 2022] GET /volume/v3/d38d518c11a34ffc8921d4c241b8ce06/snapshots/detail => generated 452 bytes in 69 msecs (HTTP/1.1 200) 7 headers in 285 bytes (1 switches on core 0)
Sep 30 09:46:09.645116 dv-cinder-master-3-iscsi devstack@c-api.service[120274]: DEBUG cinder.api.middleware.request_id [None req-829d5b6c-1b94-4952-9063-64cd35cb3949 None None] RequestId filter calling following filter/app {{(pid=120274) _context_setter /opt/stack/cinder/cinder/api/middleware/request_id.py:62}}
Sep 30 09:46:09.651718 dv-cinder-master-3-iscsi devstack@c-api.service[120274]: INFO cinder.api.openstack.wsgi [None req-829d5b6c-1b94-4952-9063-64cd35cb3949 tempest-GroupSnapshotsTest-1905560838 tempest-GroupSnapshotsTest-1905560838-project] GET http://10.222.0.39/volume/v3/d38d518c11a34ffc8921d4c241b8ce06/snapshots/e146a107-14e1-4d99-b356-389b92f27be0
Sep 30 09:46:09.652183 dv-cinder-master-3-iscsi devstack@c-api.service[120274]: DEBUG cinder.api.openstack.wsgi [None req-829d5b6c-1b94-4952-9063-64cd35cb3949 tempest-GroupSnapshotsTest-1905560838 tempest-GroupSnapshotsTest-1905560838-project] Empty body provided in request {{(pid=120274) get_body /opt/stack/cinder/cinder/api/openstack/wsgi.py:715}}
Sep 30 09:46:09.652648 dv-cinder-master-3-iscsi devstack@c-api.service[120274]: DEBUG cinder.api.openstack.wsgi [None req-829d5b6c-1b94-4952-9063-64cd35cb3949 tempest-GroupSnapshotsTest-1905560838 tempest-GroupSnapshotsTest-1905560838-project] Calling method 'show' {{(pid=120274) _process_stack /opt/stack/cinder/cinder/api/openstack/wsgi.py:868}}
Sep 30 09:46:09.688005 dv-cinder-master-3-iscsi devstack@c-api.service[120274]: /usr/local/lib/python3.8/dist-packages/oslo_context/context.py:100: DeprecationWarning: Policy enforcement is depending on the value of is_admin. This key is deprecated. Please update your policy file to use the standard policy values.
Sep 30 09:46:09.688005 dv-cinder-master-3-iscsi devstack@c-api.service[120274]: warnings.warn('Policy enforcement is depending on the value of '
Sep 30 09:46:09.689798 dv-cinder-master-3-iscsi devstack@c-api.service[120274]: INFO cinder.volume.api [None req-829d5b6c-1b94-4952-9063-64cd35cb3949 tempest-GroupSnapshotsTest-1905560838 tempest-GroupSnapshotsTest-1905560838-project] Snapshot retrieved successfully.
Sep 30 09:46:09.692805 dv-cinder-master-3-iscsi devstack@c-api.service[120274]: INFO cinder.api.openstack.wsgi [None req-829d5b6c-1b94-4952-9063-64cd35cb3949 tempest-GroupSnapshotsTest-1905560838 tempest-GroupSnapshotsTest-1905560838-project] http://10.222.0.39/volume/v3/d38d518c11a34ffc8921d4c241b8ce06/snapshots/e146a107-14e1-4d99-b356-389b92f27be0 returned with HTTP 200
Sep 30 09:46:09.694091 dv-cinder-master-3-iscsi devstack@c-api.service[120274]: [pid: 120274|app: 0|req: 75/160] 10.222.0.39 () {58 vars in 1331 bytes} [Fri Sep 30 09:46:09 2022] GET /volume/v3/d38d518c11a34ffc8921d4c241b8ce06/snapshots/e146a107-14e1-4d99-b356-389b92f27be0 => generated 449 bytes in 50 msecs (HTTP/1.1 200) 7 headers in 285 bytes (1 switches on core 0)
Sep 30 09:46:09.956066 dv-cinder-master-3-iscsi devstack@c-api.service[120273]: DEBUG cinder.api.middleware.request_id [None req-9bbdd695-4098-4179-90b3-23228fb92e2c None None] RequestId filter calling following filter/app {{(pid=120273) _context_setter /opt/stack/cinder/cinder/api/middleware/request_id.py:62}}
Sep 30 09:46:09.964976 dv-cinder-master-3-iscsi devstack@c-api.service[120273]: INFO cinder.api.openstack.wsgi [None req-9bbdd695-4098-4179-90b3-23228fb92e2c tempest-GroupSnapshotsV319Test-209155908 tempest-GroupSnapshotsV319Test-209155908-project] GET http://10.222.0.39/volume/v3/c93c658159364808a249bdf8b2ccd752/volumes/bd88ed70-31b1-42d0-8304-7d7bfd7c628a
Sep 30 09:46:09.965880 dv-cinder-master-3-iscsi devstack@c-api.service[120273]: DEBUG cinder.api.openstack.wsgi [None req-9bbdd695-4098-4179-90b3-23228fb92e2c tempest-GroupSnapshotsV319Test-209155908 tempest-GroupSnapshotsV319Test-209155908-project] Empty body provided in request {{(pid=120273) get_body /opt/stack/cinder/cinder/api/openstack/wsgi.py:715}}
Sep 30 09:46:09.966645 dv-cinder-master-3-iscsi devstack@c-api.service[120273]: DEBUG cinder.api.openstack.wsgi [None req-9bbdd695-4098-4179-90b3-23228fb92e2c tempest-GroupSnapshotsV319Test-209155908 tempest-GroupSnapshotsV319Test-209155908-project] Calling method 'show' {{(pid=120273) _process_stack /opt/stack/cinder/cinder/api/openstack/wsgi.py:868}}
Sep 30 09:46:09.986188 dv-cinder-master-3-iscsi devstack@c-api.service[120273]: INFO cinder.api.openstack.wsgi [None req-9bbdd695-4098-4179-90b3-23228fb92e2c tempest-GroupSnapshotsV319Test-209155908 tempest-GroupSnapshotsV319Test-209155908-project] http://10.222.0.39/volume/v3/c93c658159364808a249bdf8b2ccd752/volumes/bd88ed70-31b1-42d0-8304-7d7bfd7c628a returned with HTTP 404
Sep 30 09:46:09.987916 dv-cinder-master-3-iscsi devstack@c-api.service[120273]: [pid: 120273|app: 0|req: 86/161] 10.222.0.39 () {60 vars in 1366 bytes} [Fri Sep 30 09:46:09 2022] GET /volume/v3/c93c658159364808a249bdf8b2ccd752/volumes/bd88ed70-31b1-42d0-8304-7d7bfd7c628a => generated 109 bytes in 33 msecs (HTTP/1.1 404) 7 headers in 293 bytes (1 switches on core 0)
Sep 30 09:46:10.001606 dv-cinder-master-3-iscsi devstack@c-api.service[120274]: DEBUG cinder.api.middleware.request_id [None req-d0451016-3e71-4cf9-89a4-9c10788f1313 None None] RequestId filter calling following filter/app {{(pid=120274) _context_setter /opt/stack/cinder/cinder/api/middleware/request_id.py:62}}
Sep 30 09:46:10.013268 dv-cinder-master-3-iscsi devstack@c-api.service[120274]: INFO cinder.api.openstack.wsgi [None req-d0451016-3e71-4cf9-89a4-9c10788f1313 tempest-GroupSnapshotsV319Test-209155908 tempest-GroupSnapshotsV319Test-209155908-project] GET http://10.222.0.39/volume/v3/c93c658159364808a249bdf8b2ccd752/groups/129020df-cfd0-41a6-93e3-095771c88c84
Sep 30 09:46:10.013469 dv-cinder-master-3-iscsi devstack@c-api.service[120274]: DEBUG cinder.api.openstack.wsgi [None req-d0451016-3e71-4cf9-89a4-9c10788f1313 tempest-GroupSnapshotsV319Test-209155908 tempest-GroupSnapshotsV319Test-209155908-project] Empty body provided in request {{(pid=120274) get_body /opt/stack/cinder/cinder/api/openstack/wsgi.py:715}}
Sep 30 09:46:10.014233 dv-cinder-master-3-iscsi devstack@c-api.service[120274]: DEBUG cinder.api.openstack.wsgi [None req-d0451016-3e71-4cf9-89a4-9c10788f1313 tempest-GroupSnapshotsV319Test-209155908 tempest-GroupSnapshotsV319Test-209155908-project] Calling method 'version_select' {{(pid=120274) _process_stack /opt/stack/cinder/cinder/api/openstack/wsgi.py:868}}
Sep 30 09:46:10.014853 dv-cinder-master-3-iscsi devstack@c-api.service[120274]: DEBUG cinder.api.v3.groups [None req-d0451016-3e71-4cf9-89a4-9c10788f1313 tempest-GroupSnapshotsV319Test-209155908 tempest-GroupSnapshotsV319Test-209155908-project] show called for member 129020df-cfd0-41a6-93e3-095771c88c84 {{(pid=120274) show /opt/stack/cinder/cinder/api/v3/groups.py:58}}
Sep 30 09:46:10.033515 dv-cinder-master-3-iscsi devstack@c-api.service[120274]: /usr/local/lib/python3.8/dist-packages/oslo_context/context.py:100: DeprecationWarning: Policy enforcement is depending on the value of is_admin. This key is deprecated. Please update your policy file to use the standard policy values.
Sep 30 09:46:10.033515 dv-cinder-master-3-iscsi devstack@c-api.service[120274]: warnings.warn('Policy enforcement is depending on the value of '
Sep 30 09:46:10.059309 dv-cinder-master-3-iscsi devstack@c-api.service[120274]: INFO cinder.api.openstack.wsgi [None req-d0451016-3e71-4cf9-89a4-9c10788f1313 tempest-GroupSnapshotsV319Test-209155908 tempest-GroupSnapshotsV319Test-209155908-project] http://10.222.0.39/volume/v3/c93c658159364808a249bdf8b2ccd752/groups/129020df-cfd0-41a6-93e3-095771c88c84 returned with HTTP 200
Sep 30 09:46:10.066148 dv-cinder-master-3-iscsi devstack@c-api.service[120273]: DEBUG cinder.api.middleware.request_id [None req-0d06ebf8-f47f-4df8-9055-4d7259894fd6 None None] RequestId filter calling following filter/app {{(pid=120273) _context_setter /opt/stack/cinder/cinder/api/middleware/request_id.py:62}}
Sep 30 09:46:10.071624 dv-cinder-master-3-iscsi devstack@c-api.service[120273]: INFO cinder.api.openstack.wsgi [None req-0d06ebf8-f47f-4df8-9055-4d7259894fd6 tempest-SnapshotsActionsTest-2082143963 tempest-SnapshotsActionsTest-2082143963-project] GET http://10.222.0.39/volume/v3/179cdac0ebe64e4ab4c01578c80c7845/volumes/ff8c8bd8-2fda-43dd-8ef6-b913881d27a0
Sep 30 09:46:10.072772 dv-cinder-master-3-iscsi devstack@c-api.service[120273]: DEBUG cinder.api.openstack.wsgi [None req-0d06ebf8-f47f-4df8-9055-4d7259894fd6 tempest-SnapshotsActionsTest-2082143963 tempest-SnapshotsActionsTest-2082143963-project] Empty body provided in request {{(pid=120273) get_body /opt/stack/cinder/cinder/api/openstack/wsgi.py:715}}
Sep 30 09:46:10.074116 dv-cinder-master-3-iscsi devstack@c-api.service[120273]: DEBUG cinder.api.openstack.wsgi [None req-0d06ebf8-f47f-4df8-9055-4d7259894fd6 tempest-SnapshotsActionsTest-2082143963 tempest-SnapshotsActionsTest-2082143963-project] Calling method 'show' {{(pid=120273) _process_stack /opt/stack/cinder/cinder/api/openstack/wsgi.py:868}}
Sep 30 09:46:10.091128 dv-cinder-master-3-iscsi devstack@c-api.service[120274]: [pid: 120274|app: 0|req: 76/162] 10.222.0.39 () {60 vars in 1363 bytes} [Fri Sep 30 09:46:10 2022] GET /volume/v3/c93c658159364808a249bdf8b2ccd752/groups/129020df-cfd0-41a6-93e3-095771c88c84 => generated 396 bytes in 90 msecs (HTTP/1.1 200) 7 headers in 286 bytes (1 switches on core 0)
Sep 30 09:46:10.112467 dv-cinder-master-3-iscsi devstack@c-api.service[120273]: /usr/local/lib/python3.8/dist-packages/oslo_context/context.py:100: DeprecationWarning: Policy enforcement is depending on the value of is_admin. This key is deprecated. Please update your policy file to use the standard policy values.
Sep 30 09:46:10.112467 dv-cinder-master-3-iscsi devstack@c-api.service[120273]: warnings.warn('Policy enforcement is depending on the value of '
Sep 30 09:46:10.129112 dv-cinder-master-3-iscsi devstack@c-api.service[120273]: INFO cinder.volume.api [None req-0d06ebf8-f47f-4df8-9055-4d7259894fd6 tempest-SnapshotsActionsTest-2082143963 tempest-SnapshotsActionsTest-2082143963-project] Volume info retrieved successfully.
Sep 30 09:46:10.168820 dv-cinder-master-3-iscsi devstack@c-api.service[120273]: INFO cinder.api.openstack.wsgi [None req-0d06ebf8-f47f-4df8-9055-4d7259894fd6 tempest-SnapshotsActionsTest-2082143963 tempest-SnapshotsActionsTest-2082143963-project] http://10.222.0.39/volume/v3/179cdac0ebe64e4ab4c01578c80c7845/volumes/ff8c8bd8-2fda-43dd-8ef6-b913881d27a0 returned with HTTP 200
Sep 30 09:46:10.174056 dv-cinder-master-3-iscsi devstack@c-api.service[120273]: [pid: 120273|app: 0|req: 87/163] 10.222.0.39 () {58 vars in 1325 bytes} [Fri Sep 30 09:46:10 2022] GET /volume/v3/179cdac0ebe64e4ab4c01578c80c7845/volumes/ff8c8bd8-2fda-43dd-8ef6-b913881d27a0 => generated 912 bytes in 112 msecs (HTTP/1.1 200) 7 headers in 285 bytes (1 switches on core 0)
Sep 30 09:46:10.191568 dv-cinder-master-3-iscsi devstack@c-api.service[120274]: DEBUG cinder.api.middleware.request_id [None req-8f621aa3-0003-4f5d-9ba6-836bc180f0e0 None None] RequestId filter calling following filter/app {{(pid=120274) _context_setter /opt/stack/cinder/cinder/api/middleware/request_id.py:62}}
Sep 30 09:46:10.197237 dv-cinder-master-3-iscsi devstack@c-api.service[120274]: INFO cinder.api.openstack.wsgi [None req-8f621aa3-0003-4f5d-9ba6-836bc180f0e0 tempest-SnapshotsActionsTest-2082143963 tempest-SnapshotsActionsTest-2082143963-project] POST http://10.222.0.39/volume/v3/179cdac0ebe64e4ab4c01578c80c7845/snapshots
Sep 30 09:46:10.198886 dv-cinder-master-3-iscsi devstack@c-api.service[120274]: DEBUG cinder.api.openstack.wsgi [None req-8f621aa3-0003-4f5d-9ba6-836bc180f0e0 tempest-SnapshotsActionsTest-2082143963 tempest-SnapshotsActionsTest-2082143963-project] Action: 'create', calling method: create, body: {"snapshot": {"volume_id": "ff8c8bd8-2fda-43dd-8ef6-b913881d27a0", "name": "tempest-SnapshotsActionsTest-Snapshot-1784912888"}} {{(pid=120274) _process_stack /opt/stack/cinder/cinder/api/openstack/wsgi.py:866}}
Sep 30 09:46:10.247147 dv-cinder-master-3-iscsi devstack@c-api.service[120274]: /usr/local/lib/python3.8/dist-packages/oslo_context/context.py:100: DeprecationWarning: Policy enforcement is depending on the value of is_admin. This key is deprecated. Please update your policy file to use the standard policy values.
Sep 30 09:46:10.247147 dv-cinder-master-3-iscsi devstack@c-api.service[120274]: warnings.warn('Policy enforcement is depending on the value of '
Sep 30 09:46:10.250104 dv-cinder-master-3-iscsi devstack@c-api.service[120274]: INFO cinder.volume.api [None req-8f621aa3-0003-4f5d-9ba6-836bc180f0e0 tempest-SnapshotsActionsTest-2082143963 tempest-SnapshotsActionsTest-2082143963-project] Volume info retrieved successfully.
Sep 30 09:46:10.254214 dv-cinder-master-3-iscsi devstack@c-api.service[120274]: INFO cinder.api.v3.snapshots [None req-8f621aa3-0003-4f5d-9ba6-836bc180f0e0 tempest-SnapshotsActionsTest-2082143963 tempest-SnapshotsActionsTest-2082143963-project] Create snapshot from volume ff8c8bd8-2fda-43dd-8ef6-b913881d27a0
Sep 30 09:46:10.376853 dv-cinder-master-3-iscsi devstack@c-api.service[120273]: DEBUG cinder.api.middleware.request_id [None req-827104b0-efca-40a7-bd9a-17525c39e98a None None] RequestId filter calling following filter/app {{(pid=120273) _context_setter /opt/stack/cinder/cinder/api/middleware/request_id.py:62}}
Sep 30 09:46:10.385308 dv-cinder-master-3-iscsi devstack@c-api.service[120274]: WARNING cinder.quota [None req-8f621aa3-0003-4f5d-9ba6-836bc180f0e0 tempest-SnapshotsActionsTest-2082143963 tempest-SnapshotsActionsTest-2082143963-project] Deprecated: Default quota for resource: snapshots___DEFAULT__ is set by the default quota flag: quota_snapshots___DEFAULT__, it is now deprecated. Please use the default quota class for default quota.
Sep 30 09:46:10.646561 dv-cinder-master-3-iscsi devstack@c-api.service[120273]: INFO cinder.api.openstack.wsgi [None req-827104b0-efca-40a7-bd9a-17525c39e98a tempest-UserMessagesTest-645613207 tempest-UserMessagesTest-645613207-project-admin] POST http://10.222.0.39/volume/v3/1515f97c9abf462c8119127fa08851b2/types
Sep 30 09:46:10.658850 dv-cinder-master-3-iscsi devstack@c-api.service[120273]: DEBUG cinder.api.openstack.wsgi [None req-827104b0-efca-40a7-bd9a-17525c39e98a tempest-UserMessagesTest-645613207 tempest-UserMessagesTest-645613207-project-admin] Action: 'create', calling method: _create, body: {"volume_type": {"name": "tempest-UserMessagesTest-volume-type-1127716883", "extra_specs": {"storage_protocol": "tempest-storage_protocol-194603519", "vendor_name": "tempest-vendor_name-604258357"}}} {{(pid=120273) _process_stack /opt/stack/cinder/cinder/api/openstack/wsgi.py:866}}
Sep 30 09:46:10.668005 dv-cinder-master-3-iscsi devstack@c-api.service[120273]: DEBUG dbcounter [-] [120273] Writing DB stats cinder:SELECT=94,cinder:UPDATE=4,cinder:INSERT=2 {{(pid=120273) stat_writer /usr/local/lib/python3.8/dist-packages/dbcounter.py:114}}
Sep 30 09:46:10.687832 dv-cinder-master-3-iscsi devstack@c-api.service[120274]: DEBUG cinder.quota [None req-8f621aa3-0003-4f5d-9ba6-836bc180f0e0 tempest-SnapshotsActionsTest-2082143963 tempest-SnapshotsActionsTest-2082143963-project] Created reservations ['17461233-c60a-4ad6-aec5-b6be3d6605c0', '0d77320a-7bf2-42c6-860c-4e86aafe89a2', 'b5fea537-f05f-4578-91f8-2a331aa26a25', '25c8ddbd-7b1d-41fe-9923-583b9fc62cfa'] {{(pid=120274) reserve /opt/stack/cinder/cinder/quota.py:755}}
Sep 30 09:46:10.870638 dv-cinder-master-3-iscsi devstack@c-api.service[120273]: INFO cinder.api.openstack.wsgi [None req-827104b0-efca-40a7-bd9a-17525c39e98a tempest-UserMessagesTest-645613207 tempest-UserMessagesTest-645613207-project-admin] http://10.222.0.39/volume/v3/1515f97c9abf462c8119127fa08851b2/types returned with HTTP 200
Sep 30 09:46:10.878568 dv-cinder-master-3-iscsi devstack@c-api.service[120273]: [pid: 120273|app: 0|req: 88/164] 10.222.0.39 () {60 vars in 1230 bytes} [Fri Sep 30 09:46:10 2022] POST /volume/v3/1515f97c9abf462c8119127fa08851b2/types => generated 326 bytes in 496 msecs (HTTP/1.1 200) 7 headers in 285 bytes (2 switches on core 0)
Sep 30 09:46:10.878568 dv-cinder-master-3-iscsi devstack@c-api.service[120273]: DEBUG cinder.api.middleware.request_id [None req-6de6b0ee-1324-41de-a5e5-a5de1b05d6c3 None None] RequestId filter calling following filter/app {{(pid=120273) _context_setter /opt/stack/cinder/cinder/api/middleware/request_id.py:62}}
Sep 30 09:46:10.883955 dv-cinder-master-3-iscsi devstack@c-api.service[120273]: INFO cinder.api.openstack.wsgi [None req-6de6b0ee-1324-41de-a5e5-a5de1b05d6c3 tempest-VolumesTestJSON-1184215611 tempest-VolumesTestJSON-1184215611-project] GET http://10.222.0.39/volume/v3/a8f8c0108e1d45c6984325afff2c5fe9/volumes/9d8d15b1-abe1-4219-bfab-2e6cb317c503
Sep 30 09:46:10.884426 dv-cinder-master-3-iscsi devstack@c-api.service[120273]: DEBUG cinder.api.openstack.wsgi [None req-6de6b0ee-1324-41de-a5e5-a5de1b05d6c3 tempest-VolumesTestJSON-1184215611 tempest-VolumesTestJSON-1184215611-project] Empty body provided in request {{(pid=120273) get_body /opt/stack/cinder/cinder/api/openstack/wsgi.py:715}}
Sep 30 09:46:10.887496 dv-cinder-master-3-iscsi devstack@c-api.service[120273]: DEBUG cinder.api.openstack.wsgi [None req-6de6b0ee-1324-41de-a5e5-a5de1b05d6c3 tempest-VolumesTestJSON-1184215611 tempest-VolumesTestJSON-1184215611-project] Calling method 'show' {{(pid=120273) _process_stack /opt/stack/cinder/cinder/api/openstack/wsgi.py:868}}
Sep 30 09:46:10.944516 dv-cinder-master-3-iscsi devstack@c-api.service[120273]: INFO cinder.api.openstack.wsgi [None req-6de6b0ee-1324-41de-a5e5-a5de1b05d6c3 tempest-VolumesTestJSON-1184215611 tempest-VolumesTestJSON-1184215611-project] http://10.222.0.39/volume/v3/a8f8c0108e1d45c6984325afff2c5fe9/volumes/9d8d15b1-abe1-4219-bfab-2e6cb317c503 returned with HTTP 404
Sep 30 09:46:10.950182 dv-cinder-master-3-iscsi devstack@c-api.service[120273]: [pid: 120273|app: 0|req: 89/165] 10.222.0.39 () {58 vars in 1325 bytes} [Fri Sep 30 09:46:10 2022] GET /volume/v3/a8f8c0108e1d45c6984325afff2c5fe9/volumes/9d8d15b1-abe1-4219-bfab-2e6cb317c503 => generated 109 bytes in 77 msecs (HTTP/1.1 404) 7 headers in 292 bytes (1 switches on core 0)
Sep 30 09:46:10.952577 dv-cinder-master-3-iscsi devstack@c-api.service[120273]: DEBUG cinder.api.middleware.request_id [None req-e52dc1e7-b866-4e86-b28b-213c4930fb25 None None] RequestId filter calling following filter/app {{(pid=120273) _context_setter /opt/stack/cinder/cinder/api/middleware/request_id.py:62}}
Sep 30 09:46:10.964775 dv-cinder-master-3-iscsi devstack@c-api.service[120273]: INFO cinder.api.openstack.wsgi [None req-e52dc1e7-b866-4e86-b28b-213c4930fb25 tempest-GroupSnapshotsTest-1905560838 tempest-GroupSnapshotsTest-1905560838-project] GET http://10.222.0.39/volume/v3/d38d518c11a34ffc8921d4c241b8ce06/snapshots/e146a107-14e1-4d99-b356-389b92f27be0
Sep 30 09:46:10.965414 dv-cinder-master-3-iscsi devstack@c-api.service[120273]: DEBUG cinder.api.openstack.wsgi [None req-e52dc1e7-b866-4e86-b28b-213c4930fb25 tempest-GroupSnapshotsTest-1905560838 tempest-GroupSnapshotsTest-1905560838-project] Empty body provided in request {{(pid=120273) get_body /opt/stack/cinder/cinder/api/openstack/wsgi.py:715}}
Sep 30 09:46:10.966148 dv-cinder-master-3-iscsi devstack@c-api.service[120273]: DEBUG cinder.api.openstack.wsgi [None req-e52dc1e7-b866-4e86-b28b-213c4930fb25 tempest-GroupSnapshotsTest-1905560838 tempest-GroupSnapshotsTest-1905560838-project] Calling method 'show' {{(pid=120273) _process_stack /opt/stack/cinder/cinder/api/openstack/wsgi.py:868}}
Sep 30 09:46:10.974766 dv-cinder-master-3-iscsi devstack@c-api.service[120274]: INFO cinder.volume.api [None req-8f621aa3-0003-4f5d-9ba6-836bc180f0e0 tempest-SnapshotsActionsTest-2082143963 tempest-SnapshotsActionsTest-2082143963-project] Snapshot create request issued successfully.
Sep 30 09:46:10.975789 dv-cinder-master-3-iscsi devstack@c-api.service[120274]: INFO cinder.api.openstack.wsgi [None req-8f621aa3-0003-4f5d-9ba6-836bc180f0e0 tempest-SnapshotsActionsTest-2082143963 tempest-SnapshotsActionsTest-2082143963-project] http://10.222.0.39/volume/v3/179cdac0ebe64e4ab4c01578c80c7845/snapshots returned with HTTP 202
Sep 30 09:46:10.977027 dv-cinder-master-3-iscsi devstack@c-api.service[120274]: [pid: 120274|app: 0|req: 77/166] 10.222.0.39 () {60 vars in 1242 bytes} [Fri Sep 30 09:46:10 2022] POST /volume/v3/179cdac0ebe64e4ab4c01578c80c7845/snapshots => generated 307 bytes in 786 msecs (HTTP/1.1 202) 7 headers in 291 bytes (1 switches on core 0)
Sep 30 09:46:10.978767 dv-cinder-master-3-iscsi devstack@c-api.service[120274]: DEBUG cinder.api.middleware.request_id [None req-fae0346e-7aa2-48c8-8fbc-1c54b9a7e4b8 None None] RequestId filter calling following filter/app {{(pid=120274) _context_setter /opt/stack/cinder/cinder/api/middleware/request_id.py:62}}
Sep 30 09:46:11.013135 dv-cinder-master-3-iscsi devstack@c-api.service[120273]: INFO cinder.api.openstack.wsgi [None req-e52dc1e7-b866-4e86-b28b-213c4930fb25 tempest-GroupSnapshotsTest-1905560838 tempest-GroupSnapshotsTest-1905560838-project] http://10.222.0.39/volume/v3/d38d518c11a34ffc8921d4c241b8ce06/snapshots/e146a107-14e1-4d99-b356-389b92f27be0 returned with HTTP 404
Sep 30 09:46:11.016358 dv-cinder-master-3-iscsi devstack@c-api.service[120273]: [pid: 120273|app: 0|req: 90/167] 10.222.0.39 () {58 vars in 1331 bytes} [Fri Sep 30 09:46:10 2022] GET /volume/v3/d38d518c11a34ffc8921d4c241b8ce06/snapshots/e146a107-14e1-4d99-b356-389b92f27be0 => generated 111 bytes in 65 msecs (HTTP/1.1 404) 7 headers in 292 bytes (1 switches on core 0)
Sep 30 09:46:11.020583 dv-cinder-master-3-iscsi devstack@c-api.service[120273]: DEBUG cinder.api.middleware.request_id [None req-0b57e44d-3c66-495d-aa70-386a8cd7ffe5 None None] RequestId filter calling following filter/app {{(pid=120273) _context_setter /opt/stack/cinder/cinder/api/middleware/request_id.py:62}}
Sep 30 09:46:11.039444 dv-cinder-master-3-iscsi devstack@c-api.service[120273]: INFO cinder.api.openstack.wsgi [None req-0b57e44d-3c66-495d-aa70-386a8cd7ffe5 tempest-VolumesTestJSON-1184215611 tempest-VolumesTestJSON-1184215611-project] DELETE http://10.222.0.39/volume/v3/a8f8c0108e1d45c6984325afff2c5fe9/volumes/d72489fc-f37f-4a31-a35e-8a3da69bd9ff
Sep 30 09:46:11.039444 dv-cinder-master-3-iscsi devstack@c-api.service[120273]: DEBUG cinder.api.openstack.wsgi [None req-0b57e44d-3c66-495d-aa70-386a8cd7ffe5 tempest-VolumesTestJSON-1184215611 tempest-VolumesTestJSON-1184215611-project] Empty body provided in request {{(pid=120273) get_body /opt/stack/cinder/cinder/api/openstack/wsgi.py:715}}
Sep 30 09:46:11.039444 dv-cinder-master-3-iscsi devstack@c-api.service[120273]: DEBUG cinder.api.openstack.wsgi [None req-0b57e44d-3c66-495d-aa70-386a8cd7ffe5 tempest-VolumesTestJSON-1184215611 tempest-VolumesTestJSON-1184215611-project] Calling method 'delete' {{(pid=120273) _process_stack /opt/stack/cinder/cinder/api/openstack/wsgi.py:868}}
Sep 30 09:46:11.039444 dv-cinder-master-3-iscsi devstack@c-api.service[120273]: INFO cinder.api.v3.volumes [None req-0b57e44d-3c66-495d-aa70-386a8cd7ffe5 tempest-VolumesTestJSON-1184215611 tempest-VolumesTestJSON-1184215611-project] Delete volume with id: d72489fc-f37f-4a31-a35e-8a3da69bd9ff
Sep 30 09:46:11.082668 dv-cinder-master-3-iscsi devstack@c-api.service[120273]: /usr/local/lib/python3.8/dist-packages/oslo_context/context.py:100: DeprecationWarning: Policy enforcement is depending on the value of is_admin. This key is deprecated. Please update your policy file to use the standard policy values.
Sep 30 09:46:11.082668 dv-cinder-master-3-iscsi devstack@c-api.service[120273]: warnings.warn('Policy enforcement is depending on the value of '
Sep 30 09:46:11.084252 dv-cinder-master-3-iscsi devstack@c-api.service[120273]: INFO cinder.volume.api [None req-0b57e44d-3c66-495d-aa70-386a8cd7ffe5 tempest-VolumesTestJSON-1184215611 tempest-VolumesTestJSON-1184215611-project] Volume info retrieved successfully.
Sep 30 09:46:11.280520 dv-cinder-master-3-iscsi devstack@c-api.service[120274]: INFO cinder.api.openstack.wsgi [None req-fae0346e-7aa2-48c8-8fbc-1c54b9a7e4b8 tempest-UserMessagesTest-1687915053 tempest-UserMessagesTest-1687915053-project] POST http://10.222.0.39/volume/v3/e9ef243fe44845d3a4c631111a5c9ca8/volumes
Sep 30 09:46:11.291409 dv-cinder-master-3-iscsi devstack@c-api.service[120274]: DEBUG cinder.api.openstack.wsgi [None req-fae0346e-7aa2-48c8-8fbc-1c54b9a7e4b8 tempest-UserMessagesTest-1687915053 tempest-UserMessagesTest-1687915053-project] Action: 'create', calling method: create, body: {"volume": {"volume_type": "9bcad573-625e-4a6b-9c24-04df89b76957", "size": 1, "name": "tempest-UserMessagesTest-Volume-1039571510"}} {{(pid=120274) _process_stack /opt/stack/cinder/cinder/api/openstack/wsgi.py:866}}
Sep 30 09:46:11.291409 dv-cinder-master-3-iscsi devstack@c-api.service[120274]: DEBUG cinder.api.v3.volumes [None req-fae0346e-7aa2-48c8-8fbc-1c54b9a7e4b8 tempest-UserMessagesTest-1687915053 tempest-UserMessagesTest-1687915053-project] Create volume request body: {'volume': {'volume_type': '9bcad573-625e-4a6b-9c24-04df89b76957', 'size': 1, 'name': 'tempest-UserMessagesTest-Volume-1039571510'}} {{(pid=120274) create /opt/stack/cinder/cinder/api/v3/volumes.py:298}}
Sep 30 09:46:11.303620 dv-cinder-master-3-iscsi devstack@c-api.service[120274]: INFO cinder.api.v3.volumes [None req-fae0346e-7aa2-48c8-8fbc-1c54b9a7e4b8 tempest-UserMessagesTest-1687915053 tempest-UserMessagesTest-1687915053-project] Create volume of 1 GB
Sep 30 09:46:11.315778 dv-cinder-master-3-iscsi devstack@c-api.service[120273]: INFO cinder.volume.api [None req-0b57e44d-3c66-495d-aa70-386a8cd7ffe5 tempest-VolumesTestJSON-1184215611 tempest-VolumesTestJSON-1184215611-project] Delete volume request issued successfully.
Sep 30 09:46:11.316452 dv-cinder-master-3-iscsi devstack@c-api.service[120273]: INFO cinder.api.openstack.wsgi [None req-0b57e44d-3c66-495d-aa70-386a8cd7ffe5 tempest-VolumesTestJSON-1184215611 tempest-VolumesTestJSON-1184215611-project] http://10.222.0.39/volume/v3/a8f8c0108e1d45c6984325afff2c5fe9/volumes/d72489fc-f37f-4a31-a35e-8a3da69bd9ff returned with HTTP 202
Sep 30 09:46:11.317442 dv-cinder-master-3-iscsi devstack@c-api.service[120273]: [pid: 120273|app: 0|req: 91/168] 10.222.0.39 () {58 vars in 1328 bytes} [Fri Sep 30 09:46:11 2022] DELETE /volume/v3/a8f8c0108e1d45c6984325afff2c5fe9/volumes/d72489fc-f37f-4a31-a35e-8a3da69bd9ff => generated 0 bytes in 300 msecs (HTTP/1.1 202) 6 headers in 233 bytes (1 switches on core 0)
Sep 30 09:46:11.318888 dv-cinder-master-3-iscsi devstack@c-api.service[120273]: DEBUG cinder.api.middleware.request_id [None req-9fcbe994-7409-4905-8d6b-34221220ce81 None None] RequestId filter calling following filter/app {{(pid=120273) _context_setter /opt/stack/cinder/cinder/api/middleware/request_id.py:62}}
Sep 30 09:46:11.319956 dv-cinder-master-3-iscsi devstack@c-api.service[120274]: /usr/local/lib/python3.8/dist-packages/oslo_context/context.py:100: DeprecationWarning: Policy enforcement is depending on the value of is_admin. This key is deprecated. Please update your policy file to use the standard policy values.
Sep 30 09:46:11.319956 dv-cinder-master-3-iscsi devstack@c-api.service[120274]: warnings.warn('Policy enforcement is depending on the value of '
Sep 30 09:46:11.324978 dv-cinder-master-3-iscsi devstack@c-api.service[120274]: INFO cinder.volume.api [None req-fae0346e-7aa2-48c8-8fbc-1c54b9a7e4b8 tempest-UserMessagesTest-1687915053 tempest-UserMessagesTest-1687915053-project] Availability Zones retrieved successfully.
Sep 30 09:46:11.326356 dv-cinder-master-3-iscsi devstack@c-api.service[120273]: INFO cinder.api.openstack.wsgi [None req-9fcbe994-7409-4905-8d6b-34221220ce81 tempest-SnapshotsActionsTest-2082143963 tempest-SnapshotsActionsTest-2082143963-project] GET http://10.222.0.39/volume/v3/179cdac0ebe64e4ab4c01578c80c7845/snapshots/495c2c2c-d4cd-4ca0-a271-5cbb77c4ff2f
Sep 30 09:46:11.327477 dv-cinder-master-3-iscsi devstack@c-api.service[120273]: DEBUG cinder.api.openstack.wsgi [None req-9fcbe994-7409-4905-8d6b-34221220ce81 tempest-SnapshotsActionsTest-2082143963 tempest-SnapshotsActionsTest-2082143963-project] Empty body provided in request {{(pid=120273) get_body /opt/stack/cinder/cinder/api/openstack/wsgi.py:715}}
Sep 30 09:46:11.328016 dv-cinder-master-3-iscsi devstack@c-api.service[120273]: DEBUG cinder.api.openstack.wsgi [None req-9fcbe994-7409-4905-8d6b-34221220ce81 tempest-SnapshotsActionsTest-2082143963 tempest-SnapshotsActionsTest-2082143963-project] Calling method 'show' {{(pid=120273) _process_stack /opt/stack/cinder/cinder/api/openstack/wsgi.py:868}}
Sep 30 09:46:11.363182 dv-cinder-master-3-iscsi devstack@c-api.service[120273]: /usr/local/lib/python3.8/dist-packages/oslo_context/context.py:100: DeprecationWarning: Policy enforcement is depending on the value of is_admin. This key is deprecated. Please update your policy file to use the standard policy values.
Sep 30 09:46:11.363182 dv-cinder-master-3-iscsi devstack@c-api.service[120273]: warnings.warn('Policy enforcement is depending on the value of '
Sep 30 09:46:11.364307 dv-cinder-master-3-iscsi devstack@c-api.service[120273]: INFO cinder.volume.api [None req-9fcbe994-7409-4905-8d6b-34221220ce81 tempest-SnapshotsActionsTest-2082143963 tempest-SnapshotsActionsTest-2082143963-project] Snapshot retrieved successfully.
Sep 30 09:46:11.383530 dv-cinder-master-3-iscsi devstack@c-api.service[120273]: INFO cinder.api.openstack.wsgi [None req-9fcbe994-7409-4905-8d6b-34221220ce81 tempest-SnapshotsActionsTest-2082143963 tempest-SnapshotsActionsTest-2082143963-project] http://10.222.0.39/volume/v3/179cdac0ebe64e4ab4c01578c80c7845/snapshots/495c2c2c-d4cd-4ca0-a271-5cbb77c4ff2f returned with HTTP 200
Sep 30 09:46:11.383530 dv-cinder-master-3-iscsi devstack@c-api.service[120273]: [pid: 120273|app: 0|req: 92/169] 10.222.0.39 () {58 vars in 1331 bytes} [Fri Sep 30 09:46:11 2022] GET /volume/v3/179cdac0ebe64e4ab4c01578c80c7845/snapshots/495c2c2c-d4cd-4ca0-a271-5cbb77c4ff2f => generated 439 bytes in 60 msecs (HTTP/1.1 200) 7 headers in 285 bytes (1 switches on core 0)
Sep 30 09:46:11.383530 dv-cinder-master-3-iscsi devstack@c-api.service[120273]: DEBUG cinder.api.middleware.request_id [None req-5ce6691c-744e-485f-96f1-6a7cea6a7daf None None] RequestId filter calling following filter/app {{(pid=120273) _context_setter /opt/stack/cinder/cinder/api/middleware/request_id.py:62}}
Sep 30 09:46:11.383809 dv-cinder-master-3-iscsi devstack@c-api.service[120274]: DEBUG cinder.volume.api [None req-fae0346e-7aa2-48c8-8fbc-1c54b9a7e4b8 tempest-UserMessagesTest-1687915053 tempest-UserMessagesTest-1687915053-project] Flow 'volume_create_api' (08ef5cf7-ab85-4b33-8303-775394a191d3) transitioned into state 'RUNNING' from state 'PENDING' {{(pid=120274) _flow_receiver /usr/local/lib/python3.8/dist-packages/taskflow/listeners/logging.py:141}}
Sep 30 09:46:11.391027 dv-cinder-master-3-iscsi devstack@c-api.service[120273]: INFO cinder.api.openstack.wsgi [None req-5ce6691c-744e-485f-96f1-6a7cea6a7daf tempest-GroupSnapshotsTest-1905560838 tempest-GroupSnapshotsTest-1905560838-project] GET http://10.222.0.39/volume/v3/d38d518c11a34ffc8921d4c241b8ce06/group_snapshots/678ddb91-e0c3-4f95-b79c-1482233ce8d3
Sep 30 09:46:11.391527 dv-cinder-master-3-iscsi devstack@c-api.service[120273]: DEBUG cinder.api.openstack.wsgi [None req-5ce6691c-744e-485f-96f1-6a7cea6a7daf tempest-GroupSnapshotsTest-1905560838 tempest-GroupSnapshotsTest-1905560838-project] Empty body provided in request {{(pid=120273) get_body /opt/stack/cinder/cinder/api/openstack/wsgi.py:715}}
Sep 30 09:46:11.394833 dv-cinder-master-3-iscsi devstack@c-api.service[120274]: DEBUG cinder.volume.api [None req-fae0346e-7aa2-48c8-8fbc-1c54b9a7e4b8 tempest-UserMessagesTest-1687915053 tempest-UserMessagesTest-1687915053-project] Task 'cinder.volume.flows.api.create_volume.ExtractVolumeRequestTask;volume:create' (34bc6a62-a9eb-4e62-8a8e-49471ddc23b1) transitioned into state 'RUNNING' from state 'PENDING' {{(pid=120274) _task_receiver /usr/local/lib/python3.8/dist-packages/taskflow/listeners/logging.py:190}}
Sep 30 09:46:11.403128 dv-cinder-master-3-iscsi devstack@c-api.service[120273]: DEBUG cinder.api.openstack.wsgi [None req-5ce6691c-744e-485f-96f1-6a7cea6a7daf tempest-GroupSnapshotsTest-1905560838 tempest-GroupSnapshotsTest-1905560838-project] Calling method 'version_select' {{(pid=120273) _process_stack /opt/stack/cinder/cinder/api/openstack/wsgi.py:868}}
Sep 30 09:46:11.406185 dv-cinder-master-3-iscsi devstack@c-api.service[120274]: DEBUG cinder.volume.flows.api.create_volume [None req-fae0346e-7aa2-48c8-8fbc-1c54b9a7e4b8 tempest-UserMessagesTest-1687915053 tempest-UserMessagesTest-1687915053-project] Validating volume size '1' using validate_int {{(pid=120274) _extract_size /opt/stack/cinder/cinder/volume/flows/api/create_volume.py:228}}
Sep 30 09:46:11.407150 dv-cinder-master-3-iscsi devstack@c-api.service[120273]: DEBUG cinder.api.v3.group_snapshots [None req-5ce6691c-744e-485f-96f1-6a7cea6a7daf tempest-GroupSnapshotsTest-1905560838 tempest-GroupSnapshotsTest-1905560838-project] show called for member 678ddb91-e0c3-4f95-b79c-1482233ce8d3 {{(pid=120273) show /opt/stack/cinder/cinder/api/v3/group_snapshots.py:58}}
Sep 30 09:46:11.418665 dv-cinder-master-3-iscsi devstack@c-api.service[120273]: INFO cinder.api.openstack.wsgi [None req-5ce6691c-744e-485f-96f1-6a7cea6a7daf tempest-GroupSnapshotsTest-1905560838 tempest-GroupSnapshotsTest-1905560838-project] http://10.222.0.39/volume/v3/d38d518c11a34ffc8921d4c241b8ce06/group_snapshots/678ddb91-e0c3-4f95-b79c-1482233ce8d3 returned with HTTP 404
Sep 30 09:46:11.423543 dv-cinder-master-3-iscsi devstack@c-api.service[120273]: [pid: 120273|app: 0|req: 93/170] 10.222.0.39 () {60 vars in 1390 bytes} [Fri Sep 30 09:46:11 2022] GET /volume/v3/d38d518c11a34ffc8921d4c241b8ce06/group_snapshots/678ddb91-e0c3-4f95-b79c-1482233ce8d3 => generated 116 bytes in 45 msecs (HTTP/1.1 404) 7 headers in 293 bytes (1 switches on core 0)
Sep 30 09:46:11.425316 dv-cinder-master-3-iscsi devstack@c-api.service[120273]: DEBUG cinder.api.middleware.request_id [None req-fe4cf07c-7618-4e30-b262-85eceaef164b None None] RequestId filter calling following filter/app {{(pid=120273) _context_setter /opt/stack/cinder/cinder/api/middleware/request_id.py:62}}
Sep 30 09:46:11.431423 dv-cinder-master-3-iscsi devstack@c-api.service[120273]: INFO cinder.api.openstack.wsgi [None req-fe4cf07c-7618-4e30-b262-85eceaef164b tempest-GroupSnapshotsV319Test-209155908 tempest-GroupSnapshotsV319Test-209155908-project] GET http://10.222.0.39/volume/v3/c93c658159364808a249bdf8b2ccd752/groups/129020df-cfd0-41a6-93e3-095771c88c84
Sep 30 09:46:11.440826 dv-cinder-master-3-iscsi devstack@c-api.service[120273]: DEBUG cinder.api.openstack.wsgi [None req-fe4cf07c-7618-4e30-b262-85eceaef164b tempest-GroupSnapshotsV319Test-209155908 tempest-GroupSnapshotsV319Test-209155908-project] Empty body provided in request {{(pid=120273) get_body /opt/stack/cinder/cinder/api/openstack/wsgi.py:715}}
Sep 30 09:46:11.441599 dv-cinder-master-3-iscsi devstack@c-api.service[120273]: DEBUG cinder.api.openstack.wsgi [None req-fe4cf07c-7618-4e30-b262-85eceaef164b tempest-GroupSnapshotsV319Test-209155908 tempest-GroupSnapshotsV319Test-209155908-project] Calling method 'version_select' {{(pid=120273) _process_stack /opt/stack/cinder/cinder/api/openstack/wsgi.py:868}}
Sep 30 09:46:11.443139 dv-cinder-master-3-iscsi devstack@c-api.service[120273]: DEBUG cinder.api.v3.groups [None req-fe4cf07c-7618-4e30-b262-85eceaef164b tempest-GroupSnapshotsV319Test-209155908 tempest-GroupSnapshotsV319Test-209155908-project] show called for member 129020df-cfd0-41a6-93e3-095771c88c84 {{(pid=120273) show /opt/stack/cinder/cinder/api/v3/groups.py:58}}
Sep 30 09:46:11.455064 dv-cinder-master-3-iscsi devstack@c-api.service[120273]: INFO cinder.api.openstack.wsgi [None req-fe4cf07c-7618-4e30-b262-85eceaef164b tempest-GroupSnapshotsV319Test-209155908 tempest-GroupSnapshotsV319Test-209155908-project] http://10.222.0.39/volume/v3/c93c658159364808a249bdf8b2ccd752/groups/129020df-cfd0-41a6-93e3-095771c88c84 returned with HTTP 404
