Sep 25 00:55:45.316603 dv-cinder-master-3-iscsi neutron-server[106228]: DEBUG neutron_lib.callbacks.manager [None req-9d27bd3c-cd6d-4bcd-9aaa-b24db7be6c6b admin admin] Publish callbacks [] for security_group (2a661fd5-a0bc-4853-8d4d-e156089afde6), precommit_create {{(pid=106228) _notify_loop /usr/local/lib/python3.8/dist-packages/neutron_lib/callbacks/manager.py:176}}
Sep 25 00:55:45.328737 dv-cinder-master-3-iscsi neutron-server[106230]: DEBUG neutron_lib.callbacks.manager [None req-408caf07-5361-4b29-985f-573c75e664b9 None None] Publish callbacks ['neutron.plugins.ml2.plugin.SecurityGroupServerNotifierRpcMixin._notify_sg_on_port_change-754315', 'neutron.plugins.ml2.ovo_rpc._ObjectChangeHandler.handle_event-464371', 'neutron.api.rpc.agentnotifiers.dhcp_rpc_agent_api.DhcpAgentNotifyAPI._native_event_send_dhcp_notification-267965202', 'neutron.db.l3_db.L3RpcNotifierMixin._notify_gateway_port_ip_changed-8726434275494', 'neutron.db.l3_dvrscheduler_db._notify_l3_agent_port_update-8726433837541', 'neutron.db.l3_hascheduler_db._notify_l3_agent_ha_port_update-8726433837559'] for port (fc7bb1a7-9a53-42b3-8205-cc1649a623f2), after_update {{(pid=106230) _notify_loop /usr/local/lib/python3.8/dist-packages/neutron_lib/callbacks/manager.py:176}}
Sep 25 00:55:45.332539 dv-cinder-master-3-iscsi neutron-server[106230]: DEBUG neutron.db.provisioning_blocks [None req-eceb535c-72da-43af-be10-a971c11f7820 None None] Provisioning complete for port 5f7cf548-5cfd-4292-be0b-8779295d8830 triggered by entity DHCP. {{(pid=106230) provisioning_complete /opt/stack/neutron/neutron/db/provisioning_blocks.py:144}}
Sep 25 00:55:45.333156 dv-cinder-master-3-iscsi neutron-server[106230]: DEBUG neutron_lib.callbacks.manager [None req-eceb535c-72da-43af-be10-a971c11f7820 None None] Publish callbacks ['neutron.plugins.ml2.plugin.Ml2Plugin._port_provisioned-814046'] for port (5f7cf548-5cfd-4292-be0b-8779295d8830), provisioning_complete {{(pid=106230) _notify_loop /usr/local/lib/python3.8/dist-packages/neutron_lib/callbacks/manager.py:176}}
Sep 25 00:55:45.333722 dv-cinder-master-3-iscsi neutron-server[106230]: INFO neutron.plugins.ml2.plugin [None req-eceb535c-72da-43af-be10-a971c11f7820 None None] Attempt 1 to provision port 5f7cf548-5cfd-4292-be0b-8779295d8830
Sep 25 00:55:45.337334 dv-cinder-master-3-iscsi neutron-server[106228]: DEBUG neutron_lib.callbacks.manager [None req-9d27bd3c-cd6d-4bcd-9aaa-b24db7be6c6b admin admin] Publish callbacks ['neutron.plugins.ml2.ovo_rpc._ObjectChangeHandler.handle_event-267937223'] for security_group (2a661fd5-a0bc-4853-8d4d-e156089afde6), after_create {{(pid=106228) _notify_loop /usr/local/lib/python3.8/dist-packages/neutron_lib/callbacks/manager.py:176}}
Sep 25 00:55:45.380757 dv-cinder-master-3-iscsi neutron-server[106228]: INFO neutron.wsgi [None req-4e28ff5d-7e5e-498f-9b94-aa54af509f51 admin admin] 10.222.0.52 "POST /networking/v2.0/subnets HTTP/1.1" status: 201 len: 855 time: 3.6419597
Sep 25 00:55:45.381106 dv-cinder-master-3-iscsi neutron-server[106228]: DEBUG neutron_lib.callbacks.manager [None req-59743d0d-661e-498d-aab8-560b2b93ac52 admin admin] Publish callbacks ['neutron.plugins.ml2.plugin.SecurityGroupDbMixin._ensure_default_security_group_handler-755790'] for port (None), before_create {{(pid=106228) _notify_loop /usr/local/lib/python3.8/dist-packages/neutron_lib/callbacks/manager.py:176}}
Sep 25 00:55:45.385827 dv-cinder-master-3-iscsi neutron-server[106228]: DEBUG neutron_lib.callbacks.manager [None req-34b754fe-4a86-4e68-91a4-c28094800ba8 admin admin] Publish callbacks [] for router_gateway (1756485f-d872-4799-a254-ef11e7f98682), precommit_update {{(pid=106228) _notify_loop /usr/local/lib/python3.8/dist-packages/neutron_lib/callbacks/manager.py:176}}
Sep 25 00:55:45.386433 dv-cinder-master-3-iscsi neutron-server[106229]: DEBUG neutron.wsgi [-] (106229) accepted ('10.222.0.52', 59580) {{(pid=106229) server /usr/local/lib/python3.8/dist-packages/eventlet/wsgi.py:1004}}
Sep 25 00:55:45.391809 dv-cinder-master-3-iscsi neutron-server[106229]: DEBUG neutron.api.v2.base [None req-4206988b-b5a1-4b85-ae33-9056d101dbbb admin admin] Request body: {'router': {'name': 'tempest-ServerRescueNegativeTestJSON-1628878656-router', 'tenant_id': '28568584195d475fbc52d76185e09044', 'external_gateway_info': {'network_id': '62195cd6-54fa-4e24-9d47-ae0de6356ac2'}}} {{(pid=106229) prepare_request_body /opt/stack/neutron/neutron/api/v2/base.py:730}}
Sep 25 00:55:45.405510 dv-cinder-master-3-iscsi neutron-server[106228]: INFO neutron.wsgi [None req-9d27bd3c-cd6d-4bcd-9aaa-b24db7be6c6b admin admin] 10.222.0.52 "GET /networking/v2.0/security-groups?tenant_id=412b366eb919434fa673464d0688b498&name=default HTTP/1.1" status: 200 len: 2992 time: 1.4577224
Sep 25 00:55:45.421761 dv-cinder-master-3-iscsi neutron-server[106228]: DEBUG neutron.wsgi [-] (106228) accepted ('10.222.0.52', 59582) {{(pid=106228) server /usr/local/lib/python3.8/dist-packages/eventlet/wsgi.py:1004}}
Sep 25 00:55:45.444493 dv-cinder-master-3-iscsi neutron-server[106229]: DEBUG neutron_lib.callbacks.manager [None req-a8f27b3d-cbf0-4429-a96e-6ace646354fa admin admin] Publish callbacks ['neutron.plugins.ml2.plugin.SecurityGroupDbMixin._ensure_default_security_group_handler-755790'] for port (None), before_create {{(pid=106229) _notify_loop /usr/local/lib/python3.8/dist-packages/neutron_lib/callbacks/manager.py:176}}
Sep 25 00:55:45.448880 dv-cinder-master-3-iscsi neutron-server[106228]: DEBUG neutron.api.rpc.handlers.resources_rpc [None req-5c8de82e-cca8-42ce-8967-c94e4eada95d admin admin] Pushing event updated for resources: {'SecurityGroup': ['ID=61a8a399-410a-46ef-b7a9-ff48b0a458b4,revision_number=1']} {{(pid=106228) push /opt/stack/neutron/neutron/api/rpc/handlers/resources_rpc.py:237}}
Sep 25 00:55:45.459204 dv-cinder-master-3-iscsi neutron-server[106229]: DEBUG neutron_lib.callbacks.manager [None req-4206988b-b5a1-4b85-ae33-9056d101dbbb admin admin] Publish callbacks ['neutron.services.l3_router.l3_router_plugin.L3_HA_NAT_db_mixin._before_router_create_handler-267935875', 'neutron.services.l3_router.service_providers.driver_controller.DriverController._check_router_request-926'] for router (0366ab62-209a-4a0a-a198-da6587ec3f4a), before_create {{(pid=106229) _notify_loop /usr/local/lib/python3.8/dist-packages/neutron_lib/callbacks/manager.py:176}}
Sep 25 00:55:45.460651 dv-cinder-master-3-iscsi neutron-server[106229]: DEBUG neutron_lib.callbacks.manager [None req-4206988b-b5a1-4b85-ae33-9056d101dbbb admin admin] Publish callbacks ['neutron.services.l3_router.l3_router_plugin.L3_HA_NAT_db_mixin._precommit_router_create-267936446', 'neutron.services.l3_router.l3_router_plugin.DVRResourceOperationHandler._set_distributed_flag-268352497', 'neutron.services.l3_router.l3_router_plugin.RouterAvailabilityZoneMixin._process_az_request-268417593', 'neutron.services.l3_router.service_providers.driver_controller.DriverController._set_router_provider-919'] for router (0366ab62-209a-4a0a-a198-da6587ec3f4a), precommit_create {{(pid=106229) _notify_loop /usr/local/lib/python3.8/dist-packages/neutron_lib/callbacks/manager.py:176}}
Sep 25 00:55:45.515441 dv-cinder-master-3-iscsi neutron-server[106230]: DEBUG neutron.plugins.ml2.managers [None req-7805f2ef-cd3f-47d7-bea5-6bbedf550ca1 None None] Attempting to bind port 8a22f42d-c327-4ae1-9e34-d8947d30272d on host dv-cinder-master-3-iscsi for vnic_type normal with profile {{(pid=106230) bind_port /opt/stack/neutron/neutron/plugins/ml2/managers.py:810}}
Sep 25 00:55:45.516563 dv-cinder-master-3-iscsi neutron-server[106230]: DEBUG neutron.plugins.ml2.managers [None req-7805f2ef-cd3f-47d7-bea5-6bbedf550ca1 None None] Attempting to bind port 8a22f42d-c327-4ae1-9e34-d8947d30272d by drivers openvswitch,hyperv on host dv-cinder-master-3-iscsi at level 0 using segments [{'id': '60226fdd-ab84-4bff-9bed-5551adf26f89', 'network_type': 'vlan', 'physical_network': 'physnet1', 'segmentation_id': 87, 'network_id': '334cdfa6-14bd-4f9b-b93c-dbd866cdb6bb'}] {{(pid=106230) _bind_port_level /opt/stack/neutron/neutron/plugins/ml2/managers.py:835}}
Sep 25 00:55:45.517088 dv-cinder-master-3-iscsi neutron-server[106230]: DEBUG neutron.plugins.ml2.drivers.mech_agent [None req-7805f2ef-cd3f-47d7-bea5-6bbedf550ca1 None None] Attempting to bind port 8a22f42d-c327-4ae1-9e34-d8947d30272d on network 334cdfa6-14bd-4f9b-b93c-dbd866cdb6bb {{(pid=106230) bind_port /opt/stack/neutron/neutron/plugins/ml2/drivers/mech_agent.py:91}}
Sep 25 00:55:45.570012 dv-cinder-master-3-iscsi neutron-server[106231]: DEBUG neutron_lib.callbacks.manager [None req-c192b7ce-7dcb-4ecb-acff-0bf1d41441b7 None None] Publish callbacks [] for port (0fd59bde-e230-44a6-9879-6a2bbb95a5fb), precommit_update {{(pid=106231) _notify_loop /usr/local/lib/python3.8/dist-packages/neutron_lib/callbacks/manager.py:176}}
Sep 25 00:55:45.578453 dv-cinder-master-3-iscsi neutron-server[106231]: DEBUG neutron_lib.callbacks.manager [None req-c192b7ce-7dcb-4ecb-acff-0bf1d41441b7 None None] Publish callbacks ['neutron.plugins.ml2.plugin.SecurityGroupServerNotifierRpcMixin._notify_sg_on_port_change-754315', 'neutron.plugins.ml2.ovo_rpc._ObjectChangeHandler.handle_event-464371', 'neutron.api.rpc.agentnotifiers.dhcp_rpc_agent_api.DhcpAgentNotifyAPI._native_event_send_dhcp_notification-267965202', 'neutron.db.l3_db.L3RpcNotifierMixin._notify_gateway_port_ip_changed-8726434275494', 'neutron.db.l3_dvrscheduler_db._notify_l3_agent_port_update-8726433837541', 'neutron.db.l3_hascheduler_db._notify_l3_agent_ha_port_update-8726433837559'] for port (0fd59bde-e230-44a6-9879-6a2bbb95a5fb), after_update {{(pid=106231) _notify_loop /usr/local/lib/python3.8/dist-packages/neutron_lib/callbacks/manager.py:176}}
Sep 25 00:55:45.637690 dv-cinder-master-3-iscsi neutron-server[106231]: DEBUG neutron.plugins.ml2.managers [None req-c192b7ce-7dcb-4ecb-acff-0bf1d41441b7 None None] Attempting to bind port 0fd59bde-e230-44a6-9879-6a2bbb95a5fb on host dv-cinder-master-3-iscsi for vnic_type normal with profile {{(pid=106231) bind_port /opt/stack/neutron/neutron/plugins/ml2/managers.py:810}}
Sep 25 00:55:45.638207 dv-cinder-master-3-iscsi neutron-server[106231]: DEBUG neutron.plugins.ml2.managers [None req-c192b7ce-7dcb-4ecb-acff-0bf1d41441b7 None None] Attempting to bind port 0fd59bde-e230-44a6-9879-6a2bbb95a5fb by drivers openvswitch,hyperv on host dv-cinder-master-3-iscsi at level 0 using segments [{'id': '8ce8cc5e-c7c0-4ed0-855c-d3aeb61eab7c', 'network_type': 'flat', 'physical_network': 'physnet1', 'segmentation_id': None, 'network_id': '62195cd6-54fa-4e24-9d47-ae0de6356ac2'}] {{(pid=106231) _bind_port_level /opt/stack/neutron/neutron/plugins/ml2/managers.py:835}}
Sep 25 00:55:45.638730 dv-cinder-master-3-iscsi neutron-server[106231]: DEBUG neutron.plugins.ml2.drivers.mech_agent [None req-c192b7ce-7dcb-4ecb-acff-0bf1d41441b7 None None] Attempting to bind port 0fd59bde-e230-44a6-9879-6a2bbb95a5fb on network 62195cd6-54fa-4e24-9d47-ae0de6356ac2 {{(pid=106231) bind_port /opt/stack/neutron/neutron/plugins/ml2/drivers/mech_agent.py:91}}
Sep 25 00:55:45.639459 dv-cinder-master-3-iscsi neutron-server[106228]: DEBUG dbcounter [-] [106228] Writing DB stats neutron:SELECT=86,neutron:UPDATE=4,neutron:INSERT=10 {{(pid=106228) stat_writer /usr/local/lib/python3.8/dist-packages/dbcounter.py:114}}
Sep 25 00:55:45.671408 dv-cinder-master-3-iscsi neutron-server[106230]: DEBUG neutron.plugins.ml2.plugin [None req-eceb535c-72da-43af-be10-a971c11f7820 None None] Current status of the port 5f7cf548-5cfd-4292-be0b-8779295d8830 is: DOWN; New status is: ACTIVE {{(pid=106230) _update_individual_port_db_status /opt/stack/neutron/neutron/plugins/ml2/plugin.py:2321}}
Sep 25 00:55:45.671974 dv-cinder-master-3-iscsi neutron-server[106230]: DEBUG neutron_lib.callbacks.manager [None req-eceb535c-72da-43af-be10-a971c11f7820 None None] Publish callbacks ['neutron.plugins.ml2.plugin.SecurityGroupDbMixin._ensure_default_security_group_handler-755790'] for port (5f7cf548-5cfd-4292-be0b-8779295d8830), before_update {{(pid=106230) _notify_loop /usr/local/lib/python3.8/dist-packages/neutron_lib/callbacks/manager.py:176}}
Sep 25 00:55:45.697502 dv-cinder-master-3-iscsi neutron-server[106228]: DEBUG neutron_lib.callbacks.manager [None req-6a5456f2-ed16-4b6a-b81d-9e9eb484380f admin admin] Publish callbacks [] for security_group (2a661fd5-a0bc-4853-8d4d-e156089afde6), before_delete {{(pid=106228) _notify_loop /usr/local/lib/python3.8/dist-packages/neutron_lib/callbacks/manager.py:176}}
Sep 25 00:55:45.712588 dv-cinder-master-3-iscsi neutron-server[106229]: DEBUG neutron_lib.callbacks.manager [None req-4206988b-b5a1-4b85-ae33-9056d101dbbb admin admin] Publish callbacks [] for router_controller (0366ab62-209a-4a0a-a198-da6587ec3f4a), precommit_add_association {{(pid=106229) _notify_loop /usr/local/lib/python3.8/dist-packages/neutron_lib/callbacks/manager.py:176}}
Sep 25 00:55:45.726885 dv-cinder-master-3-iscsi neutron-server[106228]: DEBUG neutron_lib.callbacks.manager [None req-6a5456f2-ed16-4b6a-b81d-9e9eb484380f admin admin] Publish callbacks [] for security_group (2a661fd5-a0bc-4853-8d4d-e156089afde6), precommit_delete {{(pid=106228) _notify_loop /usr/local/lib/python3.8/dist-packages/neutron_lib/callbacks/manager.py:176}}
Sep 25 00:55:45.774097 dv-cinder-master-3-iscsi neutron-server[106231]: DEBUG neutron.plugins.ml2.drivers.mech_agent [None req-c192b7ce-7dcb-4ecb-acff-0bf1d41441b7 None None] Checking agent: {'id': '702ea7d9-c72c-4888-b659-c6589a7004a7', 'agent_type': 'Open vSwitch agent', 'binary': 'neutron-openvswitch-agent', 'topic': 'N/A', 'host': 'dv-cinder-master-3-iscsi', 'admin_state_up': True, 'created_at': datetime.datetime(2022, 9, 25, 0, 47, 22), 'started_at': datetime.datetime(2022, 9, 25, 0, 47, 52), 'heartbeat_timestamp': datetime.datetime(2022, 9, 25, 0, 55, 22), 'description': None, 'resources_synced': None, 'availability_zone': None, 'alive': True, 'configurations': {'arp_responder_enabled': False, 'baremetal_smartnic': False, 'bridge_mappings': {'physnet1': 'br-data'}, 'datapath_type': 'system', 'devices': 0, 'enable_distributed_routing': False, 'extensions': [], 'in_distributed_mode': False, 'integration_bridge': 'br-int', 'l2_population': False, 'log_agent_heartbeats': False, 'ovs_capabilities': {'datapath_types': ['netdev', 'system'], 'iface_types': ['erspan', 'geneve', 'gre', 'internal', 'ip6erspan', 'ip6gre', 'lisp', 'patch', 'stt', 'system', 'tap', 'vxlan']}, 'ovs_hybrid_plug': False, 'resource_provider_bandwidths': {}, 'resource_provider_hypervisors': {'br-data': 'dv-cinder-master-3-iscsi'}, 'resource_provider_inventory_defaults': {'allocation_ratio': 1.0, 'min_unit': 1, 'step_size': 1, 'reserved': 0}, 'resource_provider_packet_processing_inventory_defaults': {'allocation_ratio': 1.0, 'min_unit': 1, 'step_size': 1, 'reserved': 0}, 'resource_provider_packet_processing_with_direction': {}, 'resource_provider_packet_processing_without_direction': {}, 'tunnel_types': [], 'tunneling_ip': None, 'vhostuser_socket_dir': '/var/run/openvswitch'}, 'resource_versions': {'AddressGroup': '1.2', 'Agent': '1.1', 'ConntrackHelper': '1.0', 'LocalIPAssociation': '1.0', 'Log': '1.0', 'NDPProxy': '1.0', 'Network': '1.1', 'Port': '1.7', 'PortForwarding': '1.3', 'QosPolicy': '1.10', 'SecurityGroup': '1.5', 'SecurityGroupRule': '1.2', 'SubPort': '1.0', 'Subnet': '1.1', 'Trunk': '1.1'}} {{(pid=106231) bind_port /opt/stack/neutron/neutron/plugins/ml2/drivers/mech_agent.py:127}}
Sep 25 00:55:45.775465 dv-cinder-master-3-iscsi neutron-server[106231]: DEBUG neutron.plugins.ml2.drivers.mech_agent [None req-c192b7ce-7dcb-4ecb-acff-0bf1d41441b7 None None] Checking segment: {'id': '8ce8cc5e-c7c0-4ed0-855c-d3aeb61eab7c', 'network_type': 'flat', 'physical_network': 'physnet1', 'segmentation_id': None, 'network_id': '62195cd6-54fa-4e24-9d47-ae0de6356ac2'} for mappings: {'physnet1': 'br-data'} with network types: ['local', 'flat', 'vlan'] {{(pid=106231) check_segment_for_agent /opt/stack/neutron/neutron/plugins/ml2/drivers/mech_agent.py:399}}
Sep 25 00:55:45.776185 dv-cinder-master-3-iscsi neutron-server[106231]: DEBUG neutron_lib.callbacks.manager [None req-c192b7ce-7dcb-4ecb-acff-0bf1d41441b7 None None] Publish callbacks [] for ovs_bridge_name (None), before_read {{(pid=106231) _notify_loop /usr/local/lib/python3.8/dist-packages/neutron_lib/callbacks/manager.py:176}}
Sep 25 00:55:45.777145 dv-cinder-master-3-iscsi neutron-server[106231]: DEBUG neutron.plugins.ml2.drivers.mech_agent [None req-c192b7ce-7dcb-4ecb-acff-0bf1d41441b7 None None] Bound using segment: {'id': '8ce8cc5e-c7c0-4ed0-855c-d3aeb61eab7c', 'network_type': 'flat', 'physical_network': 'physnet1', 'segmentation_id': None, 'network_id': '62195cd6-54fa-4e24-9d47-ae0de6356ac2'} {{(pid=106231) bind_port /opt/stack/neutron/neutron/plugins/ml2/drivers/mech_agent.py:137}}
Sep 25 00:55:45.778124 dv-cinder-master-3-iscsi neutron-server[106231]: DEBUG neutron.plugins.ml2.managers [None req-c192b7ce-7dcb-4ecb-acff-0bf1d41441b7 None None] Bound port: 0fd59bde-e230-44a6-9879-6a2bbb95a5fb, host: dv-cinder-master-3-iscsi, vif_type: ovs, vif_details: {"connectivity": "l2", "port_filter": true, "ovs_hybrid_plug": false, "datapath_type": "system", "bridge_name": "br-int"}, binding_levels: [{'bound_driver': 'openvswitch', 'bound_segment': {'id': '8ce8cc5e-c7c0-4ed0-855c-d3aeb61eab7c', 'network_type': 'flat', 'physical_network': 'physnet1', 'segmentation_id': None, 'network_id': '62195cd6-54fa-4e24-9d47-ae0de6356ac2'}}] {{(pid=106231) _bind_port_level /opt/stack/neutron/neutron/plugins/ml2/managers.py:947}}
Sep 25 00:55:45.778845 dv-cinder-master-3-iscsi neutron-server[106231]: DEBUG neutron_lib.callbacks.manager [None req-c192b7ce-7dcb-4ecb-acff-0bf1d41441b7 None None] Publish callbacks ['neutron.plugins.ml2.plugin.SecurityGroupDbMixin._ensure_default_security_group_handler-755790'] for port (0fd59bde-e230-44a6-9879-6a2bbb95a5fb), before_update {{(pid=106231) _notify_loop /usr/local/lib/python3.8/dist-packages/neutron_lib/callbacks/manager.py:176}}
Sep 25 00:55:45.794346 dv-cinder-master-3-iscsi neutron-server[106228]: DEBUG neutron_lib.callbacks.manager [None req-4f528b8d-bc2d-4e3d-a86c-00779a286e60 admin admin] Publish callbacks [] for security_group (61a8a399-410a-46ef-b7a9-ff48b0a458b4), before_delete {{(pid=106228) _notify_loop /usr/local/lib/python3.8/dist-packages/neutron_lib/callbacks/manager.py:176}}
Sep 25 00:55:45.850154 dv-cinder-master-3-iscsi neutron-server[106228]: DEBUG neutron_lib.callbacks.manager [None req-6a5456f2-ed16-4b6a-b81d-9e9eb484380f admin admin] Publish callbacks ['neutron.plugins.ml2.ovo_rpc._ObjectChangeHandler.handle_event-267937223'] for security_group (2a661fd5-a0bc-4853-8d4d-e156089afde6), after_delete {{(pid=106228) _notify_loop /usr/local/lib/python3.8/dist-packages/neutron_lib/callbacks/manager.py:176}}
Sep 25 00:55:45.853483 dv-cinder-master-3-iscsi neutron-server[106228]: DEBUG neutron_lib.callbacks.manager [None req-6a5456f2-ed16-4b6a-b81d-9e9eb484380f admin admin] Publish callbacks [] for security_group (None), before_response {{(pid=106228) _notify_loop /usr/local/lib/python3.8/dist-packages/neutron_lib/callbacks/manager.py:176}}
Sep 25 00:55:45.858264 dv-cinder-master-3-iscsi neutron-server[106228]: INFO neutron.wsgi [None req-6a5456f2-ed16-4b6a-b81d-9e9eb484380f admin admin] 10.222.0.52 "DELETE /networking/v2.0/security-groups/2a661fd5-a0bc-4853-8d4d-e156089afde6 HTTP/1.1" status: 204 len: 168 time: 0.4209647
Sep 25 00:55:45.862864 dv-cinder-master-3-iscsi neutron-server[106231]: DEBUG neutron.plugins.ml2.db [None req-c192b7ce-7dcb-4ecb-acff-0bf1d41441b7 None None] For port 0fd59bde-e230-44a6-9879-6a2bbb95a5fb, host dv-cinder-master-3-iscsi, cleared binding levels {{(pid=106231) clear_binding_levels /opt/stack/neutron/neutron/plugins/ml2/db.py:87}}
Sep 25 00:55:45.869757 dv-cinder-master-3-iscsi neutron-server[106231]: DEBUG neutron.plugins.ml2.db [None req-c192b7ce-7dcb-4ecb-acff-0bf1d41441b7 None None] For port 0fd59bde-e230-44a6-9879-6a2bbb95a5fb, host dv-cinder-master-3-iscsi, set binding levels [PortBindingLevel(driver='openvswitch',host='dv-cinder-master-3-iscsi',level=0,port_id=0fd59bde-e230-44a6-9879-6a2bbb95a5fb,segment=NetworkSegment(8ce8cc5e-c7c0-4ed0-855c-d3aeb61eab7c),segment_id=8ce8cc5e-c7c0-4ed0-855c-d3aeb61eab7c)] {{(pid=106231) set_binding_levels /opt/stack/neutron/neutron/plugins/ml2/db.py:59}}
Sep 25 00:55:45.883770 dv-cinder-master-3-iscsi neutron-server[106231]: DEBUG neutron_lib.callbacks.manager [None req-c192b7ce-7dcb-4ecb-acff-0bf1d41441b7 None None] Publish callbacks ['neutron.plugins.ml2.plugin.SecurityGroupServerNotifierRpcMixin._notify_sg_on_port_change-754315', 'neutron.plugins.ml2.ovo_rpc._ObjectChangeHandler.handle_event-464371', 'neutron.api.rpc.agentnotifiers.dhcp_rpc_agent_api.DhcpAgentNotifyAPI._native_event_send_dhcp_notification-267965202', 'neutron.db.l3_db.L3RpcNotifierMixin._notify_gateway_port_ip_changed-8726434275494', 'neutron.db.l3_dvrscheduler_db._notify_l3_agent_port_update-8726433837541', 'neutron.db.l3_hascheduler_db._notify_l3_agent_ha_port_update-8726433837559'] for port (0fd59bde-e230-44a6-9879-6a2bbb95a5fb), after_update {{(pid=106231) _notify_loop /usr/local/lib/python3.8/dist-packages/neutron_lib/callbacks/manager.py:176}}
Sep 25 00:55:45.891934 dv-cinder-master-3-iscsi neutron-server[106230]: DEBUG neutron.plugins.ml2.db [None req-eceb535c-72da-43af-be10-a971c11f7820 None None] For port 5f7cf548-5cfd-4292-be0b-8779295d8830, host dv-cinder-master-3-iscsi, got binding levels [PortBindingLevel(driver='openvswitch',host='dv-cinder-master-3-iscsi',level=0,port_id=5f7cf548-5cfd-4292-be0b-8779295d8830,segment=NetworkSegment(32553459-8243-41b9-9fc0-bae9f5646e9f),segment_id=32553459-8243-41b9-9fc0-bae9f5646e9f)] {{(pid=106230) get_binding_level_objs /opt/stack/neutron/neutron/plugins/ml2/db.py:74}}
Sep 25 00:55:45.913695 dv-cinder-master-3-iscsi neutron-server[106230]: DEBUG neutron_lib.callbacks.manager [None req-eceb535c-72da-43af-be10-a971c11f7820 None None] Publish callbacks ['neutron.plugins.ml2.plugin.SecurityGroupServerNotifierRpcMixin._notify_sg_on_port_change-754315', 'neutron.plugins.ml2.ovo_rpc._ObjectChangeHandler.handle_event-464371', 'neutron.api.rpc.agentnotifiers.dhcp_rpc_agent_api.DhcpAgentNotifyAPI._native_event_send_dhcp_notification-267965202', 'neutron.db.l3_db.L3RpcNotifierMixin._notify_gateway_port_ip_changed-8726434275494', 'neutron.db.l3_dvrscheduler_db._notify_l3_agent_port_update-8726433837541', 'neutron.db.l3_hascheduler_db._notify_l3_agent_ha_port_update-8726433837559'] for port (5f7cf548-5cfd-4292-be0b-8779295d8830), after_update {{(pid=106230) _notify_loop /usr/local/lib/python3.8/dist-packages/neutron_lib/callbacks/manager.py:176}}
Sep 25 00:55:45.917002 dv-cinder-master-3-iscsi neutron-server[106228]: DEBUG neutron.api.rpc.handlers.resources_rpc [None req-9d27bd3c-cd6d-4bcd-9aaa-b24db7be6c6b admin admin] Pushing event updated for resources: {'SecurityGroup': ['ID=2a661fd5-a0bc-4853-8d4d-e156089afde6,revision_number=1']} {{(pid=106228) push /opt/stack/neutron/neutron/api/rpc/handlers/resources_rpc.py:237}}
Sep 25 00:55:45.921867 dv-cinder-master-3-iscsi neutron-server[106231]: DEBUG neutron.api.rpc.handlers.resources_rpc [None req-d3b5c628-3820-4825-b4ad-1e60d6d7cd93 None None] Pushing event updated for resources: {'Port': ['ID=0fd59bde-e230-44a6-9879-6a2bbb95a5fb,revision_number=2']} {{(pid=106231) push /opt/stack/neutron/neutron/api/rpc/handlers/resources_rpc.py:237}}
Sep 25 00:55:45.934674 dv-cinder-master-3-iscsi neutron-server[106230]: DEBUG neutron.plugins.ml2.plugin [None req-c00c2c73-08d7-443c-8929-c4f85b465749 None None] Current status of the port 5f7cf548-5cfd-4292-be0b-8779295d8830 is: DOWN; New status is: ACTIVE {{(pid=106230) _update_individual_port_db_status /opt/stack/neutron/neutron/plugins/ml2/plugin.py:2321}}
Sep 25 00:55:45.935939 dv-cinder-master-3-iscsi neutron-server[106228]: DEBUG neutron_lib.callbacks.manager [None req-4f528b8d-bc2d-4e3d-a86c-00779a286e60 admin admin] Publish callbacks [] for security_group (61a8a399-410a-46ef-b7a9-ff48b0a458b4), precommit_delete {{(pid=106228) _notify_loop /usr/local/lib/python3.8/dist-packages/neutron_lib/callbacks/manager.py:176}}
Sep 25 00:55:45.938409 dv-cinder-master-3-iscsi neutron-server[106230]: DEBUG neutron_lib.callbacks.manager [None req-c00c2c73-08d7-443c-8929-c4f85b465749 None None] Publish callbacks ['neutron.plugins.ml2.plugin.SecurityGroupDbMixin._ensure_default_security_group_handler-755790'] for port (5f7cf548-5cfd-4292-be0b-8779295d8830), before_update {{(pid=106230) _notify_loop /usr/local/lib/python3.8/dist-packages/neutron_lib/callbacks/manager.py:176}}
Sep 25 00:55:45.938761 dv-cinder-master-3-iscsi neutron-server[106231]: DEBUG neutron.api.rpc.callbacks.version_manager [None req-d3b5c628-3820-4825-b4ad-1e60d6d7cd93 None None] Version for resource type AddressGroup changed None to 1.2 on consumer Open vSwitch agent@dv-cinder-master-3-iscsi {{(pid=106231) _set_version /opt/stack/neutron/neutron/api/rpc/callbacks/version_manager.py:113}}
Sep 25 00:55:45.939203 dv-cinder-master-3-iscsi neutron-server[106231]: DEBUG neutron.api.rpc.callbacks.version_manager [None req-d3b5c628-3820-4825-b4ad-1e60d6d7cd93 None None] Version for resource type Agent changed None to 1.1 on consumer Open vSwitch agent@dv-cinder-master-3-iscsi {{(pid=106231) _set_version /opt/stack/neutron/neutron/api/rpc/callbacks/version_manager.py:113}}
Sep 25 00:55:45.939653 dv-cinder-master-3-iscsi neutron-server[106231]: DEBUG neutron.api.rpc.callbacks.version_manager [None req-d3b5c628-3820-4825-b4ad-1e60d6d7cd93 None None] Version for resource type ConntrackHelper changed None to 1.0 on consumer Open vSwitch agent@dv-cinder-master-3-iscsi {{(pid=106231) _set_version /opt/stack/neutron/neutron/api/rpc/callbacks/version_manager.py:113}}
Sep 25 00:55:45.940170 dv-cinder-master-3-iscsi neutron-server[106231]: DEBUG neutron.api.rpc.callbacks.version_manager [None req-d3b5c628-3820-4825-b4ad-1e60d6d7cd93 None None] Version for resource type LocalIPAssociation changed None to 1.0 on consumer Open vSwitch agent@dv-cinder-master-3-iscsi {{(pid=106231) _set_version /opt/stack/neutron/neutron/api/rpc/callbacks/version_manager.py:113}}
Sep 25 00:55:45.940598 dv-cinder-master-3-iscsi neutron-server[106231]: DEBUG neutron.api.rpc.callbacks.version_manager [None req-d3b5c628-3820-4825-b4ad-1e60d6d7cd93 None None] Version for resource type Log changed None to 1.0 on consumer Open vSwitch agent@dv-cinder-master-3-iscsi {{(pid=106231) _set_version /opt/stack/neutron/neutron/api/rpc/callbacks/version_manager.py:113}}
Sep 25 00:55:45.941019 dv-cinder-master-3-iscsi neutron-server[106231]: DEBUG neutron.api.rpc.callbacks.version_manager [None req-d3b5c628-3820-4825-b4ad-1e60d6d7cd93 None None] Version for resource type NDPProxy changed None to 1.0 on consumer Open vSwitch agent@dv-cinder-master-3-iscsi {{(pid=106231) _set_version /opt/stack/neutron/neutron/api/rpc/callbacks/version_manager.py:113}}
Sep 25 00:55:45.942586 dv-cinder-master-3-iscsi neutron-server[106231]: DEBUG neutron.api.rpc.callbacks.version_manager [None req-d3b5c628-3820-4825-b4ad-1e60d6d7cd93 None None] Version for resource type Network changed None to 1.1 on consumer Open vSwitch agent@dv-cinder-master-3-iscsi {{(pid=106231) _set_version /opt/stack/neutron/neutron/api/rpc/callbacks/version_manager.py:113}}
Sep 25 00:55:45.943157 dv-cinder-master-3-iscsi neutron-server[106231]: DEBUG neutron.api.rpc.callbacks.version_manager [None req-d3b5c628-3820-4825-b4ad-1e60d6d7cd93 None None] Version for resource type Port changed None to 1.7 on consumer Open vSwitch agent@dv-cinder-master-3-iscsi {{(pid=106231) _set_version /opt/stack/neutron/neutron/api/rpc/callbacks/version_manager.py:113}}
Sep 25 00:55:45.943440 dv-cinder-master-3-iscsi neutron-server[106231]: DEBUG neutron.api.rpc.callbacks.version_manager [None req-d3b5c628-3820-4825-b4ad-1e60d6d7cd93 None None] Version for resource type PortForwarding changed None to 1.3 on consumer Open vSwitch agent@dv-cinder-master-3-iscsi {{(pid=106231) _set_version /opt/stack/neutron/neutron/api/rpc/callbacks/version_manager.py:113}}
Sep 25 00:55:45.943861 dv-cinder-master-3-iscsi neutron-server[106231]: DEBUG neutron.api.rpc.callbacks.version_manager [None req-d3b5c628-3820-4825-b4ad-1e60d6d7cd93 None None] Version for resource type QosPolicy changed None to 1.10 on consumer Open vSwitch agent@dv-cinder-master-3-iscsi {{(pid=106231) _set_version /opt/stack/neutron/neutron/api/rpc/callbacks/version_manager.py:113}}
Sep 25 00:55:45.944512 dv-cinder-master-3-iscsi neutron-server[106228]: DEBUG neutron.api.rpc.handlers.resources_rpc [None req-6a5456f2-ed16-4b6a-b81d-9e9eb484380f admin admin] Pushing event deleted for resources: {'SecurityGroup': ['ID=2a661fd5-a0bc-4853-8d4d-e156089afde6,revision_number=None']} {{(pid=106228) push /opt/stack/neutron/neutron/api/rpc/handlers/resources_rpc.py:237}}
Sep 25 00:55:45.944663 dv-cinder-master-3-iscsi neutron-server[106231]: DEBUG neutron.api.rpc.callbacks.version_manager [None req-d3b5c628-3820-4825-b4ad-1e60d6d7cd93 None None] Version for resource type SecurityGroup changed None to 1.5 on consumer Open vSwitch agent@dv-cinder-master-3-iscsi {{(pid=106231) _set_version /opt/stack/neutron/neutron/api/rpc/callbacks/version_manager.py:113}}
Sep 25 00:55:45.945141 dv-cinder-master-3-iscsi neutron-server[106231]: DEBUG neutron.api.rpc.callbacks.version_manager [None req-d3b5c628-3820-4825-b4ad-1e60d6d7cd93 None None] Version for resource type SecurityGroupRule changed None to 1.2 on consumer Open vSwitch agent@dv-cinder-master-3-iscsi {{(pid=106231) _set_version /opt/stack/neutron/neutron/api/rpc/callbacks/version_manager.py:113}}
Sep 25 00:55:45.945585 dv-cinder-master-3-iscsi neutron-server[106231]: DEBUG neutron.api.rpc.callbacks.version_manager [None req-d3b5c628-3820-4825-b4ad-1e60d6d7cd93 None None] Version for resource type SubPort changed None to 1.0 on consumer Open vSwitch agent@dv-cinder-master-3-iscsi {{(pid=106231) _set_version /opt/stack/neutron/neutron/api/rpc/callbacks/version_manager.py:113}}
Sep 25 00:55:45.945997 dv-cinder-master-3-iscsi neutron-server[106231]: DEBUG neutron.api.rpc.callbacks.version_manager [None req-d3b5c628-3820-4825-b4ad-1e60d6d7cd93 None None] Version for resource type Subnet changed None to 1.1 on consumer Open vSwitch agent@dv-cinder-master-3-iscsi {{(pid=106231) _set_version /opt/stack/neutron/neutron/api/rpc/callbacks/version_manager.py:113}}
Sep 25 00:55:45.946573 dv-cinder-master-3-iscsi neutron-server[106231]: DEBUG neutron.api.rpc.callbacks.version_manager [None req-d3b5c628-3820-4825-b4ad-1e60d6d7cd93 None None] Version for resource type Trunk changed None to 1.1 on consumer Open vSwitch agent@dv-cinder-master-3-iscsi {{(pid=106231) _set_version /opt/stack/neutron/neutron/api/rpc/callbacks/version_manager.py:113}}
Sep 25 00:55:45.948622 dv-cinder-master-3-iscsi neutron-server[106231]: DEBUG neutron.api.rpc.callbacks.version_manager [None req-d3b5c628-3820-4825-b4ad-1e60d6d7cd93 None None] Tracked resource versions report:
Sep 25 00:55:45.948622 dv-cinder-master-3-iscsi neutron-server[106231]: pushed versions:
Sep 25 00:55:45.948622 dv-cinder-master-3-iscsi neutron-server[106231]: { 'AddressGroup': {'1.2'},
Sep 25 00:55:45.948622 dv-cinder-master-3-iscsi neutron-server[106231]: 'Agent': {'1.1'},
Sep 25 00:55:45.948622 dv-cinder-master-3-iscsi neutron-server[106231]: 'ConntrackHelper': {'1.0'},
Sep 25 00:55:45.948622 dv-cinder-master-3-iscsi neutron-server[106231]: 'LocalIPAssociation': {'1.0'},
Sep 25 00:55:45.948622 dv-cinder-master-3-iscsi neutron-server[106231]: 'Log': {'1.0'},
Sep 25 00:55:45.948622 dv-cinder-master-3-iscsi neutron-server[106231]: 'NDPProxy': {'1.0'},
Sep 25 00:55:45.948622 dv-cinder-master-3-iscsi neutron-server[106231]: 'Network': {'1.1'},
Sep 25 00:55:45.948622 dv-cinder-master-3-iscsi neutron-server[106231]: 'Port': {'1.7'},
Sep 25 00:55:45.948622 dv-cinder-master-3-iscsi neutron-server[106231]: 'PortForwarding': {'1.3'},
Sep 25 00:55:45.948622 dv-cinder-master-3-iscsi neutron-server[106231]: 'QosPolicy': {'1.10'},
Sep 25 00:55:45.948622 dv-cinder-master-3-iscsi neutron-server[106231]: 'SecurityGroup': {'1.5'},
Sep 25 00:55:45.948622 dv-cinder-master-3-iscsi neutron-server[106231]: 'SecurityGroupRule': {'1.2'},
Sep 25 00:55:45.948622 dv-cinder-master-3-iscsi neutron-server[106231]: 'SubPort': {'1.0'},
Sep 25 00:55:45.948622 dv-cinder-master-3-iscsi neutron-server[106231]: 'Subnet': {'1.1'},
Sep 25 00:55:45.948622 dv-cinder-master-3-iscsi neutron-server[106231]: 'Trunk': {'1.1'}}
Sep 25 00:55:45.948622 dv-cinder-master-3-iscsi neutron-server[106231]: consumer versions:
Sep 25 00:55:45.948622 dv-cinder-master-3-iscsi neutron-server[106231]: { DHCP agent@dv-cinder-master-3-iscsi: {},
Sep 25 00:55:45.948622 dv-cinder-master-3-iscsi neutron-server[106231]: HyperV agent@hv-cinder-maste: {},
Sep 25 00:55:45.948622 dv-cinder-master-3-iscsi neutron-server[106231]: L3 agent@dv-cinder-master-3-iscsi: {},
Sep 25 00:55:45.948622 dv-cinder-master-3-iscsi neutron-server[106231]: Metadata agent@dv-cinder-master-3-iscsi: {},
Sep 25 00:55:45.948622 dv-cinder-master-3-iscsi neutron-server[106231]: Metering agent@dv-cinder-master-3-iscsi: {},
Sep 25 00:55:45.948622 dv-cinder-master-3-iscsi neutron-server[106231]: Open vSwitch agent@dv-cinder-master-3-iscsi: { 'AddressGroup': '1.2',
Sep 25 00:55:45.948622 dv-cinder-master-3-iscsi neutron-server[106231]: 'Agent': '1.1',
Sep 25 00:55:45.948622 dv-cinder-master-3-iscsi neutron-server[106231]: 'ConntrackHelper': '1.0',
Sep 25 00:55:45.948622 dv-cinder-master-3-iscsi neutron-server[106231]: 'LocalIPAssociation': '1.0',
Sep 25 00:55:45.948622 dv-cinder-master-3-iscsi neutron-server[106231]: 'Log': '1.0',
Sep 25 00:55:45.948622 dv-cinder-master-3-iscsi neutron-server[106231]: 'NDPProxy': '1.0',
Sep 25 00:55:45.948622 dv-cinder-master-3-iscsi neutron-server[106231]: 'Network': '1.1',
Sep 25 00:55:45.948622 dv-cinder-master-3-iscsi neutron-server[106231]: 'Port': '1.7',
Sep 25 00:55:45.948622 dv-cinder-master-3-iscsi neutron-server[106231]: 'PortForwarding': '1.3',
Sep 25 00:55:45.948622 dv-cinder-master-3-iscsi neutron-server[106231]: 'QosPolicy': '1.10',
Sep 25 00:55:45.948622 dv-cinder-master-3-iscsi neutron-server[106231]: 'SecurityGroup': '1.5',
Sep 25 00:55:45.948622 dv-cinder-master-3-iscsi neutron-server[106231]: 'SecurityGroupRule': '1.2',
Sep 25 00:55:45.948622 dv-cinder-master-3-iscsi neutron-server[106231]: 'SubPort': '1.0',
Sep 25 00:55:45.948622 dv-cinder-master-3-iscsi neutron-server[106231]: 'Subnet': '1.1',
Sep 25 00:55:45.948622 dv-cinder-master-3-iscsi neutron-server[106231]: 'Trunk': '1.1'}}
Sep 25 00:55:45.948622 dv-cinder-master-3-iscsi neutron-server[106231]: {{(pid=106231) report /opt/stack/neutron/neutron/api/rpc/callbacks/version_manager.py:175}}
Sep 25 00:55:45.959955 dv-cinder-master-3-iscsi neutron-server[106231]: DEBUG neutron.db.l3_dvrscheduler_db [None req-c192b7ce-7dcb-4ecb-acff-0bf1d41441b7 None None] Routers {'73160037-7787-46b1-aa0d-c30aa092a69a'} bound to L3 agent in host dv-cinder-master-3-iscsi {{(pid=106231) _get_router_ids_for_agent /opt/stack/neutron/neutron/db/l3_dvrscheduler_db.py:422}}
Sep 25 00:55:45.960793 dv-cinder-master-3-iscsi neutron-server[106231]: DEBUG neutron.db.l3_hamode_db [None req-c192b7ce-7dcb-4ecb-acff-0bf1d41441b7 None None] neutron.services.l3_router.l3_router_plugin.L3RouterPlugin method get_ha_sync_data_for_host called with arguments (, 'dv-cinder-master-3-iscsi', Agent(admin_state_up=True,agent_type='L3 agent',availability_zone='nova',binary='neutron-l3-agent',configurations={"agent_mode": "legacy", "ex_gw_ports": 1, "extensions": [], "floating_ips": 0, "handle_internal_only_routers": true, "interface_driver": "openvswitch", "interfaces": 1, "log_agent_heartbeats": false, "routers": 1},created_at=2022-09-25T00:47:20Z,description=,heartbeat_timestamp=2022-09-25T00:55:20Z,host='dv-cinder-master-3-iscsi',id=21a13984-1e8b-4b11-8385-301283d4ff2e,load=0,resource_versions=,resources_synced=,started_at=2022-09-25T00:47:20Z,topic='l3_agent')) {'router_ids': ['73160037-7787-46b1-aa0d-c30aa092a69a'], 'active': True} {{(pid=106231) wrapper /usr/local/lib/python3.8/dist-packages/oslo_log/helpers.py:65}}
Sep 25 00:55:46.004412 dv-cinder-master-3-iscsi neutron-server[106228]: DEBUG neutron.db.db_base_plugin_common [None req-59743d0d-661e-498d-aab8-560b2b93ac52 admin admin] Allocated IP 172.37.1.204 (62195cd6-54fa-4e24-9d47-ae0de6356ac2/d01a90bc-22e7-43bc-8649-e22859dad8e0/eb9862a9-2d1e-4843-945a-d227bfbd9cd7) {{(pid=106228) _store_ip_allocation /opt/stack/neutron/neutron/db/db_base_plugin_common.py:131}}
Sep 25 00:55:46.012570 dv-cinder-master-3-iscsi neutron-server[106229]: DEBUG dbcounter [-] [106229] Writing DB stats neutron:SELECT=93,neutron:INSERT=5,neutron:DELETE=1,neutron:UPDATE=1 {{(pid=106229) stat_writer /usr/local/lib/python3.8/dist-packages/dbcounter.py:114}}
Sep 25 00:55:46.104631 dv-cinder-master-3-iscsi neutron-server[106230]: DEBUG neutron.api.rpc.handlers.resources_rpc [None req-408caf07-5361-4b29-985f-573c75e664b9 None None] Pushing event updated for resources: {'Port': ['ID=fc7bb1a7-9a53-42b3-8205-cc1649a623f2,revision_number=2']} {{(pid=106230) push /opt/stack/neutron/neutron/api/rpc/handlers/resources_rpc.py:237}}
Sep 25 00:55:46.162058 dv-cinder-master-3-iscsi neutron-server[106231]: DEBUG neutron.db.l3_dvr_db [None req-c192b7ce-7dcb-4ecb-acff-0bf1d41441b7 None None] Set router 73160037-7787-46b1-aa0d-c30aa092a69a gateway port host: dv-cinder-master-3-iscsi {{(pid=106231) _build_routers_list /opt/stack/neutron/neutron/db/l3_dvr_db.py:907}}
Sep 25 00:55:46.168547 dv-cinder-master-3-iscsi neutron-server[106229]: DEBUG neutron_lib.callbacks.manager [None req-4206988b-b5a1-4b85-ae33-9056d101dbbb admin admin] Publish callbacks [] for router_gateway (0366ab62-209a-4a0a-a198-da6587ec3f4a), precommit_update {{(pid=106229) _notify_loop /usr/local/lib/python3.8/dist-packages/neutron_lib/callbacks/manager.py:176}}
Sep 25 00:55:46.174038 dv-cinder-master-3-iscsi neutron-server[106228]: DEBUG neutron_lib.callbacks.manager [None req-34b754fe-4a86-4e68-91a4-c28094800ba8 admin admin] Publish callbacks [] for router_gateway (1756485f-d872-4799-a254-ef11e7f98682), before_create {{(pid=106228) _notify_loop /usr/local/lib/python3.8/dist-packages/neutron_lib/callbacks/manager.py:176}}
Sep 25 00:55:46.204798 dv-cinder-master-3-iscsi neutron-server[106230]: DEBUG neutron.plugins.ml2.drivers.mech_agent [None req-7805f2ef-cd3f-47d7-bea5-6bbedf550ca1 None None] Checking agent: {'id': '702ea7d9-c72c-4888-b659-c6589a7004a7', 'agent_type': 'Open vSwitch agent', 'binary': 'neutron-openvswitch-agent', 'topic': 'N/A', 'host': 'dv-cinder-master-3-iscsi', 'admin_state_up': True, 'created_at': datetime.datetime(2022, 9, 25, 0, 47, 22), 'started_at': datetime.datetime(2022, 9, 25, 0, 47, 52), 'heartbeat_timestamp': datetime.datetime(2022, 9, 25, 0, 55, 22), 'description': None, 'resources_synced': None, 'availability_zone': None, 'alive': True, 'configurations': {'arp_responder_enabled': False, 'baremetal_smartnic': False, 'bridge_mappings': {'physnet1': 'br-data'}, 'datapath_type': 'system', 'devices': 0, 'enable_distributed_routing': False, 'extensions': [], 'in_distributed_mode': False, 'integration_bridge': 'br-int', 'l2_population': False, 'log_agent_heartbeats': False, 'ovs_capabilities': {'datapath_types': ['netdev', 'system'], 'iface_types': ['erspan', 'geneve', 'gre', 'internal', 'ip6erspan', 'ip6gre', 'lisp', 'patch', 'stt', 'system', 'tap', 'vxlan']}, 'ovs_hybrid_plug': False, 'resource_provider_bandwidths': {}, 'resource_provider_hypervisors': {'br-data': 'dv-cinder-master-3-iscsi'}, 'resource_provider_inventory_defaults': {'allocation_ratio': 1.0, 'min_unit': 1, 'step_size': 1, 'reserved': 0}, 'resource_provider_packet_processing_inventory_defaults': {'allocation_ratio': 1.0, 'min_unit': 1, 'step_size': 1, 'reserved': 0}, 'resource_provider_packet_processing_with_direction': {}, 'resource_provider_packet_processing_without_direction': {}, 'tunnel_types': [], 'tunneling_ip': None, 'vhostuser_socket_dir': '/var/run/openvswitch'}, 'resource_versions': {'AddressGroup': '1.2', 'Agent': '1.1', 'ConntrackHelper': '1.0', 'LocalIPAssociation': '1.0', 'Log': '1.0', 'NDPProxy': '1.0', 'Network': '1.1', 'Port': '1.7', 'PortForwarding': '1.3', 'QosPolicy': '1.10', 'SecurityGroup': '1.5', 'SecurityGroupRule': '1.2', 'SubPort': '1.0', 'Subnet': '1.1', 'Trunk': '1.1'}} {{(pid=106230) bind_port /opt/stack/neutron/neutron/plugins/ml2/drivers/mech_agent.py:127}}
Sep 25 00:55:46.204981 dv-cinder-master-3-iscsi neutron-server[106230]: DEBUG neutron.plugins.ml2.drivers.mech_agent [None req-7805f2ef-cd3f-47d7-bea5-6bbedf550ca1 None None] Checking segment: {'id': '60226fdd-ab84-4bff-9bed-5551adf26f89', 'network_type': 'vlan', 'physical_network': 'physnet1', 'segmentation_id': 87, 'network_id': '334cdfa6-14bd-4f9b-b93c-dbd866cdb6bb'} for mappings: {'physnet1': 'br-data'} with network types: ['local', 'flat', 'vlan'] {{(pid=106230) check_segment_for_agent /opt/stack/neutron/neutron/plugins/ml2/drivers/mech_agent.py:399}}
Sep 25 00:55:46.205630 dv-cinder-master-3-iscsi neutron-server[106230]: DEBUG neutron_lib.callbacks.manager [None req-7805f2ef-cd3f-47d7-bea5-6bbedf550ca1 None None] Publish callbacks [] for ovs_bridge_name (None), before_read {{(pid=106230) _notify_loop /usr/local/lib/python3.8/dist-packages/neutron_lib/callbacks/manager.py:176}}
Sep 25 00:55:46.206026 dv-cinder-master-3-iscsi neutron-server[106230]: DEBUG neutron.plugins.ml2.drivers.mech_agent [None req-7805f2ef-cd3f-47d7-bea5-6bbedf550ca1 None None] Bound using segment: {'id': '60226fdd-ab84-4bff-9bed-5551adf26f89', 'network_type': 'vlan', 'physical_network': 'physnet1', 'segmentation_id': 87, 'network_id': '334cdfa6-14bd-4f9b-b93c-dbd866cdb6bb'} {{(pid=106230) bind_port /opt/stack/neutron/neutron/plugins/ml2/drivers/mech_agent.py:137}}
Sep 25 00:55:46.206890 dv-cinder-master-3-iscsi neutron-server[106230]: DEBUG neutron.plugins.ml2.managers [None req-7805f2ef-cd3f-47d7-bea5-6bbedf550ca1 None None] Bound port: 8a22f42d-c327-4ae1-9e34-d8947d30272d, host: dv-cinder-master-3-iscsi, vif_type: ovs, vif_details: {"connectivity": "l2", "port_filter": true, "ovs_hybrid_plug": false, "datapath_type": "system", "bridge_name": "br-int"}, binding_levels: [{'bound_driver': 'openvswitch', 'bound_segment': {'id': '60226fdd-ab84-4bff-9bed-5551adf26f89', 'network_type': 'vlan', 'physical_network': 'physnet1', 'segmentation_id': 87, 'network_id': '334cdfa6-14bd-4f9b-b93c-dbd866cdb6bb'}}] {{(pid=106230) _bind_port_level /opt/stack/neutron/neutron/plugins/ml2/managers.py:947}}
Sep 25 00:55:46.207005 dv-cinder-master-3-iscsi neutron-server[106230]: DEBUG neutron_lib.callbacks.manager [None req-7805f2ef-cd3f-47d7-bea5-6bbedf550ca1 None None] Publish callbacks ['neutron.plugins.ml2.plugin.SecurityGroupDbMixin._ensure_default_security_group_handler-755790'] for port (8a22f42d-c327-4ae1-9e34-d8947d30272d), before_update {{(pid=106230) _notify_loop /usr/local/lib/python3.8/dist-packages/neutron_lib/callbacks/manager.py:176}}
Sep 25 00:55:46.213132 dv-cinder-master-3-iscsi neutron-server[106229]: DEBUG neutron.db.db_base_plugin_common [None req-a8f27b3d-cbf0-4429-a96e-6ace646354fa admin admin] Allocated IP 172.20.0.1 (5dc49b54-686c-4619-ad4c-65c72c26fd31/0e647c01-1f0c-448e-8162-e47ee7cb9c90/a62d43a0-f84e-4f0c-bde1-8e3aa339843e) {{(pid=106229) _store_ip_allocation /opt/stack/neutron/neutron/db/db_base_plugin_common.py:131}}
Sep 25 00:55:46.222645 dv-cinder-master-3-iscsi neutron-server[106228]: DEBUG neutron_lib.callbacks.manager [None req-34b754fe-4a86-4e68-91a4-c28094800ba8 admin admin] Publish callbacks ['neutron.plugins.ml2.plugin.SecurityGroupDbMixin._ensure_default_security_group_handler-755790'] for port (None), before_create {{(pid=106228) _notify_loop /usr/local/lib/python3.8/dist-packages/neutron_lib/callbacks/manager.py:176}}
Sep 25 00:55:46.259910 dv-cinder-master-3-iscsi neutron-server[106231]: DEBUG dbcounter [-] [106231] Writing DB stats neutron:SELECT=98,neutron:UPDATE=2 {{(pid=106231) stat_writer /usr/local/lib/python3.8/dist-packages/dbcounter.py:114}}
Sep 25 00:55:46.261040 dv-cinder-master-3-iscsi neutron-server[106231]: DEBUG dbcounter [-] [106231] Writing DB stats neutron:SELECT=96,neutron:UPDATE=3,neutron:INSERT=1 {{(pid=106231) stat_writer /usr/local/lib/python3.8/dist-packages/dbcounter.py:114}}
Sep 25 00:55:46.322279 dv-cinder-master-3-iscsi neutron-server[106230]: DEBUG dbcounter [-] [106230] Writing DB stats neutron:SELECT=97,neutron:INSERT=1,neutron:UPDATE=2 {{(pid=106230) stat_writer /usr/local/lib/python3.8/dist-packages/dbcounter.py:114}}
Sep 25 00:55:46.336217 dv-cinder-master-3-iscsi neutron-server[106228]: DEBUG dbcounter [-] [106228] Writing DB stats neutron:INSERT=6,neutron:SELECT=88,neutron:DELETE=5,neutron:UPDATE=1 {{(pid=106228) stat_writer /usr/local/lib/python3.8/dist-packages/dbcounter.py:114}}
Sep 25 00:55:46.360054 dv-cinder-master-3-iscsi neutron-server[106228]: DEBUG neutron_lib.callbacks.manager [None req-4f528b8d-bc2d-4e3d-a86c-00779a286e60 admin admin] Publish callbacks ['neutron.plugins.ml2.ovo_rpc._ObjectChangeHandler.handle_event-267937223'] for security_group (61a8a399-410a-46ef-b7a9-ff48b0a458b4), after_delete {{(pid=106228) _notify_loop /usr/local/lib/python3.8/dist-packages/neutron_lib/callbacks/manager.py:176}}
Sep 25 00:55:46.363471 dv-cinder-master-3-iscsi neutron-server[106228]: DEBUG neutron_lib.callbacks.manager [None req-4f528b8d-bc2d-4e3d-a86c-00779a286e60 admin admin] Publish callbacks [] for security_group (None), before_response {{(pid=106228) _notify_loop /usr/local/lib/python3.8/dist-packages/neutron_lib/callbacks/manager.py:176}}
Sep 25 00:55:46.364851 dv-cinder-master-3-iscsi neutron-server[106228]: INFO neutron.wsgi [None req-4f528b8d-bc2d-4e3d-a86c-00779a286e60 admin admin] 10.222.0.52 "DELETE /networking/v2.0/security-groups/61a8a399-410a-46ef-b7a9-ff48b0a458b4 HTTP/1.1" status: 204 len: 168 time: 1.6821756
Sep 25 00:55:46.390927 dv-cinder-master-3-iscsi neutron-server[106228]: DEBUG neutron.api.rpc.handlers.resources_rpc [None req-4f528b8d-bc2d-4e3d-a86c-00779a286e60 admin admin] Pushing event deleted for resources: {'SecurityGroup': ['ID=61a8a399-410a-46ef-b7a9-ff48b0a458b4,revision_number=None']} {{(pid=106228) push /opt/stack/neutron/neutron/api/rpc/handlers/resources_rpc.py:237}}
Sep 25 00:55:46.463447 dv-cinder-master-3-iscsi neutron-server[106230]: DEBUG neutron.plugins.ml2.db [None req-7805f2ef-cd3f-47d7-bea5-6bbedf550ca1 None None] For port 8a22f42d-c327-4ae1-9e34-d8947d30272d, host dv-cinder-master-3-iscsi, cleared binding levels {{(pid=106230) clear_binding_levels /opt/stack/neutron/neutron/plugins/ml2/db.py:87}}
Sep 25 00:55:46.468515 dv-cinder-master-3-iscsi neutron-server[106230]: DEBUG neutron.plugins.ml2.db [None req-7805f2ef-cd3f-47d7-bea5-6bbedf550ca1 None None] For port 8a22f42d-c327-4ae1-9e34-d8947d30272d, host dv-cinder-master-3-iscsi, set binding levels [PortBindingLevel(driver='openvswitch',host='dv-cinder-master-3-iscsi',level=0,port_id=8a22f42d-c327-4ae1-9e34-d8947d30272d,segment=NetworkSegment(60226fdd-ab84-4bff-9bed-5551adf26f89),segment_id=60226fdd-ab84-4bff-9bed-5551adf26f89)] {{(pid=106230) set_binding_levels /opt/stack/neutron/neutron/plugins/ml2/db.py:59}}
Sep 25 00:55:46.471803 dv-cinder-master-3-iscsi neutron-server[106228]: DEBUG neutron_lib.callbacks.manager [None req-59743d0d-661e-498d-aab8-560b2b93ac52 admin admin] Publish callbacks [] for port (eb9862a9-2d1e-4843-945a-d227bfbd9cd7), precommit_create {{(pid=106228) _notify_loop /usr/local/lib/python3.8/dist-packages/neutron_lib/callbacks/manager.py:176}}
Sep 25 00:55:46.498770 dv-cinder-master-3-iscsi neutron-server[106231]: DEBUG neutron.api.rpc.handlers.resources_rpc [None req-d3b5c628-3820-4825-b4ad-1e60d6d7cd93 None None] Pushing event updated for resources: {'Port': ['ID=0fd59bde-e230-44a6-9879-6a2bbb95a5fb,revision_number=3']} {{(pid=106231) push /opt/stack/neutron/neutron/api/rpc/handlers/resources_rpc.py:237}}
Sep 25 00:55:46.542622 dv-cinder-master-3-iscsi neutron-server[106230]: DEBUG neutron.api.rpc.handlers.resources_rpc [None req-eceb535c-72da-43af-be10-a971c11f7820 None None] Pushing event updated for resources: {'Port': ['ID=5f7cf548-5cfd-4292-be0b-8779295d8830,revision_number=3']} {{(pid=106230) push /opt/stack/neutron/neutron/api/rpc/handlers/resources_rpc.py:237}}
Sep 25 00:55:46.553284 dv-cinder-master-3-iscsi neutron-server[106228]: DEBUG neutron.wsgi [-] (106228) accepted ('10.222.0.52', 59598) {{(pid=106228) server /usr/local/lib/python3.8/dist-packages/eventlet/wsgi.py:1004}}
Sep 25 00:55:46.575137 dv-cinder-master-3-iscsi neutron-server[106230]: DEBUG neutron_lib.callbacks.manager [None req-7805f2ef-cd3f-47d7-bea5-6bbedf550ca1 None None] Publish callbacks ['neutron.plugins.ml2.plugin.SecurityGroupServerNotifierRpcMixin._notify_sg_on_port_change-754315', 'neutron.plugins.ml2.ovo_rpc._ObjectChangeHandler.handle_event-464371', 'neutron.api.rpc.agentnotifiers.dhcp_rpc_agent_api.DhcpAgentNotifyAPI._native_event_send_dhcp_notification-267965202', 'neutron.db.l3_db.L3RpcNotifierMixin._notify_gateway_port_ip_changed-8726434275494', 'neutron.db.l3_dvrscheduler_db._notify_l3_agent_port_update-8726433837541', 'neutron.db.l3_hascheduler_db._notify_l3_agent_ha_port_update-8726433837559'] for port (8a22f42d-c327-4ae1-9e34-d8947d30272d), after_update {{(pid=106230) _notify_loop /usr/local/lib/python3.8/dist-packages/neutron_lib/callbacks/manager.py:176}}
Sep 25 00:55:46.604592 dv-cinder-master-3-iscsi neutron-server[106228]: DEBUG neutron_lib.callbacks.manager [None req-a1fa8d58-ca60-4bd6-9a45-e8ede278040e admin admin] Publish callbacks [] for security_group (None), before_create {{(pid=106228) _notify_loop /usr/local/lib/python3.8/dist-packages/neutron_lib/callbacks/manager.py:176}}
