Aug 28 00:55:30.323782 dv-cinder-master-3-iscsi neutron-server[106316]: DEBUG neutron.api.rpc.handlers.resources_rpc [None req-53fcc738-b3e9-4ff9-bbfd-fc2b4ad65afb admin admin] Pushing event updated for resources: {'SecurityGroup': ['ID=8142e8b6-9f8f-4cb3-989e-08795bc8acbf,revision_number=1']} {{(pid=106316) push /opt/stack/neutron/neutron/api/rpc/handlers/resources_rpc.py:237}}
Aug 28 00:55:30.326069 dv-cinder-master-3-iscsi neutron-server[106315]: DEBUG neutron.wsgi [-] (106315) accepted ('10.222.0.42', 37550) {{(pid=106315) server /usr/local/lib/python3.8/dist-packages/eventlet/wsgi.py:1004}}
Aug 28 00:55:30.371956 dv-cinder-master-3-iscsi neutron-server[106317]: DEBUG neutron.plugins.ml2.db [None req-1b5f6d69-22eb-4480-a5df-2162186b2e61 None None] get_ports_and_sgs() called for port_ids ['ffe6cab9-475d-45bb-9156-c9785ed386fd'] {{(pid=106317) get_ports_and_sgs /opt/stack/neutron/neutron/plugins/ml2/db.py:163}}
Aug 28 00:55:30.379150 dv-cinder-master-3-iscsi neutron-server[106315]: DEBUG neutron_lib.callbacks.manager [None req-cddee619-e60b-4b21-864e-bdb49ca5a2b3 admin admin] Publish callbacks [] for security_group (8142e8b6-9f8f-4cb3-989e-08795bc8acbf), before_delete {{(pid=106315) _notify_loop /usr/local/lib/python3.8/dist-packages/neutron_lib/callbacks/manager.py:176}}
Aug 28 00:55:30.403363 dv-cinder-master-3-iscsi neutron-server[106315]: DEBUG neutron_lib.callbacks.manager [None req-cddee619-e60b-4b21-864e-bdb49ca5a2b3 admin admin] Publish callbacks [] for security_group (8142e8b6-9f8f-4cb3-989e-08795bc8acbf), precommit_delete {{(pid=106315) _notify_loop /usr/local/lib/python3.8/dist-packages/neutron_lib/callbacks/manager.py:176}}
Aug 28 00:55:30.473013 dv-cinder-master-3-iscsi neutron-server[106317]: DEBUG dbcounter [-] [106317] Writing DB stats neutron:SELECT=98,neutron:UPDATE=2 {{(pid=106317) stat_writer /usr/local/lib/python3.8/dist-packages/dbcounter.py:114}}
Aug 28 00:55:30.481124 dv-cinder-master-3-iscsi neutron-server[106315]: DEBUG neutron_lib.callbacks.manager [None req-cddee619-e60b-4b21-864e-bdb49ca5a2b3 admin admin] Publish callbacks ['neutron.plugins.ml2.ovo_rpc._ObjectChangeHandler.handle_event-8029589'] for security_group (8142e8b6-9f8f-4cb3-989e-08795bc8acbf), after_delete {{(pid=106315) _notify_loop /usr/local/lib/python3.8/dist-packages/neutron_lib/callbacks/manager.py:176}}
Aug 28 00:55:30.485884 dv-cinder-master-3-iscsi neutron-server[106315]: DEBUG neutron_lib.callbacks.manager [None req-cddee619-e60b-4b21-864e-bdb49ca5a2b3 admin admin] Publish callbacks [] for security_group (None), before_response {{(pid=106315) _notify_loop /usr/local/lib/python3.8/dist-packages/neutron_lib/callbacks/manager.py:176}}
Aug 28 00:55:30.489842 dv-cinder-master-3-iscsi neutron-server[106315]: INFO neutron.wsgi [None req-cddee619-e60b-4b21-864e-bdb49ca5a2b3 admin admin] 10.222.0.42 "DELETE /networking/v2.0/security-groups/8142e8b6-9f8f-4cb3-989e-08795bc8acbf HTTP/1.1" status: 204 len: 168 time: 0.1627619
Aug 28 00:55:30.499906 dv-cinder-master-3-iscsi neutron-server[106315]: DEBUG neutron.api.rpc.handlers.resources_rpc [None req-cddee619-e60b-4b21-864e-bdb49ca5a2b3 admin admin] Pushing event deleted for resources: {'SecurityGroup': ['ID=8142e8b6-9f8f-4cb3-989e-08795bc8acbf,revision_number=None']} {{(pid=106315) push /opt/stack/neutron/neutron/api/rpc/handlers/resources_rpc.py:237}}
Aug 28 00:55:30.572156 dv-cinder-master-3-iscsi neutron-server[106315]: DEBUG neutron.wsgi [-] (106315) accepted ('10.222.0.42', 37566) {{(pid=106315) server /usr/local/lib/python3.8/dist-packages/eventlet/wsgi.py:1004}}
Aug 28 00:55:30.716926 dv-cinder-master-3-iscsi neutron-server[106315]: DEBUG neutron_lib.callbacks.manager [None req-97182fe7-5713-467c-82f6-18e98a853047 admin admin] Publish callbacks [] for security_group (None), before_create {{(pid=106315) _notify_loop /usr/local/lib/python3.8/dist-packages/neutron_lib/callbacks/manager.py:176}}
Aug 28 00:55:30.798543 dv-cinder-master-3-iscsi neutron-server[106315]: DEBUG neutron_lib.callbacks.manager [None req-97182fe7-5713-467c-82f6-18e98a853047 admin admin] Publish callbacks [] for security_group (eff084cd-15a0-479c-9ec9-58330d8ffc1d), precommit_create {{(pid=106315) _notify_loop /usr/local/lib/python3.8/dist-packages/neutron_lib/callbacks/manager.py:176}}
Aug 28 00:55:30.802850 dv-cinder-master-3-iscsi neutron-server[106315]: DEBUG neutron_lib.callbacks.manager [None req-97182fe7-5713-467c-82f6-18e98a853047 admin admin] Publish callbacks ['neutron.plugins.ml2.ovo_rpc._ObjectChangeHandler.handle_event-8029589'] for security_group (eff084cd-15a0-479c-9ec9-58330d8ffc1d), after_create {{(pid=106315) _notify_loop /usr/local/lib/python3.8/dist-packages/neutron_lib/callbacks/manager.py:176}}
Aug 28 00:55:30.820721 dv-cinder-master-3-iscsi neutron-server[106315]: DEBUG dbcounter [-] [106315] Writing DB stats neutron:SELECT=93,neutron:DELETE=2,neutron:INSERT=5 {{(pid=106315) stat_writer /usr/local/lib/python3.8/dist-packages/dbcounter.py:114}}
Aug 28 00:55:30.846345 dv-cinder-master-3-iscsi neutron-server[106315]: INFO neutron.wsgi [None req-97182fe7-5713-467c-82f6-18e98a853047 admin admin] 10.222.0.42 "GET /networking/v2.0/security-groups?tenant_id=1782b3b927be492a9255a0c25d773d34&name=default HTTP/1.1" status: 200 len: 2996 time: 0.2721643
Aug 28 00:55:30.848865 dv-cinder-master-3-iscsi neutron-server[106315]: DEBUG neutron.api.rpc.handlers.resources_rpc [None req-97182fe7-5713-467c-82f6-18e98a853047 admin admin] Pushing event updated for resources: {'SecurityGroup': ['ID=eff084cd-15a0-479c-9ec9-58330d8ffc1d,revision_number=1']} {{(pid=106315) push /opt/stack/neutron/neutron/api/rpc/handlers/resources_rpc.py:237}}
Aug 28 00:55:30.849491 dv-cinder-master-3-iscsi neutron-server[106316]: DEBUG neutron.wsgi [-] (106316) accepted ('10.222.0.42', 37574) {{(pid=106316) server /usr/local/lib/python3.8/dist-packages/eventlet/wsgi.py:1004}}
Aug 28 00:55:30.903407 dv-cinder-master-3-iscsi neutron-server[106316]: DEBUG neutron_lib.callbacks.manager [None req-3c0209af-c35a-46b5-801b-3527d328bd20 admin admin] Publish callbacks [] for security_group (eff084cd-15a0-479c-9ec9-58330d8ffc1d), before_delete {{(pid=106316) _notify_loop /usr/local/lib/python3.8/dist-packages/neutron_lib/callbacks/manager.py:176}}
Aug 28 00:55:30.906582 dv-cinder-master-3-iscsi neutron-server[106315]: DEBUG neutron.wsgi [-] (106315) accepted ('10.222.0.42', 37576) {{(pid=106315) server /usr/local/lib/python3.8/dist-packages/eventlet/wsgi.py:1004}}
Aug 28 00:55:30.920362 dv-cinder-master-3-iscsi neutron-server[106315]: DEBUG neutron_lib.callbacks.manager [None req-006636fe-1027-4c25-a6a8-3d3c5a6d8e0d admin admin] Publish callbacks [] for security_group (None), before_create {{(pid=106315) _notify_loop /usr/local/lib/python3.8/dist-packages/neutron_lib/callbacks/manager.py:176}}
Aug 28 00:55:30.925956 dv-cinder-master-3-iscsi neutron-server[106316]: DEBUG neutron_lib.callbacks.manager [None req-3c0209af-c35a-46b5-801b-3527d328bd20 admin admin] Publish callbacks [] for security_group (eff084cd-15a0-479c-9ec9-58330d8ffc1d), precommit_delete {{(pid=106316) _notify_loop /usr/local/lib/python3.8/dist-packages/neutron_lib/callbacks/manager.py:176}}
Aug 28 00:55:30.935845 dv-cinder-master-3-iscsi neutron-server[106316]: DEBUG dbcounter [-] [106316] Writing DB stats neutron:SELECT=83,neutron:INSERT=15,neutron:UPDATE=2 {{(pid=106316) stat_writer /usr/local/lib/python3.8/dist-packages/dbcounter.py:114}}
Aug 28 00:55:30.985667 dv-cinder-master-3-iscsi neutron-server[106316]: DEBUG neutron_lib.callbacks.manager [None req-3c0209af-c35a-46b5-801b-3527d328bd20 admin admin] Publish callbacks ['neutron.plugins.ml2.ovo_rpc._ObjectChangeHandler.handle_event-8029589'] for security_group (eff084cd-15a0-479c-9ec9-58330d8ffc1d), after_delete {{(pid=106316) _notify_loop /usr/local/lib/python3.8/dist-packages/neutron_lib/callbacks/manager.py:176}}
Aug 28 00:55:30.988216 dv-cinder-master-3-iscsi neutron-server[106316]: DEBUG neutron_lib.callbacks.manager [None req-3c0209af-c35a-46b5-801b-3527d328bd20 admin admin] Publish callbacks [] for security_group (None), before_response {{(pid=106316) _notify_loop /usr/local/lib/python3.8/dist-packages/neutron_lib/callbacks/manager.py:176}}
Aug 28 00:55:30.989395 dv-cinder-master-3-iscsi neutron-server[106316]: INFO neutron.wsgi [None req-3c0209af-c35a-46b5-801b-3527d328bd20 admin admin] 10.222.0.42 "DELETE /networking/v2.0/security-groups/eff084cd-15a0-479c-9ec9-58330d8ffc1d HTTP/1.1" status: 204 len: 168 time: 0.1388912
Aug 28 00:55:30.999979 dv-cinder-master-3-iscsi neutron-server[106316]: DEBUG neutron.api.rpc.handlers.resources_rpc [None req-3c0209af-c35a-46b5-801b-3527d328bd20 admin admin] Pushing event deleted for resources: {'SecurityGroup': ['ID=eff084cd-15a0-479c-9ec9-58330d8ffc1d,revision_number=None']} {{(pid=106316) push /opt/stack/neutron/neutron/api/rpc/handlers/resources_rpc.py:237}}
Aug 28 00:55:31.045140 dv-cinder-master-3-iscsi neutron-server[106315]: DEBUG neutron_lib.callbacks.manager [None req-006636fe-1027-4c25-a6a8-3d3c5a6d8e0d admin admin] Publish callbacks [] for security_group (75e9bbb2-6c00-425a-b757-91ca33223f64), precommit_create {{(pid=106315) _notify_loop /usr/local/lib/python3.8/dist-packages/neutron_lib/callbacks/manager.py:176}}
Aug 28 00:55:31.051203 dv-cinder-master-3-iscsi neutron-server[106315]: DEBUG neutron_lib.callbacks.manager [None req-006636fe-1027-4c25-a6a8-3d3c5a6d8e0d admin admin] Publish callbacks ['neutron.plugins.ml2.ovo_rpc._ObjectChangeHandler.handle_event-8029589'] for security_group (75e9bbb2-6c00-425a-b757-91ca33223f64), after_create {{(pid=106315) _notify_loop /usr/local/lib/python3.8/dist-packages/neutron_lib/callbacks/manager.py:176}}
Aug 28 00:55:31.097484 dv-cinder-master-3-iscsi neutron-server[106315]: DEBUG neutron.pecan_wsgi.hooks.policy_enforcement [req-e7d45e47-bad2-4568-9c05-0e6fdd7ae9c1 req-89d7e2b3-559f-4910-82ba-aafff0171100 tempest-ServerRescueNegativeTestJSON-859719664 tempest-ServerRescueNegativeTestJSON-859719664-project] Attributes excluded by policy engine: ['standard_attr_id', 'binding:profile', 'binding:host_id', 'binding:vif_type', 'binding:vif_details'] {{(pid=106315) _exclude_attributes_by_policy /opt/stack/neutron/neutron/pecan_wsgi/hooks/policy_enforcement.py:259}}
Aug 28 00:55:31.098964 dv-cinder-master-3-iscsi neutron-server[106315]: INFO neutron.wsgi [req-e7d45e47-bad2-4568-9c05-0e6fdd7ae9c1 req-89d7e2b3-559f-4910-82ba-aafff0171100 tempest-ServerRescueNegativeTestJSON-859719664 tempest-ServerRescueNegativeTestJSON-859719664-project] 10.222.0.42 "GET /networking/v2.0/ports?device_id=460a7822-a544-4b66-9361-79ac7d118804 HTTP/1.1" status: 200 len: 944 time: 0.0992568
Aug 28 00:55:31.137705 dv-cinder-master-3-iscsi neutron-server[106315]: DEBUG neutron.api.rpc.handlers.resources_rpc [None req-006636fe-1027-4c25-a6a8-3d3c5a6d8e0d admin admin] Pushing event updated for resources: {'SecurityGroup': ['ID=75e9bbb2-6c00-425a-b757-91ca33223f64,revision_number=1']} {{(pid=106315) push /opt/stack/neutron/neutron/api/rpc/handlers/resources_rpc.py:237}}
Aug 28 00:55:31.147392 dv-cinder-master-3-iscsi neutron-server[106315]: INFO neutron.wsgi [None req-006636fe-1027-4c25-a6a8-3d3c5a6d8e0d admin admin] 10.222.0.42 "GET /networking/v2.0/security-groups?tenant_id=ef293af3c6344f448140cf090632af81&name=default HTTP/1.1" status: 200 len: 2996 time: 0.2370920
Aug 28 00:55:31.147797 dv-cinder-master-3-iscsi neutron-server[106316]: DEBUG neutron.wsgi [-] (106316) accepted ('10.222.0.42', 37586) {{(pid=106316) server /usr/local/lib/python3.8/dist-packages/eventlet/wsgi.py:1004}}
Aug 28 00:55:31.166211 dv-cinder-master-3-iscsi neutron-server[106315]: DEBUG neutron.pecan_wsgi.hooks.policy_enforcement [req-8ef1b44e-7103-4778-a6cb-15bf9639f405 req-a5a2e523-d2d4-445d-a076-2219df864e9b tempest-AttachVolumeShelveTestJSON-349481608 tempest-AttachVolumeShelveTestJSON-349481608-project] Attributes excluded by policy engine: ['standard_attr_id', 'binding:profile', 'binding:host_id', 'binding:vif_type', 'binding:vif_details'] {{(pid=106315) _exclude_attributes_by_policy /opt/stack/neutron/neutron/pecan_wsgi/hooks/policy_enforcement.py:259}}
Aug 28 00:55:31.167697 dv-cinder-master-3-iscsi neutron-server[106315]: INFO neutron.wsgi [req-8ef1b44e-7103-4778-a6cb-15bf9639f405 req-a5a2e523-d2d4-445d-a076-2219df864e9b tempest-AttachVolumeShelveTestJSON-349481608 tempest-AttachVolumeShelveTestJSON-349481608-project] 10.222.0.42 "GET /networking/v2.0/ports?device_id=dd61123b-7a96-4c9e-936c-5794a4fdd7df HTTP/1.1" status: 200 len: 943 time: 0.0945392
Aug 28 00:55:31.212315 dv-cinder-master-3-iscsi neutron-server[106315]: INFO neutron.wsgi [req-e7d45e47-bad2-4568-9c05-0e6fdd7ae9c1 req-9ab07fe8-6357-4a5d-b4be-314b8a555e74 tempest-ServerRescueNegativeTestJSON-859719664 tempest-ServerRescueNegativeTestJSON-859719664-project] 10.222.0.42 "GET /networking/v2.0/security-groups?id=fc19465b-1271-4253-9fd7-1f747a210578&fields=id&fields=name HTTP/1.1" status: 200 len: 286 time: 0.1047051
Aug 28 00:55:31.212888 dv-cinder-master-3-iscsi neutron-server[106316]: DEBUG neutron_lib.callbacks.manager [None req-4ae37fd4-785d-477e-b172-0efa02ddc27d admin admin] Publish callbacks [] for security_group (75e9bbb2-6c00-425a-b757-91ca33223f64), before_delete {{(pid=106316) _notify_loop /usr/local/lib/python3.8/dist-packages/neutron_lib/callbacks/manager.py:176}}
Aug 28 00:55:31.241251 dv-cinder-master-3-iscsi neutron-server[106315]: INFO neutron.wsgi [req-8ef1b44e-7103-4778-a6cb-15bf9639f405 req-97f32908-0628-43bd-aad1-887648f5bf87 tempest-AttachVolumeShelveTestJSON-349481608 tempest-AttachVolumeShelveTestJSON-349481608-project] 10.222.0.42 "GET /networking/v2.0/security-groups?id=cff1153d-cf3a-4ee7-b90d-1918f6710c7b&fields=id&fields=name HTTP/1.1" status: 200 len: 311 time: 0.0625930
Aug 28 00:55:31.252887 dv-cinder-master-3-iscsi neutron-server[106316]: DEBUG neutron_lib.callbacks.manager [None req-4ae37fd4-785d-477e-b172-0efa02ddc27d admin admin] Publish callbacks [] for security_group (75e9bbb2-6c00-425a-b757-91ca33223f64), precommit_delete {{(pid=106316) _notify_loop /usr/local/lib/python3.8/dist-packages/neutron_lib/callbacks/manager.py:176}}
Aug 28 00:55:31.316026 dv-cinder-master-3-iscsi neutron-server[106316]: DEBUG neutron_lib.callbacks.manager [None req-4ae37fd4-785d-477e-b172-0efa02ddc27d admin admin] Publish callbacks ['neutron.plugins.ml2.ovo_rpc._ObjectChangeHandler.handle_event-8029589'] for security_group (75e9bbb2-6c00-425a-b757-91ca33223f64), after_delete {{(pid=106316) _notify_loop /usr/local/lib/python3.8/dist-packages/neutron_lib/callbacks/manager.py:176}}
Aug 28 00:55:31.328078 dv-cinder-master-3-iscsi neutron-server[106316]: DEBUG neutron_lib.callbacks.manager [None req-4ae37fd4-785d-477e-b172-0efa02ddc27d admin admin] Publish callbacks [] for security_group (None), before_response {{(pid=106316) _notify_loop /usr/local/lib/python3.8/dist-packages/neutron_lib/callbacks/manager.py:176}}
Aug 28 00:55:31.329466 dv-cinder-master-3-iscsi neutron-server[106316]: INFO neutron.wsgi [None req-4ae37fd4-785d-477e-b172-0efa02ddc27d admin admin] 10.222.0.42 "DELETE /networking/v2.0/security-groups/75e9bbb2-6c00-425a-b757-91ca33223f64 HTTP/1.1" status: 204 len: 168 time: 0.1805835
Aug 28 00:55:31.339152 dv-cinder-master-3-iscsi neutron-server[106316]: DEBUG neutron.api.rpc.handlers.resources_rpc [None req-4ae37fd4-785d-477e-b172-0efa02ddc27d admin admin] Pushing event deleted for resources: {'SecurityGroup': ['ID=75e9bbb2-6c00-425a-b757-91ca33223f64,revision_number=None']} {{(pid=106316) push /opt/stack/neutron/neutron/api/rpc/handlers/resources_rpc.py:237}}
Aug 28 00:55:31.365773 dv-cinder-master-3-iscsi neutron-server[106315]: INFO neutron.wsgi [req-23833792-9c5c-4c98-abf0-11649e92f3cd req-be9a2eb4-d153-4993-af50-da416ed23d8a tempest-AttachVolumeTestJSON-192914243 tempest-AttachVolumeTestJSON-192914243-project] 10.222.0.42 "GET /networking/v2.0/ports?device_id=e434e4f9-9d0e-46f2-bea3-395bae33fc92 HTTP/1.1" status: 200 len: 210 time: 0.0596755
Aug 28 00:55:31.418057 dv-cinder-master-3-iscsi neutron-server[106315]: DEBUG neutron.pecan_wsgi.hooks.policy_enforcement [req-53da728e-ea0a-4931-945d-5df732f5d2e0 req-c0d27275-d6fd-4cc2-a4f3-6b4ab3ab850a tempest-DeleteServersTestJSON-997478319 tempest-DeleteServersTestJSON-997478319-project] Attributes excluded by policy engine: ['standard_attr_id', 'binding:profile', 'binding:host_id', 'binding:vif_type', 'binding:vif_details'] {{(pid=106315) _exclude_attributes_by_policy /opt/stack/neutron/neutron/pecan_wsgi/hooks/policy_enforcement.py:259}}
Aug 28 00:55:31.419909 dv-cinder-master-3-iscsi neutron-server[106315]: INFO neutron.wsgi [req-53da728e-ea0a-4931-945d-5df732f5d2e0 req-c0d27275-d6fd-4cc2-a4f3-6b4ab3ab850a tempest-DeleteServersTestJSON-997478319 tempest-DeleteServersTestJSON-997478319-project] 10.222.0.42 "GET /networking/v2.0/ports?device_id=4d664b12-2edd-46e0-bcf3-4d94eb576bcd HTTP/1.1" status: 200 len: 945 time: 0.0531812
Aug 28 00:55:31.502454 dv-cinder-master-3-iscsi neutron-server[106315]: DEBUG dbcounter [-] [106315] Writing DB stats neutron:SELECT=81,neutron:DELETE=4,neutron:INSERT=13,neutron:UPDATE=2 {{(pid=106315) stat_writer /usr/local/lib/python3.8/dist-packages/dbcounter.py:114}}
Aug 28 00:55:31.510376 dv-cinder-master-3-iscsi neutron-server[106315]: DEBUG neutron.pecan_wsgi.hooks.policy_enforcement [req-ed334818-b837-4cf6-ab60-7dbf7338f14f req-8d10c1eb-8757-4e61-a203-52742739b504 tempest-AttachVolumeNegativeTest-1105821037 tempest-AttachVolumeNegativeTest-1105821037-project] Attributes excluded by policy engine: ['standard_attr_id', 'binding:profile', 'binding:host_id', 'binding:vif_type', 'binding:vif_details'] {{(pid=106315) _exclude_attributes_by_policy /opt/stack/neutron/neutron/pecan_wsgi/hooks/policy_enforcement.py:259}}
Aug 28 00:55:31.512109 dv-cinder-master-3-iscsi neutron-server[106315]: INFO neutron.wsgi [req-ed334818-b837-4cf6-ab60-7dbf7338f14f req-8d10c1eb-8757-4e61-a203-52742739b504 tempest-AttachVolumeNegativeTest-1105821037 tempest-AttachVolumeNegativeTest-1105821037-project] 10.222.0.42 "GET /networking/v2.0/ports?device_id=dff36aeb-f0c7-41f0-8ecc-9924adf8289c HTTP/1.1" status: 200 len: 944 time: 0.0559118
Aug 28 00:55:31.634345 dv-cinder-master-3-iscsi neutron-server[106317]: DEBUG neutron.plugins.ml2.rpc [None req-1b5f6d69-22eb-4480-a5df-2162186b2e61 None None] Device ffe6cab9-475d-45bb-9156-c9785ed386fd up at agent hyperv_hv-cinder-maste {{(pid=106317) update_device_up /opt/stack/neutron/neutron/plugins/ml2/rpc.py:296}}
Aug 28 00:55:31.634908 dv-cinder-master-3-iscsi neutron-server[106316]: DEBUG dbcounter [-] [106316] Writing DB stats neutron:SELECT=90,neutron:INSERT=5,neutron:DELETE=5 {{(pid=106316) stat_writer /usr/local/lib/python3.8/dist-packages/dbcounter.py:114}}
Aug 28 00:55:31.657310 dv-cinder-master-3-iscsi neutron-server[106316]: DEBUG neutron.pecan_wsgi.hooks.policy_enforcement [req-b11f4640-08cd-4917-ac3d-98ac0eee06de req-bee12058-d54e-4abd-9eca-0af93704def5 service neutron] Attributes excluded by policy engine: ['standard_attr_id', 'vlan_transparent'] {{(pid=106316) _exclude_attributes_by_policy /opt/stack/neutron/neutron/pecan_wsgi/hooks/policy_enforcement.py:259}}
Aug 28 00:55:31.658756 dv-cinder-master-3-iscsi neutron-server[106316]: INFO neutron.wsgi [req-b11f4640-08cd-4917-ac3d-98ac0eee06de req-bee12058-d54e-4abd-9eca-0af93704def5 service neutron] 10.222.0.26 "GET /networking/v2.0/networks?shared=True HTTP/1.1" status: 200 len: 870 time: 0.1888783
Aug 28 00:55:31.686684 dv-cinder-master-3-iscsi neutron-server[106315]: INFO neutron.wsgi [req-53da728e-ea0a-4931-945d-5df732f5d2e0 req-7da3f2aa-26d6-4fa1-b669-38377b56208b tempest-DeleteServersTestJSON-997478319 tempest-DeleteServersTestJSON-997478319-project] 10.222.0.42 "GET /networking/v2.0/security-groups?id=77bd9f0b-0763-48a7-9b17-197124175074&fields=id&fields=name HTTP/1.1" status: 200 len: 286 time: 0.2597942
Aug 28 00:55:31.694195 dv-cinder-master-3-iscsi neutron-server[106315]: INFO neutron.wsgi [req-364b40a5-4f17-47e6-8b89-215800af2164 req-52871920-c0b6-4344-acaa-410e0784b0d4 service neutron] 10.222.0.26 "GET /networking/v2.0/floatingips?fixed_ip_address=172.20.0.12&port_id=ffe6cab9-475d-45bb-9156-c9785ed386fd HTTP/1.1" status: 200 len: 217 time: 0.1747580
Aug 28 00:55:31.728221 dv-cinder-master-3-iscsi neutron-server[106317]: DEBUG neutron.db.provisioning_blocks [None req-1b5f6d69-22eb-4480-a5df-2162186b2e61 None None] Provisioning for port ffe6cab9-475d-45bb-9156-c9785ed386fd completed by entity L2. {{(pid=106317) provisioning_complete /opt/stack/neutron/neutron/db/provisioning_blocks.py:136}}
Aug 28 00:55:31.738226 dv-cinder-master-3-iscsi neutron-server[106317]: DEBUG neutron.db.provisioning_blocks [None req-1b5f6d69-22eb-4480-a5df-2162186b2e61 None None] Provisioning complete for port ffe6cab9-475d-45bb-9156-c9785ed386fd triggered by entity L2. {{(pid=106317) provisioning_complete /opt/stack/neutron/neutron/db/provisioning_blocks.py:144}}
Aug 28 00:55:31.739209 dv-cinder-master-3-iscsi neutron-server[106317]: DEBUG neutron_lib.callbacks.manager [None req-1b5f6d69-22eb-4480-a5df-2162186b2e61 None None] Publish callbacks ['neutron.plugins.ml2.plugin.Ml2Plugin._port_provisioned-731275'] for port (ffe6cab9-475d-45bb-9156-c9785ed386fd), provisioning_complete {{(pid=106317) _notify_loop /usr/local/lib/python3.8/dist-packages/neutron_lib/callbacks/manager.py:176}}
Aug 28 00:55:31.754095 dv-cinder-master-3-iscsi neutron-server[106315]: INFO neutron.wsgi [req-ed334818-b837-4cf6-ab60-7dbf7338f14f req-6d70dd0a-e08c-4f46-af58-7d51d4bac091 tempest-AttachVolumeNegativeTest-1105821037 tempest-AttachVolumeNegativeTest-1105821037-project] 10.222.0.42 "GET /networking/v2.0/security-groups?id=13f88fdc-7d22-4828-a42d-26b5ebb6ef7d&fields=id&fields=name HTTP/1.1" status: 200 len: 313 time: 0.2170041
Aug 28 00:55:31.772018 dv-cinder-master-3-iscsi neutron-server[106315]: DEBUG neutron.pecan_wsgi.hooks.policy_enforcement [req-957e27e9-8188-4817-9b30-372452d4e718 req-076672bf-67e1-4c7b-889c-b2f4dd9e7b70 service neutron] Attributes excluded by policy engine: ['standard_attr_id'] {{(pid=106315) _exclude_attributes_by_policy /opt/stack/neutron/neutron/pecan_wsgi/hooks/policy_enforcement.py:259}}
Aug 28 00:55:31.775650 dv-cinder-master-3-iscsi neutron-server[106315]: INFO neutron.wsgi [req-957e27e9-8188-4817-9b30-372452d4e718 req-076672bf-67e1-4c7b-889c-b2f4dd9e7b70 service neutron] 10.222.0.26 "GET /networking/v2.0/ports?tenant_id=6f3acee4af62483ab1f2cbf3a47b09e1&device_id=f5f7fe76-9095-4d8d-967f-be0009648de9 HTTP/1.1" status: 200 len: 1127 time: 0.2624631
Aug 28 00:55:31.825699 dv-cinder-master-3-iscsi neutron-server[106315]: INFO neutron.wsgi [req-15107f5f-4687-4a96-a786-d6eb0f040b85 req-cf4beb62-c97e-4305-b14a-49cc5dbf5faa service neutron] 10.222.0.26 "GET /networking/v2.0/networks/92aee389-59bb-4ec3-9e65-fe3bcb195f1a?fields=provider%3Aphysical_network&fields=provider%3Anetwork_type HTTP/1.1" status: 200 len: 281 time: 0.3083768
Aug 28 00:55:31.880000 dv-cinder-master-3-iscsi neutron-server[106317]: DEBUG neutron.plugins.ml2.plugin [None req-1b5f6d69-22eb-4480-a5df-2162186b2e61 None None] Current status of the port ffe6cab9-475d-45bb-9156-c9785ed386fd is: BUILD; New status is: ACTIVE {{(pid=106317) _update_individual_port_db_status /opt/stack/neutron/neutron/plugins/ml2/plugin.py:2302}}
Aug 28 00:55:31.880393 dv-cinder-master-3-iscsi neutron-server[106317]: DEBUG neutron_lib.callbacks.manager [None req-1b5f6d69-22eb-4480-a5df-2162186b2e61 None None] Publish callbacks ['neutron.plugins.ml2.plugin.SecurityGroupDbMixin._ensure_default_security_group_handler-641116'] for port (ffe6cab9-475d-45bb-9156-c9785ed386fd), before_update {{(pid=106317) _notify_loop /usr/local/lib/python3.8/dist-packages/neutron_lib/callbacks/manager.py:176}}
Aug 28 00:55:31.908599 dv-cinder-master-3-iscsi neutron-server[106317]: DEBUG neutron.notifiers.nova [-] Sending events: [{'server_uuid': '4d664b12-2edd-46e0-bcf3-4d94eb576bcd', 'name': 'network-vif-plugged', 'status': 'completed', 'tag': 'ffe6cab9-475d-45bb-9156-c9785ed386fd'}] {{(pid=106317) send_events /opt/stack/neutron/neutron/notifiers/nova.py:271}}
Aug 28 00:55:31.979338 dv-cinder-master-3-iscsi neutron-server[106317]: DEBUG neutron.plugins.ml2.db [None req-1b5f6d69-22eb-4480-a5df-2162186b2e61 None None] For port ffe6cab9-475d-45bb-9156-c9785ed386fd, host hv-cinder-maste, got binding levels [PortBindingLevel(driver='hyperv',host='hv-cinder-maste',level=0,port_id=ffe6cab9-475d-45bb-9156-c9785ed386fd,segment=NetworkSegment(9f315e5f-fec4-410c-8806-c5602231b126),segment_id=9f315e5f-fec4-410c-8806-c5602231b126)] {{(pid=106317) get_binding_level_objs /opt/stack/neutron/neutron/plugins/ml2/db.py:74}}
Aug 28 00:55:31.984365 dv-cinder-master-3-iscsi neutron-server[106317]: DEBUG neutron_lib.callbacks.manager [None req-1b5f6d69-22eb-4480-a5df-2162186b2e61 None None] Publish callbacks ['neutron.plugins.ml2.plugin.SecurityGroupServerNotifierRpcMixin._notify_sg_on_port_change-639385', 'neutron.plugins.ml2.ovo_rpc._ObjectChangeHandler.handle_event-47383', 'neutron.api.rpc.agentnotifiers.dhcp_rpc_agent_api.DhcpAgentNotifyAPI._native_event_send_dhcp_notification-7867766', 'neutron.db.l3_db.L3RpcNotifierMixin._notify_gateway_port_ip_changed-8771250192249', 'neutron.db.l3_dvrscheduler_db._notify_l3_agent_port_update-8771249814101', 'neutron.db.l3_hascheduler_db._notify_l3_agent_ha_port_update-8771249814119'] for port (ffe6cab9-475d-45bb-9156-c9785ed386fd), after_update {{(pid=106317) _notify_loop /usr/local/lib/python3.8/dist-packages/neutron_lib/callbacks/manager.py:176}}
Aug 28 00:55:32.197670 dv-cinder-master-3-iscsi neutron-server[106317]: DEBUG neutron.api.rpc.handlers.resources_rpc [None req-1b5f6d69-22eb-4480-a5df-2162186b2e61 None None] Pushing event updated for resources: {'Port': ['ID=ffe6cab9-475d-45bb-9156-c9785ed386fd,revision_number=5']} {{(pid=106317) push /opt/stack/neutron/neutron/api/rpc/handlers/resources_rpc.py:237}}
Aug 28 00:55:32.395697 dv-cinder-master-3-iscsi neutron-server[106315]: DEBUG neutron.pecan_wsgi.hooks.policy_enforcement [req-9d5dfa39-231a-46c2-aa4a-ba1556bf585d req-8da5bce3-e370-40b2-9e1b-806f931d9d0a tempest-ServerRescueNegativeTestJSON-859719664 tempest-ServerRescueNegativeTestJSON-859719664-project] Attributes excluded by policy engine: ['standard_attr_id', 'binding:profile', 'binding:host_id', 'binding:vif_type', 'binding:vif_details'] {{(pid=106315) _exclude_attributes_by_policy /opt/stack/neutron/neutron/pecan_wsgi/hooks/policy_enforcement.py:259}}
Aug 28 00:55:32.397502 dv-cinder-master-3-iscsi neutron-server[106315]: INFO neutron.wsgi [req-9d5dfa39-231a-46c2-aa4a-ba1556bf585d req-8da5bce3-e370-40b2-9e1b-806f931d9d0a tempest-ServerRescueNegativeTestJSON-859719664 tempest-ServerRescueNegativeTestJSON-859719664-project] 10.222.0.42 "GET /networking/v2.0/ports?device_id=460a7822-a544-4b66-9361-79ac7d118804 HTTP/1.1" status: 200 len: 944 time: 0.0763385
Aug 28 00:55:32.405415 dv-cinder-master-3-iscsi neutron-server[106315]: DEBUG neutron.pecan_wsgi.hooks.policy_enforcement [req-7c10f252-f653-4251-9625-2bdfc356fa3e req-67a0d082-1b90-4ce1-9dea-ff012b568cd3 tempest-AttachVolumeShelveTestJSON-349481608 tempest-AttachVolumeShelveTestJSON-349481608-project] Attributes excluded by policy engine: ['standard_attr_id', 'binding:profile', 'binding:host_id', 'binding:vif_type', 'binding:vif_details'] {{(pid=106315) _exclude_attributes_by_policy /opt/stack/neutron/neutron/pecan_wsgi/hooks/policy_enforcement.py:259}}
Aug 28 00:55:32.410902 dv-cinder-master-3-iscsi neutron-server[106317]: DEBUG novaclient.v2.client [-] REQ: curl -g -i --cacert "/opt/stack/data/ca-bundle.pem" -X POST http://10.222.0.42/compute/v2.1/os-server-external-events -H "Accept: application/json" -H "Content-Type: application/json" -H "User-Agent: python-novaclient" -H "X-Auth-Token: {SHA256}5069df50e54bf3f1c35c13c138ad6ffefd38019565a8e7634b96eba472d734c2" -H "X-OpenStack-Nova-API-Version: 2.1" -H "X-OpenStack-Request-ID: req-94fc335c-7fc9-43c1-b5fa-a1f846cda7ea" -d '{"events": [{"server_uuid": "4d664b12-2edd-46e0-bcf3-4d94eb576bcd", "name": "network-vif-plugged", "status": "completed", "tag": "ffe6cab9-475d-45bb-9156-c9785ed386fd"}]}' {{(pid=106317) _http_log_request /usr/local/lib/python3.8/dist-packages/keystoneauth1/session.py:519}}
Aug 28 00:55:32.412242 dv-cinder-master-3-iscsi neutron-server[106315]: INFO neutron.wsgi [req-7c10f252-f653-4251-9625-2bdfc356fa3e req-67a0d082-1b90-4ce1-9dea-ff012b568cd3 tempest-AttachVolumeShelveTestJSON-349481608 tempest-AttachVolumeShelveTestJSON-349481608-project] 10.222.0.42 "GET /networking/v2.0/ports?device_id=dd61123b-7a96-4c9e-936c-5794a4fdd7df HTTP/1.1" status: 200 len: 943 time: 0.0811903
Aug 28 00:55:32.455753 dv-cinder-master-3-iscsi neutron-server[106315]: DEBUG dbcounter [-] [106315] Writing DB stats neutron:SELECT=96,neutron:INSERT=4 {{(pid=106315) stat_writer /usr/local/lib/python3.8/dist-packages/dbcounter.py:114}}
Aug 28 00:55:32.490828 dv-cinder-master-3-iscsi neutron-server[106315]: INFO neutron.wsgi [req-7c10f252-f653-4251-9625-2bdfc356fa3e req-7ec5bd2a-d1bc-40a4-9d35-95f6159bcb55 tempest-AttachVolumeShelveTestJSON-349481608 tempest-AttachVolumeShelveTestJSON-349481608-project] 10.222.0.42 "GET /networking/v2.0/security-groups?id=cff1153d-cf3a-4ee7-b90d-1918f6710c7b&fields=id&fields=name HTTP/1.1" status: 200 len: 311 time: 0.0777428
Aug 28 00:55:32.498199 dv-cinder-master-3-iscsi neutron-server[106315]: INFO neutron.wsgi [req-9d5dfa39-231a-46c2-aa4a-ba1556bf585d req-79b50bf4-7ed2-444b-88f6-3ea8573e0632 tempest-ServerRescueNegativeTestJSON-859719664 tempest-ServerRescueNegativeTestJSON-859719664-project] 10.222.0.42 "GET /networking/v2.0/security-groups?id=fc19465b-1271-4253-9fd7-1f747a210578&fields=id&fields=name HTTP/1.1" status: 200 len: 286 time: 0.0839505
Aug 28 00:55:32.590712 dv-cinder-master-3-iscsi neutron-server[106315]: INFO neutron.wsgi [req-4fef0afe-1829-4842-8a38-72ad5a389d87 req-385cab22-82b6-4ed1-818d-ba8c92fa17c2 tempest-AttachVolumeTestJSON-192914243 tempest-AttachVolumeTestJSON-192914243-project] 10.222.0.42 "GET /networking/v2.0/ports?device_id=e434e4f9-9d0e-46f2-bea3-395bae33fc92 HTTP/1.1" status: 200 len: 210 time: 0.0307081
Aug 28 00:55:32.755991 dv-cinder-master-3-iscsi neutron-server[106317]: DEBUG novaclient.v2.client [-] RESP: [200] Connection: close Content-Length: 183 Content-Type: application/json Date: Sun, 28 Aug 2022 00:55:32 GMT OpenStack-API-Version: compute 2.1 Server: Apache/2.4.41 (Ubuntu) Vary: OpenStack-API-Version,X-OpenStack-Nova-API-Version X-OpenStack-Nova-API-Version: 2.1 x-compute-request-id: req-a00ab06f-d0ee-4c0d-bd89-f2167cc93177 x-openstack-request-id: req-a00ab06f-d0ee-4c0d-bd89-f2167cc93177 {{(pid=106317) _http_log_response /usr/local/lib/python3.8/dist-packages/keystoneauth1/session.py:550}}
Aug 28 00:55:32.756500 dv-cinder-master-3-iscsi neutron-server[106317]: DEBUG novaclient.v2.client [-] RESP BODY: {"events": [{"server_uuid": "4d664b12-2edd-46e0-bcf3-4d94eb576bcd", "name": "network-vif-plugged", "status": "completed", "tag": "ffe6cab9-475d-45bb-9156-c9785ed386fd", "code": 200}]} {{(pid=106317) _http_log_response /usr/local/lib/python3.8/dist-packages/keystoneauth1/session.py:582}}
Aug 28 00:55:32.756609 dv-cinder-master-3-iscsi neutron-server[106317]: DEBUG novaclient.v2.client [-] POST call to compute for http://10.222.0.42/compute/v2.1/os-server-external-events used request id req-a00ab06f-d0ee-4c0d-bd89-f2167cc93177 {{(pid=106317) request /usr/local/lib/python3.8/dist-packages/keystoneauth1/session.py:954}}
Aug 28 00:55:32.757081 dv-cinder-master-3-iscsi neutron-server[106317]: INFO neutron.notifiers.nova [-] Nova event matching ['req-a00ab06f-d0ee-4c0d-bd89-f2167cc93177'] response: {'server_uuid': '4d664b12-2edd-46e0-bcf3-4d94eb576bcd', 'name': 'network-vif-plugged', 'status': 'completed', 'tag': 'ffe6cab9-475d-45bb-9156-c9785ed386fd', 'code': 200}
Aug 28 00:55:32.829153 dv-cinder-master-3-iscsi neutron-server[106315]: DEBUG neutron.pecan_wsgi.hooks.policy_enforcement [req-3690bd57-d428-47dd-8a33-d09ad0191955 req-021c630c-b589-43a0-a5c1-6fdfc5e8a243 tempest-DeleteServersTestJSON-997478319 tempest-DeleteServersTestJSON-997478319-project] Attributes excluded by policy engine: ['standard_attr_id', 'binding:profile', 'binding:host_id', 'binding:vif_type', 'binding:vif_details'] {{(pid=106315) _exclude_attributes_by_policy /opt/stack/neutron/neutron/pecan_wsgi/hooks/policy_enforcement.py:259}}
Aug 28 00:55:32.836103 dv-cinder-master-3-iscsi neutron-server[106315]: INFO neutron.wsgi [req-3690bd57-d428-47dd-8a33-d09ad0191955 req-021c630c-b589-43a0-a5c1-6fdfc5e8a243 tempest-DeleteServersTestJSON-997478319 tempest-DeleteServersTestJSON-997478319-project] 10.222.0.42 "GET /networking/v2.0/ports?device_id=4d664b12-2edd-46e0-bcf3-4d94eb576bcd HTTP/1.1" status: 200 len: 946 time: 0.0540826
Aug 28 00:55:32.905838 dv-cinder-master-3-iscsi neutron-server[106315]: DEBUG neutron.pecan_wsgi.hooks.policy_enforcement [req-e00224a5-0654-4623-b159-25733636b5df req-e5b0e800-a3b2-4a9e-a1b2-1d13a27d79d4 tempest-AttachVolumeNegativeTest-1105821037 tempest-AttachVolumeNegativeTest-1105821037-project] Attributes excluded by policy engine: ['standard_attr_id', 'binding:profile', 'binding:host_id', 'binding:vif_type', 'binding:vif_details'] {{(pid=106315) _exclude_attributes_by_policy /opt/stack/neutron/neutron/pecan_wsgi/hooks/policy_enforcement.py:259}}
Aug 28 00:55:32.907653 dv-cinder-master-3-iscsi neutron-server[106315]: INFO neutron.wsgi [req-e00224a5-0654-4623-b159-25733636b5df req-e5b0e800-a3b2-4a9e-a1b2-1d13a27d79d4 tempest-AttachVolumeNegativeTest-1105821037 tempest-AttachVolumeNegativeTest-1105821037-project] 10.222.0.42 "GET /networking/v2.0/ports?device_id=dff36aeb-f0c7-41f0-8ecc-9924adf8289c HTTP/1.1" status: 200 len: 944 time: 0.0695395
Aug 28 00:55:32.938382 dv-cinder-master-3-iscsi neutron-server[106315]: INFO neutron.wsgi [req-3690bd57-d428-47dd-8a33-d09ad0191955 req-a80c1a58-8a70-4548-9cfb-1c7bfa230069 tempest-DeleteServersTestJSON-997478319 tempest-DeleteServersTestJSON-997478319-project] 10.222.0.42 "GET /networking/v2.0/security-groups?id=77bd9f0b-0763-48a7-9b17-197124175074&fields=id&fields=name HTTP/1.1" status: 200 len: 286 time: 0.1013539
Aug 28 00:55:32.977726 dv-cinder-master-3-iscsi neutron-server[106315]: INFO neutron.wsgi [req-e00224a5-0654-4623-b159-25733636b5df req-2ee472f9-c90b-458c-8d64-d5da99cd42e9 tempest-AttachVolumeNegativeTest-1105821037 tempest-AttachVolumeNegativeTest-1105821037-project] 10.222.0.42 "GET /networking/v2.0/security-groups?id=13f88fdc-7d22-4828-a42d-26b5ebb6ef7d&fields=id&fields=name HTTP/1.1" status: 200 len: 313 time: 0.0595961
Aug 28 00:55:33.630003 dv-cinder-master-3-iscsi neutron-server[106317]: DEBUG neutron.plugins.ml2.rpc [None req-1b5f6d69-22eb-4480-a5df-2162186b2e61 None None] Device ff741c2a-17ad-4c15-a6a0-687d9dfcad8b details requested by agent hyperv_hv-cinder-maste with host hv-cinder-maste {{(pid=106317) get_device_details /opt/stack/neutron/neutron/plugins/ml2/rpc.py:102}}
Aug 28 00:55:33.678938 dv-cinder-master-3-iscsi neutron-server[106315]: DEBUG neutron.pecan_wsgi.hooks.policy_enforcement [req-3caa4a96-2db6-419a-a1c8-050ede4d9985 req-267fb0c4-77b2-4948-919c-d39ba9a6ea4f tempest-ServerRescueNegativeTestJSON-859719664 tempest-ServerRescueNegativeTestJSON-859719664-project] Attributes excluded by policy engine: ['standard_attr_id', 'binding:profile', 'binding:host_id', 'binding:vif_type', 'binding:vif_details'] {{(pid=106315) _exclude_attributes_by_policy /opt/stack/neutron/neutron/pecan_wsgi/hooks/policy_enforcement.py:259}}
Aug 28 00:55:33.686837 dv-cinder-master-3-iscsi neutron-server[106315]: INFO neutron.wsgi [req-3caa4a96-2db6-419a-a1c8-050ede4d9985 req-267fb0c4-77b2-4948-919c-d39ba9a6ea4f tempest-ServerRescueNegativeTestJSON-859719664 tempest-ServerRescueNegativeTestJSON-859719664-project] 10.222.0.42 "GET /networking/v2.0/ports?device_id=460a7822-a544-4b66-9361-79ac7d118804 HTTP/1.1" status: 200 len: 944 time: 0.1021821
Aug 28 00:55:33.697079 dv-cinder-master-3-iscsi neutron-server[106315]: DEBUG neutron.pecan_wsgi.hooks.policy_enforcement [req-83ccd7db-4934-426f-be31-088c8902ab60 req-8512ccca-43e5-4f64-abd1-2e22740f6a8e tempest-AttachVolumeShelveTestJSON-349481608 tempest-AttachVolumeShelveTestJSON-349481608-project] Attributes excluded by policy engine: ['standard_attr_id', 'binding:profile', 'binding:host_id', 'binding:vif_type', 'binding:vif_details'] {{(pid=106315) _exclude_attributes_by_policy /opt/stack/neutron/neutron/pecan_wsgi/hooks/policy_enforcement.py:259}}
Aug 28 00:55:33.719622 dv-cinder-master-3-iscsi neutron-server[106315]: INFO neutron.wsgi [req-83ccd7db-4934-426f-be31-088c8902ab60 req-8512ccca-43e5-4f64-abd1-2e22740f6a8e tempest-AttachVolumeShelveTestJSON-349481608 tempest-AttachVolumeShelveTestJSON-349481608-project] 10.222.0.42 "GET /networking/v2.0/ports?device_id=dd61123b-7a96-4c9e-936c-5794a4fdd7df HTTP/1.1" status: 200 len: 943 time: 0.1282501
Aug 28 00:55:33.776374 dv-cinder-master-3-iscsi neutron-server[106317]: DEBUG neutron.plugins.ml2.db [None req-1b5f6d69-22eb-4480-a5df-2162186b2e61 None None] For port ff741c2a-17ad-4c15-a6a0-687d9dfcad8b, host hv-cinder-maste, got binding levels [PortBindingLevel(driver='hyperv',host='hv-cinder-maste',level=0,port_id=ff741c2a-17ad-4c15-a6a0-687d9dfcad8b,segment=NetworkSegment(71abb636-2ecd-449e-80ef-e137bfb5ef27),segment_id=71abb636-2ecd-449e-80ef-e137bfb5ef27)] {{(pid=106317) get_binding_level_objs /opt/stack/neutron/neutron/plugins/ml2/db.py:74}}
Aug 28 00:55:33.796798 dv-cinder-master-3-iscsi neutron-server[106317]: DEBUG neutron.plugins.ml2.rpc [None req-1b5f6d69-22eb-4480-a5df-2162186b2e61 None None] Returning: {'device': 'ff741c2a-17ad-4c15-a6a0-687d9dfcad8b', 'network_id': '92aee389-59bb-4ec3-9e65-fe3bcb195f1a', 'port_id': 'ff741c2a-17ad-4c15-a6a0-687d9dfcad8b', 'mac_address': 'fa:16:3e:02:41:e5', 'admin_state_up': True, 'network_type': 'vlan', 'segmentation_id': 244, 'physical_network': 'physnet1', 'mtu': 1500, 'fixed_ips': [{'subnet_id': '9481828e-bf69-4497-acf0-32224e1b061d', 'ip_address': '172.20.0.6'}], 'device_owner': 'compute:nova', 'allowed_address_pairs': [], 'port_security_enabled': True, 'qos_policy_id': None, 'qos_network_policy_id': None, 'profile': {}, 'propagate_uplink_status': False} {{(pid=106317) _get_device_details /opt/stack/neutron/neutron/plugins/ml2/rpc.py:184}}
Aug 28 00:55:33.858113 dv-cinder-master-3-iscsi neutron-server[106317]: DEBUG neutron.plugins.ml2.plugin [None req-1b5f6d69-22eb-4480-a5df-2162186b2e61 None None] Current status of the port ff741c2a-17ad-4c15-a6a0-687d9dfcad8b is: DOWN; New status is: BUILD {{(pid=106317) _update_individual_port_db_status /opt/stack/neutron/neutron/plugins/ml2/plugin.py:2302}}
Aug 28 00:55:33.858591 dv-cinder-master-3-iscsi neutron-server[106317]: DEBUG neutron_lib.callbacks.manager [None req-1b5f6d69-22eb-4480-a5df-2162186b2e61 None None] Publish callbacks ['neutron.plugins.ml2.plugin.SecurityGroupDbMixin._ensure_default_security_group_handler-641116'] for port (ff741c2a-17ad-4c15-a6a0-687d9dfcad8b), before_update {{(pid=106317) _notify_loop /usr/local/lib/python3.8/dist-packages/neutron_lib/callbacks/manager.py:176}}
Aug 28 00:55:33.880267 dv-cinder-master-3-iscsi neutron-server[106317]: DEBUG neutron.notifiers.nova [None req-1b5f6d69-22eb-4480-a5df-2162186b2e61 None None] Ignoring state change previous_port_status: DOWN current_port_status: BUILD port_id ff741c2a-17ad-4c15-a6a0-687d9dfcad8b {{(pid=106317) record_port_status_changed /opt/stack/neutron/neutron/notifiers/nova.py:233}}
Aug 28 00:55:33.908608 dv-cinder-master-3-iscsi neutron-server[106317]: DEBUG neutron.plugins.ml2.db [None req-1b5f6d69-22eb-4480-a5df-2162186b2e61 None None] For port ff741c2a-17ad-4c15-a6a0-687d9dfcad8b, host hv-cinder-maste, got binding levels [PortBindingLevel(driver='hyperv',host='hv-cinder-maste',level=0,port_id=ff741c2a-17ad-4c15-a6a0-687d9dfcad8b,segment=NetworkSegment(71abb636-2ecd-449e-80ef-e137bfb5ef27),segment_id=71abb636-2ecd-449e-80ef-e137bfb5ef27)] {{(pid=106317) get_binding_level_objs /opt/stack/neutron/neutron/plugins/ml2/db.py:74}}
Aug 28 00:55:33.914594 dv-cinder-master-3-iscsi neutron-server[106317]: DEBUG neutron_lib.callbacks.manager [None req-1b5f6d69-22eb-4480-a5df-2162186b2e61 None None] Publish callbacks ['neutron.plugins.ml2.plugin.SecurityGroupServerNotifierRpcMixin._notify_sg_on_port_change-639385', 'neutron.plugins.ml2.ovo_rpc._ObjectChangeHandler.handle_event-47383', 'neutron.api.rpc.agentnotifiers.dhcp_rpc_agent_api.DhcpAgentNotifyAPI._native_event_send_dhcp_notification-7867766', 'neutron.db.l3_db.L3RpcNotifierMixin._notify_gateway_port_ip_changed-8771250192249', 'neutron.db.l3_dvrscheduler_db._notify_l3_agent_port_update-8771249814101', 'neutron.db.l3_hascheduler_db._notify_l3_agent_ha_port_update-8771249814119'] for port (ff741c2a-17ad-4c15-a6a0-687d9dfcad8b), after_update {{(pid=106317) _notify_loop /usr/local/lib/python3.8/dist-packages/neutron_lib/callbacks/manager.py:176}}
Aug 28 00:55:33.971011 dv-cinder-master-3-iscsi neutron-server[106317]: DEBUG neutron.api.rpc.handlers.resources_rpc [None req-1b5f6d69-22eb-4480-a5df-2162186b2e61 None None] Pushing event updated for resources: {'Port': ['ID=ff741c2a-17ad-4c15-a6a0-687d9dfcad8b,revision_number=4']} {{(pid=106317) push /opt/stack/neutron/neutron/api/rpc/handlers/resources_rpc.py:237}}
Aug 28 00:55:34.127466 dv-cinder-master-3-iscsi neutron-server[106315]: DEBUG neutron.pecan_wsgi.hooks.policy_enforcement [req-401ce4fe-3df8-4b8d-8811-82701d924efa req-781068d6-bcf7-4724-aefd-8d6346708657 service neutron] Attributes excluded by policy engine: ['standard_attr_id'] {{(pid=106315) _exclude_attributes_by_policy /opt/stack/neutron/neutron/pecan_wsgi/hooks/policy_enforcement.py:259}}
Aug 28 00:55:34.128979 dv-cinder-master-3-iscsi neutron-server[106315]: INFO neutron.wsgi [req-401ce4fe-3df8-4b8d-8811-82701d924efa req-781068d6-bcf7-4724-aefd-8d6346708657 service neutron] 10.222.0.26 "GET /networking/v2.0/ports?tenant_id=95df81e14a8549fca0851234f4a00b89&device_id=dff36aeb-f0c7-41f0-8ecc-9924adf8289c HTTP/1.1" status: 200 len: 1128 time: 0.3693757
Aug 28 00:55:34.142776 dv-cinder-master-3-iscsi neutron-server[106315]: INFO neutron.wsgi [req-3caa4a96-2db6-419a-a1c8-050ede4d9985 req-65cd08a8-ca39-41eb-9f6f-ef9c02515461 tempest-ServerRescueNegativeTestJSON-859719664 tempest-ServerRescueNegativeTestJSON-859719664-project] 10.222.0.42 "GET /networking/v2.0/security-groups?id=fc19465b-1271-4253-9fd7-1f747a210578&fields=id&fields=name HTTP/1.1" status: 200 len: 286 time: 0.4550197
Aug 28 00:55:34.145791 dv-cinder-master-3-iscsi neutron-server[106315]: INFO neutron.wsgi [req-83ccd7db-4934-426f-be31-088c8902ab60 req-c02c772c-11f1-4a90-b545-901d8aa79094 tempest-AttachVolumeShelveTestJSON-349481608 tempest-AttachVolumeShelveTestJSON-349481608-project] 10.222.0.42 "GET /networking/v2.0/security-groups?id=cff1153d-cf3a-4ee7-b90d-1918f6710c7b&fields=id&fields=name HTTP/1.1" status: 200 len: 311 time: 0.4071839
Aug 28 00:55:34.150941 dv-cinder-master-3-iscsi neutron-server[106315]: DEBUG neutron.pecan_wsgi.hooks.policy_enforcement [req-364b40a5-4f17-47e6-8b89-215800af2164 req-a2aee6be-422a-4684-892d-35830810a7b9 service neutron] Attributes excluded by policy engine: ['standard_attr_id', 'shared'] {{(pid=106315) _exclude_attributes_by_policy /opt/stack/neutron/neutron/pecan_wsgi/hooks/policy_enforcement.py:259}}
Aug 28 00:55:34.153823 dv-cinder-master-3-iscsi neutron-server[106315]: INFO neutron.wsgi [req-364b40a5-4f17-47e6-8b89-215800af2164 req-a2aee6be-422a-4684-892d-35830810a7b9 service neutron] 10.222.0.26 "GET /networking/v2.0/subnets?id=a23476e0-af01-4810-a4f4-f500ee03cb5e HTTP/1.1" status: 200 len: 851 time: 0.3634694
Aug 28 00:55:34.188212 dv-cinder-master-3-iscsi neutron-server[106315]: DEBUG neutron.pecan_wsgi.hooks.policy_enforcement [req-957e27e9-8188-4817-9b30-372452d4e718 req-9900e0f4-1d75-4395-9e19-0edd67d1b31d service neutron] Attributes excluded by policy engine: ['standard_attr_id', 'vlan_transparent'] {{(pid=106315) _exclude_attributes_by_policy /opt/stack/neutron/neutron/pecan_wsgi/hooks/policy_enforcement.py:259}}
Aug 28 00:55:34.188212 dv-cinder-master-3-iscsi neutron-server[106315]: INFO neutron.wsgi [req-957e27e9-8188-4817-9b30-372452d4e718 req-9900e0f4-1d75-4395-9e19-0edd67d1b31d service neutron] 10.222.0.26 "GET /networking/v2.0/networks?id=92aee389-59bb-4ec3-9e65-fe3bcb195f1a HTTP/1.1" status: 200 len: 920 time: 0.4259541
Aug 28 00:55:34.268589 dv-cinder-master-3-iscsi neutron-server[106315]: INFO neutron.wsgi [req-08678707-fb11-4ef5-8107-0f7481b290eb req-5bcfee6d-c610-49b7-9bed-f273d3c033b9 tempest-AttachVolumeTestJSON-192914243 tempest-AttachVolumeTestJSON-192914243-project] 10.222.0.42 "GET /networking/v2.0/ports?device_id=e434e4f9-9d0e-46f2-bea3-395bae33fc92 HTTP/1.1" status: 200 len: 210 time: 0.0387933
Aug 28 00:55:34.326385 dv-cinder-master-3-iscsi neutron-server[106315]: DEBUG neutron.pecan_wsgi.hooks.policy_enforcement [req-98431ef1-703a-44cd-8269-706c45aeff3e req-9fb82895-ec00-4de2-9ee8-bb47b71b5ffd tempest-DeleteServersTestJSON-997478319 tempest-DeleteServersTestJSON-997478319-project] Attributes excluded by policy engine: ['standard_attr_id', 'binding:profile', 'binding:host_id', 'binding:vif_type', 'binding:vif_details'] {{(pid=106315) _exclude_attributes_by_policy /opt/stack/neutron/neutron/pecan_wsgi/hooks/policy_enforcement.py:259}}
Aug 28 00:55:34.328113 dv-cinder-master-3-iscsi neutron-server[106315]: INFO neutron.wsgi [req-98431ef1-703a-44cd-8269-706c45aeff3e req-9fb82895-ec00-4de2-9ee8-bb47b71b5ffd tempest-DeleteServersTestJSON-997478319 tempest-DeleteServersTestJSON-997478319-project] 10.222.0.42 "GET /networking/v2.0/ports?device_id=4d664b12-2edd-46e0-bcf3-4d94eb576bcd HTTP/1.1" status: 200 len: 946 time: 0.0502892
Aug 28 00:55:34.408999 dv-cinder-master-3-iscsi neutron-server[106315]: DEBUG neutron.pecan_wsgi.hooks.policy_enforcement [req-09e54d0a-52df-4e65-8849-4634cc9ab7b1 req-7ad2b38d-dbf5-4696-a181-3bd8abd41765 tempest-AttachVolumeNegativeTest-1105821037 tempest-AttachVolumeNegativeTest-1105821037-project] Attributes excluded by policy engine: ['standard_attr_id', 'binding:profile', 'binding:host_id', 'binding:vif_type', 'binding:vif_details'] {{(pid=106315) _exclude_attributes_by_policy /opt/stack/neutron/neutron/pecan_wsgi/hooks/policy_enforcement.py:259}}
Aug 28 00:55:34.410487 dv-cinder-master-3-iscsi neutron-server[106315]: INFO neutron.wsgi [req-09e54d0a-52df-4e65-8849-4634cc9ab7b1 req-7ad2b38d-dbf5-4696-a181-3bd8abd41765 tempest-AttachVolumeNegativeTest-1105821037 tempest-AttachVolumeNegativeTest-1105821037-project] 10.222.0.42 "GET /networking/v2.0/ports?device_id=dff36aeb-f0c7-41f0-8ecc-9924adf8289c HTTP/1.1" status: 200 len: 944 time: 0.0683169
Aug 28 00:55:34.415104 dv-cinder-master-3-iscsi neutron-server[106315]: DEBUG dbcounter [-] [106315] Writing DB stats neutron:SELECT=100 {{(pid=106315) stat_writer /usr/local/lib/python3.8/dist-packages/dbcounter.py:114}}
Aug 28 00:55:34.430790 dv-cinder-master-3-iscsi neutron-server[106315]: INFO neutron.wsgi [req-98431ef1-703a-44cd-8269-706c45aeff3e req-0856a8df-a85c-44af-bfbc-00df9ac8f774 tempest-DeleteServersTestJSON-997478319 tempest-DeleteServersTestJSON-997478319-project] 10.222.0.42 "GET /networking/v2.0/security-groups?id=77bd9f0b-0763-48a7-9b17-197124175074&fields=id&fields=name HTTP/1.1" status: 200 len: 286 time: 0.0949090
Aug 28 00:55:34.470700 dv-cinder-master-3-iscsi neutron-server[106315]: INFO neutron.wsgi [req-09e54d0a-52df-4e65-8849-4634cc9ab7b1 req-ef12e655-ce55-47ab-a56b-d5ac55f9ebed tempest-AttachVolumeNegativeTest-1105821037 tempest-AttachVolumeNegativeTest-1105821037-project] 10.222.0.42 "GET /networking/v2.0/security-groups?id=13f88fdc-7d22-4828-a42d-26b5ebb6ef7d&fields=id&fields=name HTTP/1.1" status: 200 len: 313 time: 0.0510986
Aug 28 00:55:34.669250 dv-cinder-master-3-iscsi neutron-server[106316]: DEBUG neutron.wsgi [-] (106316) accepted ('10.222.0.42', 37772) {{(pid=106316) server /usr/local/lib/python3.8/dist-packages/eventlet/wsgi.py:1004}}
Aug 28 00:55:34.773690 dv-cinder-master-3-iscsi neutron-server[106316]: DEBUG neutron_lib.callbacks.manager [None req-7f141459-1aff-4ac3-8aed-f10f3da838f1 admin admin] Publish callbacks [] for security_group (None), before_create {{(pid=106316) _notify_loop /usr/local/lib/python3.8/dist-packages/neutron_lib/callbacks/manager.py:176}}
Aug 28 00:55:34.850093 dv-cinder-master-3-iscsi neutron-server[106316]: DEBUG neutron_lib.callbacks.manager [None req-7f141459-1aff-4ac3-8aed-f10f3da838f1 admin admin] Publish callbacks [] for security_group (6b751de9-cd04-4300-a043-b6556453ab03), precommit_create {{(pid=106316) _notify_loop /usr/local/lib/python3.8/dist-packages/neutron_lib/callbacks/manager.py:176}}
Aug 28 00:55:34.854096 dv-cinder-master-3-iscsi neutron-server[106316]: DEBUG neutron_lib.callbacks.manager [None req-7f141459-1aff-4ac3-8aed-f10f3da838f1 admin admin] Publish callbacks ['neutron.plugins.ml2.ovo_rpc._ObjectChangeHandler.handle_event-8029589'] for security_group (6b751de9-cd04-4300-a043-b6556453ab03), after_create {{(pid=106316) _notify_loop /usr/local/lib/python3.8/dist-packages/neutron_lib/callbacks/manager.py:176}}
Aug 28 00:55:34.896888 dv-cinder-master-3-iscsi neutron-server[106316]: INFO neutron.wsgi [None req-7f141459-1aff-4ac3-8aed-f10f3da838f1 admin admin] 10.222.0.42 "GET /networking/v2.0/security-groups?tenant_id=80c6a677ec0b4fa3acc2925dfa0826be&name=default HTTP/1.1" status: 200 len: 2996 time: 0.2265108
Aug 28 00:55:34.899411 dv-cinder-master-3-iscsi neutron-server[106316]: DEBUG neutron.wsgi [-] (106316) accepted ('10.222.0.42', 37778) {{(pid=106316) server /usr/local/lib/python3.8/dist-packages/eventlet/wsgi.py:1004}}
Aug 28 00:55:34.899583 dv-cinder-master-3-iscsi neutron-server[106315]: DEBUG neutron.wsgi [-] (106315) accepted ('10.222.0.42', 37780) {{(pid=106315) server /usr/local/lib/python3.8/dist-packages/eventlet/wsgi.py:1004}}
