Aug 28 00:54:40.920953 dv-cinder-master-3-iscsi neutron-server[106315]: DEBUG neutron_lib.callbacks.manager [None req-3b3bb13e-9885-4bfe-8e67-f5fab5505ef4 admin admin] Publish callbacks ['neutron.services.auto_allocate.db._ensure_external_network_default_value_callback-8771249831801'] for network (9173759e-b079-4264-9516-c7ce5b7af7ce), precommit_create {{(pid=106315) _notify_loop /usr/local/lib/python3.8/dist-packages/neutron_lib/callbacks/manager.py:176}}
Aug 28 00:54:40.965193 dv-cinder-master-3-iscsi neutron-server[106316]: DEBUG neutron.api.rpc.callbacks.version_manager [None req-fa777c12-8d64-453a-b841-bc75637b5849 admin admin] Version for resource type AddressGroup changed None to 1.2 on consumer Open vSwitch agent@dv-cinder-master-3-iscsi {{(pid=106316) _set_version /opt/stack/neutron/neutron/api/rpc/callbacks/version_manager.py:113}}
Aug 28 00:54:40.965548 dv-cinder-master-3-iscsi neutron-server[106316]: DEBUG neutron.api.rpc.callbacks.version_manager [None req-fa777c12-8d64-453a-b841-bc75637b5849 admin admin] Version for resource type Agent changed None to 1.1 on consumer Open vSwitch agent@dv-cinder-master-3-iscsi {{(pid=106316) _set_version /opt/stack/neutron/neutron/api/rpc/callbacks/version_manager.py:113}}
Aug 28 00:54:40.965961 dv-cinder-master-3-iscsi neutron-server[106316]: DEBUG neutron.api.rpc.callbacks.version_manager [None req-fa777c12-8d64-453a-b841-bc75637b5849 admin admin] Version for resource type ConntrackHelper changed None to 1.0 on consumer Open vSwitch agent@dv-cinder-master-3-iscsi {{(pid=106316) _set_version /opt/stack/neutron/neutron/api/rpc/callbacks/version_manager.py:113}}
Aug 28 00:54:40.966455 dv-cinder-master-3-iscsi neutron-server[106316]: DEBUG neutron.api.rpc.callbacks.version_manager [None req-fa777c12-8d64-453a-b841-bc75637b5849 admin admin] Version for resource type LocalIPAssociation changed None to 1.0 on consumer Open vSwitch agent@dv-cinder-master-3-iscsi {{(pid=106316) _set_version /opt/stack/neutron/neutron/api/rpc/callbacks/version_manager.py:113}}
Aug 28 00:54:40.966793 dv-cinder-master-3-iscsi neutron-server[106316]: DEBUG neutron.api.rpc.callbacks.version_manager [None req-fa777c12-8d64-453a-b841-bc75637b5849 admin admin] Version for resource type Log changed None to 1.0 on consumer Open vSwitch agent@dv-cinder-master-3-iscsi {{(pid=106316) _set_version /opt/stack/neutron/neutron/api/rpc/callbacks/version_manager.py:113}}
Aug 28 00:54:40.967119 dv-cinder-master-3-iscsi neutron-server[106316]: DEBUG neutron.api.rpc.callbacks.version_manager [None req-fa777c12-8d64-453a-b841-bc75637b5849 admin admin] Version for resource type NDPProxy changed None to 1.0 on consumer Open vSwitch agent@dv-cinder-master-3-iscsi {{(pid=106316) _set_version /opt/stack/neutron/neutron/api/rpc/callbacks/version_manager.py:113}}
Aug 28 00:54:40.967438 dv-cinder-master-3-iscsi neutron-server[106316]: DEBUG neutron.api.rpc.callbacks.version_manager [None req-fa777c12-8d64-453a-b841-bc75637b5849 admin admin] Version for resource type Network changed None to 1.1 on consumer Open vSwitch agent@dv-cinder-master-3-iscsi {{(pid=106316) _set_version /opt/stack/neutron/neutron/api/rpc/callbacks/version_manager.py:113}}
Aug 28 00:54:40.967758 dv-cinder-master-3-iscsi neutron-server[106316]: DEBUG neutron.api.rpc.callbacks.version_manager [None req-fa777c12-8d64-453a-b841-bc75637b5849 admin admin] Version for resource type Port changed None to 1.7 on consumer Open vSwitch agent@dv-cinder-master-3-iscsi {{(pid=106316) _set_version /opt/stack/neutron/neutron/api/rpc/callbacks/version_manager.py:113}}
Aug 28 00:54:40.969129 dv-cinder-master-3-iscsi neutron-server[106316]: DEBUG neutron.api.rpc.callbacks.version_manager [None req-fa777c12-8d64-453a-b841-bc75637b5849 admin admin] Version for resource type PortForwarding changed None to 1.3 on consumer Open vSwitch agent@dv-cinder-master-3-iscsi {{(pid=106316) _set_version /opt/stack/neutron/neutron/api/rpc/callbacks/version_manager.py:113}}
Aug 28 00:54:40.969468 dv-cinder-master-3-iscsi neutron-server[106316]: DEBUG neutron.api.rpc.callbacks.version_manager [None req-fa777c12-8d64-453a-b841-bc75637b5849 admin admin] Version for resource type QosPolicy changed None to 1.10 on consumer Open vSwitch agent@dv-cinder-master-3-iscsi {{(pid=106316) _set_version /opt/stack/neutron/neutron/api/rpc/callbacks/version_manager.py:113}}
Aug 28 00:54:40.970013 dv-cinder-master-3-iscsi neutron-server[106316]: DEBUG neutron.api.rpc.callbacks.version_manager [None req-fa777c12-8d64-453a-b841-bc75637b5849 admin admin] Version for resource type SecurityGroup changed None to 1.5 on consumer Open vSwitch agent@dv-cinder-master-3-iscsi {{(pid=106316) _set_version /opt/stack/neutron/neutron/api/rpc/callbacks/version_manager.py:113}}
Aug 28 00:54:40.970430 dv-cinder-master-3-iscsi neutron-server[106316]: DEBUG neutron.api.rpc.callbacks.version_manager [None req-fa777c12-8d64-453a-b841-bc75637b5849 admin admin] Version for resource type SecurityGroupRule changed None to 1.2 on consumer Open vSwitch agent@dv-cinder-master-3-iscsi {{(pid=106316) _set_version /opt/stack/neutron/neutron/api/rpc/callbacks/version_manager.py:113}}
Aug 28 00:54:40.970794 dv-cinder-master-3-iscsi neutron-server[106316]: DEBUG neutron.api.rpc.callbacks.version_manager [None req-fa777c12-8d64-453a-b841-bc75637b5849 admin admin] Version for resource type SubPort changed None to 1.0 on consumer Open vSwitch agent@dv-cinder-master-3-iscsi {{(pid=106316) _set_version /opt/stack/neutron/neutron/api/rpc/callbacks/version_manager.py:113}}
Aug 28 00:54:40.971109 dv-cinder-master-3-iscsi neutron-server[106316]: DEBUG neutron.api.rpc.callbacks.version_manager [None req-fa777c12-8d64-453a-b841-bc75637b5849 admin admin] Version for resource type Subnet changed None to 1.1 on consumer Open vSwitch agent@dv-cinder-master-3-iscsi {{(pid=106316) _set_version /opt/stack/neutron/neutron/api/rpc/callbacks/version_manager.py:113}}
Aug 28 00:54:40.971428 dv-cinder-master-3-iscsi neutron-server[106316]: DEBUG neutron.api.rpc.callbacks.version_manager [None req-fa777c12-8d64-453a-b841-bc75637b5849 admin admin] Version for resource type Trunk changed None to 1.1 on consumer Open vSwitch agent@dv-cinder-master-3-iscsi {{(pid=106316) _set_version /opt/stack/neutron/neutron/api/rpc/callbacks/version_manager.py:113}}
Aug 28 00:54:40.972625 dv-cinder-master-3-iscsi neutron-server[106316]: DEBUG neutron.api.rpc.callbacks.version_manager [None req-fa777c12-8d64-453a-b841-bc75637b5849 admin admin] Tracked resource versions report:
Aug 28 00:54:40.972625 dv-cinder-master-3-iscsi neutron-server[106316]: pushed versions:
Aug 28 00:54:40.972625 dv-cinder-master-3-iscsi neutron-server[106316]: { 'AddressGroup': {'1.2'},
Aug 28 00:54:40.972625 dv-cinder-master-3-iscsi neutron-server[106316]: 'Agent': {'1.1'},
Aug 28 00:54:40.972625 dv-cinder-master-3-iscsi neutron-server[106316]: 'ConntrackHelper': {'1.0'},
Aug 28 00:54:40.972625 dv-cinder-master-3-iscsi neutron-server[106316]: 'LocalIPAssociation': {'1.0'},
Aug 28 00:54:40.972625 dv-cinder-master-3-iscsi neutron-server[106316]: 'Log': {'1.0'},
Aug 28 00:54:40.972625 dv-cinder-master-3-iscsi neutron-server[106316]: 'NDPProxy': {'1.0'},
Aug 28 00:54:40.972625 dv-cinder-master-3-iscsi neutron-server[106316]: 'Network': {'1.1'},
Aug 28 00:54:40.972625 dv-cinder-master-3-iscsi neutron-server[106316]: 'Port': {'1.7'},
Aug 28 00:54:40.972625 dv-cinder-master-3-iscsi neutron-server[106316]: 'PortForwarding': {'1.3'},
Aug 28 00:54:40.972625 dv-cinder-master-3-iscsi neutron-server[106316]: 'QosPolicy': {'1.10'},
Aug 28 00:54:40.972625 dv-cinder-master-3-iscsi neutron-server[106316]: 'SecurityGroup': {'1.5'},
Aug 28 00:54:40.972625 dv-cinder-master-3-iscsi neutron-server[106316]: 'SecurityGroupRule': {'1.2'},
Aug 28 00:54:40.972625 dv-cinder-master-3-iscsi neutron-server[106316]: 'SubPort': {'1.0'},
Aug 28 00:54:40.972625 dv-cinder-master-3-iscsi neutron-server[106316]: 'Subnet': {'1.1'},
Aug 28 00:54:40.972625 dv-cinder-master-3-iscsi neutron-server[106316]: 'Trunk': {'1.1'}}
Aug 28 00:54:40.972625 dv-cinder-master-3-iscsi neutron-server[106316]: consumer versions:
Aug 28 00:54:40.972625 dv-cinder-master-3-iscsi neutron-server[106316]: { DHCP agent@dv-cinder-master-3-iscsi: {},
Aug 28 00:54:40.972625 dv-cinder-master-3-iscsi neutron-server[106316]: HyperV agent@hv-cinder-maste: {},
Aug 28 00:54:40.972625 dv-cinder-master-3-iscsi neutron-server[106316]: L3 agent@dv-cinder-master-3-iscsi: {},
Aug 28 00:54:40.972625 dv-cinder-master-3-iscsi neutron-server[106316]: Metadata agent@dv-cinder-master-3-iscsi: {},
Aug 28 00:54:40.972625 dv-cinder-master-3-iscsi neutron-server[106316]: Metering agent@dv-cinder-master-3-iscsi: {},
Aug 28 00:54:40.972625 dv-cinder-master-3-iscsi neutron-server[106316]: Open vSwitch agent@dv-cinder-master-3-iscsi: { 'AddressGroup': '1.2',
Aug 28 00:54:40.972625 dv-cinder-master-3-iscsi neutron-server[106316]: 'Agent': '1.1',
Aug 28 00:54:40.972625 dv-cinder-master-3-iscsi neutron-server[106316]: 'ConntrackHelper': '1.0',
Aug 28 00:54:40.972625 dv-cinder-master-3-iscsi neutron-server[106316]: 'LocalIPAssociation': '1.0',
Aug 28 00:54:40.972625 dv-cinder-master-3-iscsi neutron-server[106316]: 'Log': '1.0',
Aug 28 00:54:40.972625 dv-cinder-master-3-iscsi neutron-server[106316]: 'NDPProxy': '1.0',
Aug 28 00:54:40.972625 dv-cinder-master-3-iscsi neutron-server[106316]: 'Network': '1.1',
Aug 28 00:54:40.972625 dv-cinder-master-3-iscsi neutron-server[106316]: 'Port': '1.7',
Aug 28 00:54:40.972625 dv-cinder-master-3-iscsi neutron-server[106316]: 'PortForwarding': '1.3',
Aug 28 00:54:40.972625 dv-cinder-master-3-iscsi neutron-server[106316]: 'QosPolicy': '1.10',
Aug 28 00:54:40.972625 dv-cinder-master-3-iscsi neutron-server[106316]: 'SecurityGroup': '1.5',
Aug 28 00:54:40.972625 dv-cinder-master-3-iscsi neutron-server[106316]: 'SecurityGroupRule': '1.2',
Aug 28 00:54:40.972625 dv-cinder-master-3-iscsi neutron-server[106316]: 'SubPort': '1.0',
Aug 28 00:54:40.972625 dv-cinder-master-3-iscsi neutron-server[106316]: 'Subnet': '1.1',
Aug 28 00:54:40.972625 dv-cinder-master-3-iscsi neutron-server[106316]: 'Trunk': '1.1'}}
Aug 28 00:54:40.972625 dv-cinder-master-3-iscsi neutron-server[106316]: {{(pid=106316) report /opt/stack/neutron/neutron/api/rpc/callbacks/version_manager.py:175}}
Aug 28 00:54:41.014422 dv-cinder-master-3-iscsi neutron-server[106316]: DEBUG neutron.pecan_wsgi.hooks.quota_enforcement [None req-54028667-4b31-4903-8a3d-b067391e483b admin admin] Made reservation on behalf of 19f069b9ad7a4a5984fa947ad755db0a for: {'network': 1} {{(pid=106316) before /opt/stack/neutron/neutron/pecan_wsgi/hooks/quota_enforcement.py:53}}
Aug 28 00:54:41.016718 dv-cinder-master-3-iscsi neutron-server[106316]: DEBUG neutron_lib.callbacks.manager [None req-54028667-4b31-4903-8a3d-b067391e483b admin admin] Publish callbacks ['neutron.plugins.ml2.plugin.SecurityGroupDbMixin._ensure_default_security_group_handler-641116'] for network (None), before_create {{(pid=106316) _notify_loop /usr/local/lib/python3.8/dist-packages/neutron_lib/callbacks/manager.py:176}}
Aug 28 00:54:41.023995 dv-cinder-master-3-iscsi neutron-server[106315]: DEBUG dbcounter [-] [106315] Writing DB stats neutron:SELECT=67,neutron:INSERT=28,neutron:UPDATE=5 {{(pid=106315) stat_writer /usr/local/lib/python3.8/dist-packages/dbcounter.py:114}}
Aug 28 00:54:41.061278 dv-cinder-master-3-iscsi neutron-server[106315]: DEBUG neutron.api.rpc.handlers.resources_rpc [None req-3b3bb13e-9885-4bfe-8e67-f5fab5505ef4 admin admin] Pushing event updated for resources: {'SecurityGroup': ['ID=04ff5839-2b34-4b8b-a8b1-ee5939fd88ee,revision_number=1']} {{(pid=106315) push /opt/stack/neutron/neutron/api/rpc/handlers/resources_rpc.py:237}}
Aug 28 00:54:41.069319 dv-cinder-master-3-iscsi neutron-server[106317]: DEBUG neutron.plugins.ml2.rpc [None req-a94c6d2c-b852-457d-8af2-4e2450e0372d None None] Device a77051fe-e41f-4499-ac6f-49584c0d3a5c up at agent ovs-agent-dv-cinder-master-3-iscsi {{(pid=106317) update_device_up /opt/stack/neutron/neutron/plugins/ml2/rpc.py:296}}
Aug 28 00:54:41.084044 dv-cinder-master-3-iscsi neutron-server[106315]: DEBUG neutron_lib.callbacks.manager [None req-3b3bb13e-9885-4bfe-8e67-f5fab5505ef4 admin admin] Publish callbacks ['neutron.plugins.ml2.ovo_rpc._ObjectChangeHandler.handle_event-8043554', 'neutron.api.rpc.agentnotifiers.dhcp_rpc_agent_api.DhcpAgentNotifyAPI._native_event_send_dhcp_notification-7867766'] for network (9173759e-b079-4264-9516-c7ce5b7af7ce), after_create {{(pid=106315) _notify_loop /usr/local/lib/python3.8/dist-packages/neutron_lib/callbacks/manager.py:176}}
Aug 28 00:54:41.086597 dv-cinder-master-3-iscsi neutron-server[106315]: DEBUG neutron.pecan_wsgi.hooks.policy_enforcement [None req-3b3bb13e-9885-4bfe-8e67-f5fab5505ef4 admin admin] Attributes excluded by policy engine: ['standard_attr_id', 'vlan_transparent'] {{(pid=106315) _exclude_attributes_by_policy /opt/stack/neutron/neutron/pecan_wsgi/hooks/policy_enforcement.py:259}}
Aug 28 00:54:41.087332 dv-cinder-master-3-iscsi neutron-server[106315]: DEBUG neutron_lib.callbacks.manager [None req-3b3bb13e-9885-4bfe-8e67-f5fab5505ef4 admin admin] Publish callbacks ['neutron.api.rpc.agentnotifiers.dhcp_rpc_agent_api.DhcpAgentNotifyAPI._send_dhcp_notification-7867748'] for network (None), before_response {{(pid=106315) _notify_loop /usr/local/lib/python3.8/dist-packages/neutron_lib/callbacks/manager.py:176}}
Aug 28 00:54:41.087465 dv-cinder-master-3-iscsi neutron-server[106316]: DEBUG neutron_lib.callbacks.manager [None req-54028667-4b31-4903-8a3d-b067391e483b admin admin] Publish callbacks [] for security_group (None), before_create {{(pid=106316) _notify_loop /usr/local/lib/python3.8/dist-packages/neutron_lib/callbacks/manager.py:176}}
Aug 28 00:54:41.182280 dv-cinder-master-3-iscsi neutron-server[106317]: DEBUG neutron.api.rpc.handlers.dhcp_rpc [None req-94914a7c-db65-43f6-bdd4-bc291d307c4c None None] Network 92aee389-59bb-4ec3-9e65-fe3bcb195f1a requested from dv-cinder-master-3-iscsi {{(pid=106317) get_network_info /opt/stack/neutron/neutron/api/rpc/handlers/dhcp_rpc.py:191}}
Aug 28 00:54:41.198581 dv-cinder-master-3-iscsi neutron-server[106315]: DEBUG neutron.api.rpc.handlers.resources_rpc [None req-3b3bb13e-9885-4bfe-8e67-f5fab5505ef4 admin admin] Pushing event updated for resources: {'Network': ['ID=9173759e-b079-4264-9516-c7ce5b7af7ce,revision_number=1']} {{(pid=106315) push /opt/stack/neutron/neutron/api/rpc/handlers/resources_rpc.py:237}}
Aug 28 00:54:41.225030 dv-cinder-master-3-iscsi neutron-server[106315]: DEBUG neutron.pecan_wsgi.hooks.quota_enforcement [None req-ac2baa8f-514e-4afe-b4ba-3fe1b5d611b5 admin admin] Made reservation on behalf of 95df81e14a8549fca0851234f4a00b89 for: {'network': 1} {{(pid=106315) before /opt/stack/neutron/neutron/pecan_wsgi/hooks/quota_enforcement.py:53}}
Aug 28 00:54:41.229425 dv-cinder-master-3-iscsi neutron-server[106315]: DEBUG neutron_lib.callbacks.manager [None req-ac2baa8f-514e-4afe-b4ba-3fe1b5d611b5 admin admin] Publish callbacks ['neutron.plugins.ml2.plugin.SecurityGroupDbMixin._ensure_default_security_group_handler-641116'] for network (None), before_create {{(pid=106315) _notify_loop /usr/local/lib/python3.8/dist-packages/neutron_lib/callbacks/manager.py:176}}
Aug 28 00:54:41.249976 dv-cinder-master-3-iscsi neutron-server[106315]: DEBUG neutron_lib.callbacks.manager [None req-ac2baa8f-514e-4afe-b4ba-3fe1b5d611b5 admin admin] Publish callbacks [] for security_group (None), before_create {{(pid=106315) _notify_loop /usr/local/lib/python3.8/dist-packages/neutron_lib/callbacks/manager.py:176}}
Aug 28 00:54:41.260115 dv-cinder-master-3-iscsi neutron-server[106315]: DEBUG neutron_lib.callbacks.manager [None req-c7dfa27b-b12f-4be9-9f99-4797cdabc9f5 admin admin] Publish callbacks [] for security_group (77bd9f0b-0763-48a7-9b17-197124175074), precommit_create {{(pid=106315) _notify_loop /usr/local/lib/python3.8/dist-packages/neutron_lib/callbacks/manager.py:176}}
Aug 28 00:54:41.266207 dv-cinder-master-3-iscsi neutron-server[106315]: INFO neutron.wsgi [None req-3b3bb13e-9885-4bfe-8e67-f5fab5505ef4 admin admin] 10.222.0.42 "POST /networking/v2.0/networks HTTP/1.1" status: 201 len: 883 time: 1.2601480
Aug 28 00:54:41.271322 dv-cinder-master-3-iscsi neutron-server[106316]: DEBUG neutron.wsgi [-] (106316) accepted ('10.222.0.42', 36116) {{(pid=106316) server /usr/local/lib/python3.8/dist-packages/eventlet/wsgi.py:1004}}
Aug 28 00:54:41.274927 dv-cinder-master-3-iscsi neutron-server[106315]: DEBUG neutron_lib.callbacks.manager [None req-c7dfa27b-b12f-4be9-9f99-4797cdabc9f5 admin admin] Publish callbacks ['neutron.plugins.ml2.ovo_rpc._ObjectChangeHandler.handle_event-8029589'] for security_group (77bd9f0b-0763-48a7-9b17-197124175074), after_create {{(pid=106315) _notify_loop /usr/local/lib/python3.8/dist-packages/neutron_lib/callbacks/manager.py:176}}
Aug 28 00:54:41.277802 dv-cinder-master-3-iscsi neutron-server[106316]: DEBUG neutron.api.v2.base [None req-f7568313-fdbd-433c-b256-58d4d83732d0 admin admin] Request body: {'subnet': {'network_id': '9173759e-b079-4264-9516-c7ce5b7af7ce', 'cidr': '172.20.0.0/28', 'name': 'tempest-AttachVolumeTestJSON-768877790-subnet', 'tenant_id': '2348c1ddbec1476bacb194214794015d', 'enable_dhcp': True, 'ip_version': 4}} {{(pid=106316) prepare_request_body /opt/stack/neutron/neutron/api/v2/base.py:730}}
Aug 28 00:54:41.286739 dv-cinder-master-3-iscsi neutron-server[106317]: DEBUG dbcounter [-] [106317] Writing DB stats neutron:SELECT=91,neutron:INSERT=3,neutron:UPDATE=6 {{(pid=106317) stat_writer /usr/local/lib/python3.8/dist-packages/dbcounter.py:114}}
Aug 28 00:54:41.291196 dv-cinder-master-3-iscsi neutron-server[106315]: DEBUG neutron.plugins.ml2.drivers.helpers [None req-c7dfa27b-b12f-4be9-9f99-4797cdabc9f5 admin admin] vlan segment allocate from pool success with {'vlan_id': 224, 'physical_network': 'physnet1'} {{(pid=106315) allocate_partially_specified_segment /opt/stack/neutron/neutron/plugins/ml2/drivers/helpers.py:153}}
Aug 28 00:54:41.304226 dv-cinder-master-3-iscsi neutron-server[106315]: DEBUG neutron_lib.callbacks.manager [None req-c7dfa27b-b12f-4be9-9f99-4797cdabc9f5 admin admin] Publish callbacks ['neutron.plugins.ml2.plugin.Ml2Plugin._handle_segment_change-727845'] for segment (9f315e5f-fec4-410c-8806-c5602231b126), precommit_create {{(pid=106315) _notify_loop /usr/local/lib/python3.8/dist-packages/neutron_lib/callbacks/manager.py:176}}
Aug 28 00:54:41.304872 dv-cinder-master-3-iscsi neutron-server[106315]: INFO neutron.db.segments_db [None req-c7dfa27b-b12f-4be9-9f99-4797cdabc9f5 admin admin] Added segment 9f315e5f-fec4-410c-8806-c5602231b126 of type vlan for network 0f715ce2-4336-47fc-aabf-469c0d6da07a
Aug 28 00:54:41.329928 dv-cinder-master-3-iscsi neutron-server[106317]: DEBUG neutron.plugins.ml2.rpc [None req-a94c6d2c-b852-457d-8af2-4e2450e0372d None None] Network 9173759e-b079-4264-9516-c7ce5b7af7ce details requested by agent ovs-agent-dv-cinder-master-3-iscsi with host dv-cinder-master-3-iscsi {{(pid=106317) get_network_details /opt/stack/neutron/neutron/plugins/ml2/rpc.py:248}}
Aug 28 00:54:41.334036 dv-cinder-master-3-iscsi neutron-server[106317]: DEBUG neutron.db.provisioning_blocks [None req-3cdc7082-5d15-441b-b66e-78b01a3cc4dd None None] Provisioning complete for port a77051fe-e41f-4499-ac6f-49584c0d3a5c triggered by entity DHCP. {{(pid=106317) provisioning_complete /opt/stack/neutron/neutron/db/provisioning_blocks.py:144}}
Aug 28 00:54:41.334729 dv-cinder-master-3-iscsi neutron-server[106317]: DEBUG neutron_lib.callbacks.manager [None req-3cdc7082-5d15-441b-b66e-78b01a3cc4dd None None] Publish callbacks ['neutron.plugins.ml2.plugin.Ml2Plugin._port_provisioned-731275'] for port (a77051fe-e41f-4499-ac6f-49584c0d3a5c), provisioning_complete {{(pid=106317) _notify_loop /usr/local/lib/python3.8/dist-packages/neutron_lib/callbacks/manager.py:176}}
Aug 28 00:54:41.352334 dv-cinder-master-3-iscsi neutron-server[106316]: DEBUG neutron.pecan_wsgi.hooks.quota_enforcement [None req-f7568313-fdbd-433c-b256-58d4d83732d0 admin admin] Made reservation on behalf of 2348c1ddbec1476bacb194214794015d for: {'subnet': 1} {{(pid=106316) before /opt/stack/neutron/neutron/pecan_wsgi/hooks/quota_enforcement.py:53}}
Aug 28 00:54:41.355071 dv-cinder-master-3-iscsi neutron-server[106316]: DEBUG neutron_lib.callbacks.manager [None req-f7568313-fdbd-433c-b256-58d4d83732d0 admin admin] Publish callbacks [] for subnet (None), before_create {{(pid=106316) _notify_loop /usr/local/lib/python3.8/dist-packages/neutron_lib/callbacks/manager.py:176}}
Aug 28 00:54:41.365910 dv-cinder-master-3-iscsi neutron-server[106315]: DEBUG neutron_lib.callbacks.manager [None req-c7dfa27b-b12f-4be9-9f99-4797cdabc9f5 admin admin] Publish callbacks ['neutron.services.auto_allocate.db._ensure_external_network_default_value_callback-8771249831801'] for network (0f715ce2-4336-47fc-aabf-469c0d6da07a), precommit_create {{(pid=106315) _notify_loop /usr/local/lib/python3.8/dist-packages/neutron_lib/callbacks/manager.py:176}}
Aug 28 00:54:41.408587 dv-cinder-master-3-iscsi neutron-server[106316]: DEBUG neutron_lib.callbacks.manager [None req-fa777c12-8d64-453a-b841-bc75637b5849 admin admin] Publish callbacks ['neutron.services.l3_router.l3_router_plugin.L3_HA_NAT_db_mixin._after_router_create-8033775', 'neutron.services.l3_router.l3_router_plugin.DVRResourceOperationHandler._create_snat_interfaces_after_change-8031574'] for router (296ed3df-e9cf-480d-9e27-bd71c8e7c7e3), after_create {{(pid=106316) _notify_loop /usr/local/lib/python3.8/dist-packages/neutron_lib/callbacks/manager.py:176}}
Aug 28 00:54:41.413580 dv-cinder-master-3-iscsi neutron-server[106316]: DEBUG neutron_lib.callbacks.manager [None req-54028667-4b31-4903-8a3d-b067391e483b admin admin] Publish callbacks [] for security_group (02b9a775-7863-40d9-a976-52c195a32d17), precommit_create {{(pid=106316) _notify_loop /usr/local/lib/python3.8/dist-packages/neutron_lib/callbacks/manager.py:176}}
Aug 28 00:54:41.426746 dv-cinder-master-3-iscsi neutron-server[106316]: DEBUG neutron_lib.callbacks.manager [None req-54028667-4b31-4903-8a3d-b067391e483b admin admin] Publish callbacks ['neutron.plugins.ml2.ovo_rpc._ObjectChangeHandler.handle_event-8029589'] for security_group (02b9a775-7863-40d9-a976-52c195a32d17), after_create {{(pid=106316) _notify_loop /usr/local/lib/python3.8/dist-packages/neutron_lib/callbacks/manager.py:176}}
Aug 28 00:54:41.475290 dv-cinder-master-3-iscsi neutron-server[106317]: DEBUG dbcounter [-] [106317] Writing DB stats neutron:SELECT=94,neutron:INSERT=4,neutron:UPDATE=2 {{(pid=106317) stat_writer /usr/local/lib/python3.8/dist-packages/dbcounter.py:114}}
Aug 28 00:54:41.489567 dv-cinder-master-3-iscsi neutron-server[106315]: DEBUG neutron_lib.callbacks.manager [None req-ac2baa8f-514e-4afe-b4ba-3fe1b5d611b5 admin admin] Publish callbacks [] for security_group (1f6a936f-2261-4824-bb69-001427bc95c6), precommit_create {{(pid=106315) _notify_loop /usr/local/lib/python3.8/dist-packages/neutron_lib/callbacks/manager.py:176}}
Aug 28 00:54:41.497792 dv-cinder-master-3-iscsi neutron-server[106315]: DEBUG neutron_lib.callbacks.manager [None req-c7dfa27b-b12f-4be9-9f99-4797cdabc9f5 admin admin] Publish callbacks ['neutron.plugins.ml2.ovo_rpc._ObjectChangeHandler.handle_event-8043554', 'neutron.api.rpc.agentnotifiers.dhcp_rpc_agent_api.DhcpAgentNotifyAPI._native_event_send_dhcp_notification-7867766'] for network (0f715ce2-4336-47fc-aabf-469c0d6da07a), after_create {{(pid=106315) _notify_loop /usr/local/lib/python3.8/dist-packages/neutron_lib/callbacks/manager.py:176}}
Aug 28 00:54:41.500260 dv-cinder-master-3-iscsi neutron-server[106315]: DEBUG neutron.pecan_wsgi.hooks.policy_enforcement [None req-c7dfa27b-b12f-4be9-9f99-4797cdabc9f5 admin admin] Attributes excluded by policy engine: ['standard_attr_id', 'vlan_transparent'] {{(pid=106315) _exclude_attributes_by_policy /opt/stack/neutron/neutron/pecan_wsgi/hooks/policy_enforcement.py:259}}
Aug 28 00:54:41.500850 dv-cinder-master-3-iscsi neutron-server[106315]: DEBUG neutron_lib.callbacks.manager [None req-c7dfa27b-b12f-4be9-9f99-4797cdabc9f5 admin admin] Publish callbacks ['neutron.api.rpc.agentnotifiers.dhcp_rpc_agent_api.DhcpAgentNotifyAPI._send_dhcp_notification-7867748'] for network (None), before_response {{(pid=106315) _notify_loop /usr/local/lib/python3.8/dist-packages/neutron_lib/callbacks/manager.py:176}}
Aug 28 00:54:41.555081 dv-cinder-master-3-iscsi neutron-server[106317]: DEBUG neutron.plugins.ml2.plugin [None req-3cdc7082-5d15-441b-b66e-78b01a3cc4dd None None] Current status of the port a77051fe-e41f-4499-ac6f-49584c0d3a5c is: DOWN; New status is: ACTIVE {{(pid=106317) _update_individual_port_db_status /opt/stack/neutron/neutron/plugins/ml2/plugin.py:2302}}
Aug 28 00:54:41.555890 dv-cinder-master-3-iscsi neutron-server[106317]: DEBUG neutron_lib.callbacks.manager [None req-3cdc7082-5d15-441b-b66e-78b01a3cc4dd None None] Publish callbacks ['neutron.plugins.ml2.plugin.SecurityGroupDbMixin._ensure_default_security_group_handler-641116'] for port (a77051fe-e41f-4499-ac6f-49584c0d3a5c), before_update {{(pid=106317) _notify_loop /usr/local/lib/python3.8/dist-packages/neutron_lib/callbacks/manager.py:176}}
Aug 28 00:54:41.594075 dv-cinder-master-3-iscsi neutron-server[106315]: DEBUG dbcounter [-] [106315] Writing DB stats neutron:SELECT=76,neutron:INSERT=19,neutron:DELETE=1,neutron:UPDATE=4 {{(pid=106315) stat_writer /usr/local/lib/python3.8/dist-packages/dbcounter.py:114}}
Aug 28 00:54:41.597015 dv-cinder-master-3-iscsi neutron-server[106315]: DEBUG neutron_lib.callbacks.manager [None req-ac2baa8f-514e-4afe-b4ba-3fe1b5d611b5 admin admin] Publish callbacks ['neutron.plugins.ml2.ovo_rpc._ObjectChangeHandler.handle_event-8029589'] for security_group (1f6a936f-2261-4824-bb69-001427bc95c6), after_create {{(pid=106315) _notify_loop /usr/local/lib/python3.8/dist-packages/neutron_lib/callbacks/manager.py:176}}
Aug 28 00:54:41.607883 dv-cinder-master-3-iscsi neutron-server[106317]: DEBUG neutron.plugins.ml2.db [None req-3cdc7082-5d15-441b-b66e-78b01a3cc4dd None None] For port a77051fe-e41f-4499-ac6f-49584c0d3a5c, host dv-cinder-master-3-iscsi, got binding levels [PortBindingLevel(driver='openvswitch',host='dv-cinder-master-3-iscsi',level=0,port_id=a77051fe-e41f-4499-ac6f-49584c0d3a5c,segment=NetworkSegment(71abb636-2ecd-449e-80ef-e137bfb5ef27),segment_id=71abb636-2ecd-449e-80ef-e137bfb5ef27)] {{(pid=106317) get_binding_level_objs /opt/stack/neutron/neutron/plugins/ml2/db.py:74}}
Aug 28 00:54:41.609239 dv-cinder-master-3-iscsi neutron-server[106317]: DEBUG neutron.db.provisioning_blocks [None req-a94c6d2c-b852-457d-8af2-4e2450e0372d None None] Provisioning complete for port a77051fe-e41f-4499-ac6f-49584c0d3a5c triggered by entity L2. {{(pid=106317) provisioning_complete /opt/stack/neutron/neutron/db/provisioning_blocks.py:144}}
Aug 28 00:54:41.609917 dv-cinder-master-3-iscsi neutron-server[106317]: DEBUG neutron_lib.callbacks.manager [None req-a94c6d2c-b852-457d-8af2-4e2450e0372d None None] Publish callbacks ['neutron.plugins.ml2.plugin.Ml2Plugin._port_provisioned-731275'] for port (a77051fe-e41f-4499-ac6f-49584c0d3a5c), provisioning_complete {{(pid=106317) _notify_loop /usr/local/lib/python3.8/dist-packages/neutron_lib/callbacks/manager.py:176}}
Aug 28 00:54:41.614453 dv-cinder-master-3-iscsi neutron-server[106317]: DEBUG neutron_lib.callbacks.manager [None req-3cdc7082-5d15-441b-b66e-78b01a3cc4dd None None] Publish callbacks ['neutron.plugins.ml2.plugin.SecurityGroupServerNotifierRpcMixin._notify_sg_on_port_change-639385', 'neutron.plugins.ml2.ovo_rpc._ObjectChangeHandler.handle_event-47383', 'neutron.api.rpc.agentnotifiers.dhcp_rpc_agent_api.DhcpAgentNotifyAPI._native_event_send_dhcp_notification-7867766', 'neutron.db.l3_db.L3RpcNotifierMixin._notify_gateway_port_ip_changed-8771250192249', 'neutron.db.l3_dvrscheduler_db._notify_l3_agent_port_update-8771249814101', 'neutron.db.l3_hascheduler_db._notify_l3_agent_ha_port_update-8771249814119'] for port (a77051fe-e41f-4499-ac6f-49584c0d3a5c), after_update {{(pid=106317) _notify_loop /usr/local/lib/python3.8/dist-packages/neutron_lib/callbacks/manager.py:176}}
Aug 28 00:54:41.630986 dv-cinder-master-3-iscsi neutron-server[106315]: DEBUG neutron.plugins.ml2.drivers.helpers [None req-ac2baa8f-514e-4afe-b4ba-3fe1b5d611b5 admin admin] vlan segment allocate from pool success with {'vlan_id': 223, 'physical_network': 'physnet1'} {{(pid=106315) allocate_partially_specified_segment /opt/stack/neutron/neutron/plugins/ml2/drivers/helpers.py:153}}
Aug 28 00:54:41.652584 dv-cinder-master-3-iscsi neutron-server[106315]: DEBUG neutron_lib.callbacks.manager [None req-ac2baa8f-514e-4afe-b4ba-3fe1b5d611b5 admin admin] Publish callbacks ['neutron.plugins.ml2.plugin.Ml2Plugin._handle_segment_change-727845'] for segment (4e0b793e-2c68-46c4-82b3-a332f54ffd1f), precommit_create {{(pid=106315) _notify_loop /usr/local/lib/python3.8/dist-packages/neutron_lib/callbacks/manager.py:176}}
Aug 28 00:54:41.652921 dv-cinder-master-3-iscsi neutron-server[106315]: INFO neutron.db.segments_db [None req-ac2baa8f-514e-4afe-b4ba-3fe1b5d611b5 admin admin] Added segment 4e0b793e-2c68-46c4-82b3-a332f54ffd1f of type vlan for network e3dfdb02-2ba5-4b22-9a96-a212c53e9d60
Aug 28 00:54:41.696709 dv-cinder-master-3-iscsi neutron-server[106317]: DEBUG neutron.api.rpc.handlers.resources_rpc [None req-3cdc7082-5d15-441b-b66e-78b01a3cc4dd None None] Pushing event updated for resources: {'Port': ['ID=a77051fe-e41f-4499-ac6f-49584c0d3a5c,revision_number=3']} {{(pid=106317) push /opt/stack/neutron/neutron/api/rpc/handlers/resources_rpc.py:237}}
Aug 28 00:54:41.736020 dv-cinder-master-3-iscsi neutron-server[106315]: DEBUG neutron.api.rpc.handlers.resources_rpc [None req-c7dfa27b-b12f-4be9-9f99-4797cdabc9f5 admin admin] Pushing event updated for resources: {'Network': ['ID=0f715ce2-4336-47fc-aabf-469c0d6da07a,revision_number=1']} {{(pid=106315) push /opt/stack/neutron/neutron/api/rpc/handlers/resources_rpc.py:237}}
Aug 28 00:54:41.739293 dv-cinder-master-3-iscsi neutron-server[106316]: DEBUG neutron.plugins.ml2.drivers.helpers [None req-54028667-4b31-4903-8a3d-b067391e483b admin admin] vlan segment allocate from pool success with {'vlan_id': 233, 'physical_network': 'physnet1'} {{(pid=106316) allocate_partially_specified_segment /opt/stack/neutron/neutron/plugins/ml2/drivers/helpers.py:153}}
Aug 28 00:54:41.749042 dv-cinder-master-3-iscsi neutron-server[106316]: DEBUG neutron.api.rpc.handlers.resources_rpc [None req-54028667-4b31-4903-8a3d-b067391e483b admin admin] Pushing event updated for resources: {'SecurityGroup': ['ID=02b9a775-7863-40d9-a976-52c195a32d17,revision_number=1']} {{(pid=106316) push /opt/stack/neutron/neutron/api/rpc/handlers/resources_rpc.py:237}}
Aug 28 00:54:41.769772 dv-cinder-master-3-iscsi neutron-server[106315]: DEBUG neutron.api.rpc.handlers.resources_rpc [None req-c7dfa27b-b12f-4be9-9f99-4797cdabc9f5 admin admin] Pushing event updated for resources: {'SecurityGroup': ['ID=77bd9f0b-0763-48a7-9b17-197124175074,revision_number=1']} {{(pid=106315) push /opt/stack/neutron/neutron/api/rpc/handlers/resources_rpc.py:237}}
Aug 28 00:54:41.776648 dv-cinder-master-3-iscsi neutron-server[106317]: DEBUG neutron.plugins.ml2.rpc [None req-a94c6d2c-b852-457d-8af2-4e2450e0372d None None] Network 0f715ce2-4336-47fc-aabf-469c0d6da07a details requested by agent ovs-agent-dv-cinder-master-3-iscsi with host dv-cinder-master-3-iscsi {{(pid=106317) get_network_details /opt/stack/neutron/neutron/plugins/ml2/rpc.py:248}}
Aug 28 00:54:41.783383 dv-cinder-master-3-iscsi neutron-server[106315]: INFO neutron.wsgi [None req-c7dfa27b-b12f-4be9-9f99-4797cdabc9f5 admin admin] 10.222.0.42 "POST /networking/v2.0/networks HTTP/1.1" status: 201 len: 885 time: 1.4942636
Aug 28 00:54:41.783383 dv-cinder-master-3-iscsi neutron-server[106315]: DEBUG neutron_lib.callbacks.manager [None req-ac2baa8f-514e-4afe-b4ba-3fe1b5d611b5 admin admin] Publish callbacks ['neutron.services.auto_allocate.db._ensure_external_network_default_value_callback-8771249831801'] for network (e3dfdb02-2ba5-4b22-9a96-a212c53e9d60), precommit_create {{(pid=106315) _notify_loop /usr/local/lib/python3.8/dist-packages/neutron_lib/callbacks/manager.py:176}}
Aug 28 00:54:41.803049 dv-cinder-master-3-iscsi neutron-server[106315]: DEBUG neutron.wsgi [-] (106315) accepted ('10.222.0.42', 36132) {{(pid=106315) server /usr/local/lib/python3.8/dist-packages/eventlet/wsgi.py:1004}}
Aug 28 00:54:41.831199 dv-cinder-master-3-iscsi neutron-server[106316]: DEBUG neutron_lib.callbacks.manager [None req-54028667-4b31-4903-8a3d-b067391e483b admin admin] Publish callbacks ['neutron.plugins.ml2.plugin.Ml2Plugin._handle_segment_change-727845'] for segment (8085e439-4cb3-406f-a134-170d2184bbcc), precommit_create {{(pid=106316) _notify_loop /usr/local/lib/python3.8/dist-packages/neutron_lib/callbacks/manager.py:176}}
Aug 28 00:54:41.831541 dv-cinder-master-3-iscsi neutron-server[106316]: INFO neutron.db.segments_db [None req-54028667-4b31-4903-8a3d-b067391e483b admin admin] Added segment 8085e439-4cb3-406f-a134-170d2184bbcc of type vlan for network 4c439816-86e3-4522-87f6-42fdb101eeb5
Aug 28 00:54:41.833608 dv-cinder-master-3-iscsi neutron-server[106315]: DEBUG neutron.api.v2.base [None req-0e350746-e2aa-47f6-9e8f-06df3afe35b5 admin admin] Request body: {'subnet': {'network_id': '0f715ce2-4336-47fc-aabf-469c0d6da07a', 'cidr': '172.20.0.0/28', 'name': 'tempest-DeleteServersTestJSON-1804568356-subnet', 'tenant_id': 'd36dd9ee223f496ebc7b6de74b92227a', 'enable_dhcp': True, 'ip_version': 4}} {{(pid=106315) prepare_request_body /opt/stack/neutron/neutron/api/v2/base.py:730}}
Aug 28 00:54:41.898965 dv-cinder-master-3-iscsi neutron-server[106317]: DEBUG neutron.db.provisioning_blocks [None req-bc218852-2087-45b3-88f5-6a179160a833 None None] Provisioning complete for port a77051fe-e41f-4499-ac6f-49584c0d3a5c triggered by entity DHCP. {{(pid=106317) provisioning_complete /opt/stack/neutron/neutron/db/provisioning_blocks.py:144}}
Aug 28 00:54:41.899270 dv-cinder-master-3-iscsi neutron-server[106317]: DEBUG neutron_lib.callbacks.manager [None req-bc218852-2087-45b3-88f5-6a179160a833 None None] Publish callbacks ['neutron.plugins.ml2.plugin.Ml2Plugin._port_provisioned-731275'] for port (a77051fe-e41f-4499-ac6f-49584c0d3a5c), provisioning_complete {{(pid=106317) _notify_loop /usr/local/lib/python3.8/dist-packages/neutron_lib/callbacks/manager.py:176}}
Aug 28 00:54:41.901400 dv-cinder-master-3-iscsi neutron-server[106317]: DEBUG neutron.plugins.ml2.plugin [None req-a94c6d2c-b852-457d-8af2-4e2450e0372d None None] Current status of the port a77051fe-e41f-4499-ac6f-49584c0d3a5c is: ACTIVE; New status is: ACTIVE {{(pid=106317) _update_individual_port_db_status /opt/stack/neutron/neutron/plugins/ml2/plugin.py:2302}}
Aug 28 00:54:41.937767 dv-cinder-master-3-iscsi neutron-server[106315]: DEBUG neutron.api.rpc.handlers.resources_rpc [None req-ac2baa8f-514e-4afe-b4ba-3fe1b5d611b5 admin admin] Pushing event updated for resources: {'SecurityGroup': ['ID=1f6a936f-2261-4824-bb69-001427bc95c6,revision_number=1']} {{(pid=106315) push /opt/stack/neutron/neutron/api/rpc/handlers/resources_rpc.py:237}}
Aug 28 00:54:41.956931 dv-cinder-master-3-iscsi neutron-server[106315]: DEBUG neutron_lib.callbacks.manager [None req-ac2baa8f-514e-4afe-b4ba-3fe1b5d611b5 admin admin] Publish callbacks ['neutron.plugins.ml2.ovo_rpc._ObjectChangeHandler.handle_event-8043554', 'neutron.api.rpc.agentnotifiers.dhcp_rpc_agent_api.DhcpAgentNotifyAPI._native_event_send_dhcp_notification-7867766'] for network (e3dfdb02-2ba5-4b22-9a96-a212c53e9d60), after_create {{(pid=106315) _notify_loop /usr/local/lib/python3.8/dist-packages/neutron_lib/callbacks/manager.py:176}}
Aug 28 00:54:41.961574 dv-cinder-master-3-iscsi neutron-server[106315]: DEBUG neutron.pecan_wsgi.hooks.policy_enforcement [None req-ac2baa8f-514e-4afe-b4ba-3fe1b5d611b5 admin admin] Attributes excluded by policy engine: ['standard_attr_id', 'vlan_transparent'] {{(pid=106315) _exclude_attributes_by_policy /opt/stack/neutron/neutron/pecan_wsgi/hooks/policy_enforcement.py:259}}
Aug 28 00:54:41.962206 dv-cinder-master-3-iscsi neutron-server[106315]: DEBUG neutron_lib.callbacks.manager [None req-ac2baa8f-514e-4afe-b4ba-3fe1b5d611b5 admin admin] Publish callbacks ['neutron.api.rpc.agentnotifiers.dhcp_rpc_agent_api.DhcpAgentNotifyAPI._send_dhcp_notification-7867748'] for network (None), before_response {{(pid=106315) _notify_loop /usr/local/lib/python3.8/dist-packages/neutron_lib/callbacks/manager.py:176}}
Aug 28 00:54:41.978612 dv-cinder-master-3-iscsi neutron-server[106316]: DEBUG dbcounter [-] [106316] Writing DB stats neutron:SELECT=79,neutron:INSERT=16,neutron:UPDATE=5 {{(pid=106316) stat_writer /usr/local/lib/python3.8/dist-packages/dbcounter.py:114}}
Aug 28 00:54:41.985155 dv-cinder-master-3-iscsi neutron-server[106315]: DEBUG neutron.pecan_wsgi.hooks.quota_enforcement [None req-0e350746-e2aa-47f6-9e8f-06df3afe35b5 admin admin] Made reservation on behalf of d36dd9ee223f496ebc7b6de74b92227a for: {'subnet': 1} {{(pid=106315) before /opt/stack/neutron/neutron/pecan_wsgi/hooks/quota_enforcement.py:53}}
Aug 28 00:54:41.990947 dv-cinder-master-3-iscsi neutron-server[106315]: DEBUG neutron_lib.callbacks.manager [None req-0e350746-e2aa-47f6-9e8f-06df3afe35b5 admin admin] Publish callbacks [] for subnet (None), before_create {{(pid=106315) _notify_loop /usr/local/lib/python3.8/dist-packages/neutron_lib/callbacks/manager.py:176}}
Aug 28 00:54:41.996299 dv-cinder-master-3-iscsi neutron-server[106317]: DEBUG neutron.plugins.ml2.plugin [None req-bc218852-2087-45b3-88f5-6a179160a833 None None] Current status of the port a77051fe-e41f-4499-ac6f-49584c0d3a5c is: ACTIVE; New status is: ACTIVE {{(pid=106317) _update_individual_port_db_status /opt/stack/neutron/neutron/plugins/ml2/plugin.py:2302}}
Aug 28 00:54:42.007723 dv-cinder-master-3-iscsi neutron-server[106316]: DEBUG neutron_lib.callbacks.manager [None req-54028667-4b31-4903-8a3d-b067391e483b admin admin] Publish callbacks ['neutron.services.auto_allocate.db._ensure_external_network_default_value_callback-8771249831801'] for network (4c439816-86e3-4522-87f6-42fdb101eeb5), precommit_create {{(pid=106316) _notify_loop /usr/local/lib/python3.8/dist-packages/neutron_lib/callbacks/manager.py:176}}
Aug 28 00:54:42.107755 dv-cinder-master-3-iscsi neutron-server[106315]: INFO neutron.wsgi [None req-ac2baa8f-514e-4afe-b4ba-3fe1b5d611b5 admin admin] 10.222.0.42 "POST /networking/v2.0/networks HTTP/1.1" status: 201 len: 888 time: 1.5648024
Aug 28 00:54:42.114007 dv-cinder-master-3-iscsi neutron-server[106316]: DEBUG neutron.wsgi [-] (106316) accepted ('10.222.0.42', 36142) {{(pid=106316) server /usr/local/lib/python3.8/dist-packages/eventlet/wsgi.py:1004}}
Aug 28 00:54:42.128048 dv-cinder-master-3-iscsi neutron-server[106316]: DEBUG neutron.api.v2.base [None req-d892cfff-74e2-43fd-b8db-03b8eec5f1a3 admin admin] Request body: {'subnet': {'network_id': 'e3dfdb02-2ba5-4b22-9a96-a212c53e9d60', 'cidr': '172.20.0.0/28', 'name': 'tempest-AttachVolumeNegativeTest-2071687582-subnet', 'tenant_id': '95df81e14a8549fca0851234f4a00b89', 'enable_dhcp': True, 'ip_version': 4}} {{(pid=106316) prepare_request_body /opt/stack/neutron/neutron/api/v2/base.py:730}}
Aug 28 00:54:42.134994 dv-cinder-master-3-iscsi neutron-server[106315]: DEBUG neutron.api.rpc.handlers.resources_rpc [None req-ac2baa8f-514e-4afe-b4ba-3fe1b5d611b5 admin admin] Pushing event updated for resources: {'Network': ['ID=e3dfdb02-2ba5-4b22-9a96-a212c53e9d60,revision_number=1']} {{(pid=106315) push /opt/stack/neutron/neutron/api/rpc/handlers/resources_rpc.py:237}}
Aug 28 00:54:42.146834 dv-cinder-master-3-iscsi neutron-server[106317]: DEBUG neutron.plugins.ml2.rpc [None req-a94c6d2c-b852-457d-8af2-4e2450e0372d None None] Network e3dfdb02-2ba5-4b22-9a96-a212c53e9d60 details requested by agent ovs-agent-dv-cinder-master-3-iscsi with host dv-cinder-master-3-iscsi {{(pid=106317) get_network_details /opt/stack/neutron/neutron/plugins/ml2/rpc.py:248}}
Aug 28 00:54:42.154444 dv-cinder-master-3-iscsi neutron-server[106316]: DEBUG neutron_lib.callbacks.manager [None req-54028667-4b31-4903-8a3d-b067391e483b admin admin] Publish callbacks ['neutron.plugins.ml2.ovo_rpc._ObjectChangeHandler.handle_event-8043554', 'neutron.api.rpc.agentnotifiers.dhcp_rpc_agent_api.DhcpAgentNotifyAPI._native_event_send_dhcp_notification-7867766'] for network (4c439816-86e3-4522-87f6-42fdb101eeb5), after_create {{(pid=106316) _notify_loop /usr/local/lib/python3.8/dist-packages/neutron_lib/callbacks/manager.py:176}}
Aug 28 00:54:42.155988 dv-cinder-master-3-iscsi neutron-server[106316]: DEBUG neutron.pecan_wsgi.hooks.policy_enforcement [None req-54028667-4b31-4903-8a3d-b067391e483b admin admin] Attributes excluded by policy engine: ['standard_attr_id', 'vlan_transparent'] {{(pid=106316) _exclude_attributes_by_policy /opt/stack/neutron/neutron/pecan_wsgi/hooks/policy_enforcement.py:259}}
Aug 28 00:54:42.157076 dv-cinder-master-3-iscsi neutron-server[106316]: DEBUG neutron_lib.callbacks.manager [None req-54028667-4b31-4903-8a3d-b067391e483b admin admin] Publish callbacks ['neutron.api.rpc.agentnotifiers.dhcp_rpc_agent_api.DhcpAgentNotifyAPI._send_dhcp_notification-7867748'] for network (None), before_response {{(pid=106316) _notify_loop /usr/local/lib/python3.8/dist-packages/neutron_lib/callbacks/manager.py:176}}
Aug 28 00:54:42.167294 dv-cinder-master-3-iscsi neutron-server[106316]: DEBUG neutron.pecan_wsgi.hooks.quota_enforcement [None req-d892cfff-74e2-43fd-b8db-03b8eec5f1a3 admin admin] Made reservation on behalf of 95df81e14a8549fca0851234f4a00b89 for: {'subnet': 1} {{(pid=106316) before /opt/stack/neutron/neutron/pecan_wsgi/hooks/quota_enforcement.py:53}}
Aug 28 00:54:42.169942 dv-cinder-master-3-iscsi neutron-server[106316]: DEBUG neutron_lib.callbacks.manager [None req-d892cfff-74e2-43fd-b8db-03b8eec5f1a3 admin admin] Publish callbacks [] for subnet (None), before_create {{(pid=106316) _notify_loop /usr/local/lib/python3.8/dist-packages/neutron_lib/callbacks/manager.py:176}}
Aug 28 00:54:42.300685 dv-cinder-master-3-iscsi neutron-server[106316]: DEBUG neutron.scheduler.l3_agent_scheduler [None req-fa777c12-8d64-453a-b841-bc75637b5849 admin admin] Router 296ed3df-e9cf-480d-9e27-bd71c8e7c7e3 is scheduled to L3 agent 2ee01de6-cc71-4ba2-9644-ec857037b8cf with binding_index 1 {{(pid=106316) bind_router /opt/stack/neutron/neutron/scheduler/l3_agent_scheduler.py:209}}
Aug 28 00:54:42.310419 dv-cinder-master-3-iscsi neutron-server[106316]: DEBUG dbcounter [-] [106316] Writing DB stats neutron:SELECT=89,neutron:INSERT=9,neutron:DELETE=2 {{(pid=106316) stat_writer /usr/local/lib/python3.8/dist-packages/dbcounter.py:114}}
Aug 28 00:54:42.325686 dv-cinder-master-3-iscsi neutron-server[106316]: INFO neutron.wsgi [None req-54028667-4b31-4903-8a3d-b067391e483b admin admin] 10.222.0.42 "POST /networking/v2.0/networks HTTP/1.1" status: 201 len: 890 time: 2.3634255
Aug 28 00:54:42.332797 dv-cinder-master-3-iscsi neutron-server[106315]: DEBUG neutron.wsgi [-] (106315) accepted ('10.222.0.42', 36152) {{(pid=106315) server /usr/local/lib/python3.8/dist-packages/eventlet/wsgi.py:1004}}
Aug 28 00:54:42.346552 dv-cinder-master-3-iscsi neutron-server[106315]: DEBUG neutron.api.v2.base [None req-5a3db595-ae67-41ad-9dd4-ecec667afec9 admin admin] Request body: {'subnet': {'network_id': '4c439816-86e3-4522-87f6-42fdb101eeb5', 'cidr': '172.20.0.0/28', 'name': 'tempest-AttachVolumeShelveTestJSON-1959217959-subnet', 'tenant_id': '19f069b9ad7a4a5984fa947ad755db0a', 'enable_dhcp': True, 'ip_version': 4}} {{(pid=106315) prepare_request_body /opt/stack/neutron/neutron/api/v2/base.py:730}}
Aug 28 00:54:42.353989 dv-cinder-master-3-iscsi neutron-server[106315]: DEBUG neutron_lib.callbacks.manager [None req-0e350746-e2aa-47f6-9e8f-06df3afe35b5 admin admin] Publish callbacks ['neutron.plugins.ml2.ovo_rpc._ObjectChangeHandler.handle_event-37179', 'neutron.api.rpc.agentnotifiers.dhcp_rpc_agent_api.DhcpAgentNotifyAPI._native_event_send_dhcp_notification-7867766'] for subnet (a23476e0-af01-4810-a4f4-f500ee03cb5e), after_create {{(pid=106315) _notify_loop /usr/local/lib/python3.8/dist-packages/neutron_lib/callbacks/manager.py:176}}
Aug 28 00:54:42.393175 dv-cinder-master-3-iscsi neutron-server[106316]: DEBUG neutron_lib.callbacks.manager [None req-f7568313-fdbd-433c-b256-58d4d83732d0 admin admin] Publish callbacks ['neutron.plugins.ml2.ovo_rpc._ObjectChangeHandler.handle_event-37179', 'neutron.api.rpc.agentnotifiers.dhcp_rpc_agent_api.DhcpAgentNotifyAPI._native_event_send_dhcp_notification-7867766'] for subnet (595c07a5-654d-4161-9bb3-bcd4510b4102), after_create {{(pid=106316) _notify_loop /usr/local/lib/python3.8/dist-packages/neutron_lib/callbacks/manager.py:176}}
Aug 28 00:54:42.444338 dv-cinder-master-3-iscsi neutron-server[106315]: DEBUG neutron.pecan_wsgi.hooks.quota_enforcement [None req-5a3db595-ae67-41ad-9dd4-ecec667afec9 admin admin] Made reservation on behalf of 19f069b9ad7a4a5984fa947ad755db0a for: {'subnet': 1} {{(pid=106315) before /opt/stack/neutron/neutron/pecan_wsgi/hooks/quota_enforcement.py:53}}
Aug 28 00:54:42.447732 dv-cinder-master-3-iscsi neutron-server[106315]: DEBUG neutron_lib.callbacks.manager [None req-5a3db595-ae67-41ad-9dd4-ecec667afec9 admin admin] Publish callbacks [] for subnet (None), before_create {{(pid=106315) _notify_loop /usr/local/lib/python3.8/dist-packages/neutron_lib/callbacks/manager.py:176}}
Aug 28 00:54:42.543349 dv-cinder-master-3-iscsi neutron-server[106316]: DEBUG neutron.api.rpc.handlers.resources_rpc [None req-54028667-4b31-4903-8a3d-b067391e483b admin admin] Pushing event updated for resources: {'Network': ['ID=4c439816-86e3-4522-87f6-42fdb101eeb5,revision_number=1']} {{(pid=106316) push /opt/stack/neutron/neutron/api/rpc/handlers/resources_rpc.py:237}}
Aug 28 00:54:42.547410 dv-cinder-master-3-iscsi neutron-server[106315]: DEBUG neutron.api.rpc.handlers.resources_rpc [None req-0e350746-e2aa-47f6-9e8f-06df3afe35b5 admin admin] Pushing event updated for resources: {'Subnet': ['ID=a23476e0-af01-4810-a4f4-f500ee03cb5e,revision_number=0']} {{(pid=106315) push /opt/stack/neutron/neutron/api/rpc/handlers/resources_rpc.py:237}}
Aug 28 00:54:42.559944 dv-cinder-master-3-iscsi neutron-server[106317]: DEBUG neutron.plugins.ml2.rpc [None req-a94c6d2c-b852-457d-8af2-4e2450e0372d None None] Network 4c439816-86e3-4522-87f6-42fdb101eeb5 details requested by agent ovs-agent-dv-cinder-master-3-iscsi with host dv-cinder-master-3-iscsi {{(pid=106317) get_network_details /opt/stack/neutron/neutron/plugins/ml2/rpc.py:248}}
Aug 28 00:54:42.571931 dv-cinder-master-3-iscsi neutron-server[106316]: DEBUG neutron.api.rpc.handlers.resources_rpc [None req-f7568313-fdbd-433c-b256-58d4d83732d0 admin admin] Pushing event updated for resources: {'Subnet': ['ID=595c07a5-654d-4161-9bb3-bcd4510b4102,revision_number=0']} {{(pid=106316) push /opt/stack/neutron/neutron/api/rpc/handlers/resources_rpc.py:237}}
Aug 28 00:54:42.572293 dv-cinder-master-3-iscsi neutron-server[106315]: DEBUG neutron.plugins.ml2.drivers.mech_agent [None req-0e350746-e2aa-47f6-9e8f-06df3afe35b5 admin admin] Checking segment: {'id': '9f315e5f-fec4-410c-8806-c5602231b126', 'network_type': 'vlan', 'physical_network': 'physnet1', 'segmentation_id': 224, 'network_id': '0f715ce2-4336-47fc-aabf-469c0d6da07a'} for mappings: {'physnet1': 'br-data'} with network types: ['local', 'flat', 'vlan'] {{(pid=106315) check_segment_for_agent /opt/stack/neutron/neutron/plugins/ml2/drivers/mech_agent.py:373}}
Aug 28 00:54:42.572682 dv-cinder-master-3-iscsi neutron-server[106315]: DEBUG neutron.scheduler.dhcp_agent_scheduler [None req-0e350746-e2aa-47f6-9e8f-06df3afe35b5 admin admin] Network hostable DHCP agents. Network: 0f715ce2-4336-47fc-aabf-469c0d6da07a, hostable agents: ['e4146de6-a167-4a87-b834-4c5ca945cb48'], hosted agents: [] {{(pid=106315) _get_network_hostable_dhcp_agents /opt/stack/neutron/neutron/scheduler/dhcp_agent_scheduler.py:329}}
Aug 28 00:54:42.600366 dv-cinder-master-3-iscsi neutron-server[106315]: DEBUG dbcounter [-] [106315] Writing DB stats neutron:SELECT=82,neutron:DELETE=4,neutron:INSERT=11,neutron:UPDATE=3 {{(pid=106315) stat_writer /usr/local/lib/python3.8/dist-packages/dbcounter.py:114}}
Aug 28 00:54:42.615458 dv-cinder-master-3-iscsi neutron-server[106315]: DEBUG neutron.scheduler.dhcp_agent_scheduler [None req-0e350746-e2aa-47f6-9e8f-06df3afe35b5 admin admin] Network 0f715ce2-4336-47fc-aabf-469c0d6da07a is scheduled to be hosted by DHCP agent e4146de6-a167-4a87-b834-4c5ca945cb48 with binding_index 1 {{(pid=106315) bind /opt/stack/neutron/neutron/scheduler/dhcp_agent_scheduler.py:227}}
Aug 28 00:54:42.634662 dv-cinder-master-3-iscsi neutron-server[106315]: DEBUG neutron.scheduler.base_scheduler [None req-0e350746-e2aa-47f6-9e8f-06df3afe35b5 admin admin] Resources bound (agent type, host, resource id): (DHCP agent, dv-cinder-master-3-iscsi, 0f715ce2-4336-47fc-aabf-469c0d6da07a) {{(pid=106315) schedule /opt/stack/neutron/neutron/scheduler/base_scheduler.py:57}}
Aug 28 00:54:42.660456 dv-cinder-master-3-iscsi neutron-server[106317]: DEBUG neutron.api.rpc.handlers.dhcp_rpc [None req-5394a1dd-fcd5-4cff-94eb-12c30361970c None None] Network 0f715ce2-4336-47fc-aabf-469c0d6da07a requested from dv-cinder-master-3-iscsi {{(pid=106317) get_network_info /opt/stack/neutron/neutron/api/rpc/handlers/dhcp_rpc.py:191}}
Aug 28 00:54:42.683033 dv-cinder-master-3-iscsi neutron-server[106315]: DEBUG neutron.pecan_wsgi.hooks.policy_enforcement [None req-0e350746-e2aa-47f6-9e8f-06df3afe35b5 admin admin] Attributes excluded by policy engine: ['standard_attr_id', 'shared', 'network'] {{(pid=106315) _exclude_attributes_by_policy /opt/stack/neutron/neutron/pecan_wsgi/hooks/policy_enforcement.py:259}}
