Aug 28 00:55:37.777920 dv-cinder-master-3-iscsi devstack@c-api.service[113352]: INFO cinder.api.openstack.wsgi [None req-1c90ce2b-6ed2-4ddc-8ee0-766b0857f495 tempest-GroupSnapshotsTest-2009394697 tempest-GroupSnapshotsTest-2009394697-project] http://10.222.0.42/volume/v3/b56e9e0d8dd94c168bca305994863399/group_snapshots/78995b13-02ae-4fa7-b2a8-4880de258f68 returned with HTTP 200
Aug 28 00:55:37.778928 dv-cinder-master-3-iscsi devstack@c-api.service[113352]: [pid: 113352|app: 0|req: 153/296] 10.222.0.42 () {60 vars in 1390 bytes} [Sun Aug 28 00:55:37 2022] GET /volume/v3/b56e9e0d8dd94c168bca305994863399/group_snapshots/78995b13-02ae-4fa7-b2a8-4880de258f68 => generated 306 bytes in 23 msecs (HTTP/1.1 200) 7 headers in 286 bytes (1 switches on core 0)
Aug 28 00:55:37.780877 dv-cinder-master-3-iscsi devstack@c-api.service[113352]: DEBUG cinder.api.middleware.request_id [None req-8486a9d5-29eb-4cb4-a8e4-6d35acbf95b0 None None] RequestId filter calling following filter/app {{(pid=113352) _context_setter /opt/stack/cinder/cinder/api/middleware/request_id.py:62}}
Aug 28 00:55:37.787261 dv-cinder-master-3-iscsi devstack@c-api.service[113352]: INFO cinder.api.openstack.wsgi [None req-8486a9d5-29eb-4cb4-a8e4-6d35acbf95b0 tempest-VolumeServicesNegativeTest-486866189 tempest-VolumeServicesNegativeTest-486866189-project-admin] PUT http://10.222.0.42/volume/v3/13f4da7f3bd34f6eb435ae2bbe8bfa0d/os-services/disable-log-reason
Aug 28 00:55:37.787973 dv-cinder-master-3-iscsi devstack@c-api.service[113352]: DEBUG cinder.api.openstack.wsgi [None req-8486a9d5-29eb-4cb4-a8e4-6d35acbf95b0 tempest-VolumeServicesNegativeTest-486866189 tempest-VolumeServicesNegativeTest-486866189-project-admin] Action: 'update', calling method: update, body: {"host": "dv-cinder-master-3-iscsi", "binary": "cinder-scheduler", "disabled_reason": null} {{(pid=113352) _process_stack /opt/stack/cinder/cinder/api/openstack/wsgi.py:866}}
Aug 28 00:55:37.792008 dv-cinder-master-3-iscsi devstack@c-api.service[113352]: INFO cinder.api.openstack.wsgi [None req-8486a9d5-29eb-4cb4-a8e4-6d35acbf95b0 tempest-VolumeServicesNegativeTest-486866189 tempest-VolumeServicesNegativeTest-486866189-project-admin] http://10.222.0.42/volume/v3/13f4da7f3bd34f6eb435ae2bbe8bfa0d/os-services/disable-log-reason returned with HTTP 400
Aug 28 00:55:37.793231 dv-cinder-master-3-iscsi devstack@c-api.service[113352]: [pid: 113352|app: 0|req: 154/297] 10.222.0.42 () {60 vars in 1303 bytes} [Sun Aug 28 00:55:37 2022] PUT /volume/v3/13f4da7f3bd34f6eb435ae2bbe8bfa0d/os-services/disable-log-reason => generated 136 bytes in 13 msecs (HTTP/1.1 400) 7 headers in 294 bytes (1 switches on core 0)
Aug 28 00:55:37.798816 dv-cinder-master-3-iscsi devstack@c-api.service[113352]: DEBUG cinder.api.middleware.request_id [None req-ad95b4d4-3586-41fc-9d0d-90b98a46168f None None] RequestId filter calling following filter/app {{(pid=113352) _context_setter /opt/stack/cinder/cinder/api/middleware/request_id.py:62}}
Aug 28 00:55:37.803685 dv-cinder-master-3-iscsi devstack@c-api.service[113352]: INFO cinder.api.openstack.wsgi [None req-ad95b4d4-3586-41fc-9d0d-90b98a46168f tempest-VolumeServicesNegativeTest-486866189 tempest-VolumeServicesNegativeTest-486866189-project-admin] PUT http://10.222.0.42/volume/v3/13f4da7f3bd34f6eb435ae2bbe8bfa0d/os-services/disable
Aug 28 00:55:37.804532 dv-cinder-master-3-iscsi devstack@c-api.service[113352]: DEBUG cinder.api.openstack.wsgi [None req-ad95b4d4-3586-41fc-9d0d-90b98a46168f tempest-VolumeServicesNegativeTest-486866189 tempest-VolumeServicesNegativeTest-486866189-project-admin] Action: 'update', calling method: update, body: {"host": "dv-cinder-master-3-iscsi", "binary": "invalid_binary"} {{(pid=113352) _process_stack /opt/stack/cinder/cinder/api/openstack/wsgi.py:866}}
Aug 28 00:55:37.809081 dv-cinder-master-3-iscsi devstack@c-api.service[113353]: INFO cinder.api.openstack.wsgi [None req-8ece0b1d-1c40-4a69-9aea-388ac25fb534 tempest-VolumeTypesNegativeTest-1637877624 tempest-VolumeTypesNegativeTest-1637877624-project-admin] http://10.222.0.42/volume/v3/0f0baac91140411c9f2f1509031d3ff3/types/70467a84-a22c-4fde-941e-84af2b2599ee/encryption returned with HTTP 404
Aug 28 00:55:37.810324 dv-cinder-master-3-iscsi devstack@c-api.service[113353]: [pid: 113353|app: 0|req: 144/298] 10.222.0.42 () {60 vars in 1374 bytes} [Sun Aug 28 00:55:37 2022] POST /volume/v3/0f0baac91140411c9f2f1509031d3ff3/types/70467a84-a22c-4fde-941e-84af2b2599ee/encryption => generated 114 bytes in 277 msecs (HTTP/1.1 404) 7 headers in 292 bytes (1 switches on core 0)
Aug 28 00:55:37.818060 dv-cinder-master-3-iscsi devstack@c-api.service[113353]: DEBUG cinder.api.middleware.request_id [None req-25425b78-3630-4a2e-a805-54d922858a58 None None] RequestId filter calling following filter/app {{(pid=113353) _context_setter /opt/stack/cinder/cinder/api/middleware/request_id.py:62}}
Aug 28 00:55:37.823490 dv-cinder-master-3-iscsi devstack@c-api.service[113352]: INFO cinder.api.openstack.wsgi [None req-ad95b4d4-3586-41fc-9d0d-90b98a46168f tempest-VolumeServicesNegativeTest-486866189 tempest-VolumeServicesNegativeTest-486866189-project-admin] http://10.222.0.42/volume/v3/13f4da7f3bd34f6eb435ae2bbe8bfa0d/os-services/disable returned with HTTP 404
Aug 28 00:55:37.824673 dv-cinder-master-3-iscsi devstack@c-api.service[113353]: INFO cinder.api.openstack.wsgi [None req-25425b78-3630-4a2e-a805-54d922858a58 tempest-VolumeTypesNegativeTest-1637877624 tempest-VolumeTypesNegativeTest-1637877624-project-admin] POST http://10.222.0.42/volume/v3/0f0baac91140411c9f2f1509031d3ff3/types
Aug 28 00:55:37.825335 dv-cinder-master-3-iscsi devstack@c-api.service[113352]: [pid: 113352|app: 0|req: 155/299] 10.222.0.42 () {60 vars in 1270 bytes} [Sun Aug 28 00:55:37 2022] PUT /volume/v3/13f4da7f3bd34f6eb435ae2bbe8bfa0d/os-services/disable => generated 121 bytes in 27 msecs (HTTP/1.1 404) 7 headers in 292 bytes (1 switches on core 0)
Aug 28 00:55:37.826423 dv-cinder-master-3-iscsi devstack@c-api.service[113353]: DEBUG cinder.api.openstack.wsgi [None req-25425b78-3630-4a2e-a805-54d922858a58 tempest-VolumeTypesNegativeTest-1637877624 tempest-VolumeTypesNegativeTest-1637877624-project-admin] Action: 'create', calling method: _create, body: {"volume_type": {"name": "tempest-VolumeTypesNegativeTest-volume-type-1554037907", "os-volume-type-access:is_public": false}} {{(pid=113353) _process_stack /opt/stack/cinder/cinder/api/openstack/wsgi.py:866}}
Aug 28 00:55:37.830860 dv-cinder-master-3-iscsi devstack@c-api.service[113352]: DEBUG cinder.api.middleware.request_id [None req-503c3bfd-dec0-47c8-9da5-47ac20b83732 None None] RequestId filter calling following filter/app {{(pid=113352) _context_setter /opt/stack/cinder/cinder/api/middleware/request_id.py:62}}
Aug 28 00:55:37.835930 dv-cinder-master-3-iscsi devstack@c-api.service[113352]: INFO cinder.api.openstack.wsgi [None req-503c3bfd-dec0-47c8-9da5-47ac20b83732 tempest-VolumeServicesNegativeTest-486866189 tempest-VolumeServicesNegativeTest-486866189-project-admin] PUT http://10.222.0.42/volume/v3/13f4da7f3bd34f6eb435ae2bbe8bfa0d/os-services/enable
Aug 28 00:55:37.836793 dv-cinder-master-3-iscsi devstack@c-api.service[113352]: DEBUG cinder.api.openstack.wsgi [None req-503c3bfd-dec0-47c8-9da5-47ac20b83732 tempest-VolumeServicesNegativeTest-486866189 tempest-VolumeServicesNegativeTest-486866189-project-admin] Action: 'update', calling method: update, body: {"host": "invalid_host", "binary": "cinder-scheduler"} {{(pid=113352) _process_stack /opt/stack/cinder/cinder/api/openstack/wsgi.py:866}}
Aug 28 00:55:37.852900 dv-cinder-master-3-iscsi devstack@c-api.service[113353]: INFO cinder.api.openstack.wsgi [None req-25425b78-3630-4a2e-a805-54d922858a58 tempest-VolumeTypesNegativeTest-1637877624 tempest-VolumeTypesNegativeTest-1637877624-project-admin] http://10.222.0.42/volume/v3/0f0baac91140411c9f2f1509031d3ff3/types returned with HTTP 200
Aug 28 00:55:37.853617 dv-cinder-master-3-iscsi devstack@c-api.service[113353]: [pid: 113353|app: 0|req: 145/300] 10.222.0.42 () {60 vars in 1230 bytes} [Sun Aug 28 00:55:37 2022] POST /volume/v3/0f0baac91140411c9f2f1509031d3ff3/types => generated 231 bytes in 37 msecs (HTTP/1.1 200) 7 headers in 285 bytes (1 switches on core 0)
Aug 28 00:55:37.854134 dv-cinder-master-3-iscsi devstack@c-api.service[113352]: INFO cinder.api.openstack.wsgi [None req-503c3bfd-dec0-47c8-9da5-47ac20b83732 tempest-VolumeServicesNegativeTest-486866189 tempest-VolumeServicesNegativeTest-486866189-project-admin] http://10.222.0.42/volume/v3/13f4da7f3bd34f6eb435ae2bbe8bfa0d/os-services/enable returned with HTTP 404
Aug 28 00:55:37.855148 dv-cinder-master-3-iscsi devstack@c-api.service[113352]: [pid: 113352|app: 0|req: 156/301] 10.222.0.42 () {60 vars in 1267 bytes} [Sun Aug 28 00:55:37 2022] PUT /volume/v3/13f4da7f3bd34f6eb435ae2bbe8bfa0d/os-services/enable => generated 111 bytes in 25 msecs (HTTP/1.1 404) 7 headers in 292 bytes (2 switches on core 0)
Aug 28 00:55:37.861009 dv-cinder-master-3-iscsi devstack@c-api.service[113353]: DEBUG cinder.api.middleware.request_id [None req-ababaf3d-18ed-4846-a286-2bad5cd7fd94 None None] RequestId filter calling following filter/app {{(pid=113353) _context_setter /opt/stack/cinder/cinder/api/middleware/request_id.py:62}}
Aug 28 00:55:37.861678 dv-cinder-master-3-iscsi devstack@c-api.service[113352]: DEBUG cinder.api.middleware.request_id [None req-adea2958-a6e3-4404-bc3e-7746ba6cb68b None None] RequestId filter calling following filter/app {{(pid=113352) _context_setter /opt/stack/cinder/cinder/api/middleware/request_id.py:62}}
Aug 28 00:55:37.866186 dv-cinder-master-3-iscsi devstack@c-api.service[113353]: INFO cinder.api.openstack.wsgi [None req-ababaf3d-18ed-4846-a286-2bad5cd7fd94 tempest-VolumeServicesNegativeTest-486866189 tempest-VolumeServicesNegativeTest-486866189-project-admin] PUT http://10.222.0.42/volume/v3/13f4da7f3bd34f6eb435ae2bbe8bfa0d/os-services/freeze
Aug 28 00:55:37.867114 dv-cinder-master-3-iscsi devstack@c-api.service[113353]: DEBUG cinder.api.openstack.wsgi [None req-ababaf3d-18ed-4846-a286-2bad5cd7fd94 tempest-VolumeServicesNegativeTest-486866189 tempest-VolumeServicesNegativeTest-486866189-project-admin] Action: 'update', calling method: update, body: {"host": "invalid_host"} {{(pid=113353) _process_stack /opt/stack/cinder/cinder/api/openstack/wsgi.py:866}}
Aug 28 00:55:37.881680 dv-cinder-master-3-iscsi devstack@c-api.service[113353]: INFO cinder.api.openstack.wsgi [None req-ababaf3d-18ed-4846-a286-2bad5cd7fd94 tempest-VolumeServicesNegativeTest-486866189 tempest-VolumeServicesNegativeTest-486866189-project-admin] http://10.222.0.42/volume/v3/13f4da7f3bd34f6eb435ae2bbe8bfa0d/os-services/freeze returned with HTTP 400
Aug 28 00:55:37.882659 dv-cinder-master-3-iscsi devstack@c-api.service[113353]: [pid: 113353|app: 0|req: 146/302] 10.222.0.42 () {60 vars in 1267 bytes} [Sun Aug 28 00:55:37 2022] PUT /volume/v3/13f4da7f3bd34f6eb435ae2bbe8bfa0d/os-services/freeze => generated 83 bytes in 23 msecs (HTTP/1.1 400) 7 headers in 293 bytes (1 switches on core 0)
Aug 28 00:55:37.889299 dv-cinder-master-3-iscsi devstack@c-api.service[113353]: DEBUG cinder.api.middleware.request_id [None req-524a0caf-cd5b-4573-a32b-c8925edf028f None None] RequestId filter calling following filter/app {{(pid=113353) _context_setter /opt/stack/cinder/cinder/api/middleware/request_id.py:62}}
Aug 28 00:55:37.894006 dv-cinder-master-3-iscsi devstack@c-api.service[113353]: INFO cinder.api.openstack.wsgi [None req-524a0caf-cd5b-4573-a32b-c8925edf028f tempest-VolumeServicesNegativeTest-486866189 tempest-VolumeServicesNegativeTest-486866189-project-admin] PUT http://10.222.0.42/volume/v3/13f4da7f3bd34f6eb435ae2bbe8bfa0d/os-services/thaw
Aug 28 00:55:37.894696 dv-cinder-master-3-iscsi devstack@c-api.service[113353]: DEBUG cinder.api.openstack.wsgi [None req-524a0caf-cd5b-4573-a32b-c8925edf028f tempest-VolumeServicesNegativeTest-486866189 tempest-VolumeServicesNegativeTest-486866189-project-admin] Action: 'update', calling method: update, body: {"host": "invalid_host"} {{(pid=113353) _process_stack /opt/stack/cinder/cinder/api/openstack/wsgi.py:866}}
Aug 28 00:55:37.907351 dv-cinder-master-3-iscsi devstack@c-api.service[113353]: INFO cinder.api.openstack.wsgi [None req-524a0caf-cd5b-4573-a32b-c8925edf028f tempest-VolumeServicesNegativeTest-486866189 tempest-VolumeServicesNegativeTest-486866189-project-admin] http://10.222.0.42/volume/v3/13f4da7f3bd34f6eb435ae2bbe8bfa0d/os-services/thaw returned with HTTP 400
Aug 28 00:55:37.908285 dv-cinder-master-3-iscsi devstack@c-api.service[113353]: [pid: 113353|app: 0|req: 147/303] 10.222.0.42 () {60 vars in 1261 bytes} [Sun Aug 28 00:55:37 2022] PUT /volume/v3/13f4da7f3bd34f6eb435ae2bbe8bfa0d/os-services/thaw => generated 83 bytes in 20 msecs (HTTP/1.1 400) 7 headers in 293 bytes (1 switches on core 0)
Aug 28 00:55:38.001536 dv-cinder-master-3-iscsi devstack@c-api.service[113352]: INFO cinder.api.openstack.wsgi [None req-adea2958-a6e3-4404-bc3e-7746ba6cb68b tempest-VolumeTypesNegativeTest-1110727491 tempest-VolumeTypesNegativeTest-1110727491-project] POST http://10.222.0.42/volume/v3/a91de8ea5f65402d975e559d676388d9/volumes
Aug 28 00:55:38.002569 dv-cinder-master-3-iscsi devstack@c-api.service[113352]: DEBUG cinder.api.openstack.wsgi [None req-adea2958-a6e3-4404-bc3e-7746ba6cb68b tempest-VolumeTypesNegativeTest-1110727491 tempest-VolumeTypesNegativeTest-1110727491-project] Action: 'create', calling method: create, body: {"volume": {"volume_type": "6e7926ef-9131-4408-bebe-428d724f953a", "size": 1, "name": "tempest-VolumeTypesNegativeTest-Volume-729506"}} {{(pid=113352) _process_stack /opt/stack/cinder/cinder/api/openstack/wsgi.py:866}}
Aug 28 00:55:38.004991 dv-cinder-master-3-iscsi devstack@c-api.service[113352]: DEBUG cinder.api.v3.volumes [None req-adea2958-a6e3-4404-bc3e-7746ba6cb68b tempest-VolumeTypesNegativeTest-1110727491 tempest-VolumeTypesNegativeTest-1110727491-project] Create volume request body: {'volume': {'volume_type': '6e7926ef-9131-4408-bebe-428d724f953a', 'size': 1, 'name': 'tempest-VolumeTypesNegativeTest-Volume-729506'}} {{(pid=113352) create /opt/stack/cinder/cinder/api/v3/volumes.py:298}}
Aug 28 00:55:38.021836 dv-cinder-master-3-iscsi devstack@c-api.service[113352]: INFO cinder.api.openstack.wsgi [None req-adea2958-a6e3-4404-bc3e-7746ba6cb68b tempest-VolumeTypesNegativeTest-1110727491 tempest-VolumeTypesNegativeTest-1110727491-project] http://10.222.0.42/volume/v3/a91de8ea5f65402d975e559d676388d9/volumes returned with HTTP 404
Aug 28 00:55:38.028611 dv-cinder-master-3-iscsi devstack@c-api.service[113352]: [pid: 113352|app: 0|req: 157/304] 10.222.0.42 () {60 vars in 1236 bytes} [Sun Aug 28 00:55:37 2022] POST /volume/v3/a91de8ea5f65402d975e559d676388d9/volumes => generated 114 bytes in 168 msecs (HTTP/1.1 404) 7 headers in 292 bytes (2 switches on core 0)
Aug 28 00:55:38.034791 dv-cinder-master-3-iscsi devstack@c-api.service[113353]: DEBUG cinder.api.middleware.request_id [None req-91ff42b2-b9f2-465f-ab49-1d0eb7d3aa04 None None] RequestId filter calling following filter/app {{(pid=113353) _context_setter /opt/stack/cinder/cinder/api/middleware/request_id.py:62}}
Aug 28 00:55:38.038822 dv-cinder-master-3-iscsi devstack@c-api.service[113353]: INFO cinder.api.openstack.wsgi [None req-91ff42b2-b9f2-465f-ab49-1d0eb7d3aa04 tempest-VolumeTypesNegativeTest-1637877624 tempest-VolumeTypesNegativeTest-1637877624-project-admin] POST http://10.222.0.42/volume/v3/0f0baac91140411c9f2f1509031d3ff3/types
Aug 28 00:55:38.039452 dv-cinder-master-3-iscsi devstack@c-api.service[113353]: DEBUG cinder.api.openstack.wsgi [None req-91ff42b2-b9f2-465f-ab49-1d0eb7d3aa04 tempest-VolumeTypesNegativeTest-1637877624 tempest-VolumeTypesNegativeTest-1637877624-project-admin] Action: 'create', calling method: _create, body: {"volume_type": {"name": ""}} {{(pid=113353) _process_stack /opt/stack/cinder/cinder/api/openstack/wsgi.py:866}}
Aug 28 00:55:38.042282 dv-cinder-master-3-iscsi devstack@c-api.service[113353]: INFO cinder.api.openstack.wsgi [None req-91ff42b2-b9f2-465f-ab49-1d0eb7d3aa04 tempest-VolumeTypesNegativeTest-1637877624 tempest-VolumeTypesNegativeTest-1637877624-project-admin] http://10.222.0.42/volume/v3/0f0baac91140411c9f2f1509031d3ff3/types returned with HTTP 400
Aug 28 00:55:38.049039 dv-cinder-master-3-iscsi devstack@c-api.service[113353]: [pid: 113353|app: 0|req: 148/305] 10.222.0.42 () {60 vars in 1229 bytes} [Sun Aug 28 00:55:38 2022] POST /volume/v3/0f0baac91140411c9f2f1509031d3ff3/types => generated 108 bytes in 14 msecs (HTTP/1.1 400) 7 headers in 294 bytes (1 switches on core 0)
Aug 28 00:55:38.049909 dv-cinder-master-3-iscsi devstack@c-api.service[113352]: DEBUG cinder.api.middleware.request_id [None req-8f2ef294-4299-454f-9b30-affab385802f None None] RequestId filter calling following filter/app {{(pid=113352) _context_setter /opt/stack/cinder/cinder/api/middleware/request_id.py:62}}
Aug 28 00:55:38.053851 dv-cinder-master-3-iscsi devstack@c-api.service[113352]: INFO cinder.api.openstack.wsgi [None req-8f2ef294-4299-454f-9b30-affab385802f tempest-VolumeTypesNegativeTest-1637877624 tempest-VolumeTypesNegativeTest-1637877624-project-admin] POST http://10.222.0.42/volume/v3/0f0baac91140411c9f2f1509031d3ff3/types
Aug 28 00:55:38.054737 dv-cinder-master-3-iscsi devstack@c-api.service[113352]: DEBUG cinder.api.openstack.wsgi [None req-8f2ef294-4299-454f-9b30-affab385802f tempest-VolumeTypesNegativeTest-1637877624 tempest-VolumeTypesNegativeTest-1637877624-project-admin] Action: 'create', calling method: _create, body: {"volume_type": {"name": "tempest-VolumeTypesNegativeTest-volume-type-576289987"}} {{(pid=113352) _process_stack /opt/stack/cinder/cinder/api/openstack/wsgi.py:866}}
Aug 28 00:55:38.083505 dv-cinder-master-3-iscsi devstack@c-api.service[113352]: INFO cinder.api.openstack.wsgi [None req-8f2ef294-4299-454f-9b30-affab385802f tempest-VolumeTypesNegativeTest-1637877624 tempest-VolumeTypesNegativeTest-1637877624-project-admin] http://10.222.0.42/volume/v3/0f0baac91140411c9f2f1509031d3ff3/types returned with HTTP 200
Aug 28 00:55:38.084541 dv-cinder-master-3-iscsi devstack@c-api.service[113352]: [pid: 113352|app: 0|req: 158/306] 10.222.0.42 () {60 vars in 1229 bytes} [Sun Aug 28 00:55:38 2022] POST /volume/v3/0f0baac91140411c9f2f1509031d3ff3/types => generated 228 bytes in 36 msecs (HTTP/1.1 200) 7 headers in 285 bytes (2 switches on core 0)
Aug 28 00:55:38.092127 dv-cinder-master-3-iscsi devstack@c-api.service[113353]: DEBUG cinder.api.middleware.request_id [None req-cd59fe04-ae55-42bb-989d-6b3a686935e2 None None] RequestId filter calling following filter/app {{(pid=113353) _context_setter /opt/stack/cinder/cinder/api/middleware/request_id.py:62}}
Aug 28 00:55:38.105104 dv-cinder-master-3-iscsi devstack@c-api.service[113353]: INFO cinder.api.openstack.wsgi [None req-cd59fe04-ae55-42bb-989d-6b3a686935e2 tempest-VolumeTypesNegativeTest-1637877624 tempest-VolumeTypesNegativeTest-1637877624-project-admin] POST http://10.222.0.42/volume/v3/0f0baac91140411c9f2f1509031d3ff3/types
Aug 28 00:55:38.105870 dv-cinder-master-3-iscsi devstack@c-api.service[113353]: DEBUG cinder.api.openstack.wsgi [None req-cd59fe04-ae55-42bb-989d-6b3a686935e2 tempest-VolumeTypesNegativeTest-1637877624 tempest-VolumeTypesNegativeTest-1637877624-project-admin] Action: 'create', calling method: _create, body: {"volume_type": {"name": "tempest-VolumeTypesNegativeTest-volume-type-576289987"}} {{(pid=113353) _process_stack /opt/stack/cinder/cinder/api/openstack/wsgi.py:866}}
Aug 28 00:55:38.130439 dv-cinder-master-3-iscsi devstack@c-api.service[113353]: INFO cinder.api.openstack.wsgi [None req-cd59fe04-ae55-42bb-989d-6b3a686935e2 tempest-VolumeTypesNegativeTest-1637877624 tempest-VolumeTypesNegativeTest-1637877624-project-admin] HTTP exception thrown: Volume Type tempest-VolumeTypesNegativeTest-volume-type-576289987 already exists.
Aug 28 00:55:38.130848 dv-cinder-master-3-iscsi devstack@c-api.service[113353]: INFO cinder.api.openstack.wsgi [None req-cd59fe04-ae55-42bb-989d-6b3a686935e2 tempest-VolumeTypesNegativeTest-1637877624 tempest-VolumeTypesNegativeTest-1637877624-project-admin] http://10.222.0.42/volume/v3/0f0baac91140411c9f2f1509031d3ff3/types returned with HTTP 409
Aug 28 00:55:38.138237 dv-cinder-master-3-iscsi devstack@c-api.service[113352]: DEBUG cinder.api.middleware.request_id [None req-928806f2-44ba-40e0-9934-55b178e28a36 None None] RequestId filter calling following filter/app {{(pid=113352) _context_setter /opt/stack/cinder/cinder/api/middleware/request_id.py:62}}
Aug 28 00:55:38.139187 dv-cinder-master-3-iscsi devstack@c-api.service[113353]: [pid: 113353|app: 0|req: 149/307] 10.222.0.42 () {60 vars in 1229 bytes} [Sun Aug 28 00:55:38 2022] POST /volume/v3/0f0baac91140411c9f2f1509031d3ff3/types => generated 133 bytes in 41 msecs (HTTP/1.1 409) 7 headers in 291 bytes (2 switches on core 0)
Aug 28 00:55:38.142200 dv-cinder-master-3-iscsi devstack@c-api.service[113352]: INFO cinder.api.openstack.wsgi [None req-928806f2-44ba-40e0-9934-55b178e28a36 tempest-VolumeTypesNegativeTest-1637877624 tempest-VolumeTypesNegativeTest-1637877624-project-admin] DELETE http://10.222.0.42/volume/v3/0f0baac91140411c9f2f1509031d3ff3/types/ddab990b-fd1e-4c70-b845-af9e9cedd8a9
Aug 28 00:55:38.142637 dv-cinder-master-3-iscsi devstack@c-api.service[113352]: DEBUG cinder.api.openstack.wsgi [None req-928806f2-44ba-40e0-9934-55b178e28a36 tempest-VolumeTypesNegativeTest-1637877624 tempest-VolumeTypesNegativeTest-1637877624-project-admin] Empty body provided in request {{(pid=113352) get_body /opt/stack/cinder/cinder/api/openstack/wsgi.py:715}}
Aug 28 00:55:38.143251 dv-cinder-master-3-iscsi devstack@c-api.service[113352]: DEBUG cinder.api.openstack.wsgi [None req-928806f2-44ba-40e0-9934-55b178e28a36 tempest-VolumeTypesNegativeTest-1637877624 tempest-VolumeTypesNegativeTest-1637877624-project-admin] Calling method '_delete' {{(pid=113352) _process_stack /opt/stack/cinder/cinder/api/openstack/wsgi.py:868}}
Aug 28 00:55:38.151380 dv-cinder-master-3-iscsi devstack@c-api.service[113352]: INFO cinder.api.openstack.wsgi [None req-928806f2-44ba-40e0-9934-55b178e28a36 tempest-VolumeTypesNegativeTest-1637877624 tempest-VolumeTypesNegativeTest-1637877624-project-admin] http://10.222.0.42/volume/v3/0f0baac91140411c9f2f1509031d3ff3/types/ddab990b-fd1e-4c70-b845-af9e9cedd8a9 returned with HTTP 404
Aug 28 00:55:38.152566 dv-cinder-master-3-iscsi devstack@c-api.service[113352]: [pid: 113352|app: 0|req: 159/308] 10.222.0.42 () {58 vars in 1322 bytes} [Sun Aug 28 00:55:38 2022] DELETE /volume/v3/0f0baac91140411c9f2f1509031d3ff3/types/ddab990b-fd1e-4c70-b845-af9e9cedd8a9 => generated 114 bytes in 16 msecs (HTTP/1.1 404) 7 headers in 292 bytes (1 switches on core 0)
Aug 28 00:55:38.159482 dv-cinder-master-3-iscsi devstack@c-api.service[113353]: DEBUG cinder.api.middleware.request_id [None req-c27e1953-3e29-4a3f-81d8-fd2ebc1d3b22 None None] RequestId filter calling following filter/app {{(pid=113353) _context_setter /opt/stack/cinder/cinder/api/middleware/request_id.py:62}}
Aug 28 00:55:38.166485 dv-cinder-master-3-iscsi devstack@c-api.service[113353]: INFO cinder.api.openstack.wsgi [None req-c27e1953-3e29-4a3f-81d8-fd2ebc1d3b22 tempest-VolumeTypesNegativeTest-1637877624 tempest-VolumeTypesNegativeTest-1637877624-project-admin] GET http://10.222.0.42/volume/v3/0f0baac91140411c9f2f1509031d3ff3/types/a746fca0-4d7e-469d-a380-2cd09a7f61c4
Aug 28 00:55:38.166943 dv-cinder-master-3-iscsi devstack@c-api.service[113353]: DEBUG cinder.api.openstack.wsgi [None req-c27e1953-3e29-4a3f-81d8-fd2ebc1d3b22 tempest-VolumeTypesNegativeTest-1637877624 tempest-VolumeTypesNegativeTest-1637877624-project-admin] Empty body provided in request {{(pid=113353) get_body /opt/stack/cinder/cinder/api/openstack/wsgi.py:715}}
Aug 28 00:55:38.167564 dv-cinder-master-3-iscsi devstack@c-api.service[113353]: DEBUG cinder.api.openstack.wsgi [None req-c27e1953-3e29-4a3f-81d8-fd2ebc1d3b22 tempest-VolumeTypesNegativeTest-1637877624 tempest-VolumeTypesNegativeTest-1637877624-project-admin] Calling method 'show' {{(pid=113353) _process_stack /opt/stack/cinder/cinder/api/openstack/wsgi.py:868}}
Aug 28 00:55:38.173597 dv-cinder-master-3-iscsi devstack@c-api.service[113353]: INFO cinder.api.openstack.wsgi [None req-c27e1953-3e29-4a3f-81d8-fd2ebc1d3b22 tempest-VolumeTypesNegativeTest-1637877624 tempest-VolumeTypesNegativeTest-1637877624-project-admin] http://10.222.0.42/volume/v3/0f0baac91140411c9f2f1509031d3ff3/types/a746fca0-4d7e-469d-a380-2cd09a7f61c4 returned with HTTP 404
Aug 28 00:55:38.174520 dv-cinder-master-3-iscsi devstack@c-api.service[113353]: [pid: 113353|app: 0|req: 150/309] 10.222.0.42 () {58 vars in 1319 bytes} [Sun Aug 28 00:55:38 2022] GET /volume/v3/0f0baac91140411c9f2f1509031d3ff3/types/a746fca0-4d7e-469d-a380-2cd09a7f61c4 => generated 114 bytes in 16 msecs (HTTP/1.1 404) 7 headers in 292 bytes (1 switches on core 0)
Aug 28 00:55:38.180329 dv-cinder-master-3-iscsi devstack@c-api.service[113352]: DEBUG cinder.api.middleware.request_id [None req-05a316a4-2f7f-42f6-afdd-a3ce79779c4c None None] RequestId filter calling following filter/app {{(pid=113352) _context_setter /opt/stack/cinder/cinder/api/middleware/request_id.py:62}}
Aug 28 00:55:38.184864 dv-cinder-master-3-iscsi devstack@c-api.service[113352]: INFO cinder.api.openstack.wsgi [None req-05a316a4-2f7f-42f6-afdd-a3ce79779c4c tempest-VolumeTypesNegativeTest-1637877624 tempest-VolumeTypesNegativeTest-1637877624-project-admin] DELETE http://10.222.0.42/volume/v3/0f0baac91140411c9f2f1509031d3ff3/types/90fb06d4-9e3b-41b5-a39e-74a1c67b5fda
Aug 28 00:55:38.185329 dv-cinder-master-3-iscsi devstack@c-api.service[113352]: DEBUG cinder.api.openstack.wsgi [None req-05a316a4-2f7f-42f6-afdd-a3ce79779c4c tempest-VolumeTypesNegativeTest-1637877624 tempest-VolumeTypesNegativeTest-1637877624-project-admin] Empty body provided in request {{(pid=113352) get_body /opt/stack/cinder/cinder/api/openstack/wsgi.py:715}}
Aug 28 00:55:38.185798 dv-cinder-master-3-iscsi devstack@c-api.service[113352]: DEBUG cinder.api.openstack.wsgi [None req-05a316a4-2f7f-42f6-afdd-a3ce79779c4c tempest-VolumeTypesNegativeTest-1637877624 tempest-VolumeTypesNegativeTest-1637877624-project-admin] Calling method '_delete' {{(pid=113352) _process_stack /opt/stack/cinder/cinder/api/openstack/wsgi.py:868}}
Aug 28 00:55:38.262352 dv-cinder-master-3-iscsi devstack@c-api.service[113352]: INFO cinder.api.openstack.wsgi [None req-05a316a4-2f7f-42f6-afdd-a3ce79779c4c tempest-VolumeTypesNegativeTest-1637877624 tempest-VolumeTypesNegativeTest-1637877624-project-admin] http://10.222.0.42/volume/v3/0f0baac91140411c9f2f1509031d3ff3/types/90fb06d4-9e3b-41b5-a39e-74a1c67b5fda returned with HTTP 202
Aug 28 00:55:38.263469 dv-cinder-master-3-iscsi devstack@c-api.service[113352]: [pid: 113352|app: 0|req: 160/310] 10.222.0.42 () {58 vars in 1322 bytes} [Sun Aug 28 00:55:38 2022] DELETE /volume/v3/0f0baac91140411c9f2f1509031d3ff3/types/90fb06d4-9e3b-41b5-a39e-74a1c67b5fda => generated 0 bytes in 84 msecs (HTTP/1.1 202) 6 headers in 233 bytes (1 switches on core 0)
Aug 28 00:55:38.269360 dv-cinder-master-3-iscsi devstack@c-api.service[113353]: DEBUG cinder.api.middleware.request_id [None req-00fccd0a-7f33-482a-a876-3f179d76dd25 None None] RequestId filter calling following filter/app {{(pid=113353) _context_setter /opt/stack/cinder/cinder/api/middleware/request_id.py:62}}
Aug 28 00:55:38.275466 dv-cinder-master-3-iscsi devstack@c-api.service[113353]: INFO cinder.api.openstack.wsgi [None req-00fccd0a-7f33-482a-a876-3f179d76dd25 tempest-VolumeTypesNegativeTest-1637877624 tempest-VolumeTypesNegativeTest-1637877624-project-admin] GET http://10.222.0.42/volume/v3/0f0baac91140411c9f2f1509031d3ff3/types/90fb06d4-9e3b-41b5-a39e-74a1c67b5fda
Aug 28 00:55:38.276612 dv-cinder-master-3-iscsi devstack@c-api.service[113353]: DEBUG cinder.api.openstack.wsgi [None req-00fccd0a-7f33-482a-a876-3f179d76dd25 tempest-VolumeTypesNegativeTest-1637877624 tempest-VolumeTypesNegativeTest-1637877624-project-admin] Empty body provided in request {{(pid=113353) get_body /opt/stack/cinder/cinder/api/openstack/wsgi.py:715}}
Aug 28 00:55:38.277109 dv-cinder-master-3-iscsi devstack@c-api.service[113353]: DEBUG cinder.api.openstack.wsgi [None req-00fccd0a-7f33-482a-a876-3f179d76dd25 tempest-VolumeTypesNegativeTest-1637877624 tempest-VolumeTypesNegativeTest-1637877624-project-admin] Calling method 'show' {{(pid=113353) _process_stack /opt/stack/cinder/cinder/api/openstack/wsgi.py:868}}
Aug 28 00:55:38.283292 dv-cinder-master-3-iscsi devstack@c-api.service[113353]: DEBUG dbcounter [-] [113353] Writing DB stats cinder:SELECT=88,cinder:UPDATE=6,cinder:INSERT=6 {{(pid=113353) stat_writer /usr/local/lib/python3.8/dist-packages/dbcounter.py:114}}
Aug 28 00:55:38.291992 dv-cinder-master-3-iscsi devstack@c-api.service[113353]: INFO cinder.api.openstack.wsgi [None req-00fccd0a-7f33-482a-a876-3f179d76dd25 tempest-VolumeTypesNegativeTest-1637877624 tempest-VolumeTypesNegativeTest-1637877624-project-admin] http://10.222.0.42/volume/v3/0f0baac91140411c9f2f1509031d3ff3/types/90fb06d4-9e3b-41b5-a39e-74a1c67b5fda returned with HTTP 404
Aug 28 00:55:38.296784 dv-cinder-master-3-iscsi devstack@c-api.service[113353]: [pid: 113353|app: 0|req: 151/311] 10.222.0.42 () {58 vars in 1319 bytes} [Sun Aug 28 00:55:38 2022] GET /volume/v3/0f0baac91140411c9f2f1509031d3ff3/types/90fb06d4-9e3b-41b5-a39e-74a1c67b5fda => generated 114 bytes in 29 msecs (HTTP/1.1 404) 7 headers in 292 bytes (2 switches on core 0)
Aug 28 00:55:38.298435 dv-cinder-master-3-iscsi devstack@c-api.service[113352]: DEBUG cinder.api.middleware.request_id [None req-3679f172-1f4b-49fa-ad89-cbddee9a05c1 None None] RequestId filter calling following filter/app {{(pid=113352) _context_setter /opt/stack/cinder/cinder/api/middleware/request_id.py:62}}
Aug 28 00:55:38.303986 dv-cinder-master-3-iscsi devstack@c-api.service[113352]: INFO cinder.api.openstack.wsgi [None req-3679f172-1f4b-49fa-ad89-cbddee9a05c1 tempest-VolumeTypesNegativeTest-1637877624 tempest-VolumeTypesNegativeTest-1637877624-project-admin] DELETE http://10.222.0.42/volume/v3/0f0baac91140411c9f2f1509031d3ff3/types/6e7926ef-9131-4408-bebe-428d724f953a
Aug 28 00:55:38.304662 dv-cinder-master-3-iscsi devstack@c-api.service[113352]: DEBUG cinder.api.openstack.wsgi [None req-3679f172-1f4b-49fa-ad89-cbddee9a05c1 tempest-VolumeTypesNegativeTest-1637877624 tempest-VolumeTypesNegativeTest-1637877624-project-admin] Empty body provided in request {{(pid=113352) get_body /opt/stack/cinder/cinder/api/openstack/wsgi.py:715}}
Aug 28 00:55:38.305575 dv-cinder-master-3-iscsi devstack@c-api.service[113352]: DEBUG cinder.api.openstack.wsgi [None req-3679f172-1f4b-49fa-ad89-cbddee9a05c1 tempest-VolumeTypesNegativeTest-1637877624 tempest-VolumeTypesNegativeTest-1637877624-project-admin] Calling method '_delete' {{(pid=113352) _process_stack /opt/stack/cinder/cinder/api/openstack/wsgi.py:868}}
Aug 28 00:55:38.354049 dv-cinder-master-3-iscsi devstack@c-api.service[113352]: INFO cinder.api.openstack.wsgi [None req-3679f172-1f4b-49fa-ad89-cbddee9a05c1 tempest-VolumeTypesNegativeTest-1637877624 tempest-VolumeTypesNegativeTest-1637877624-project-admin] http://10.222.0.42/volume/v3/0f0baac91140411c9f2f1509031d3ff3/types/6e7926ef-9131-4408-bebe-428d724f953a returned with HTTP 202
Aug 28 00:55:38.356444 dv-cinder-master-3-iscsi devstack@c-api.service[113352]: [pid: 113352|app: 0|req: 161/312] 10.222.0.42 () {58 vars in 1322 bytes} [Sun Aug 28 00:55:38 2022] DELETE /volume/v3/0f0baac91140411c9f2f1509031d3ff3/types/6e7926ef-9131-4408-bebe-428d724f953a => generated 0 bytes in 59 msecs (HTTP/1.1 202) 6 headers in 233 bytes (2 switches on core 0)
Aug 28 00:55:38.360092 dv-cinder-master-3-iscsi devstack@c-api.service[113353]: DEBUG cinder.api.middleware.request_id [None req-ba905619-8ad1-4c57-a835-e5c55871d4b2 None None] RequestId filter calling following filter/app {{(pid=113353) _context_setter /opt/stack/cinder/cinder/api/middleware/request_id.py:62}}
Aug 28 00:55:38.364274 dv-cinder-master-3-iscsi devstack@c-api.service[113353]: INFO cinder.api.openstack.wsgi [None req-ba905619-8ad1-4c57-a835-e5c55871d4b2 tempest-VolumeTypesNegativeTest-1637877624 tempest-VolumeTypesNegativeTest-1637877624-project-admin] GET http://10.222.0.42/volume/v3/0f0baac91140411c9f2f1509031d3ff3/types/6e7926ef-9131-4408-bebe-428d724f953a
Aug 28 00:55:38.364898 dv-cinder-master-3-iscsi devstack@c-api.service[113353]: DEBUG cinder.api.openstack.wsgi [None req-ba905619-8ad1-4c57-a835-e5c55871d4b2 tempest-VolumeTypesNegativeTest-1637877624 tempest-VolumeTypesNegativeTest-1637877624-project-admin] Empty body provided in request {{(pid=113353) get_body /opt/stack/cinder/cinder/api/openstack/wsgi.py:715}}
Aug 28 00:55:38.365799 dv-cinder-master-3-iscsi devstack@c-api.service[113353]: DEBUG cinder.api.openstack.wsgi [None req-ba905619-8ad1-4c57-a835-e5c55871d4b2 tempest-VolumeTypesNegativeTest-1637877624 tempest-VolumeTypesNegativeTest-1637877624-project-admin] Calling method 'show' {{(pid=113353) _process_stack /opt/stack/cinder/cinder/api/openstack/wsgi.py:868}}
Aug 28 00:55:38.371805 dv-cinder-master-3-iscsi devstack@c-api.service[113353]: INFO cinder.api.openstack.wsgi [None req-ba905619-8ad1-4c57-a835-e5c55871d4b2 tempest-VolumeTypesNegativeTest-1637877624 tempest-VolumeTypesNegativeTest-1637877624-project-admin] http://10.222.0.42/volume/v3/0f0baac91140411c9f2f1509031d3ff3/types/6e7926ef-9131-4408-bebe-428d724f953a returned with HTTP 404
Aug 28 00:55:38.372761 dv-cinder-master-3-iscsi devstack@c-api.service[113353]: [pid: 113353|app: 0|req: 152/313] 10.222.0.42 () {58 vars in 1319 bytes} [Sun Aug 28 00:55:38 2022] GET /volume/v3/0f0baac91140411c9f2f1509031d3ff3/types/6e7926ef-9131-4408-bebe-428d724f953a => generated 114 bytes in 14 msecs (HTTP/1.1 404) 7 headers in 292 bytes (1 switches on core 0)
Aug 28 00:55:38.787330 dv-cinder-master-3-iscsi devstack@c-api.service[113352]: DEBUG cinder.api.middleware.request_id [None req-1cbcf70b-917a-48fd-ab0b-beaa39fac394 None None] RequestId filter calling following filter/app {{(pid=113352) _context_setter /opt/stack/cinder/cinder/api/middleware/request_id.py:62}}
Aug 28 00:55:38.791754 dv-cinder-master-3-iscsi devstack@c-api.service[113352]: INFO cinder.api.openstack.wsgi [None req-1cbcf70b-917a-48fd-ab0b-beaa39fac394 tempest-GroupSnapshotsTest-2009394697 tempest-GroupSnapshotsTest-2009394697-project] GET http://10.222.0.42/volume/v3/b56e9e0d8dd94c168bca305994863399/group_snapshots/78995b13-02ae-4fa7-b2a8-4880de258f68
Aug 28 00:55:38.792246 dv-cinder-master-3-iscsi devstack@c-api.service[113352]: DEBUG cinder.api.openstack.wsgi [None req-1cbcf70b-917a-48fd-ab0b-beaa39fac394 tempest-GroupSnapshotsTest-2009394697 tempest-GroupSnapshotsTest-2009394697-project] Empty body provided in request {{(pid=113352) get_body /opt/stack/cinder/cinder/api/openstack/wsgi.py:715}}
Aug 28 00:55:38.792691 dv-cinder-master-3-iscsi devstack@c-api.service[113352]: DEBUG cinder.api.openstack.wsgi [None req-1cbcf70b-917a-48fd-ab0b-beaa39fac394 tempest-GroupSnapshotsTest-2009394697 tempest-GroupSnapshotsTest-2009394697-project] Calling method 'version_select' {{(pid=113352) _process_stack /opt/stack/cinder/cinder/api/openstack/wsgi.py:868}}
Aug 28 00:55:38.793054 dv-cinder-master-3-iscsi devstack@c-api.service[113352]: DEBUG cinder.api.v3.group_snapshots [None req-1cbcf70b-917a-48fd-ab0b-beaa39fac394 tempest-GroupSnapshotsTest-2009394697 tempest-GroupSnapshotsTest-2009394697-project] show called for member 78995b13-02ae-4fa7-b2a8-4880de258f68 {{(pid=113352) show /opt/stack/cinder/cinder/api/v3/group_snapshots.py:58}}
Aug 28 00:55:38.794907 dv-cinder-master-3-iscsi devstack@c-api.service[113352]: DEBUG dbcounter [-] [113352] Writing DB stats cinder:SELECT=86,cinder:UPDATE=13,cinder:INSERT=1 {{(pid=113352) stat_writer /usr/local/lib/python3.8/dist-packages/dbcounter.py:114}}
Aug 28 00:55:38.801320 dv-cinder-master-3-iscsi devstack@c-api.service[113352]: /usr/local/lib/python3.8/dist-packages/oslo_context/context.py:100: DeprecationWarning: Policy enforcement is depending on the value of is_admin. This key is deprecated. Please update your policy file to use the standard policy values.
Aug 28 00:55:38.801320 dv-cinder-master-3-iscsi devstack@c-api.service[113352]: warnings.warn('Policy enforcement is depending on the value of '
Aug 28 00:55:38.809270 dv-cinder-master-3-iscsi devstack@c-api.service[113352]: INFO cinder.api.openstack.wsgi [None req-1cbcf70b-917a-48fd-ab0b-beaa39fac394 tempest-GroupSnapshotsTest-2009394697 tempest-GroupSnapshotsTest-2009394697-project] http://10.222.0.42/volume/v3/b56e9e0d8dd94c168bca305994863399/group_snapshots/78995b13-02ae-4fa7-b2a8-4880de258f68 returned with HTTP 200
Aug 28 00:55:38.810222 dv-cinder-master-3-iscsi devstack@c-api.service[113352]: [pid: 113352|app: 0|req: 162/314] 10.222.0.42 () {60 vars in 1390 bytes} [Sun Aug 28 00:55:38 2022] GET /volume/v3/b56e9e0d8dd94c168bca305994863399/group_snapshots/78995b13-02ae-4fa7-b2a8-4880de258f68 => generated 307 bytes in 24 msecs (HTTP/1.1 200) 7 headers in 286 bytes (1 switches on core 0)
Aug 28 00:55:38.817696 dv-cinder-master-3-iscsi devstack@c-api.service[113353]: DEBUG cinder.api.middleware.request_id [None req-6bfcbec8-aad9-4a72-b3ea-a2da54830b8e None None] RequestId filter calling following filter/app {{(pid=113353) _context_setter /opt/stack/cinder/cinder/api/middleware/request_id.py:62}}
Aug 28 00:55:38.823482 dv-cinder-master-3-iscsi devstack@c-api.service[113353]: INFO cinder.api.openstack.wsgi [None req-6bfcbec8-aad9-4a72-b3ea-a2da54830b8e tempest-GroupSnapshotsTest-2009394697 tempest-GroupSnapshotsTest-2009394697-project] GET http://10.222.0.42/volume/v3/b56e9e0d8dd94c168bca305994863399/snapshots/detail
Aug 28 00:55:38.824410 dv-cinder-master-3-iscsi devstack@c-api.service[113353]: DEBUG cinder.api.openstack.wsgi [None req-6bfcbec8-aad9-4a72-b3ea-a2da54830b8e tempest-GroupSnapshotsTest-2009394697 tempest-GroupSnapshotsTest-2009394697-project] Empty body provided in request {{(pid=113353) get_body /opt/stack/cinder/cinder/api/openstack/wsgi.py:715}}
Aug 28 00:55:38.825211 dv-cinder-master-3-iscsi devstack@c-api.service[113353]: DEBUG cinder.api.openstack.wsgi [None req-6bfcbec8-aad9-4a72-b3ea-a2da54830b8e tempest-GroupSnapshotsTest-2009394697 tempest-GroupSnapshotsTest-2009394697-project] Calling method 'detail' {{(pid=113353) _process_stack /opt/stack/cinder/cinder/api/openstack/wsgi.py:868}}
Aug 28 00:55:38.826617 dv-cinder-master-3-iscsi devstack@c-api.service[113353]: DEBUG cinder.api.api_utils [None req-6bfcbec8-aad9-4a72-b3ea-a2da54830b8e tempest-GroupSnapshotsTest-2009394697 tempest-GroupSnapshotsTest-2009394697-project] Removing options '' from query. {{(pid=113353) remove_invalid_filter_options /opt/stack/cinder/cinder/api/api_utils.py:83}}
Aug 28 00:55:38.830392 dv-cinder-master-3-iscsi devstack@c-api.service[113353]: DEBUG cinder.db.sqlalchemy.api [None req-6bfcbec8-aad9-4a72-b3ea-a2da54830b8e tempest-GroupSnapshotsTest-2009394697 tempest-GroupSnapshotsTest-2009394697-project] Building query based on filter {{(pid=113353) _process_snaps_filters /opt/stack/cinder/cinder/db/sqlalchemy/api.py:3885}}
Aug 28 00:55:38.848589 dv-cinder-master-3-iscsi devstack@c-api.service[113353]: INFO cinder.volume.api [None req-6bfcbec8-aad9-4a72-b3ea-a2da54830b8e tempest-GroupSnapshotsTest-2009394697 tempest-GroupSnapshotsTest-2009394697-project] Get all snapshots completed successfully.
Aug 28 00:55:38.849876 dv-cinder-master-3-iscsi devstack@c-api.service[113353]: /usr/local/lib/python3.8/dist-packages/oslo_context/context.py:100: DeprecationWarning: Policy enforcement is depending on the value of is_admin. This key is deprecated. Please update your policy file to use the standard policy values.
Aug 28 00:55:38.849876 dv-cinder-master-3-iscsi devstack@c-api.service[113353]: warnings.warn('Policy enforcement is depending on the value of '
Aug 28 00:55:38.850783 dv-cinder-master-3-iscsi devstack@c-api.service[113353]: INFO cinder.api.openstack.wsgi [None req-6bfcbec8-aad9-4a72-b3ea-a2da54830b8e tempest-GroupSnapshotsTest-2009394697 tempest-GroupSnapshotsTest-2009394697-project] http://10.222.0.42/volume/v3/b56e9e0d8dd94c168bca305994863399/snapshots/detail returned with HTTP 200
Aug 28 00:55:38.851801 dv-cinder-master-3-iscsi devstack@c-api.service[113353]: [pid: 113353|app: 0|req: 153/315] 10.222.0.42 () {58 vars in 1241 bytes} [Sun Aug 28 00:55:38 2022] GET /volume/v3/b56e9e0d8dd94c168bca305994863399/snapshots/detail => generated 453 bytes in 35 msecs (HTTP/1.1 200) 7 headers in 285 bytes (2 switches on core 0)
Aug 28 00:55:38.860646 dv-cinder-master-3-iscsi devstack@c-api.service[113352]: DEBUG cinder.api.middleware.request_id [None req-fffe7843-c5c4-4a32-abd3-622bf9a3220e None None] RequestId filter calling following filter/app {{(pid=113352) _context_setter /opt/stack/cinder/cinder/api/middleware/request_id.py:62}}
Aug 28 00:55:38.865513 dv-cinder-master-3-iscsi devstack@c-api.service[113352]: INFO cinder.api.openstack.wsgi [None req-fffe7843-c5c4-4a32-abd3-622bf9a3220e tempest-GroupSnapshotsTest-2009394697 tempest-GroupSnapshotsTest-2009394697-project] GET http://10.222.0.42/volume/v3/b56e9e0d8dd94c168bca305994863399/snapshots/a44d0c2a-5161-4b1a-af6d-326cd1651d79
Aug 28 00:55:38.866130 dv-cinder-master-3-iscsi devstack@c-api.service[113352]: DEBUG cinder.api.openstack.wsgi [None req-fffe7843-c5c4-4a32-abd3-622bf9a3220e tempest-GroupSnapshotsTest-2009394697 tempest-GroupSnapshotsTest-2009394697-project] Empty body provided in request {{(pid=113352) get_body /opt/stack/cinder/cinder/api/openstack/wsgi.py:715}}
Aug 28 00:55:38.866497 dv-cinder-master-3-iscsi devstack@c-api.service[113352]: DEBUG cinder.api.openstack.wsgi [None req-fffe7843-c5c4-4a32-abd3-622bf9a3220e tempest-GroupSnapshotsTest-2009394697 tempest-GroupSnapshotsTest-2009394697-project] Calling method 'show' {{(pid=113352) _process_stack /opt/stack/cinder/cinder/api/openstack/wsgi.py:868}}
Aug 28 00:55:38.877067 dv-cinder-master-3-iscsi devstack@c-api.service[113352]: /usr/local/lib/python3.8/dist-packages/oslo_context/context.py:100: DeprecationWarning: Policy enforcement is depending on the value of is_admin. This key is deprecated. Please update your policy file to use the standard policy values.
Aug 28 00:55:38.877067 dv-cinder-master-3-iscsi devstack@c-api.service[113352]: warnings.warn('Policy enforcement is depending on the value of '
Aug 28 00:55:38.878291 dv-cinder-master-3-iscsi devstack@c-api.service[113352]: INFO cinder.volume.api [None req-fffe7843-c5c4-4a32-abd3-622bf9a3220e tempest-GroupSnapshotsTest-2009394697 tempest-GroupSnapshotsTest-2009394697-project] Snapshot retrieved successfully.
Aug 28 00:55:38.880091 dv-cinder-master-3-iscsi devstack@c-api.service[113352]: INFO cinder.api.openstack.wsgi [None req-fffe7843-c5c4-4a32-abd3-622bf9a3220e tempest-GroupSnapshotsTest-2009394697 tempest-GroupSnapshotsTest-2009394697-project] http://10.222.0.42/volume/v3/b56e9e0d8dd94c168bca305994863399/snapshots/a44d0c2a-5161-4b1a-af6d-326cd1651d79 returned with HTTP 200
Aug 28 00:55:38.880992 dv-cinder-master-3-iscsi devstack@c-api.service[113352]: [pid: 113352|app: 0|req: 163/316] 10.222.0.42 () {58 vars in 1331 bytes} [Sun Aug 28 00:55:38 2022] GET /volume/v3/b56e9e0d8dd94c168bca305994863399/snapshots/a44d0c2a-5161-4b1a-af6d-326cd1651d79 => generated 450 bytes in 21 msecs (HTTP/1.1 200) 7 headers in 285 bytes (1 switches on core 0)
Aug 28 00:55:38.889842 dv-cinder-master-3-iscsi devstack@c-api.service[113353]: DEBUG cinder.api.middleware.request_id [None req-1e106bfa-6783-4e45-8da2-b024d4c50bed None None] RequestId filter calling following filter/app {{(pid=113353) _context_setter /opt/stack/cinder/cinder/api/middleware/request_id.py:62}}
Aug 28 00:55:38.894282 dv-cinder-master-3-iscsi devstack@c-api.service[113353]: INFO cinder.api.openstack.wsgi [None req-1e106bfa-6783-4e45-8da2-b024d4c50bed tempest-GroupSnapshotsTest-2009394697 tempest-GroupSnapshotsTest-2009394697-project] GET http://10.222.0.42/volume/v3/b56e9e0d8dd94c168bca305994863399/group_snapshots/78995b13-02ae-4fa7-b2a8-4880de258f68
Aug 28 00:55:38.894769 dv-cinder-master-3-iscsi devstack@c-api.service[113353]: DEBUG cinder.api.openstack.wsgi [None req-1e106bfa-6783-4e45-8da2-b024d4c50bed tempest-GroupSnapshotsTest-2009394697 tempest-GroupSnapshotsTest-2009394697-project] Empty body provided in request {{(pid=113353) get_body /opt/stack/cinder/cinder/api/openstack/wsgi.py:715}}
Aug 28 00:55:38.895214 dv-cinder-master-3-iscsi devstack@c-api.service[113353]: DEBUG cinder.api.openstack.wsgi [None req-1e106bfa-6783-4e45-8da2-b024d4c50bed tempest-GroupSnapshotsTest-2009394697 tempest-GroupSnapshotsTest-2009394697-project] Calling method 'version_select' {{(pid=113353) _process_stack /opt/stack/cinder/cinder/api/openstack/wsgi.py:868}}
Aug 28 00:55:38.895667 dv-cinder-master-3-iscsi devstack@c-api.service[113353]: DEBUG cinder.api.v3.group_snapshots [None req-1e106bfa-6783-4e45-8da2-b024d4c50bed tempest-GroupSnapshotsTest-2009394697 tempest-GroupSnapshotsTest-2009394697-project] show called for member 78995b13-02ae-4fa7-b2a8-4880de258f68 {{(pid=113353) show /opt/stack/cinder/cinder/api/v3/group_snapshots.py:58}}
Aug 28 00:55:38.902667 dv-cinder-master-3-iscsi devstack@c-api.service[113353]: /usr/local/lib/python3.8/dist-packages/oslo_context/context.py:100: DeprecationWarning: Policy enforcement is depending on the value of is_admin. This key is deprecated. Please update your policy file to use the standard policy values.
Aug 28 00:55:38.902667 dv-cinder-master-3-iscsi devstack@c-api.service[113353]: warnings.warn('Policy enforcement is depending on the value of '
Aug 28 00:55:38.909537 dv-cinder-master-3-iscsi devstack@c-api.service[113353]: INFO cinder.api.openstack.wsgi [None req-1e106bfa-6783-4e45-8da2-b024d4c50bed tempest-GroupSnapshotsTest-2009394697 tempest-GroupSnapshotsTest-2009394697-project] http://10.222.0.42/volume/v3/b56e9e0d8dd94c168bca305994863399/group_snapshots/78995b13-02ae-4fa7-b2a8-4880de258f68 returned with HTTP 200
Aug 28 00:55:38.910299 dv-cinder-master-3-iscsi devstack@c-api.service[113353]: [pid: 113353|app: 0|req: 154/317] 10.222.0.42 () {60 vars in 1390 bytes} [Sun Aug 28 00:55:38 2022] GET /volume/v3/b56e9e0d8dd94c168bca305994863399/group_snapshots/78995b13-02ae-4fa7-b2a8-4880de258f68 => generated 307 bytes in 22 msecs (HTTP/1.1 200) 7 headers in 286 bytes (1 switches on core 0)
Aug 28 00:55:38.918203 dv-cinder-master-3-iscsi devstack@c-api.service[113352]: DEBUG cinder.api.middleware.request_id [None req-09401a1f-9580-4dbb-a1e5-e1b8403bb8ac None None] RequestId filter calling following filter/app {{(pid=113352) _context_setter /opt/stack/cinder/cinder/api/middleware/request_id.py:62}}
Aug 28 00:55:38.922360 dv-cinder-master-3-iscsi devstack@c-api.service[113352]: INFO cinder.api.openstack.wsgi [None req-09401a1f-9580-4dbb-a1e5-e1b8403bb8ac tempest-GroupSnapshotsTest-2009394697 tempest-GroupSnapshotsTest-2009394697-project] GET http://10.222.0.42/volume/v3/b56e9e0d8dd94c168bca305994863399/group_snapshots/detail
Aug 28 00:55:38.922845 dv-cinder-master-3-iscsi devstack@c-api.service[113352]: DEBUG cinder.api.openstack.wsgi [None req-09401a1f-9580-4dbb-a1e5-e1b8403bb8ac tempest-GroupSnapshotsTest-2009394697 tempest-GroupSnapshotsTest-2009394697-project] Empty body provided in request {{(pid=113352) get_body /opt/stack/cinder/cinder/api/openstack/wsgi.py:715}}
Aug 28 00:55:38.923284 dv-cinder-master-3-iscsi devstack@c-api.service[113352]: DEBUG cinder.api.openstack.wsgi [None req-09401a1f-9580-4dbb-a1e5-e1b8403bb8ac tempest-GroupSnapshotsTest-2009394697 tempest-GroupSnapshotsTest-2009394697-project] Calling method 'version_select' {{(pid=113352) _process_stack /opt/stack/cinder/cinder/api/openstack/wsgi.py:868}}
Aug 28 00:55:38.939202 dv-cinder-master-3-iscsi devstack@c-api.service[113352]: INFO cinder.api.openstack.wsgi [None req-09401a1f-9580-4dbb-a1e5-e1b8403bb8ac tempest-GroupSnapshotsTest-2009394697 tempest-GroupSnapshotsTest-2009394697-project] http://10.222.0.42/volume/v3/b56e9e0d8dd94c168bca305994863399/group_snapshots/detail returned with HTTP 200
Aug 28 00:55:38.940066 dv-cinder-master-3-iscsi devstack@c-api.service[113352]: [pid: 113352|app: 0|req: 164/318] 10.222.0.42 () {60 vars in 1300 bytes} [Sun Aug 28 00:55:38 2022] GET /volume/v3/b56e9e0d8dd94c168bca305994863399/group_snapshots/detail => generated 310 bytes in 23 msecs (HTTP/1.1 200) 7 headers in 286 bytes (1 switches on core 0)
Aug 28 00:55:38.947506 dv-cinder-master-3-iscsi devstack@c-api.service[113353]: DEBUG cinder.api.middleware.request_id [None req-d6873022-71eb-428a-ac50-32c053ea3b06 None None] RequestId filter calling following filter/app {{(pid=113353) _context_setter /opt/stack/cinder/cinder/api/middleware/request_id.py:62}}
Aug 28 00:55:38.951856 dv-cinder-master-3-iscsi devstack@c-api.service[113353]: INFO cinder.api.openstack.wsgi [None req-d6873022-71eb-428a-ac50-32c053ea3b06 tempest-GroupSnapshotsTest-2009394697 tempest-GroupSnapshotsTest-2009394697-project] DELETE http://10.222.0.42/volume/v3/b56e9e0d8dd94c168bca305994863399/group_snapshots/78995b13-02ae-4fa7-b2a8-4880de258f68
Aug 28 00:55:38.952337 dv-cinder-master-3-iscsi devstack@c-api.service[113353]: DEBUG cinder.api.openstack.wsgi [None req-d6873022-71eb-428a-ac50-32c053ea3b06 tempest-GroupSnapshotsTest-2009394697 tempest-GroupSnapshotsTest-2009394697-project] Empty body provided in request {{(pid=113353) get_body /opt/stack/cinder/cinder/api/openstack/wsgi.py:715}}
Aug 28 00:55:38.953014 dv-cinder-master-3-iscsi devstack@c-api.service[113353]: DEBUG cinder.api.openstack.wsgi [None req-d6873022-71eb-428a-ac50-32c053ea3b06 tempest-GroupSnapshotsTest-2009394697 tempest-GroupSnapshotsTest-2009394697-project] Calling method 'version_select' {{(pid=113353) _process_stack /opt/stack/cinder/cinder/api/openstack/wsgi.py:868}}
