Jul 31 01:08:50.536453 dv-cinder-master-3-iscsi devstack@c-api.service[111049]: DEBUG cinder.api.openstack.wsgi [None req-36ca84e2-3e8b-4b87-87b5-37f4502f066e tempest-VolumesActionsTest-1190751509 tempest-VolumesActionsTest-1190751509-project-admin] Action: 'action', calling method: _reset_status, body: {"os-reset_status": {"status": "creating"}} {{(pid=111049) _process_stack /opt/stack/cinder/cinder/api/openstack/wsgi.py:866}}
Jul 31 01:08:50.542774 dv-cinder-master-3-iscsi devstack@c-api.service[111050]: [pid: 111050|app: 0|req: 163/303] 10.222.0.42 () {58 vars in 1331 bytes} [Sun Jul 31 01:08:50 2022] GET /volume/v3/c57d09c6a1c84fd492393aebb2101715/snapshots/c4966c22-1b72-4d80-9c1f-e46f74a75da7 => generated 465 bytes in 61 msecs (HTTP/1.1 200) 7 headers in 285 bytes (1 switches on core 0)
Jul 31 01:08:50.562946 dv-cinder-master-3-iscsi devstack@c-api.service[111050]: DEBUG cinder.api.middleware.request_id [None req-fc23ad9e-47e9-47a1-88c9-4ebec96f93b7 None None] RequestId filter calling following filter/app {{(pid=111050) _context_setter /opt/stack/cinder/cinder/api/middleware/request_id.py:62}}
Jul 31 01:08:50.574063 dv-cinder-master-3-iscsi devstack@c-api.service[111050]: INFO cinder.api.openstack.wsgi [None req-fc23ad9e-47e9-47a1-88c9-4ebec96f93b7 tempest-SnapshotsActionsTest-1450428010 tempest-SnapshotsActionsTest-1450428010-project-admin] POST http://10.222.0.42/volume/v3/353d268d38764c48a252cdf9a5146156/snapshots/c4966c22-1b72-4d80-9c1f-e46f74a75da7/action
Jul 31 01:08:50.574834 dv-cinder-master-3-iscsi devstack@c-api.service[111050]: DEBUG cinder.api.openstack.wsgi [None req-fc23ad9e-47e9-47a1-88c9-4ebec96f93b7 tempest-SnapshotsActionsTest-1450428010 tempest-SnapshotsActionsTest-1450428010-project-admin] Action body: b'{"os-force_delete": {}}' {{(pid=111050) get_method /opt/stack/cinder/cinder/api/openstack/wsgi.py:983}}
Jul 31 01:08:50.575164 dv-cinder-master-3-iscsi devstack@c-api.service[111050]: DEBUG cinder.api.openstack.wsgi [None req-fc23ad9e-47e9-47a1-88c9-4ebec96f93b7 tempest-SnapshotsActionsTest-1450428010 tempest-SnapshotsActionsTest-1450428010-project-admin] Action: 'action', calling method: _force_delete, body: {"os-force_delete": {}} {{(pid=111050) _process_stack /opt/stack/cinder/cinder/api/openstack/wsgi.py:866}}
Jul 31 01:08:50.577365 dv-cinder-master-3-iscsi devstack@c-api.service[111050]: DEBUG dbcounter [-] [111050] Writing DB stats cinder:SELECT=99,cinder:INSERT=1 {{(pid=111050) stat_writer /usr/local/lib/python3.8/dist-packages/dbcounter.py:114}}
Jul 31 01:08:50.597480 dv-cinder-master-3-iscsi devstack@c-api.service[111050]: /usr/local/lib/python3.8/dist-packages/oslo_context/context.py:100: DeprecationWarning: Policy enforcement is depending on the value of is_admin. This key is deprecated. Please update your policy file to use the standard policy values.
Jul 31 01:08:50.597480 dv-cinder-master-3-iscsi devstack@c-api.service[111050]: warnings.warn('Policy enforcement is depending on the value of '
Jul 31 01:08:50.599684 dv-cinder-master-3-iscsi devstack@c-api.service[111050]: INFO cinder.volume.api [None req-fc23ad9e-47e9-47a1-88c9-4ebec96f93b7 tempest-SnapshotsActionsTest-1450428010 tempest-SnapshotsActionsTest-1450428010-project-admin] Snapshot retrieved successfully.
Jul 31 01:08:50.616252 dv-cinder-master-3-iscsi devstack@c-api.service[111049]: /usr/local/lib/python3.8/dist-packages/oslo_context/context.py:100: DeprecationWarning: Policy enforcement is depending on the value of is_admin. This key is deprecated. Please update your policy file to use the standard policy values.
Jul 31 01:08:50.616252 dv-cinder-master-3-iscsi devstack@c-api.service[111049]: warnings.warn('Policy enforcement is depending on the value of '
Jul 31 01:08:50.617377 dv-cinder-master-3-iscsi devstack@c-api.service[111049]: DEBUG cinder.api.contrib.admin_actions [None req-36ca84e2-3e8b-4b87-87b5-37f4502f066e tempest-VolumesActionsTest-1190751509 tempest-VolumesActionsTest-1190751509-project-admin] Updating volume 'c2c6f4cd-168e-450f-9404-27918ab2d278' with '{'status': 'creating'}' {{(pid=111049) _reset_status /opt/stack/cinder/cinder/api/contrib/admin_actions.py:200}}
Jul 31 01:08:50.652185 dv-cinder-master-3-iscsi devstack@c-api.service[111050]: INFO cinder.volume.api [None req-fc23ad9e-47e9-47a1-88c9-4ebec96f93b7 tempest-SnapshotsActionsTest-1450428010 tempest-SnapshotsActionsTest-1450428010-project-admin] Snapshot delete request issued successfully.
Jul 31 01:08:50.653187 dv-cinder-master-3-iscsi devstack@c-api.service[111050]: INFO cinder.api.openstack.wsgi [None req-fc23ad9e-47e9-47a1-88c9-4ebec96f93b7 tempest-SnapshotsActionsTest-1450428010 tempest-SnapshotsActionsTest-1450428010-project-admin] http://10.222.0.42/volume/v3/353d268d38764c48a252cdf9a5146156/snapshots/c4966c22-1b72-4d80-9c1f-e46f74a75da7/action returned with HTTP 202
Jul 31 01:08:50.655012 dv-cinder-master-3-iscsi devstack@c-api.service[111050]: [pid: 111050|app: 0|req: 164/304] 10.222.0.42 () {60 vars in 1373 bytes} [Sun Jul 31 01:08:50 2022] POST /volume/v3/353d268d38764c48a252cdf9a5146156/snapshots/c4966c22-1b72-4d80-9c1f-e46f74a75da7/action => generated 0 bytes in 111 msecs (HTTP/1.1 202) 7 headers in 289 bytes (1 switches on core 0)
Jul 31 01:08:50.660956 dv-cinder-master-3-iscsi devstack@c-api.service[111050]: DEBUG cinder.api.middleware.request_id [None req-70daf7dc-ad73-46a0-81ab-3b70649774c8 None None] RequestId filter calling following filter/app {{(pid=111050) _context_setter /opt/stack/cinder/cinder/api/middleware/request_id.py:62}}
Jul 31 01:08:50.674212 dv-cinder-master-3-iscsi devstack@c-api.service[111050]: INFO cinder.api.openstack.wsgi [None req-70daf7dc-ad73-46a0-81ab-3b70649774c8 tempest-SnapshotsActionsTest-1955017974 tempest-SnapshotsActionsTest-1955017974-project] GET http://10.222.0.42/volume/v3/c57d09c6a1c84fd492393aebb2101715/snapshots/c4966c22-1b72-4d80-9c1f-e46f74a75da7
Jul 31 01:08:50.676015 dv-cinder-master-3-iscsi devstack@c-api.service[111050]: DEBUG cinder.api.openstack.wsgi [None req-70daf7dc-ad73-46a0-81ab-3b70649774c8 tempest-SnapshotsActionsTest-1955017974 tempest-SnapshotsActionsTest-1955017974-project] Empty body provided in request {{(pid=111050) get_body /opt/stack/cinder/cinder/api/openstack/wsgi.py:715}}
Jul 31 01:08:50.676707 dv-cinder-master-3-iscsi devstack@c-api.service[111050]: DEBUG cinder.api.openstack.wsgi [None req-70daf7dc-ad73-46a0-81ab-3b70649774c8 tempest-SnapshotsActionsTest-1955017974 tempest-SnapshotsActionsTest-1955017974-project] Calling method 'show' {{(pid=111050) _process_stack /opt/stack/cinder/cinder/api/openstack/wsgi.py:868}}
Jul 31 01:08:50.678188 dv-cinder-master-3-iscsi devstack@c-api.service[111049]: INFO cinder.api.openstack.wsgi [None req-36ca84e2-3e8b-4b87-87b5-37f4502f066e tempest-VolumesActionsTest-1190751509 tempest-VolumesActionsTest-1190751509-project-admin] http://10.222.0.42/volume/v3/5baf560f78b446f691b16d77fdc05407/volumes/c2c6f4cd-168e-450f-9404-27918ab2d278/action returned with HTTP 202
Jul 31 01:08:50.680118 dv-cinder-master-3-iscsi devstack@c-api.service[111049]: [pid: 111049|app: 0|req: 141/305] 10.222.0.42 () {60 vars in 1367 bytes} [Sun Jul 31 01:08:50 2022] POST /volume/v3/5baf560f78b446f691b16d77fdc05407/volumes/c2c6f4cd-168e-450f-9404-27918ab2d278/action => generated 0 bytes in 154 msecs (HTTP/1.1 202) 7 headers in 289 bytes (1 switches on core 0)
Jul 31 01:08:50.684996 dv-cinder-master-3-iscsi devstack@c-api.service[111049]: DEBUG cinder.api.middleware.request_id [None req-3f90e6db-91b4-4688-864d-cfbecb9c48ed None None] RequestId filter calling following filter/app {{(pid=111049) _context_setter /opt/stack/cinder/cinder/api/middleware/request_id.py:62}}
Jul 31 01:08:50.689507 dv-cinder-master-3-iscsi devstack@c-api.service[111049]: INFO cinder.api.openstack.wsgi [None req-3f90e6db-91b4-4688-864d-cfbecb9c48ed tempest-VolumesActionsTest-1688171342 tempest-VolumesActionsTest-1688171342-project] GET http://10.222.0.42/volume/v3/bd337d5066d649d7a1233e454bf73c3e/volumes/c2c6f4cd-168e-450f-9404-27918ab2d278
Jul 31 01:08:50.690385 dv-cinder-master-3-iscsi devstack@c-api.service[111049]: DEBUG cinder.api.openstack.wsgi [None req-3f90e6db-91b4-4688-864d-cfbecb9c48ed tempest-VolumesActionsTest-1688171342 tempest-VolumesActionsTest-1688171342-project] Empty body provided in request {{(pid=111049) get_body /opt/stack/cinder/cinder/api/openstack/wsgi.py:715}}
Jul 31 01:08:50.691115 dv-cinder-master-3-iscsi devstack@c-api.service[111049]: DEBUG cinder.api.openstack.wsgi [None req-3f90e6db-91b4-4688-864d-cfbecb9c48ed tempest-VolumesActionsTest-1688171342 tempest-VolumesActionsTest-1688171342-project] Calling method 'show' {{(pid=111049) _process_stack /opt/stack/cinder/cinder/api/openstack/wsgi.py:868}}
Jul 31 01:08:50.701974 dv-cinder-master-3-iscsi devstack@c-api.service[111050]: /usr/local/lib/python3.8/dist-packages/oslo_context/context.py:100: DeprecationWarning: Policy enforcement is depending on the value of is_admin. This key is deprecated. Please update your policy file to use the standard policy values.
Jul 31 01:08:50.701974 dv-cinder-master-3-iscsi devstack@c-api.service[111050]: warnings.warn('Policy enforcement is depending on the value of '
Jul 31 01:08:50.705129 dv-cinder-master-3-iscsi devstack@c-api.service[111050]: INFO cinder.volume.api [None req-70daf7dc-ad73-46a0-81ab-3b70649774c8 tempest-SnapshotsActionsTest-1955017974 tempest-SnapshotsActionsTest-1955017974-project] Snapshot retrieved successfully.
Jul 31 01:08:50.707144 dv-cinder-master-3-iscsi devstack@c-api.service[111050]: INFO cinder.api.openstack.wsgi [None req-70daf7dc-ad73-46a0-81ab-3b70649774c8 tempest-SnapshotsActionsTest-1955017974 tempest-SnapshotsActionsTest-1955017974-project] http://10.222.0.42/volume/v3/c57d09c6a1c84fd492393aebb2101715/snapshots/c4966c22-1b72-4d80-9c1f-e46f74a75da7 returned with HTTP 200
Jul 31 01:08:50.707936 dv-cinder-master-3-iscsi devstack@c-api.service[111050]: [pid: 111050|app: 0|req: 165/306] 10.222.0.42 () {58 vars in 1331 bytes} [Sun Jul 31 01:08:50 2022] GET /volume/v3/c57d09c6a1c84fd492393aebb2101715/snapshots/c4966c22-1b72-4d80-9c1f-e46f74a75da7 => generated 465 bytes in 49 msecs (HTTP/1.1 200) 7 headers in 285 bytes (1 switches on core 0)
Jul 31 01:08:50.718610 dv-cinder-master-3-iscsi devstack@c-api.service[111049]: /usr/local/lib/python3.8/dist-packages/oslo_context/context.py:100: DeprecationWarning: Policy enforcement is depending on the value of is_admin. This key is deprecated. Please update your policy file to use the standard policy values.
Jul 31 01:08:50.718610 dv-cinder-master-3-iscsi devstack@c-api.service[111049]: warnings.warn('Policy enforcement is depending on the value of '
Jul 31 01:08:50.730926 dv-cinder-master-3-iscsi devstack@c-api.service[111049]: INFO cinder.volume.api [None req-3f90e6db-91b4-4688-864d-cfbecb9c48ed tempest-VolumesActionsTest-1688171342 tempest-VolumesActionsTest-1688171342-project] Volume info retrieved successfully.
Jul 31 01:08:50.743328 dv-cinder-master-3-iscsi devstack@c-api.service[111049]: INFO cinder.api.openstack.wsgi [None req-3f90e6db-91b4-4688-864d-cfbecb9c48ed tempest-VolumesActionsTest-1688171342 tempest-VolumesActionsTest-1688171342-project] http://10.222.0.42/volume/v3/bd337d5066d649d7a1233e454bf73c3e/volumes/c2c6f4cd-168e-450f-9404-27918ab2d278 returned with HTTP 200
Jul 31 01:08:50.745309 dv-cinder-master-3-iscsi devstack@c-api.service[111049]: [pid: 111049|app: 0|req: 142/307] 10.222.0.42 () {58 vars in 1325 bytes} [Sun Jul 31 01:08:50 2022] GET /volume/v3/bd337d5066d649d7a1233e454bf73c3e/volumes/c2c6f4cd-168e-450f-9404-27918ab2d278 => generated 909 bytes in 62 msecs (HTTP/1.1 200) 7 headers in 285 bytes (2 switches on core 0)
Jul 31 01:08:50.762225 dv-cinder-master-3-iscsi devstack@c-api.service[111050]: DEBUG cinder.api.middleware.request_id [None req-d7fb91b3-4812-4ac8-976c-05f8aee16358 None None] RequestId filter calling following filter/app {{(pid=111050) _context_setter /opt/stack/cinder/cinder/api/middleware/request_id.py:62}}
Jul 31 01:08:50.766390 dv-cinder-master-3-iscsi devstack@c-api.service[111050]: INFO cinder.api.openstack.wsgi [None req-d7fb91b3-4812-4ac8-976c-05f8aee16358 tempest-VolumesActionsTest-1190751509 tempest-VolumesActionsTest-1190751509-project-admin] POST http://10.222.0.42/volume/v3/5baf560f78b446f691b16d77fdc05407/volumes/c2c6f4cd-168e-450f-9404-27918ab2d278/action
Jul 31 01:08:50.768348 dv-cinder-master-3-iscsi devstack@c-api.service[111050]: DEBUG cinder.api.openstack.wsgi [None req-d7fb91b3-4812-4ac8-976c-05f8aee16358 tempest-VolumesActionsTest-1190751509 tempest-VolumesActionsTest-1190751509-project-admin] Action body: b'{"os-force_delete": {}}' {{(pid=111050) get_method /opt/stack/cinder/cinder/api/openstack/wsgi.py:983}}
Jul 31 01:08:50.768970 dv-cinder-master-3-iscsi devstack@c-api.service[111050]: DEBUG cinder.api.openstack.wsgi [None req-d7fb91b3-4812-4ac8-976c-05f8aee16358 tempest-VolumesActionsTest-1190751509 tempest-VolumesActionsTest-1190751509-project-admin] Action: 'action', calling method: _force_delete, body: {"os-force_delete": {}} {{(pid=111050) _process_stack /opt/stack/cinder/cinder/api/openstack/wsgi.py:866}}
Jul 31 01:08:50.806634 dv-cinder-master-3-iscsi devstack@c-api.service[111050]: /usr/local/lib/python3.8/dist-packages/oslo_context/context.py:100: DeprecationWarning: Policy enforcement is depending on the value of is_admin. This key is deprecated. Please update your policy file to use the standard policy values.
Jul 31 01:08:50.806634 dv-cinder-master-3-iscsi devstack@c-api.service[111050]: warnings.warn('Policy enforcement is depending on the value of '
Jul 31 01:08:50.809702 dv-cinder-master-3-iscsi devstack@c-api.service[111050]: INFO cinder.volume.api [None req-d7fb91b3-4812-4ac8-976c-05f8aee16358 tempest-VolumesActionsTest-1190751509 tempest-VolumesActionsTest-1190751509-project-admin] Volume info retrieved successfully.
Jul 31 01:08:50.934971 dv-cinder-master-3-iscsi devstack@c-api.service[111050]: INFO cinder.volume.api [None req-d7fb91b3-4812-4ac8-976c-05f8aee16358 tempest-VolumesActionsTest-1190751509 tempest-VolumesActionsTest-1190751509-project-admin] Delete volume request issued successfully.
Jul 31 01:08:50.937147 dv-cinder-master-3-iscsi devstack@c-api.service[111050]: INFO cinder.api.openstack.wsgi [None req-d7fb91b3-4812-4ac8-976c-05f8aee16358 tempest-VolumesActionsTest-1190751509 tempest-VolumesActionsTest-1190751509-project-admin] http://10.222.0.42/volume/v3/5baf560f78b446f691b16d77fdc05407/volumes/c2c6f4cd-168e-450f-9404-27918ab2d278/action returned with HTTP 202
Jul 31 01:08:50.942817 dv-cinder-master-3-iscsi devstack@c-api.service[111050]: [pid: 111050|app: 0|req: 166/308] 10.222.0.42 () {60 vars in 1367 bytes} [Sun Jul 31 01:08:50 2022] POST /volume/v3/5baf560f78b446f691b16d77fdc05407/volumes/c2c6f4cd-168e-450f-9404-27918ab2d278/action => generated 0 bytes in 181 msecs (HTTP/1.1 202) 7 headers in 289 bytes (1 switches on core 0)
Jul 31 01:08:50.950575 dv-cinder-master-3-iscsi devstack@c-api.service[111049]: DEBUG cinder.api.middleware.request_id [None req-3a17d8b2-e578-4d2b-a105-6231dfb2637b None None] RequestId filter calling following filter/app {{(pid=111049) _context_setter /opt/stack/cinder/cinder/api/middleware/request_id.py:62}}
Jul 31 01:08:50.958443 dv-cinder-master-3-iscsi devstack@c-api.service[111049]: INFO cinder.api.openstack.wsgi [None req-3a17d8b2-e578-4d2b-a105-6231dfb2637b tempest-VolumesActionsTest-1688171342 tempest-VolumesActionsTest-1688171342-project] GET http://10.222.0.42/volume/v3/bd337d5066d649d7a1233e454bf73c3e/volumes/c2c6f4cd-168e-450f-9404-27918ab2d278
Jul 31 01:08:50.959326 dv-cinder-master-3-iscsi devstack@c-api.service[111049]: DEBUG cinder.api.openstack.wsgi [None req-3a17d8b2-e578-4d2b-a105-6231dfb2637b tempest-VolumesActionsTest-1688171342 tempest-VolumesActionsTest-1688171342-project] Empty body provided in request {{(pid=111049) get_body /opt/stack/cinder/cinder/api/openstack/wsgi.py:715}}
Jul 31 01:08:50.960393 dv-cinder-master-3-iscsi devstack@c-api.service[111049]: DEBUG cinder.api.openstack.wsgi [None req-3a17d8b2-e578-4d2b-a105-6231dfb2637b tempest-VolumesActionsTest-1688171342 tempest-VolumesActionsTest-1688171342-project] Calling method 'show' {{(pid=111049) _process_stack /opt/stack/cinder/cinder/api/openstack/wsgi.py:868}}
Jul 31 01:08:51.008857 dv-cinder-master-3-iscsi devstack@c-api.service[111049]: /usr/local/lib/python3.8/dist-packages/oslo_context/context.py:100: DeprecationWarning: Policy enforcement is depending on the value of is_admin. This key is deprecated. Please update your policy file to use the standard policy values.
Jul 31 01:08:51.008857 dv-cinder-master-3-iscsi devstack@c-api.service[111049]: warnings.warn('Policy enforcement is depending on the value of '
Jul 31 01:08:51.017587 dv-cinder-master-3-iscsi devstack@c-api.service[111049]: INFO cinder.volume.api [None req-3a17d8b2-e578-4d2b-a105-6231dfb2637b tempest-VolumesActionsTest-1688171342 tempest-VolumesActionsTest-1688171342-project] Volume info retrieved successfully.
Jul 31 01:08:51.038811 dv-cinder-master-3-iscsi devstack@c-api.service[111049]: INFO cinder.api.openstack.wsgi [None req-3a17d8b2-e578-4d2b-a105-6231dfb2637b tempest-VolumesActionsTest-1688171342 tempest-VolumesActionsTest-1688171342-project] http://10.222.0.42/volume/v3/bd337d5066d649d7a1233e454bf73c3e/volumes/c2c6f4cd-168e-450f-9404-27918ab2d278 returned with HTTP 200
Jul 31 01:08:51.041250 dv-cinder-master-3-iscsi devstack@c-api.service[111049]: [pid: 111049|app: 0|req: 143/309] 10.222.0.42 () {58 vars in 1325 bytes} [Sun Jul 31 01:08:50 2022] GET /volume/v3/bd337d5066d649d7a1233e454bf73c3e/volumes/c2c6f4cd-168e-450f-9404-27918ab2d278 => generated 909 bytes in 94 msecs (HTTP/1.1 200) 7 headers in 285 bytes (1 switches on core 0)
Jul 31 01:08:51.495227 dv-cinder-master-3-iscsi devstack@c-api.service[111050]: DEBUG cinder.api.middleware.request_id [None req-4291873b-fbb8-4bff-95c1-19ed0e2ffc4c None None] RequestId filter calling following filter/app {{(pid=111050) _context_setter /opt/stack/cinder/cinder/api/middleware/request_id.py:62}}
Jul 31 01:08:51.500408 dv-cinder-master-3-iscsi devstack@c-api.service[111050]: INFO cinder.api.openstack.wsgi [None req-4291873b-fbb8-4bff-95c1-19ed0e2ffc4c tempest-GroupSnapshotsTest-141791687 tempest-GroupSnapshotsTest-141791687-project] GET http://10.222.0.42/volume/v3/1ef4c28d3fc94ed6960965e1f3f2d2b8/volumes/c7679569-cfba-4631-a67c-e19b6e46421e
Jul 31 01:08:51.502151 dv-cinder-master-3-iscsi devstack@c-api.service[111050]: DEBUG cinder.api.openstack.wsgi [None req-4291873b-fbb8-4bff-95c1-19ed0e2ffc4c tempest-GroupSnapshotsTest-141791687 tempest-GroupSnapshotsTest-141791687-project] Empty body provided in request {{(pid=111050) get_body /opt/stack/cinder/cinder/api/openstack/wsgi.py:715}}
Jul 31 01:08:51.502966 dv-cinder-master-3-iscsi devstack@c-api.service[111050]: DEBUG cinder.api.openstack.wsgi [None req-4291873b-fbb8-4bff-95c1-19ed0e2ffc4c tempest-GroupSnapshotsTest-141791687 tempest-GroupSnapshotsTest-141791687-project] Calling method 'show' {{(pid=111050) _process_stack /opt/stack/cinder/cinder/api/openstack/wsgi.py:868}}
Jul 31 01:08:51.518792 dv-cinder-master-3-iscsi devstack@c-api.service[111050]: INFO cinder.api.openstack.wsgi [None req-4291873b-fbb8-4bff-95c1-19ed0e2ffc4c tempest-GroupSnapshotsTest-141791687 tempest-GroupSnapshotsTest-141791687-project] http://10.222.0.42/volume/v3/1ef4c28d3fc94ed6960965e1f3f2d2b8/volumes/c7679569-cfba-4631-a67c-e19b6e46421e returned with HTTP 404
Jul 31 01:08:51.519889 dv-cinder-master-3-iscsi devstack@c-api.service[111050]: [pid: 111050|app: 0|req: 167/310] 10.222.0.42 () {60 vars in 1366 bytes} [Sun Jul 31 01:08:51 2022] GET /volume/v3/1ef4c28d3fc94ed6960965e1f3f2d2b8/volumes/c7679569-cfba-4631-a67c-e19b6e46421e => generated 109 bytes in 26 msecs (HTTP/1.1 404) 7 headers in 293 bytes (1 switches on core 0)
Jul 31 01:08:51.535928 dv-cinder-master-3-iscsi devstack@c-api.service[111049]: DEBUG cinder.api.middleware.request_id [None req-31ee0d4c-af02-40f1-b9fc-e6f37d7bbd72 None None] RequestId filter calling following filter/app {{(pid=111049) _context_setter /opt/stack/cinder/cinder/api/middleware/request_id.py:62}}
Jul 31 01:08:51.543038 dv-cinder-master-3-iscsi devstack@c-api.service[111049]: INFO cinder.api.openstack.wsgi [None req-31ee0d4c-af02-40f1-b9fc-e6f37d7bbd72 tempest-GroupSnapshotsTest-141791687 tempest-GroupSnapshotsTest-141791687-project] GET http://10.222.0.42/volume/v3/1ef4c28d3fc94ed6960965e1f3f2d2b8/groups/44b26793-cdc2-46ab-b59b-6d94953c5bdd
Jul 31 01:08:51.543595 dv-cinder-master-3-iscsi devstack@c-api.service[111049]: DEBUG cinder.api.openstack.wsgi [None req-31ee0d4c-af02-40f1-b9fc-e6f37d7bbd72 tempest-GroupSnapshotsTest-141791687 tempest-GroupSnapshotsTest-141791687-project] Empty body provided in request {{(pid=111049) get_body /opt/stack/cinder/cinder/api/openstack/wsgi.py:715}}
Jul 31 01:08:51.544109 dv-cinder-master-3-iscsi devstack@c-api.service[111049]: DEBUG cinder.api.openstack.wsgi [None req-31ee0d4c-af02-40f1-b9fc-e6f37d7bbd72 tempest-GroupSnapshotsTest-141791687 tempest-GroupSnapshotsTest-141791687-project] Calling method 'version_select' {{(pid=111049) _process_stack /opt/stack/cinder/cinder/api/openstack/wsgi.py:868}}
Jul 31 01:08:51.544839 dv-cinder-master-3-iscsi devstack@c-api.service[111049]: DEBUG cinder.api.v3.groups [None req-31ee0d4c-af02-40f1-b9fc-e6f37d7bbd72 tempest-GroupSnapshotsTest-141791687 tempest-GroupSnapshotsTest-141791687-project] show called for member 44b26793-cdc2-46ab-b59b-6d94953c5bdd {{(pid=111049) show /opt/stack/cinder/cinder/api/v3/groups.py:58}}
Jul 31 01:08:51.551524 dv-cinder-master-3-iscsi devstack@c-api.service[111049]: INFO cinder.api.openstack.wsgi [None req-31ee0d4c-af02-40f1-b9fc-e6f37d7bbd72 tempest-GroupSnapshotsTest-141791687 tempest-GroupSnapshotsTest-141791687-project] http://10.222.0.42/volume/v3/1ef4c28d3fc94ed6960965e1f3f2d2b8/groups/44b26793-cdc2-46ab-b59b-6d94953c5bdd returned with HTTP 404
Jul 31 01:08:51.556944 dv-cinder-master-3-iscsi devstack@c-api.service[111049]: [pid: 111049|app: 0|req: 144/311] 10.222.0.42 () {60 vars in 1363 bytes} [Sun Jul 31 01:08:51 2022] GET /volume/v3/1ef4c28d3fc94ed6960965e1f3f2d2b8/groups/44b26793-cdc2-46ab-b59b-6d94953c5bdd => generated 108 bytes in 25 msecs (HTTP/1.1 404) 7 headers in 293 bytes (1 switches on core 0)
Jul 31 01:08:51.560246 dv-cinder-master-3-iscsi devstack@c-api.service[111050]: DEBUG cinder.api.middleware.request_id [None req-fda4b5ad-7512-4158-8fe0-0e5658d1c68f None None] RequestId filter calling following filter/app {{(pid=111050) _context_setter /opt/stack/cinder/cinder/api/middleware/request_id.py:62}}
Jul 31 01:08:51.568812 dv-cinder-master-3-iscsi devstack@c-api.service[111050]: INFO cinder.api.openstack.wsgi [None req-fda4b5ad-7512-4158-8fe0-0e5658d1c68f tempest-GroupSnapshotsTest-141791687 tempest-GroupSnapshotsTest-141791687-project] DELETE http://10.222.0.42/volume/v3/1ef4c28d3fc94ed6960965e1f3f2d2b8/group_snapshots/0387bf8f-0f6a-4ad0-9a34-95c7fcd6fa1e
Jul 31 01:08:51.569757 dv-cinder-master-3-iscsi devstack@c-api.service[111050]: DEBUG cinder.api.openstack.wsgi [None req-fda4b5ad-7512-4158-8fe0-0e5658d1c68f tempest-GroupSnapshotsTest-141791687 tempest-GroupSnapshotsTest-141791687-project] Empty body provided in request {{(pid=111050) get_body /opt/stack/cinder/cinder/api/openstack/wsgi.py:715}}
Jul 31 01:08:51.570545 dv-cinder-master-3-iscsi devstack@c-api.service[111050]: DEBUG cinder.api.openstack.wsgi [None req-fda4b5ad-7512-4158-8fe0-0e5658d1c68f tempest-GroupSnapshotsTest-141791687 tempest-GroupSnapshotsTest-141791687-project] Calling method 'version_select' {{(pid=111050) _process_stack /opt/stack/cinder/cinder/api/openstack/wsgi.py:868}}
Jul 31 01:08:51.571180 dv-cinder-master-3-iscsi devstack@c-api.service[111050]: DEBUG cinder.api.v3.group_snapshots [None req-fda4b5ad-7512-4158-8fe0-0e5658d1c68f tempest-GroupSnapshotsTest-141791687 tempest-GroupSnapshotsTest-141791687-project] delete called for member 0387bf8f-0f6a-4ad0-9a34-95c7fcd6fa1e {{(pid=111050) delete /opt/stack/cinder/cinder/api/v3/group_snapshots.py:72}}
Jul 31 01:08:51.571747 dv-cinder-master-3-iscsi devstack@c-api.service[111050]: INFO cinder.api.v3.group_snapshots [None req-fda4b5ad-7512-4158-8fe0-0e5658d1c68f tempest-GroupSnapshotsTest-141791687 tempest-GroupSnapshotsTest-141791687-project] Delete group_snapshot with id: 0387bf8f-0f6a-4ad0-9a34-95c7fcd6fa1e
Jul 31 01:08:51.582931 dv-cinder-master-3-iscsi devstack@c-api.service[111050]: /usr/local/lib/python3.8/dist-packages/oslo_context/context.py:100: DeprecationWarning: Policy enforcement is depending on the value of is_admin. This key is deprecated. Please update your policy file to use the standard policy values.
Jul 31 01:08:51.582931 dv-cinder-master-3-iscsi devstack@c-api.service[111050]: warnings.warn('Policy enforcement is depending on the value of '
Jul 31 01:08:51.693900 dv-cinder-master-3-iscsi devstack@c-api.service[111050]: INFO cinder.api.openstack.wsgi [None req-fda4b5ad-7512-4158-8fe0-0e5658d1c68f tempest-GroupSnapshotsTest-141791687 tempest-GroupSnapshotsTest-141791687-project] http://10.222.0.42/volume/v3/1ef4c28d3fc94ed6960965e1f3f2d2b8/group_snapshots/0387bf8f-0f6a-4ad0-9a34-95c7fcd6fa1e returned with HTTP 202
Jul 31 01:08:51.696249 dv-cinder-master-3-iscsi devstack@c-api.service[111050]: [pid: 111050|app: 0|req: 168/312] 10.222.0.42 () {60 vars in 1393 bytes} [Sun Jul 31 01:08:51 2022] DELETE /volume/v3/1ef4c28d3fc94ed6960965e1f3f2d2b8/group_snapshots/0387bf8f-0f6a-4ad0-9a34-95c7fcd6fa1e => generated 0 bytes in 138 msecs (HTTP/1.1 202) 6 headers in 234 bytes (1 switches on core 0)
Jul 31 01:08:51.706108 dv-cinder-master-3-iscsi devstack@c-api.service[111049]: DEBUG cinder.api.middleware.request_id [None req-0891ec01-7ba1-47fc-897d-c91eae5a1e75 None None] RequestId filter calling following filter/app {{(pid=111049) _context_setter /opt/stack/cinder/cinder/api/middleware/request_id.py:62}}
Jul 31 01:08:51.714102 dv-cinder-master-3-iscsi devstack@c-api.service[111049]: INFO cinder.api.openstack.wsgi [None req-0891ec01-7ba1-47fc-897d-c91eae5a1e75 tempest-GroupSnapshotsTest-141791687 tempest-GroupSnapshotsTest-141791687-project] GET http://10.222.0.42/volume/v3/1ef4c28d3fc94ed6960965e1f3f2d2b8/volumes/detail
Jul 31 01:08:51.716203 dv-cinder-master-3-iscsi devstack@c-api.service[111049]: DEBUG cinder.api.openstack.wsgi [None req-0891ec01-7ba1-47fc-897d-c91eae5a1e75 tempest-GroupSnapshotsTest-141791687 tempest-GroupSnapshotsTest-141791687-project] Empty body provided in request {{(pid=111049) get_body /opt/stack/cinder/cinder/api/openstack/wsgi.py:715}}
Jul 31 01:08:51.721834 dv-cinder-master-3-iscsi devstack@c-api.service[111050]: DEBUG cinder.api.middleware.request_id [None req-e6d59d87-2295-4af7-9e19-c89e9bdd6ca7 None None] RequestId filter calling following filter/app {{(pid=111050) _context_setter /opt/stack/cinder/cinder/api/middleware/request_id.py:62}}
Jul 31 01:08:51.724415 dv-cinder-master-3-iscsi devstack@c-api.service[111049]: DEBUG cinder.api.openstack.wsgi [None req-0891ec01-7ba1-47fc-897d-c91eae5a1e75 tempest-GroupSnapshotsTest-141791687 tempest-GroupSnapshotsTest-141791687-project] Calling method 'detail' {{(pid=111049) _process_stack /opt/stack/cinder/cinder/api/openstack/wsgi.py:868}}
Jul 31 01:08:51.725945 dv-cinder-master-3-iscsi devstack@c-api.service[111049]: DEBUG cinder.api.api_utils [None req-0891ec01-7ba1-47fc-897d-c91eae5a1e75 tempest-GroupSnapshotsTest-141791687 tempest-GroupSnapshotsTest-141791687-project] Removing options '' from query. {{(pid=111049) remove_invalid_filter_options /opt/stack/cinder/cinder/api/api_utils.py:83}}
Jul 31 01:08:51.730430 dv-cinder-master-3-iscsi devstack@c-api.service[111050]: INFO cinder.api.openstack.wsgi [None req-e6d59d87-2295-4af7-9e19-c89e9bdd6ca7 tempest-SnapshotsActionsTest-1955017974 tempest-SnapshotsActionsTest-1955017974-project] GET http://10.222.0.42/volume/v3/c57d09c6a1c84fd492393aebb2101715/snapshots/c4966c22-1b72-4d80-9c1f-e46f74a75da7
Jul 31 01:08:51.731040 dv-cinder-master-3-iscsi devstack@c-api.service[111050]: DEBUG cinder.api.openstack.wsgi [None req-e6d59d87-2295-4af7-9e19-c89e9bdd6ca7 tempest-SnapshotsActionsTest-1955017974 tempest-SnapshotsActionsTest-1955017974-project] Empty body provided in request {{(pid=111050) get_body /opt/stack/cinder/cinder/api/openstack/wsgi.py:715}}
Jul 31 01:08:51.731496 dv-cinder-master-3-iscsi devstack@c-api.service[111049]: DEBUG cinder.volume.api [None req-0891ec01-7ba1-47fc-897d-c91eae5a1e75 tempest-GroupSnapshotsTest-141791687 tempest-GroupSnapshotsTest-141791687-project] Searching by: MultiDict([('no_migration_targets', True)]). {{(pid=111049) get_all /opt/stack/cinder/cinder/volume/api.py:664}}
Jul 31 01:08:51.731733 dv-cinder-master-3-iscsi devstack@c-api.service[111050]: DEBUG cinder.api.openstack.wsgi [None req-e6d59d87-2295-4af7-9e19-c89e9bdd6ca7 tempest-SnapshotsActionsTest-1955017974 tempest-SnapshotsActionsTest-1955017974-project] Calling method 'show' {{(pid=111050) _process_stack /opt/stack/cinder/cinder/api/openstack/wsgi.py:868}}
Jul 31 01:08:51.745333 dv-cinder-master-3-iscsi devstack@c-api.service[111050]: INFO cinder.api.openstack.wsgi [None req-e6d59d87-2295-4af7-9e19-c89e9bdd6ca7 tempest-SnapshotsActionsTest-1955017974 tempest-SnapshotsActionsTest-1955017974-project] http://10.222.0.42/volume/v3/c57d09c6a1c84fd492393aebb2101715/snapshots/c4966c22-1b72-4d80-9c1f-e46f74a75da7 returned with HTTP 404
Jul 31 01:08:51.747284 dv-cinder-master-3-iscsi devstack@c-api.service[111050]: [pid: 111050|app: 0|req: 169/313] 10.222.0.42 () {58 vars in 1331 bytes} [Sun Jul 31 01:08:51 2022] GET /volume/v3/c57d09c6a1c84fd492393aebb2101715/snapshots/c4966c22-1b72-4d80-9c1f-e46f74a75da7 => generated 111 bytes in 30 msecs (HTTP/1.1 404) 7 headers in 292 bytes (2 switches on core 0)
Jul 31 01:08:51.756518 dv-cinder-master-3-iscsi devstack@c-api.service[111050]: DEBUG cinder.api.middleware.request_id [None req-fe2b151e-0cc4-4cc0-82a9-96fa5b0b24f4 None None] RequestId filter calling following filter/app {{(pid=111050) _context_setter /opt/stack/cinder/cinder/api/middleware/request_id.py:62}}
Jul 31 01:08:51.767840 dv-cinder-master-3-iscsi devstack@c-api.service[111050]: INFO cinder.api.openstack.wsgi [None req-fe2b151e-0cc4-4cc0-82a9-96fa5b0b24f4 tempest-SnapshotsActionsTest-1450428010 tempest-SnapshotsActionsTest-1450428010-project-admin] POST http://10.222.0.42/volume/v3/353d268d38764c48a252cdf9a5146156/snapshots/d7fe7423-5a78-474d-a770-d2adfa59ffc8/action
Jul 31 01:08:51.769462 dv-cinder-master-3-iscsi devstack@c-api.service[111050]: DEBUG cinder.api.openstack.wsgi [None req-fe2b151e-0cc4-4cc0-82a9-96fa5b0b24f4 tempest-SnapshotsActionsTest-1450428010 tempest-SnapshotsActionsTest-1450428010-project-admin] Action body: b'{"os-reset_status": {"status": "available"}}' {{(pid=111050) get_method /opt/stack/cinder/cinder/api/openstack/wsgi.py:983}}
Jul 31 01:08:51.770140 dv-cinder-master-3-iscsi devstack@c-api.service[111050]: DEBUG cinder.api.openstack.wsgi [None req-fe2b151e-0cc4-4cc0-82a9-96fa5b0b24f4 tempest-SnapshotsActionsTest-1450428010 tempest-SnapshotsActionsTest-1450428010-project-admin] Action: 'action', calling method: _reset_status, body: {"os-reset_status": {"status": "available"}} {{(pid=111050) _process_stack /opt/stack/cinder/cinder/api/openstack/wsgi.py:866}}
Jul 31 01:08:51.779526 dv-cinder-master-3-iscsi devstack@c-api.service[111050]: DEBUG cinder.api.contrib.admin_actions [None req-fe2b151e-0cc4-4cc0-82a9-96fa5b0b24f4 tempest-SnapshotsActionsTest-1450428010 tempest-SnapshotsActionsTest-1450428010-project-admin] Updating snapshot 'd7fe7423-5a78-474d-a770-d2adfa59ffc8' with '{'status': 'available'}' {{(pid=111050) _reset_status /opt/stack/cinder/cinder/api/contrib/admin_actions.py:100}}
Jul 31 01:08:51.823823 dv-cinder-master-3-iscsi devstack@c-api.service[111050]: /usr/local/lib/python3.8/dist-packages/oslo_context/context.py:100: DeprecationWarning: Policy enforcement is depending on the value of is_admin. This key is deprecated. Please update your policy file to use the standard policy values.
Jul 31 01:08:51.823823 dv-cinder-master-3-iscsi devstack@c-api.service[111050]: warnings.warn('Policy enforcement is depending on the value of '
Jul 31 01:08:51.839162 dv-cinder-master-3-iscsi devstack@c-api.service[111049]: INFO cinder.volume.api [None req-0891ec01-7ba1-47fc-897d-c91eae5a1e75 tempest-GroupSnapshotsTest-141791687 tempest-GroupSnapshotsTest-141791687-project] Get all volumes completed successfully.
Jul 31 01:08:51.849348 dv-cinder-master-3-iscsi devstack@c-api.service[111049]: WARNING stevedore.named [None req-0891ec01-7ba1-47fc-897d-c91eae5a1e75 tempest-GroupSnapshotsTest-141791687 tempest-GroupSnapshotsTest-141791687-project] Could not load cinder.keymgr.conf_key_mgr.ConfKeyManager
Jul 31 01:08:51.849773 dv-cinder-master-3-iscsi devstack@c-api.service[111049]: WARNING castellan.key_manager [None req-0891ec01-7ba1-47fc-897d-c91eae5a1e75 tempest-GroupSnapshotsTest-141791687 tempest-GroupSnapshotsTest-141791687-project] Deprecation Warning : cinder.keymgr.conf_key_mgr.ConfKeyManager is not a stevedore based driver, trying to load it as a class: stevedore.exception.NoMatches: No 'castellan.drivers' driver found, looking for 'cinder.keymgr.conf_key_mgr.ConfKeyManager'
Jul 31 01:08:51.858957 dv-cinder-master-3-iscsi devstack@c-api.service[111049]: DEBUG oslo_db.sqlalchemy.engines [None req-0891ec01-7ba1-47fc-897d-c91eae5a1e75 tempest-GroupSnapshotsTest-141791687 tempest-GroupSnapshotsTest-141791687-project] MySQL server mode set to STRICT_TRANS_TABLES,STRICT_ALL_TABLES,NO_ZERO_IN_DATE,NO_ZERO_DATE,ERROR_FOR_DIVISION_BY_ZERO,TRADITIONAL,NO_ENGINE_SUBSTITUTION {{(pid=111049) _check_effective_sql_mode /usr/local/lib/python3.8/dist-packages/oslo_db/sqlalchemy/engines.py:314}}
Jul 31 01:08:51.866419 dv-cinder-master-3-iscsi devstack@c-api.service[111049]: /usr/local/lib/python3.8/dist-packages/oslo_context/context.py:100: DeprecationWarning: Policy enforcement is depending on the value of is_admin. This key is deprecated. Please update your policy file to use the standard policy values.
Jul 31 01:08:51.866419 dv-cinder-master-3-iscsi devstack@c-api.service[111049]: warnings.warn('Policy enforcement is depending on the value of '
Jul 31 01:08:51.884226 dv-cinder-master-3-iscsi devstack@c-api.service[111049]: INFO cinder.api.openstack.wsgi [None req-0891ec01-7ba1-47fc-897d-c91eae5a1e75 tempest-GroupSnapshotsTest-141791687 tempest-GroupSnapshotsTest-141791687-project] http://10.222.0.42/volume/v3/1ef4c28d3fc94ed6960965e1f3f2d2b8/volumes/detail returned with HTTP 200
Jul 31 01:08:51.885538 dv-cinder-master-3-iscsi devstack@c-api.service[111049]: [pid: 111049|app: 0|req: 145/314] 10.222.0.42 () {60 vars in 1276 bytes} [Sun Jul 31 01:08:51 2022] GET /volume/v3/1ef4c28d3fc94ed6960965e1f3f2d2b8/volumes/detail => generated 1004 bytes in 182 msecs (HTTP/1.1 200) 7 headers in 287 bytes (1 switches on core 0)
Jul 31 01:08:51.897342 dv-cinder-master-3-iscsi devstack@c-api.service[111050]: INFO cinder.api.openstack.wsgi [None req-fe2b151e-0cc4-4cc0-82a9-96fa5b0b24f4 tempest-SnapshotsActionsTest-1450428010 tempest-SnapshotsActionsTest-1450428010-project-admin] http://10.222.0.42/volume/v3/353d268d38764c48a252cdf9a5146156/snapshots/d7fe7423-5a78-474d-a770-d2adfa59ffc8/action returned with HTTP 202
Jul 31 01:08:51.898874 dv-cinder-master-3-iscsi devstack@c-api.service[111050]: [pid: 111050|app: 0|req: 170/315] 10.222.0.42 () {60 vars in 1373 bytes} [Sun Jul 31 01:08:51 2022] POST /volume/v3/353d268d38764c48a252cdf9a5146156/snapshots/d7fe7423-5a78-474d-a770-d2adfa59ffc8/action => generated 0 bytes in 146 msecs (HTTP/1.1 202) 7 headers in 289 bytes (1 switches on core 0)
Jul 31 01:08:51.911939 dv-cinder-master-3-iscsi devstack@c-api.service[111049]: DEBUG cinder.api.middleware.request_id [None req-6e03fa95-9a5f-4706-b8cf-2475e60984fb None None] RequestId filter calling following filter/app {{(pid=111049) _context_setter /opt/stack/cinder/cinder/api/middleware/request_id.py:62}}
Jul 31 01:08:51.924063 dv-cinder-master-3-iscsi devstack@c-api.service[111050]: DEBUG cinder.api.middleware.request_id [None req-e616961c-5c2a-4d6d-b366-1c8205425e12 None None] RequestId filter calling following filter/app {{(pid=111050) _context_setter /opt/stack/cinder/cinder/api/middleware/request_id.py:62}}
Jul 31 01:08:51.925757 dv-cinder-master-3-iscsi devstack@c-api.service[111049]: INFO cinder.api.openstack.wsgi [None req-6e03fa95-9a5f-4706-b8cf-2475e60984fb tempest-SnapshotsActionsTest-1955017974 tempest-SnapshotsActionsTest-1955017974-project] GET http://10.222.0.42/volume/v3/c57d09c6a1c84fd492393aebb2101715/snapshots/d7fe7423-5a78-474d-a770-d2adfa59ffc8
Jul 31 01:08:51.926774 dv-cinder-master-3-iscsi devstack@c-api.service[111049]: DEBUG cinder.api.openstack.wsgi [None req-6e03fa95-9a5f-4706-b8cf-2475e60984fb tempest-SnapshotsActionsTest-1955017974 tempest-SnapshotsActionsTest-1955017974-project] Empty body provided in request {{(pid=111049) get_body /opt/stack/cinder/cinder/api/openstack/wsgi.py:715}}
Jul 31 01:08:51.927661 dv-cinder-master-3-iscsi devstack@c-api.service[111049]: DEBUG cinder.api.openstack.wsgi [None req-6e03fa95-9a5f-4706-b8cf-2475e60984fb tempest-SnapshotsActionsTest-1955017974 tempest-SnapshotsActionsTest-1955017974-project] Calling method 'show' {{(pid=111049) _process_stack /opt/stack/cinder/cinder/api/openstack/wsgi.py:868}}
Jul 31 01:08:51.940965 dv-cinder-master-3-iscsi devstack@c-api.service[111050]: INFO cinder.api.openstack.wsgi [None req-e616961c-5c2a-4d6d-b366-1c8205425e12 tempest-GroupSnapshotsTest-141791687 tempest-GroupSnapshotsTest-141791687-project] GET http://10.222.0.42/volume/v3/1ef4c28d3fc94ed6960965e1f3f2d2b8/snapshots/detail
Jul 31 01:08:51.941429 dv-cinder-master-3-iscsi devstack@c-api.service[111050]: DEBUG cinder.api.openstack.wsgi [None req-e616961c-5c2a-4d6d-b366-1c8205425e12 tempest-GroupSnapshotsTest-141791687 tempest-GroupSnapshotsTest-141791687-project] Empty body provided in request {{(pid=111050) get_body /opt/stack/cinder/cinder/api/openstack/wsgi.py:715}}
Jul 31 01:08:51.941894 dv-cinder-master-3-iscsi devstack@c-api.service[111050]: DEBUG cinder.api.openstack.wsgi [None req-e616961c-5c2a-4d6d-b366-1c8205425e12 tempest-GroupSnapshotsTest-141791687 tempest-GroupSnapshotsTest-141791687-project] Calling method 'detail' {{(pid=111050) _process_stack /opt/stack/cinder/cinder/api/openstack/wsgi.py:868}}
Jul 31 01:08:51.942517 dv-cinder-master-3-iscsi devstack@c-api.service[111050]: DEBUG cinder.api.api_utils [None req-e616961c-5c2a-4d6d-b366-1c8205425e12 tempest-GroupSnapshotsTest-141791687 tempest-GroupSnapshotsTest-141791687-project] Removing options '' from query. {{(pid=111050) remove_invalid_filter_options /opt/stack/cinder/cinder/api/api_utils.py:83}}
Jul 31 01:08:51.943288 dv-cinder-master-3-iscsi devstack@c-api.service[111050]: /usr/local/lib/python3.8/dist-packages/oslo_context/context.py:100: DeprecationWarning: Policy enforcement is depending on the value of is_admin. This key is deprecated. Please update your policy file to use the standard policy values.
Jul 31 01:08:51.943288 dv-cinder-master-3-iscsi devstack@c-api.service[111050]: warnings.warn('Policy enforcement is depending on the value of '
Jul 31 01:08:51.944905 dv-cinder-master-3-iscsi devstack@c-api.service[111050]: DEBUG cinder.db.sqlalchemy.api [None req-e616961c-5c2a-4d6d-b366-1c8205425e12 tempest-GroupSnapshotsTest-141791687 tempest-GroupSnapshotsTest-141791687-project] Building query based on filter {{(pid=111050) _process_snaps_filters /opt/stack/cinder/cinder/db/sqlalchemy/api.py:3885}}
Jul 31 01:08:51.948166 dv-cinder-master-3-iscsi devstack@c-api.service[111049]: /usr/local/lib/python3.8/dist-packages/oslo_context/context.py:100: DeprecationWarning: Policy enforcement is depending on the value of is_admin. This key is deprecated. Please update your policy file to use the standard policy values.
Jul 31 01:08:51.948166 dv-cinder-master-3-iscsi devstack@c-api.service[111049]: warnings.warn('Policy enforcement is depending on the value of '
Jul 31 01:08:51.951280 dv-cinder-master-3-iscsi devstack@c-api.service[111049]: INFO cinder.volume.api [None req-6e03fa95-9a5f-4706-b8cf-2475e60984fb tempest-SnapshotsActionsTest-1955017974 tempest-SnapshotsActionsTest-1955017974-project] Snapshot retrieved successfully.
Jul 31 01:08:51.955759 dv-cinder-master-3-iscsi devstack@c-api.service[111049]: INFO cinder.api.openstack.wsgi [None req-6e03fa95-9a5f-4706-b8cf-2475e60984fb tempest-SnapshotsActionsTest-1955017974 tempest-SnapshotsActionsTest-1955017974-project] http://10.222.0.42/volume/v3/c57d09c6a1c84fd492393aebb2101715/snapshots/d7fe7423-5a78-474d-a770-d2adfa59ffc8 returned with HTTP 200
Jul 31 01:08:51.961893 dv-cinder-master-3-iscsi devstack@c-api.service[111050]: INFO cinder.volume.api [None req-e616961c-5c2a-4d6d-b366-1c8205425e12 tempest-GroupSnapshotsTest-141791687 tempest-GroupSnapshotsTest-141791687-project] Get all snapshots completed successfully.
Jul 31 01:08:51.962859 dv-cinder-master-3-iscsi devstack@c-api.service[111050]: /usr/local/lib/python3.8/dist-packages/oslo_context/context.py:100: DeprecationWarning: Policy enforcement is depending on the value of is_admin. This key is deprecated. Please update your policy file to use the standard policy values.
Jul 31 01:08:51.962859 dv-cinder-master-3-iscsi devstack@c-api.service[111050]: warnings.warn('Policy enforcement is depending on the value of '
Jul 31 01:08:51.964459 dv-cinder-master-3-iscsi devstack@c-api.service[111050]: INFO cinder.api.openstack.wsgi [None req-e616961c-5c2a-4d6d-b366-1c8205425e12 tempest-GroupSnapshotsTest-141791687 tempest-GroupSnapshotsTest-141791687-project] http://10.222.0.42/volume/v3/1ef4c28d3fc94ed6960965e1f3f2d2b8/snapshots/detail returned with HTTP 200
Jul 31 01:08:51.973433 dv-cinder-master-3-iscsi devstack@c-api.service[111050]: [pid: 111050|app: 0|req: 171/316] 10.222.0.42 () {58 vars in 1241 bytes} [Sun Jul 31 01:08:51 2022] GET /volume/v3/1ef4c28d3fc94ed6960965e1f3f2d2b8/snapshots/detail => generated 452 bytes in 56 msecs (HTTP/1.1 200) 7 headers in 285 bytes (1 switches on core 0)
Jul 31 01:08:51.974015 dv-cinder-master-3-iscsi devstack@c-api.service[111049]: [pid: 111049|app: 0|req: 146/317] 10.222.0.42 () {58 vars in 1331 bytes} [Sun Jul 31 01:08:51 2022] GET /volume/v3/c57d09c6a1c84fd492393aebb2101715/snapshots/d7fe7423-5a78-474d-a770-d2adfa59ffc8 => generated 465 bytes in 61 msecs (HTTP/1.1 200) 7 headers in 285 bytes (1 switches on core 0)
Jul 31 01:08:51.977006 dv-cinder-master-3-iscsi devstack@c-api.service[111050]: DEBUG cinder.api.middleware.request_id [None req-2268bcea-235a-43a4-b2fa-45c000be16d2 None None] RequestId filter calling following filter/app {{(pid=111050) _context_setter /opt/stack/cinder/cinder/api/middleware/request_id.py:62}}
Jul 31 01:08:51.980701 dv-cinder-master-3-iscsi devstack@c-api.service[111050]: INFO cinder.api.openstack.wsgi [None req-2268bcea-235a-43a4-b2fa-45c000be16d2 tempest-GroupSnapshotsTest-141791687 tempest-GroupSnapshotsTest-141791687-project] GET http://10.222.0.42/volume/v3/1ef4c28d3fc94ed6960965e1f3f2d2b8/snapshots/bd63386c-2bf8-4dce-850e-7f782bdab3ec
Jul 31 01:08:51.981162 dv-cinder-master-3-iscsi devstack@c-api.service[111050]: DEBUG cinder.api.openstack.wsgi [None req-2268bcea-235a-43a4-b2fa-45c000be16d2 tempest-GroupSnapshotsTest-141791687 tempest-GroupSnapshotsTest-141791687-project] Empty body provided in request {{(pid=111050) get_body /opt/stack/cinder/cinder/api/openstack/wsgi.py:715}}
Jul 31 01:08:51.981623 dv-cinder-master-3-iscsi devstack@c-api.service[111050]: DEBUG cinder.api.openstack.wsgi [None req-2268bcea-235a-43a4-b2fa-45c000be16d2 tempest-GroupSnapshotsTest-141791687 tempest-GroupSnapshotsTest-141791687-project] Calling method 'show' {{(pid=111050) _process_stack /opt/stack/cinder/cinder/api/openstack/wsgi.py:868}}
Jul 31 01:08:51.984449 dv-cinder-master-3-iscsi devstack@c-api.service[111049]: DEBUG cinder.api.middleware.request_id [None req-38e41f47-9467-4875-b166-31b8a8989cb3 None None] RequestId filter calling following filter/app {{(pid=111049) _context_setter /opt/stack/cinder/cinder/api/middleware/request_id.py:62}}
Jul 31 01:08:51.995251 dv-cinder-master-3-iscsi devstack@c-api.service[111049]: INFO cinder.api.openstack.wsgi [None req-38e41f47-9467-4875-b166-31b8a8989cb3 tempest-SnapshotsActionsTest-1955017974 tempest-SnapshotsActionsTest-1955017974-project] POST http://10.222.0.42/volume/v3/c57d09c6a1c84fd492393aebb2101715/snapshots
Jul 31 01:08:51.996051 dv-cinder-master-3-iscsi devstack@c-api.service[111049]: DEBUG cinder.api.openstack.wsgi [None req-38e41f47-9467-4875-b166-31b8a8989cb3 tempest-SnapshotsActionsTest-1955017974 tempest-SnapshotsActionsTest-1955017974-project] Action: 'create', calling method: create, body: {"snapshot": {"volume_id": "acea0701-b907-4485-92ce-742926be1d38", "name": "tempest-SnapshotsActionsTest-Snapshot-1030339880"}} {{(pid=111049) _process_stack /opt/stack/cinder/cinder/api/openstack/wsgi.py:866}}
Jul 31 01:08:52.007819 dv-cinder-master-3-iscsi devstack@c-api.service[111050]: /usr/local/lib/python3.8/dist-packages/oslo_context/context.py:100: DeprecationWarning: Policy enforcement is depending on the value of is_admin. This key is deprecated. Please update your policy file to use the standard policy values.
Jul 31 01:08:52.007819 dv-cinder-master-3-iscsi devstack@c-api.service[111050]: warnings.warn('Policy enforcement is depending on the value of '
Jul 31 01:08:52.010136 dv-cinder-master-3-iscsi devstack@c-api.service[111050]: INFO cinder.volume.api [None req-2268bcea-235a-43a4-b2fa-45c000be16d2 tempest-GroupSnapshotsTest-141791687 tempest-GroupSnapshotsTest-141791687-project] Snapshot retrieved successfully.
Jul 31 01:08:52.014552 dv-cinder-master-3-iscsi devstack@c-api.service[111050]: INFO cinder.api.openstack.wsgi [None req-2268bcea-235a-43a4-b2fa-45c000be16d2 tempest-GroupSnapshotsTest-141791687 tempest-GroupSnapshotsTest-141791687-project] http://10.222.0.42/volume/v3/1ef4c28d3fc94ed6960965e1f3f2d2b8/snapshots/bd63386c-2bf8-4dce-850e-7f782bdab3ec returned with HTTP 200
Jul 31 01:08:52.021793 dv-cinder-master-3-iscsi devstack@c-api.service[111050]: [pid: 111050|app: 0|req: 172/318] 10.222.0.42 () {58 vars in 1331 bytes} [Sun Jul 31 01:08:51 2022] GET /volume/v3/1ef4c28d3fc94ed6960965e1f3f2d2b8/snapshots/bd63386c-2bf8-4dce-850e-7f782bdab3ec => generated 449 bytes in 43 msecs (HTTP/1.1 200) 7 headers in 285 bytes (2 switches on core 0)
Jul 31 01:08:52.073350 dv-cinder-master-3-iscsi devstack@c-api.service[111050]: DEBUG cinder.api.middleware.request_id [None req-09289553-82ee-4960-bc5e-37e22dda95e5 None None] RequestId filter calling following filter/app {{(pid=111050) _context_setter /opt/stack/cinder/cinder/api/middleware/request_id.py:62}}
Jul 31 01:08:52.078144 dv-cinder-master-3-iscsi devstack@c-api.service[111050]: INFO cinder.api.openstack.wsgi [None req-09289553-82ee-4960-bc5e-37e22dda95e5 tempest-VolumesActionsTest-1688171342 tempest-VolumesActionsTest-1688171342-project] GET http://10.222.0.42/volume/v3/bd337d5066d649d7a1233e454bf73c3e/volumes/c2c6f4cd-168e-450f-9404-27918ab2d278
Jul 31 01:08:52.078940 dv-cinder-master-3-iscsi devstack@c-api.service[111050]: DEBUG cinder.api.openstack.wsgi [None req-09289553-82ee-4960-bc5e-37e22dda95e5 tempest-VolumesActionsTest-1688171342 tempest-VolumesActionsTest-1688171342-project] Empty body provided in request {{(pid=111050) get_body /opt/stack/cinder/cinder/api/openstack/wsgi.py:715}}
Jul 31 01:08:52.080137 dv-cinder-master-3-iscsi devstack@c-api.service[111050]: DEBUG cinder.api.openstack.wsgi [None req-09289553-82ee-4960-bc5e-37e22dda95e5 tempest-VolumesActionsTest-1688171342 tempest-VolumesActionsTest-1688171342-project] Calling method 'show' {{(pid=111050) _process_stack /opt/stack/cinder/cinder/api/openstack/wsgi.py:868}}
Jul 31 01:08:52.082768 dv-cinder-master-3-iscsi devstack@c-api.service[111049]: /usr/local/lib/python3.8/dist-packages/oslo_context/context.py:100: DeprecationWarning: Policy enforcement is depending on the value of is_admin. This key is deprecated. Please update your policy file to use the standard policy values.
Jul 31 01:08:52.082768 dv-cinder-master-3-iscsi devstack@c-api.service[111049]: warnings.warn('Policy enforcement is depending on the value of '
Jul 31 01:08:52.085421 dv-cinder-master-3-iscsi devstack@c-api.service[111049]: INFO cinder.volume.api [None req-38e41f47-9467-4875-b166-31b8a8989cb3 tempest-SnapshotsActionsTest-1955017974 tempest-SnapshotsActionsTest-1955017974-project] Volume info retrieved successfully.
Jul 31 01:08:52.088311 dv-cinder-master-3-iscsi devstack@c-api.service[111049]: INFO cinder.api.v3.snapshots [None req-38e41f47-9467-4875-b166-31b8a8989cb3 tempest-SnapshotsActionsTest-1955017974 tempest-SnapshotsActionsTest-1955017974-project] Create snapshot from volume acea0701-b907-4485-92ce-742926be1d38
Jul 31 01:08:52.111586 dv-cinder-master-3-iscsi devstack@c-api.service[111050]: INFO cinder.api.openstack.wsgi [None req-09289553-82ee-4960-bc5e-37e22dda95e5 tempest-VolumesActionsTest-1688171342 tempest-VolumesActionsTest-1688171342-project] http://10.222.0.42/volume/v3/bd337d5066d649d7a1233e454bf73c3e/volumes/c2c6f4cd-168e-450f-9404-27918ab2d278 returned with HTTP 404
Jul 31 01:08:52.112303 dv-cinder-master-3-iscsi devstack@c-api.service[111050]: [pid: 111050|app: 0|req: 173/319] 10.222.0.42 () {58 vars in 1325 bytes} [Sun Jul 31 01:08:52 2022] GET /volume/v3/bd337d5066d649d7a1233e454bf73c3e/volumes/c2c6f4cd-168e-450f-9404-27918ab2d278 => generated 109 bytes in 40 msecs (HTTP/1.1 404) 7 headers in 292 bytes (2 switches on core 0)
Jul 31 01:08:52.121188 dv-cinder-master-3-iscsi devstack@c-api.service[111050]: DEBUG cinder.api.middleware.request_id [None req-c9774f62-ca98-4732-a8ef-5839a5223a9b None None] RequestId filter calling following filter/app {{(pid=111050) _context_setter /opt/stack/cinder/cinder/api/middleware/request_id.py:62}}
