Jul 19 10:50:50.595213 dv-cinder-master-3-iscsi devstack@keystone.service[80152]: DEBUG keystone.common.fernet_utils [None req-d338e324-12ab-4688-80ac-33db2e55ba2d None None] Loaded 2 Fernet keys from /etc/keystone/fernet-keys/, but `[fernet_tokens] max_active_keys = 3`; perhaps there have not been enough key rotations to reach `max_active_keys` yet? {{(pid=80152) load_keys /opt/stack/keystone/keystone/common/fernet_utils.py:286}}
Jul 19 10:50:50.668279 dv-cinder-master-3-iscsi devstack@keystone.service[80153]: DEBUG keystone.server.flask.request_processing.middleware.auth_context [None req-dc768251-fa28-4324-991b-f786cc8298b4 None admin] Validating token access rules against request {{(pid=80153) validate_allowed_request /usr/local/lib/python3.8/dist-packages/keystonemiddleware/auth_token/__init__.py:545}}
Jul 19 10:50:50.707921 dv-cinder-master-3-iscsi devstack@keystone.service[80153]: DEBUG keystone.server.flask.request_processing.middleware.auth_context [None req-8491c9c3-bcef-45d2-bca4-b1393c16d09e None admin] RBAC: auth_context: {'token': , 'domain_id': None, 'trust_id': None, 'trustor_id': None, 'trustee_id': None, 'domain_name': None, 'group_ids': [], 'user_id': '1eaf5dcf504f41ff99cb8d55073af0f9', 'user_domain_id': 'default', 'system_scope': 'all', 'project_id': None, 'project_domain_id': None, 'roles': ['admin', 'member', 'reader'], 'is_admin_project': True, 'service_user_id': None, 'service_user_domain_id': None, 'service_project_id': None, 'service_project_domain_id': None, 'service_roles': []} {{(pid=80153) fill_context /opt/stack/keystone/keystone/server/flask/request_processing/middleware/auth_context.py:478}}
Jul 19 10:50:50.708843 dv-cinder-master-3-iscsi devstack@keystone.service[80153]: DEBUG keystone.server.flask.request_processing.req_logging [None req-8491c9c3-bcef-45d2-bca4-b1393c16d09e None admin] REQUEST_METHOD: `GET` {{(pid=80153) log_request_info /opt/stack/keystone/keystone/server/flask/request_processing/req_logging.py:27}}
Jul 19 10:50:50.709127 dv-cinder-master-3-iscsi devstack@keystone.service[80153]: DEBUG keystone.server.flask.request_processing.req_logging [None req-8491c9c3-bcef-45d2-bca4-b1393c16d09e None admin] SCRIPT_NAME: `/identity` {{(pid=80153) log_request_info /opt/stack/keystone/keystone/server/flask/request_processing/req_logging.py:28}}
Jul 19 10:50:50.709401 dv-cinder-master-3-iscsi devstack@keystone.service[80153]: DEBUG keystone.server.flask.request_processing.req_logging [None req-8491c9c3-bcef-45d2-bca4-b1393c16d09e None admin] PATH_INFO: `/v3/projects/e9122e2aa0cc4d1f8bc0702f21b3a1e1` {{(pid=80153) log_request_info /opt/stack/keystone/keystone/server/flask/request_processing/req_logging.py:29}}
Jul 19 10:50:50.710669 dv-cinder-master-3-iscsi devstack@keystone.service[80153]: DEBUG keystone.common.rbac_enforcer.enforcer [None req-8491c9c3-bcef-45d2-bca4-b1393c16d09e None admin] RBAC: Authorizing `identity:get_project(project_id=e9122e2aa0cc4d1f8bc0702f21b3a1e1)` {{(pid=80153) enforce_call /opt/stack/keystone/keystone/common/rbac_enforcer/enforcer.py:449}}
Jul 19 10:50:50.712241 dv-cinder-master-3-iscsi devstack@keystone.service[80153]: DEBUG keystone.common.rbac_enforcer.enforcer [None req-8491c9c3-bcef-45d2-bca4-b1393c16d09e None admin] RBAC: Authorization granted {{(pid=80153) enforce_call /opt/stack/keystone/keystone/common/rbac_enforcer/enforcer.py:457}}
Jul 19 10:50:50.714285 dv-cinder-master-3-iscsi devstack@keystone.service[80153]: [pid: 80153|app: 0|req: 91/176] 10.222.0.33 () {56 vars in 1186 bytes} [Tue Jul 19 10:50:50 2022] GET /identity/v3/projects/e9122e2aa0cc4d1f8bc0702f21b3a1e1 => generated 298 bytes in 176 msecs (HTTP/1.1 200) 5 headers in 177 bytes (1 switches on core 0)
Jul 19 10:50:50.714960 dv-cinder-master-3-iscsi devstack@keystone.service[80153]: DEBUG keystone.server.flask.request_processing.middleware.auth_context [None req-8491c9c3-bcef-45d2-bca4-b1393c16d09e None admin] Authenticating user token {{(pid=80153) process_request /usr/local/lib/python3.8/dist-packages/keystonemiddleware/auth_token/__init__.py:407}}
Jul 19 10:50:50.722302 dv-cinder-master-3-iscsi devstack@keystone.service[80152]: [pid: 80152|app: 0|req: 86/177] 10.222.0.33 () {58 vars in 1023 bytes} [Tue Jul 19 10:50:50 2022] POST /identity/v3/auth/tokens => generated 799 bytes in 173 msecs (HTTP/1.1 201) 6 headers in 363 bytes (1 switches on core 0)
Jul 19 10:50:50.723744 dv-cinder-master-3-iscsi devstack@keystone.service[80152]: DEBUG keystone.server.flask.request_processing.middleware.auth_context [None req-d338e324-12ab-4688-80ac-33db2e55ba2d None None] Authenticating user token {{(pid=80152) process_request /usr/local/lib/python3.8/dist-packages/keystonemiddleware/auth_token/__init__.py:407}}
Jul 19 10:50:50.748202 dv-cinder-master-3-iscsi devstack@keystone.service[80152]: DEBUG dbcounter [-] [80152] Writing DB stats keystone:SELECT=100 {{(pid=80152) stat_writer /usr/local/lib/python3.8/dist-packages/dbcounter.py:114}}
Jul 19 10:50:50.831594 dv-cinder-master-3-iscsi devstack@keystone.service[80153]: DEBUG dbcounter [-] [80153] Writing DB stats keystone:SELECT=100 {{(pid=80153) stat_writer /usr/local/lib/python3.8/dist-packages/dbcounter.py:114}}
Jul 19 10:50:50.872536 dv-cinder-master-3-iscsi devstack@keystone.service[80153]: DEBUG keystone.server.flask.request_processing.middleware.auth_context [None req-8491c9c3-bcef-45d2-bca4-b1393c16d09e None admin] Validating token access rules against request {{(pid=80153) validate_allowed_request /usr/local/lib/python3.8/dist-packages/keystonemiddleware/auth_token/__init__.py:545}}
Jul 19 10:50:50.881971 dv-cinder-master-3-iscsi devstack@keystone.service[80152]: DEBUG keystone.server.flask.request_processing.middleware.auth_context [None req-d338e324-12ab-4688-80ac-33db2e55ba2d None None] Validating token access rules against request {{(pid=80152) validate_allowed_request /usr/local/lib/python3.8/dist-packages/keystonemiddleware/auth_token/__init__.py:545}}
Jul 19 10:50:50.948602 dv-cinder-master-3-iscsi devstack@keystone.service[80153]: DEBUG keystone.server.flask.request_processing.middleware.auth_context [None req-0d51f7a9-6c56-4f60-b473-465d6752dc5d None admin] RBAC: auth_context: {'token': , 'domain_id': None, 'trust_id': None, 'trustor_id': None, 'trustee_id': None, 'domain_name': None, 'group_ids': [], 'user_id': '1eaf5dcf504f41ff99cb8d55073af0f9', 'user_domain_id': 'default', 'system_scope': 'all', 'project_id': None, 'project_domain_id': None, 'roles': ['admin', 'member', 'reader'], 'is_admin_project': True, 'service_user_id': None, 'service_user_domain_id': None, 'service_project_id': None, 'service_project_domain_id': None, 'service_roles': []} {{(pid=80153) fill_context /opt/stack/keystone/keystone/server/flask/request_processing/middleware/auth_context.py:478}}
Jul 19 10:50:50.949917 dv-cinder-master-3-iscsi devstack@keystone.service[80153]: DEBUG keystone.server.flask.request_processing.req_logging [None req-0d51f7a9-6c56-4f60-b473-465d6752dc5d None admin] REQUEST_METHOD: `GET` {{(pid=80153) log_request_info /opt/stack/keystone/keystone/server/flask/request_processing/req_logging.py:27}}
Jul 19 10:50:50.950673 dv-cinder-master-3-iscsi devstack@keystone.service[80153]: DEBUG keystone.server.flask.request_processing.req_logging [None req-0d51f7a9-6c56-4f60-b473-465d6752dc5d None admin] SCRIPT_NAME: `/identity` {{(pid=80153) log_request_info /opt/stack/keystone/keystone/server/flask/request_processing/req_logging.py:28}}
Jul 19 10:50:50.951928 dv-cinder-master-3-iscsi devstack@keystone.service[80152]: DEBUG keystone.server.flask.request_processing.middleware.auth_context [None req-66cb7a43-ca69-4462-bd77-46d4fa915409 None admin] RBAC: auth_context: {'token': , 'domain_id': None, 'trust_id': None, 'trustor_id': None, 'trustee_id': None, 'domain_name': None, 'group_ids': [], 'user_id': '1eaf5dcf504f41ff99cb8d55073af0f9', 'user_domain_id': 'default', 'system_scope': 'all', 'project_id': None, 'project_domain_id': None, 'roles': ['admin', 'member', 'reader'], 'is_admin_project': True, 'service_user_id': None, 'service_user_domain_id': None, 'service_project_id': None, 'service_project_domain_id': None, 'service_roles': []} {{(pid=80152) fill_context /opt/stack/keystone/keystone/server/flask/request_processing/middleware/auth_context.py:478}}
Jul 19 10:50:50.953028 dv-cinder-master-3-iscsi devstack@keystone.service[80153]: DEBUG keystone.server.flask.request_processing.req_logging [None req-0d51f7a9-6c56-4f60-b473-465d6752dc5d None admin] PATH_INFO: `/v3/role_assignments` {{(pid=80153) log_request_info /opt/stack/keystone/keystone/server/flask/request_processing/req_logging.py:29}}
Jul 19 10:50:50.953817 dv-cinder-master-3-iscsi devstack@keystone.service[80152]: DEBUG keystone.server.flask.request_processing.req_logging [None req-66cb7a43-ca69-4462-bd77-46d4fa915409 None admin] REQUEST_METHOD: `GET` {{(pid=80152) log_request_info /opt/stack/keystone/keystone/server/flask/request_processing/req_logging.py:27}}
Jul 19 10:50:50.954801 dv-cinder-master-3-iscsi devstack@keystone.service[80153]: DEBUG keystone.common.rbac_enforcer.enforcer [None req-0d51f7a9-6c56-4f60-b473-465d6752dc5d None admin] RBAC: Adding query filter params (role.id=90dd7541fe26472fb3843454a738e154, scope.project.id=e9122e2aa0cc4d1f8bc0702f21b3a1e1, user.id=1eaf5dcf504f41ff99cb8d55073af0f9) {{(pid=80153) _extract_filter_values /opt/stack/keystone/keystone/common/rbac_enforcer/enforcer.py:167}}
Jul 19 10:50:50.955236 dv-cinder-master-3-iscsi devstack@keystone.service[80152]: DEBUG keystone.server.flask.request_processing.req_logging [None req-66cb7a43-ca69-4462-bd77-46d4fa915409 None admin] SCRIPT_NAME: `/identity` {{(pid=80152) log_request_info /opt/stack/keystone/keystone/server/flask/request_processing/req_logging.py:28}}
Jul 19 10:50:50.955682 dv-cinder-master-3-iscsi devstack@keystone.service[80153]: DEBUG keystone.common.rbac_enforcer.enforcer [None req-0d51f7a9-6c56-4f60-b473-465d6752dc5d None admin] RBAC: Authorizing `identity:list_role_assignments()` {{(pid=80153) enforce_call /opt/stack/keystone/keystone/common/rbac_enforcer/enforcer.py:449}}
Jul 19 10:50:50.956089 dv-cinder-master-3-iscsi devstack@keystone.service[80152]: DEBUG keystone.server.flask.request_processing.req_logging [None req-66cb7a43-ca69-4462-bd77-46d4fa915409 None admin] PATH_INFO: `/v3/auth/tokens` {{(pid=80152) log_request_info /opt/stack/keystone/keystone/server/flask/request_processing/req_logging.py:29}}
Jul 19 10:50:50.958259 dv-cinder-master-3-iscsi devstack@keystone.service[80153]: DEBUG keystone.common.rbac_enforcer.enforcer [None req-0d51f7a9-6c56-4f60-b473-465d6752dc5d None admin] RBAC: Authorization granted {{(pid=80153) enforce_call /opt/stack/keystone/keystone/common/rbac_enforcer/enforcer.py:457}}
Jul 19 10:50:50.972303 dv-cinder-master-3-iscsi devstack@keystone.service[80153]: [pid: 80153|app: 0|req: 92/178] 10.222.0.33 () {56 vars in 1374 bytes} [Tue Jul 19 10:50:50 2022] GET /identity/v3/role_assignments?user.id=1eaf5dcf504f41ff99cb8d55073af0f9&scope.project.id=e9122e2aa0cc4d1f8bc0702f21b3a1e1&role.id=90dd7541fe26472fb3843454a738e154 => generated 608 bytes in 258 msecs (HTTP/1.1 200) 5 headers in 177 bytes (1 switches on core 0)
Jul 19 10:50:50.975098 dv-cinder-master-3-iscsi devstack@keystone.service[80153]: DEBUG keystone.server.flask.request_processing.middleware.auth_context [None req-0d51f7a9-6c56-4f60-b473-465d6752dc5d None admin] Authenticating user token {{(pid=80153) process_request /usr/local/lib/python3.8/dist-packages/keystonemiddleware/auth_token/__init__.py:407}}
Jul 19 10:50:51.101316 dv-cinder-master-3-iscsi devstack@keystone.service[80152]: DEBUG keystone.common.rbac_enforcer.enforcer [None req-66cb7a43-ca69-4462-bd77-46d4fa915409 None admin] RBAC: Authorizing `identity:validate_token()` {{(pid=80152) enforce_call /opt/stack/keystone/keystone/common/rbac_enforcer/enforcer.py:449}}
Jul 19 10:50:51.103785 dv-cinder-master-3-iscsi devstack@keystone.service[80152]: DEBUG keystone.common.rbac_enforcer.enforcer [None req-66cb7a43-ca69-4462-bd77-46d4fa915409 None admin] RBAC: Authorization granted {{(pid=80152) enforce_call /opt/stack/keystone/keystone/common/rbac_enforcer/enforcer.py:457}}
Jul 19 10:50:51.142034 dv-cinder-master-3-iscsi devstack@keystone.service[80152]: DEBUG dbcounter [-] [80152] Writing DB stats keystone:SELECT=100 {{(pid=80152) stat_writer /usr/local/lib/python3.8/dist-packages/dbcounter.py:114}}
Jul 19 10:50:51.164457 dv-cinder-master-3-iscsi devstack@keystone.service[80153]: DEBUG keystone.server.flask.request_processing.middleware.auth_context [None req-0d51f7a9-6c56-4f60-b473-465d6752dc5d None admin] Validating token access rules against request {{(pid=80153) validate_allowed_request /usr/local/lib/python3.8/dist-packages/keystonemiddleware/auth_token/__init__.py:545}}
Jul 19 10:50:51.204948 dv-cinder-master-3-iscsi devstack@keystone.service[80153]: DEBUG keystone.server.flask.request_processing.middleware.auth_context [None req-7081fb22-2de7-4a4d-938b-096377ddeaa4 None admin] RBAC: auth_context: {'token': , 'domain_id': None, 'trust_id': None, 'trustor_id': None, 'trustee_id': None, 'domain_name': None, 'group_ids': [], 'user_id': '1eaf5dcf504f41ff99cb8d55073af0f9', 'user_domain_id': 'default', 'system_scope': 'all', 'project_id': None, 'project_domain_id': None, 'roles': ['admin', 'member', 'reader'], 'is_admin_project': True, 'service_user_id': None, 'service_user_domain_id': None, 'service_project_id': None, 'service_project_domain_id': None, 'service_roles': []} {{(pid=80153) fill_context /opt/stack/keystone/keystone/server/flask/request_processing/middleware/auth_context.py:478}}
Jul 19 10:50:51.205858 dv-cinder-master-3-iscsi devstack@keystone.service[80153]: DEBUG keystone.server.flask.request_processing.req_logging [None req-7081fb22-2de7-4a4d-938b-096377ddeaa4 None admin] REQUEST_METHOD: `GET` {{(pid=80153) log_request_info /opt/stack/keystone/keystone/server/flask/request_processing/req_logging.py:27}}
Jul 19 10:50:51.206280 dv-cinder-master-3-iscsi devstack@keystone.service[80153]: DEBUG keystone.server.flask.request_processing.req_logging [None req-7081fb22-2de7-4a4d-938b-096377ddeaa4 None admin] SCRIPT_NAME: `/identity` {{(pid=80153) log_request_info /opt/stack/keystone/keystone/server/flask/request_processing/req_logging.py:28}}
Jul 19 10:50:51.206688 dv-cinder-master-3-iscsi devstack@keystone.service[80153]: DEBUG keystone.server.flask.request_processing.req_logging [None req-7081fb22-2de7-4a4d-938b-096377ddeaa4 None admin] PATH_INFO: `/v3/role_assignments` {{(pid=80153) log_request_info /opt/stack/keystone/keystone/server/flask/request_processing/req_logging.py:29}}
Jul 19 10:50:51.207795 dv-cinder-master-3-iscsi devstack@keystone.service[80153]: DEBUG keystone.common.rbac_enforcer.enforcer [None req-7081fb22-2de7-4a4d-938b-096377ddeaa4 None admin] RBAC: Adding query filter params (role.id=e9e791a4bf924be58d52b6ba8dbf07d0, scope.project.id=e9122e2aa0cc4d1f8bc0702f21b3a1e1, user.id=89aa4c239d794594b3270fddfe326280) {{(pid=80153) _extract_filter_values /opt/stack/keystone/keystone/common/rbac_enforcer/enforcer.py:167}}
Jul 19 10:50:51.208263 dv-cinder-master-3-iscsi devstack@keystone.service[80153]: DEBUG keystone.common.rbac_enforcer.enforcer [None req-7081fb22-2de7-4a4d-938b-096377ddeaa4 None admin] RBAC: Authorizing `identity:list_role_assignments()` {{(pid=80153) enforce_call /opt/stack/keystone/keystone/common/rbac_enforcer/enforcer.py:449}}
Jul 19 10:50:51.209729 dv-cinder-master-3-iscsi devstack@keystone.service[80153]: DEBUG keystone.common.rbac_enforcer.enforcer [None req-7081fb22-2de7-4a4d-938b-096377ddeaa4 None admin] RBAC: Authorization granted {{(pid=80153) enforce_call /opt/stack/keystone/keystone/common/rbac_enforcer/enforcer.py:457}}
Jul 19 10:50:51.216014 dv-cinder-master-3-iscsi devstack@keystone.service[80153]: [pid: 80153|app: 0|req: 93/179] 10.222.0.33 () {56 vars in 1374 bytes} [Tue Jul 19 10:50:50 2022] GET /identity/v3/role_assignments?user.id=89aa4c239d794594b3270fddfe326280&scope.project.id=e9122e2aa0cc4d1f8bc0702f21b3a1e1&role.id=e9e791a4bf924be58d52b6ba8dbf07d0 => generated 608 bytes in 243 msecs (HTTP/1.1 200) 5 headers in 177 bytes (1 switches on core 0)
Jul 19 10:50:51.216639 dv-cinder-master-3-iscsi devstack@keystone.service[80153]: DEBUG keystone.server.flask.request_processing.middleware.auth_context [None req-7081fb22-2de7-4a4d-938b-096377ddeaa4 None admin] Authenticating user token {{(pid=80153) process_request /usr/local/lib/python3.8/dist-packages/keystonemiddleware/auth_token/__init__.py:407}}
Jul 19 10:50:51.228849 dv-cinder-master-3-iscsi devstack@keystone.service[80153]: DEBUG dbcounter [-] [80153] Writing DB stats keystone:SELECT=100 {{(pid=80153) stat_writer /usr/local/lib/python3.8/dist-packages/dbcounter.py:114}}
Jul 19 10:50:51.250189 dv-cinder-master-3-iscsi devstack@keystone.service[80152]: [pid: 80152|app: 0|req: 87/180] 10.222.0.33 () {58 vars in 1282 bytes} [Tue Jul 19 10:50:50 2022] GET /identity/v3/auth/tokens => generated 799 bytes in 527 msecs (HTTP/1.1 200) 6 headers in 358 bytes (1 switches on core 0)
Jul 19 10:50:51.251762 dv-cinder-master-3-iscsi devstack@keystone.service[80152]: DEBUG keystone.server.flask.request_processing.req_logging [None req-a742913c-0a78-4dc9-b8a0-d34eac4928d9 None None] REQUEST_METHOD: `GET` {{(pid=80152) log_request_info /opt/stack/keystone/keystone/server/flask/request_processing/req_logging.py:27}}
Jul 19 10:50:51.252259 dv-cinder-master-3-iscsi devstack@keystone.service[80152]: DEBUG keystone.server.flask.request_processing.req_logging [None req-a742913c-0a78-4dc9-b8a0-d34eac4928d9 None None] SCRIPT_NAME: `/identity` {{(pid=80152) log_request_info /opt/stack/keystone/keystone/server/flask/request_processing/req_logging.py:28}}
Jul 19 10:50:51.252812 dv-cinder-master-3-iscsi devstack@keystone.service[80152]: DEBUG keystone.server.flask.request_processing.req_logging [None req-a742913c-0a78-4dc9-b8a0-d34eac4928d9 None None] PATH_INFO: `/` {{(pid=80152) log_request_info /opt/stack/keystone/keystone/server/flask/request_processing/req_logging.py:29}}
Jul 19 10:50:51.254299 dv-cinder-master-3-iscsi devstack@keystone.service[80152]: [pid: 80152|app: 0|req: 88/181] 10.222.0.33 () {54 vars in 926 bytes} [Tue Jul 19 10:50:51 2022] GET /identity => generated 270 bytes in 3 msecs (HTTP/1.1 300) 6 headers in 234 bytes (1 switches on core 0)
Jul 19 10:50:51.255689 dv-cinder-master-3-iscsi devstack@keystone.service[80152]: DEBUG keystone.server.flask.request_processing.req_logging [None req-f3815d09-d749-4648-8681-cb6401f46c65 None None] REQUEST_METHOD: `GET` {{(pid=80152) log_request_info /opt/stack/keystone/keystone/server/flask/request_processing/req_logging.py:27}}
Jul 19 10:50:51.256129 dv-cinder-master-3-iscsi devstack@keystone.service[80152]: DEBUG keystone.server.flask.request_processing.req_logging [None req-f3815d09-d749-4648-8681-cb6401f46c65 None None] SCRIPT_NAME: `/identity` {{(pid=80152) log_request_info /opt/stack/keystone/keystone/server/flask/request_processing/req_logging.py:28}}
Jul 19 10:50:51.256554 dv-cinder-master-3-iscsi devstack@keystone.service[80152]: DEBUG keystone.server.flask.request_processing.req_logging [None req-f3815d09-d749-4648-8681-cb6401f46c65 None None] PATH_INFO: `/` {{(pid=80152) log_request_info /opt/stack/keystone/keystone/server/flask/request_processing/req_logging.py:29}}
Jul 19 10:50:51.258103 dv-cinder-master-3-iscsi devstack@keystone.service[80152]: [pid: 80152|app: 0|req: 89/182] 10.222.0.33 () {54 vars in 926 bytes} [Tue Jul 19 10:50:51 2022] GET /identity => generated 270 bytes in 3 msecs (HTTP/1.1 300) 6 headers in 234 bytes (1 switches on core 0)
Jul 19 10:50:51.258984 dv-cinder-master-3-iscsi devstack@keystone.service[80152]: DEBUG keystone.server.flask.request_processing.middleware.auth_context [None req-f3815d09-d749-4648-8681-cb6401f46c65 None None] Authenticating user token {{(pid=80152) process_request /usr/local/lib/python3.8/dist-packages/keystonemiddleware/auth_token/__init__.py:407}}
Jul 19 10:50:51.362190 dv-cinder-master-3-iscsi devstack@keystone.service[80153]: DEBUG keystone.server.flask.request_processing.middleware.auth_context [None req-7081fb22-2de7-4a4d-938b-096377ddeaa4 None admin] Validating token access rules against request {{(pid=80153) validate_allowed_request /usr/local/lib/python3.8/dist-packages/keystonemiddleware/auth_token/__init__.py:545}}
Jul 19 10:50:51.394173 dv-cinder-master-3-iscsi devstack@keystone.service[80152]: DEBUG keystone.server.flask.request_processing.middleware.auth_context [None req-f3815d09-d749-4648-8681-cb6401f46c65 None None] Validating token access rules against request {{(pid=80152) validate_allowed_request /usr/local/lib/python3.8/dist-packages/keystonemiddleware/auth_token/__init__.py:545}}
Jul 19 10:50:51.405575 dv-cinder-master-3-iscsi devstack@keystone.service[80153]: DEBUG keystone.server.flask.request_processing.middleware.auth_context [None req-eac35ee7-7695-4e18-b504-1a420a70135f None admin] RBAC: auth_context: {'token': , 'domain_id': None, 'trust_id': None, 'trustor_id': None, 'trustee_id': None, 'domain_name': None, 'group_ids': [], 'user_id': '1eaf5dcf504f41ff99cb8d55073af0f9', 'user_domain_id': 'default', 'system_scope': 'all', 'project_id': None, 'project_domain_id': None, 'roles': ['admin', 'member', 'reader'], 'is_admin_project': True, 'service_user_id': None, 'service_user_domain_id': None, 'service_project_id': None, 'service_project_domain_id': None, 'service_roles': []} {{(pid=80153) fill_context /opt/stack/keystone/keystone/server/flask/request_processing/middleware/auth_context.py:478}}
Jul 19 10:50:51.406417 dv-cinder-master-3-iscsi devstack@keystone.service[80153]: DEBUG keystone.server.flask.request_processing.req_logging [None req-eac35ee7-7695-4e18-b504-1a420a70135f None admin] REQUEST_METHOD: `GET` {{(pid=80153) log_request_info /opt/stack/keystone/keystone/server/flask/request_processing/req_logging.py:27}}
Jul 19 10:50:51.406702 dv-cinder-master-3-iscsi devstack@keystone.service[80153]: DEBUG keystone.server.flask.request_processing.req_logging [None req-eac35ee7-7695-4e18-b504-1a420a70135f None admin] SCRIPT_NAME: `/identity` {{(pid=80153) log_request_info /opt/stack/keystone/keystone/server/flask/request_processing/req_logging.py:28}}
Jul 19 10:50:51.406978 dv-cinder-master-3-iscsi devstack@keystone.service[80153]: DEBUG keystone.server.flask.request_processing.req_logging [None req-eac35ee7-7695-4e18-b504-1a420a70135f None admin] PATH_INFO: `/v3/roles/admin` {{(pid=80153) log_request_info /opt/stack/keystone/keystone/server/flask/request_processing/req_logging.py:29}}
Jul 19 10:50:51.414151 dv-cinder-master-3-iscsi devstack@keystone.service[80152]: DEBUG dbcounter [-] [80152] Writing DB stats keystone:SELECT=100 {{(pid=80152) stat_writer /usr/local/lib/python3.8/dist-packages/dbcounter.py:114}}
Jul 19 10:50:51.420416 dv-cinder-master-3-iscsi devstack@keystone.service[80153]: DEBUG keystone.common.rbac_enforcer.enforcer [None req-eac35ee7-7695-4e18-b504-1a420a70135f None admin] Extracting inferred target data resulted in "NOT FOUND (404)". {{(pid=80153) enforce_call /opt/stack/keystone/keystone/common/rbac_enforcer/enforcer.py:409}}
Jul 19 10:50:51.429140 dv-cinder-master-3-iscsi devstack@keystone.service[80153]: ERROR keystone.server.flask.application [None req-eac35ee7-7695-4e18-b504-1a420a70135f None admin] Could not find role: admin.: keystone.exception.RoleNotFound: Could not find role: admin.
Jul 19 10:50:51.429140 dv-cinder-master-3-iscsi devstack@keystone.service[80153]: ERROR keystone.server.flask.application
Traceback (most recent call last):
Jul 19 10:50:51.429140 dv-cinder-master-3-iscsi devstack@keystone.service[80153]: ERROR keystone.server.flask.application
File "/usr/local/lib/python3.8/dist-packages/flask/app.py", line 1523, in full_dispatch_request
Jul 19 10:50:51.429140 dv-cinder-master-3-iscsi devstack@keystone.service[80153]: ERROR keystone.server.flask.application rv = self.dispatch_request()
Jul 19 10:50:51.429140 dv-cinder-master-3-iscsi devstack@keystone.service[80153]: ERROR keystone.server.flask.application
File "/usr/local/lib/python3.8/dist-packages/flask/app.py", line 1509, in dispatch_request
Jul 19 10:50:51.429140 dv-cinder-master-3-iscsi devstack@keystone.service[80153]: ERROR keystone.server.flask.application return self.ensure_sync(self.view_functions[rule.endpoint])(**req.view_args)
Jul 19 10:50:51.429140 dv-cinder-master-3-iscsi devstack@keystone.service[80153]: ERROR keystone.server.flask.application
File "/usr/local/lib/python3.8/dist-packages/flask_restful/__init__.py", line 467, in wrapper
Jul 19 10:50:51.429140 dv-cinder-master-3-iscsi devstack@keystone.service[80153]: ERROR keystone.server.flask.application resp = resource(*args, **kwargs)
Jul 19 10:50:51.429140 dv-cinder-master-3-iscsi devstack@keystone.service[80153]: ERROR keystone.server.flask.application
File "/usr/local/lib/python3.8/dist-packages/flask/views.py", line 84, in view
Jul 19 10:50:51.429140 dv-cinder-master-3-iscsi devstack@keystone.service[80153]: ERROR keystone.server.flask.application return current_app.ensure_sync(self.dispatch_request)(*args, **kwargs)
Jul 19 10:50:51.429140 dv-cinder-master-3-iscsi devstack@keystone.service[80153]: ERROR keystone.server.flask.application
File "/usr/local/lib/python3.8/dist-packages/flask_restful/__init__.py", line 582, in dispatch_request
Jul 19 10:50:51.429140 dv-cinder-master-3-iscsi devstack@keystone.service[80153]: ERROR keystone.server.flask.application resp = meth(*args, **kwargs)
Jul 19 10:50:51.429140 dv-cinder-master-3-iscsi devstack@keystone.service[80153]: ERROR keystone.server.flask.application
File "/opt/stack/keystone/keystone/api/roles.py", line 50, in get
Jul 19 10:50:51.429140 dv-cinder-master-3-iscsi devstack@keystone.service[80153]: ERROR keystone.server.flask.application return self._get_role(role_id)
Jul 19 10:50:51.429140 dv-cinder-master-3-iscsi devstack@keystone.service[80153]: ERROR keystone.server.flask.application
File "/opt/stack/keystone/keystone/api/roles.py", line 70, in _get_role
Jul 19 10:50:51.429140 dv-cinder-master-3-iscsi devstack@keystone.service[80153]: ERROR keystone.server.flask.application ENFORCER.enforce_call(action='identity:get_role')
Jul 19 10:50:51.430021 dv-cinder-master-3-iscsi devstack@keystone.service[80153]: ERROR keystone.server.flask.application
File "/opt/stack/keystone/keystone/common/rbac_enforcer/enforcer.py", line 402, in enforce_call
Jul 19 10:50:51.430021 dv-cinder-master-3-iscsi devstack@keystone.service[80153]: ERROR keystone.server.flask.application policy_dict.update(cls._extract_member_target_data(
Jul 19 10:50:51.430021 dv-cinder-master-3-iscsi devstack@keystone.service[80153]: ERROR keystone.server.flask.application
File "/opt/stack/keystone/keystone/common/rbac_enforcer/enforcer.py", line 234, in _extract_member_target_data
Jul 19 10:50:51.430021 dv-cinder-master-3-iscsi devstack@keystone.service[80153]: ERROR keystone.server.flask.application member_name: func(flask.request.view_args[key])
Jul 19 10:50:51.430021 dv-cinder-master-3-iscsi devstack@keystone.service[80153]: ERROR keystone.server.flask.application
File "/opt/stack/keystone/keystone/common/manager.py", line 115, in wrapped
Jul 19 10:50:51.430021 dv-cinder-master-3-iscsi devstack@keystone.service[80153]: ERROR keystone.server.flask.application __ret_val = __f(*args, **kwargs)
Jul 19 10:50:51.430021 dv-cinder-master-3-iscsi devstack@keystone.service[80153]: ERROR keystone.server.flask.application
File "/usr/local/lib/python3.8/dist-packages/decorator.py", line 232, in fun
Jul 19 10:50:51.430021 dv-cinder-master-3-iscsi devstack@keystone.service[80153]: ERROR keystone.server.flask.application return caller(func, *(extras + args), **kw)
Jul 19 10:50:51.430021 dv-cinder-master-3-iscsi devstack@keystone.service[80153]: ERROR keystone.server.flask.application
File "/usr/local/lib/python3.8/dist-packages/dogpile/cache/region.py", line 1577, in get_or_create_for_user_func
Jul 19 10:50:51.430021 dv-cinder-master-3-iscsi devstack@keystone.service[80153]: ERROR keystone.server.flask.application return self.get_or_create(
Jul 19 10:50:51.430021 dv-cinder-master-3-iscsi devstack@keystone.service[80153]: ERROR keystone.server.flask.application
File "/usr/local/lib/python3.8/dist-packages/dogpile/cache/region.py", line 1042, in get_or_create
Jul 19 10:50:51.430021 dv-cinder-master-3-iscsi devstack@keystone.service[80153]: ERROR keystone.server.flask.application with Lock(
Jul 19 10:50:51.430021 dv-cinder-master-3-iscsi devstack@keystone.service[80153]: ERROR keystone.server.flask.application
File "/usr/local/lib/python3.8/dist-packages/dogpile/lock.py", line 185, in __enter__
Jul 19 10:50:51.430021 dv-cinder-master-3-iscsi devstack@keystone.service[80153]: ERROR keystone.server.flask.application return self._enter()
Jul 19 10:50:51.430021 dv-cinder-master-3-iscsi devstack@keystone.service[80153]: ERROR keystone.server.flask.application
File "/usr/local/lib/python3.8/dist-packages/dogpile/lock.py", line 94, in _enter
Jul 19 10:50:51.430021 dv-cinder-master-3-iscsi devstack@keystone.service[80153]: ERROR keystone.server.flask.application generated = self._enter_create(value, createdtime)
Jul 19 10:50:51.430792 dv-cinder-master-3-iscsi devstack@keystone.service[80153]: ERROR keystone.server.flask.application
File "/usr/local/lib/python3.8/dist-packages/dogpile/lock.py", line 178, in _enter_create
Jul 19 10:50:51.430792 dv-cinder-master-3-iscsi devstack@keystone.service[80153]: ERROR keystone.server.flask.application return self.creator()
Jul 19 10:50:51.430792 dv-cinder-master-3-iscsi devstack@keystone.service[80153]: ERROR keystone.server.flask.application
File "/usr/local/lib/python3.8/dist-packages/dogpile/cache/region.py", line 995, in gen_value
Jul 19 10:50:51.430792 dv-cinder-master-3-iscsi devstack@keystone.service[80153]: ERROR keystone.server.flask.application created_value = creator(
Jul 19 10:50:51.430792 dv-cinder-master-3-iscsi devstack@keystone.service[80153]: ERROR keystone.server.flask.application
File "/opt/stack/keystone/keystone/assignment/core.py", line 1276, in get_role
Jul 19 10:50:51.430792 dv-cinder-master-3-iscsi devstack@keystone.service[80153]: ERROR keystone.server.flask.application return self.driver.get_role(role_id)
Jul 19 10:50:51.430792 dv-cinder-master-3-iscsi devstack@keystone.service[80153]: ERROR keystone.server.flask.application
File "/opt/stack/keystone/keystone/assignment/role_backends/sql.py", line 70, in get_role
Jul 19 10:50:51.430792 dv-cinder-master-3-iscsi devstack@keystone.service[80153]: ERROR keystone.server.flask.application return self._get_role(session, role_id).to_dict()
Jul 19 10:50:51.430792 dv-cinder-master-3-iscsi devstack@keystone.service[80153]: ERROR keystone.server.flask.application
File "/opt/stack/keystone/keystone/assignment/role_backends/sql.py", line 65, in _get_role
Jul 19 10:50:51.430792 dv-cinder-master-3-iscsi devstack@keystone.service[80153]: ERROR keystone.server.flask.application raise exception.RoleNotFound(role_id=role_id)
Jul 19 10:50:51.430792 dv-cinder-master-3-iscsi devstack@keystone.service[80153]: ERROR keystone.server.flask.application keystone.exception.RoleNotFound: Could not find role: admin.
Jul 19 10:50:51.430792 dv-cinder-master-3-iscsi devstack@keystone.service[80153]: ERROR keystone.server.flask.application
Jul 19 10:50:51.430792 dv-cinder-master-3-iscsi devstack@keystone.service[80153]: [pid: 80153|app: 0|req: 94/183] 10.222.0.33 () {56 vars in 1096 bytes} [Tue Jul 19 10:50:51 2022] GET /identity/v3/roles/admin => generated 83 bytes in 214 msecs (HTTP/1.1 404) 5 headers in 183 bytes (1 switches on core 0)
Jul 19 10:50:51.431556 dv-cinder-master-3-iscsi devstack@keystone.service[80153]: DEBUG keystone.server.flask.request_processing.req_logging [None req-075b59ce-5fb5-431b-8519-ac8a98c18322 None None] REQUEST_METHOD: `POST` {{(pid=80153) log_request_info /opt/stack/keystone/keystone/server/flask/request_processing/req_logging.py:27}}
Jul 19 10:50:51.431868 dv-cinder-master-3-iscsi devstack@keystone.service[80153]: DEBUG keystone.server.flask.request_processing.req_logging [None req-075b59ce-5fb5-431b-8519-ac8a98c18322 None None] SCRIPT_NAME: `/identity` {{(pid=80153) log_request_info /opt/stack/keystone/keystone/server/flask/request_processing/req_logging.py:28}}
Jul 19 10:50:51.432145 dv-cinder-master-3-iscsi devstack@keystone.service[80153]: DEBUG keystone.server.flask.request_processing.req_logging [None req-075b59ce-5fb5-431b-8519-ac8a98c18322 None None] PATH_INFO: `/v3/auth/tokens` {{(pid=80153) log_request_info /opt/stack/keystone/keystone/server/flask/request_processing/req_logging.py:29}}
Jul 19 10:50:51.441904 dv-cinder-master-3-iscsi devstack@keystone.service[80152]: DEBUG keystone.server.flask.request_processing.middleware.auth_context [None req-e126d73b-57c2-4db6-a74e-056fc325fcaf None admin] RBAC: auth_context: {'token': , 'domain_id': None, 'trust_id': None, 'trustor_id': None, 'trustee_id': None, 'domain_name': None, 'group_ids': [], 'user_id': '1eaf5dcf504f41ff99cb8d55073af0f9', 'user_domain_id': 'default', 'system_scope': 'all', 'project_id': None, 'project_domain_id': None, 'roles': ['admin', 'member', 'reader'], 'is_admin_project': True, 'service_user_id': None, 'service_user_domain_id': None, 'service_project_id': None, 'service_project_domain_id': None, 'service_roles': []} {{(pid=80152) fill_context /opt/stack/keystone/keystone/server/flask/request_processing/middleware/auth_context.py:478}}
Jul 19 10:50:51.442772 dv-cinder-master-3-iscsi devstack@keystone.service[80152]: DEBUG keystone.server.flask.request_processing.req_logging [None req-e126d73b-57c2-4db6-a74e-056fc325fcaf None admin] REQUEST_METHOD: `GET` {{(pid=80152) log_request_info /opt/stack/keystone/keystone/server/flask/request_processing/req_logging.py:27}}
Jul 19 10:50:51.443052 dv-cinder-master-3-iscsi devstack@keystone.service[80152]: DEBUG keystone.server.flask.request_processing.req_logging [None req-e126d73b-57c2-4db6-a74e-056fc325fcaf None admin] SCRIPT_NAME: `/identity` {{(pid=80152) log_request_info /opt/stack/keystone/keystone/server/flask/request_processing/req_logging.py:28}}
Jul 19 10:50:51.443324 dv-cinder-master-3-iscsi devstack@keystone.service[80152]: DEBUG keystone.server.flask.request_processing.req_logging [None req-e126d73b-57c2-4db6-a74e-056fc325fcaf None admin] PATH_INFO: `/v3/projects/3660441d6e5e46a6a5a5a35e570c4c6b` {{(pid=80152) log_request_info /opt/stack/keystone/keystone/server/flask/request_processing/req_logging.py:29}}
Jul 19 10:50:51.444983 dv-cinder-master-3-iscsi devstack@keystone.service[80152]: DEBUG keystone.common.rbac_enforcer.enforcer [None req-e126d73b-57c2-4db6-a74e-056fc325fcaf None admin] RBAC: Authorizing `identity:get_project(project_id=3660441d6e5e46a6a5a5a35e570c4c6b)` {{(pid=80152) enforce_call /opt/stack/keystone/keystone/common/rbac_enforcer/enforcer.py:449}}
Jul 19 10:50:51.447191 dv-cinder-master-3-iscsi devstack@keystone.service[80152]: DEBUG keystone.common.rbac_enforcer.enforcer [None req-e126d73b-57c2-4db6-a74e-056fc325fcaf None admin] RBAC: Authorization granted {{(pid=80152) enforce_call /opt/stack/keystone/keystone/common/rbac_enforcer/enforcer.py:457}}
Jul 19 10:50:51.448132 dv-cinder-master-3-iscsi devstack@keystone.service[80152]: [pid: 80152|app: 0|req: 90/184] 10.222.0.33 () {56 vars in 1186 bytes} [Tue Jul 19 10:50:51 2022] GET /identity/v3/projects/3660441d6e5e46a6a5a5a35e570c4c6b => generated 312 bytes in 189 msecs (HTTP/1.1 200) 5 headers in 177 bytes (1 switches on core 0)
Jul 19 10:50:51.453511 dv-cinder-master-3-iscsi devstack@keystone.service[80153]: DEBUG keystone.auth.core [None req-075b59ce-5fb5-431b-8519-ac8a98c18322 None None] MFA Rules not processed for user `1eaf5dcf504f41ff99cb8d55073af0f9`. Rule list: `[]` (Enabled: `True`). {{(pid=80153) check_auth_methods_against_rules /opt/stack/keystone/keystone/auth/core.py:438}}
Jul 19 10:50:51.454129 dv-cinder-master-3-iscsi devstack@keystone.service[80152]: DEBUG keystone.server.flask.request_processing.req_logging [None req-e303ca32-0b49-4f8b-bf9e-958de1b5b5ce None None] REQUEST_METHOD: `POST` {{(pid=80152) log_request_info /opt/stack/keystone/keystone/server/flask/request_processing/req_logging.py:27}}
Jul 19 10:50:51.454423 dv-cinder-master-3-iscsi devstack@keystone.service[80152]: DEBUG keystone.server.flask.request_processing.req_logging [None req-e303ca32-0b49-4f8b-bf9e-958de1b5b5ce None None] SCRIPT_NAME: `/identity` {{(pid=80152) log_request_info /opt/stack/keystone/keystone/server/flask/request_processing/req_logging.py:28}}
Jul 19 10:50:51.454701 dv-cinder-master-3-iscsi devstack@keystone.service[80152]: DEBUG keystone.server.flask.request_processing.req_logging [None req-e303ca32-0b49-4f8b-bf9e-958de1b5b5ce None None] PATH_INFO: `/v3/auth/tokens` {{(pid=80152) log_request_info /opt/stack/keystone/keystone/server/flask/request_processing/req_logging.py:29}}
Jul 19 10:50:51.454805 dv-cinder-master-3-iscsi devstack@keystone.service[80153]: DEBUG keystone.common.fernet_utils [None req-075b59ce-5fb5-431b-8519-ac8a98c18322 None None] Loaded 2 Fernet keys from /etc/keystone/fernet-keys/, but `[fernet_tokens] max_active_keys = 3`; perhaps there have not been enough key rotations to reach `max_active_keys` yet? {{(pid=80153) load_keys /opt/stack/keystone/keystone/common/fernet_utils.py:286}}
Jul 19 10:50:51.471972 dv-cinder-master-3-iscsi devstack@keystone.service[80152]: DEBUG keystone.auth.core [None req-e303ca32-0b49-4f8b-bf9e-958de1b5b5ce None None] MFA Rules not processed for user `1eaf5dcf504f41ff99cb8d55073af0f9`. Rule list: `[]` (Enabled: `True`). {{(pid=80152) check_auth_methods_against_rules /opt/stack/keystone/keystone/auth/core.py:438}}
Jul 19 10:50:51.473206 dv-cinder-master-3-iscsi devstack@keystone.service[80152]: DEBUG keystone.common.fernet_utils [None req-e303ca32-0b49-4f8b-bf9e-958de1b5b5ce None None] Loaded 2 Fernet keys from /etc/keystone/fernet-keys/, but `[fernet_tokens] max_active_keys = 3`; perhaps there have not been enough key rotations to reach `max_active_keys` yet? {{(pid=80152) load_keys /opt/stack/keystone/keystone/common/fernet_utils.py:286}}
Jul 19 10:50:51.525318 dv-cinder-master-3-iscsi devstack@keystone.service[80153]: DEBUG dbcounter [-] [80153] Writing DB stats keystone:SELECT=100 {{(pid=80153) stat_writer /usr/local/lib/python3.8/dist-packages/dbcounter.py:114}}
Jul 19 10:50:51.530886 dv-cinder-master-3-iscsi devstack@keystone.service[80153]: [pid: 80153|app: 0|req: 95/185] 10.222.0.33 () {58 vars in 1023 bytes} [Tue Jul 19 10:50:51 2022] POST /identity/v3/auth/tokens => generated 799 bytes in 100 msecs (HTTP/1.1 201) 6 headers in 363 bytes (1 switches on core 0)
Jul 19 10:50:51.532326 dv-cinder-master-3-iscsi devstack@keystone.service[80153]: DEBUG keystone.server.flask.request_processing.req_logging [None req-993d95b8-d562-481c-bf0e-8e3e04943894 None None] REQUEST_METHOD: `GET` {{(pid=80153) log_request_info /opt/stack/keystone/keystone/server/flask/request_processing/req_logging.py:27}}
Jul 19 10:50:51.532618 dv-cinder-master-3-iscsi devstack@keystone.service[80153]: DEBUG keystone.server.flask.request_processing.req_logging [None req-993d95b8-d562-481c-bf0e-8e3e04943894 None None] SCRIPT_NAME: `/identity` {{(pid=80153) log_request_info /opt/stack/keystone/keystone/server/flask/request_processing/req_logging.py:28}}
Jul 19 10:50:51.532924 dv-cinder-master-3-iscsi devstack@keystone.service[80153]: DEBUG keystone.server.flask.request_processing.req_logging [None req-993d95b8-d562-481c-bf0e-8e3e04943894 None None] PATH_INFO: `/` {{(pid=80153) log_request_info /opt/stack/keystone/keystone/server/flask/request_processing/req_logging.py:29}}
Jul 19 10:50:51.534190 dv-cinder-master-3-iscsi devstack@keystone.service[80153]: [pid: 80153|app: 0|req: 96/186] 10.222.0.33 () {54 vars in 926 bytes} [Tue Jul 19 10:50:51 2022] GET /identity => generated 270 bytes in 3 msecs (HTTP/1.1 300) 6 headers in 234 bytes (1 switches on core 0)
Jul 19 10:50:51.534936 dv-cinder-master-3-iscsi devstack@keystone.service[80153]: DEBUG keystone.server.flask.request_processing.middleware.auth_context [None req-993d95b8-d562-481c-bf0e-8e3e04943894 None None] Authenticating user token {{(pid=80153) process_request /usr/local/lib/python3.8/dist-packages/keystonemiddleware/auth_token/__init__.py:407}}
Jul 19 10:50:51.549845 dv-cinder-master-3-iscsi devstack@keystone.service[80152]: [pid: 80152|app: 0|req: 91/187] 10.222.0.33 () {58 vars in 1023 bytes} [Tue Jul 19 10:50:51 2022] POST /identity/v3/auth/tokens => generated 799 bytes in 101 msecs (HTTP/1.1 201) 6 headers in 363 bytes (1 switches on core 0)
Jul 19 10:50:51.554153 dv-cinder-master-3-iscsi devstack@keystone.service[80152]: DEBUG keystone.server.flask.request_processing.middleware.auth_context [None req-e303ca32-0b49-4f8b-bf9e-958de1b5b5ce None None] Authenticating user token {{(pid=80152) process_request /usr/local/lib/python3.8/dist-packages/keystonemiddleware/auth_token/__init__.py:407}}
Jul 19 10:50:51.646780 dv-cinder-master-3-iscsi devstack@keystone.service[80153]: DEBUG keystone.server.flask.request_processing.middleware.auth_context [None req-993d95b8-d562-481c-bf0e-8e3e04943894 None None] Validating token access rules against request {{(pid=80153) validate_allowed_request /usr/local/lib/python3.8/dist-packages/keystonemiddleware/auth_token/__init__.py:545}}
Jul 19 10:50:51.653634 dv-cinder-master-3-iscsi devstack@keystone.service[80152]: DEBUG keystone.server.flask.request_processing.middleware.auth_context [None req-e303ca32-0b49-4f8b-bf9e-958de1b5b5ce None None] Validating token access rules against request {{(pid=80152) validate_allowed_request /usr/local/lib/python3.8/dist-packages/keystonemiddleware/auth_token/__init__.py:545}}
Jul 19 10:50:51.669001 dv-cinder-master-3-iscsi devstack@keystone.service[80152]: DEBUG dbcounter [-] [80152] Writing DB stats keystone:SELECT=100 {{(pid=80152) stat_writer /usr/local/lib/python3.8/dist-packages/dbcounter.py:114}}
Jul 19 10:50:51.681077 dv-cinder-master-3-iscsi devstack@keystone.service[80153]: DEBUG keystone.server.flask.request_processing.middleware.auth_context [None req-559366df-918e-4fa8-b11c-805ed9f6e039 None admin] RBAC: auth_context: {'token': , 'domain_id': None, 'trust_id': None, 'trustor_id': None, 'trustee_id': None, 'domain_name': None, 'group_ids': [], 'user_id': '1eaf5dcf504f41ff99cb8d55073af0f9', 'user_domain_id': 'default', 'system_scope': 'all', 'project_id': None, 'project_domain_id': None, 'roles': ['admin', 'member', 'reader'], 'is_admin_project': True, 'service_user_id': None, 'service_user_domain_id': None, 'service_project_id': None, 'service_project_domain_id': None, 'service_roles': []} {{(pid=80153) fill_context /opt/stack/keystone/keystone/server/flask/request_processing/middleware/auth_context.py:478}}
Jul 19 10:50:51.681733 dv-cinder-master-3-iscsi devstack@keystone.service[80153]: DEBUG keystone.server.flask.request_processing.req_logging [None req-559366df-918e-4fa8-b11c-805ed9f6e039 None admin] REQUEST_METHOD: `GET` {{(pid=80153) log_request_info /opt/stack/keystone/keystone/server/flask/request_processing/req_logging.py:27}}
Jul 19 10:50:51.682008 dv-cinder-master-3-iscsi devstack@keystone.service[80153]: DEBUG keystone.server.flask.request_processing.req_logging [None req-559366df-918e-4fa8-b11c-805ed9f6e039 None admin] SCRIPT_NAME: `/identity` {{(pid=80153) log_request_info /opt/stack/keystone/keystone/server/flask/request_processing/req_logging.py:28}}
Jul 19 10:50:51.682276 dv-cinder-master-3-iscsi devstack@keystone.service[80153]: DEBUG keystone.server.flask.request_processing.req_logging [None req-559366df-918e-4fa8-b11c-805ed9f6e039 None admin] PATH_INFO: `/v3/roles` {{(pid=80153) log_request_info /opt/stack/keystone/keystone/server/flask/request_processing/req_logging.py:29}}
Jul 19 10:50:51.683016 dv-cinder-master-3-iscsi devstack@keystone.service[80153]: DEBUG keystone.common.rbac_enforcer.enforcer [None req-559366df-918e-4fa8-b11c-805ed9f6e039 None admin] RBAC: Adding query filter params (name=admin) {{(pid=80153) _extract_filter_values /opt/stack/keystone/keystone/common/rbac_enforcer/enforcer.py:167}}
Jul 19 10:50:51.683316 dv-cinder-master-3-iscsi devstack@keystone.service[80153]: DEBUG keystone.common.rbac_enforcer.enforcer [None req-559366df-918e-4fa8-b11c-805ed9f6e039 None admin] RBAC: Authorizing `identity:list_roles()` {{(pid=80153) enforce_call /opt/stack/keystone/keystone/common/rbac_enforcer/enforcer.py:449}}
Jul 19 10:50:51.684730 dv-cinder-master-3-iscsi devstack@keystone.service[80153]: DEBUG keystone.common.rbac_enforcer.enforcer [None req-559366df-918e-4fa8-b11c-805ed9f6e039 None admin] RBAC: Authorization granted {{(pid=80153) enforce_call /opt/stack/keystone/keystone/common/rbac_enforcer/enforcer.py:457}}
Jul 19 10:50:51.690904 dv-cinder-master-3-iscsi devstack@keystone.service[80152]: DEBUG keystone.server.flask.request_processing.middleware.auth_context [None req-c7823d6e-1174-48cf-b095-48f5db5fb8ba None admin] RBAC: auth_context: {'token': , 'domain_id': None, 'trust_id': None, 'trustor_id': None, 'trustee_id': None, 'domain_name': None, 'group_ids': [], 'user_id': '1eaf5dcf504f41ff99cb8d55073af0f9', 'user_domain_id': 'default', 'system_scope': 'all', 'project_id': None, 'project_domain_id': None, 'roles': ['admin', 'member', 'reader'], 'is_admin_project': True, 'service_user_id': None, 'service_user_domain_id': None, 'service_project_id': None, 'service_project_domain_id': None, 'service_roles': []} {{(pid=80152) fill_context /opt/stack/keystone/keystone/server/flask/request_processing/middleware/auth_context.py:478}}
Jul 19 10:50:51.691554 dv-cinder-master-3-iscsi devstack@keystone.service[80152]: DEBUG keystone.server.flask.request_processing.req_logging [None req-c7823d6e-1174-48cf-b095-48f5db5fb8ba None admin] REQUEST_METHOD: `GET` {{(pid=80152) log_request_info /opt/stack/keystone/keystone/server/flask/request_processing/req_logging.py:27}}
Jul 19 10:50:51.691837 dv-cinder-master-3-iscsi devstack@keystone.service[80152]: DEBUG keystone.server.flask.request_processing.req_logging [None req-c7823d6e-1174-48cf-b095-48f5db5fb8ba None admin] SCRIPT_NAME: `/identity` {{(pid=80152) log_request_info /opt/stack/keystone/keystone/server/flask/request_processing/req_logging.py:28}}
Jul 19 10:50:51.692114 dv-cinder-master-3-iscsi devstack@keystone.service[80152]: DEBUG keystone.server.flask.request_processing.req_logging [None req-c7823d6e-1174-48cf-b095-48f5db5fb8ba None admin] PATH_INFO: `/v3/role_assignments` {{(pid=80152) log_request_info /opt/stack/keystone/keystone/server/flask/request_processing/req_logging.py:29}}
Jul 19 10:50:51.692620 dv-cinder-master-3-iscsi devstack@keystone.service[80153]: [pid: 80153|app: 0|req: 97/188] 10.222.0.33 () {56 vars in 1099 bytes} [Tue Jul 19 10:50:51 2022] GET /identity/v3/roles?name=admin => generated 339 bytes in 158 msecs (HTTP/1.1 200) 5 headers in 177 bytes (1 switches on core 0)
Jul 19 10:50:51.692980 dv-cinder-master-3-iscsi devstack@keystone.service[80152]: DEBUG keystone.common.rbac_enforcer.enforcer [None req-c7823d6e-1174-48cf-b095-48f5db5fb8ba None admin] RBAC: Adding query filter params (role.id=168377268ae14ad882f881d40dd39b5c, scope.project.id=3660441d6e5e46a6a5a5a35e570c4c6b, user.id=89aa4c239d794594b3270fddfe326280) {{(pid=80152) _extract_filter_values /opt/stack/keystone/keystone/common/rbac_enforcer/enforcer.py:167}}
Jul 19 10:50:51.693293 dv-cinder-master-3-iscsi devstack@keystone.service[80152]: DEBUG keystone.common.rbac_enforcer.enforcer [None req-c7823d6e-1174-48cf-b095-48f5db5fb8ba None admin] RBAC: Authorizing `identity:list_role_assignments()` {{(pid=80152) enforce_call /opt/stack/keystone/keystone/common/rbac_enforcer/enforcer.py:449}}
Jul 19 10:50:51.693802 dv-cinder-master-3-iscsi devstack@keystone.service[80153]: DEBUG keystone.server.flask.request_processing.req_logging [None req-e7c7fd4a-1520-453d-ae84-59a9b363e2b6 None None] REQUEST_METHOD: `POST` {{(pid=80153) log_request_info /opt/stack/keystone/keystone/server/flask/request_processing/req_logging.py:27}}
Jul 19 10:50:51.694086 dv-cinder-master-3-iscsi devstack@keystone.service[80153]: DEBUG keystone.server.flask.request_processing.req_logging [None req-e7c7fd4a-1520-453d-ae84-59a9b363e2b6 None None] SCRIPT_NAME: `/identity` {{(pid=80153) log_request_info /opt/stack/keystone/keystone/server/flask/request_processing/req_logging.py:28}}
Jul 19 10:50:51.694357 dv-cinder-master-3-iscsi devstack@keystone.service[80153]: DEBUG keystone.server.flask.request_processing.req_logging [None req-e7c7fd4a-1520-453d-ae84-59a9b363e2b6 None None] PATH_INFO: `/v3/auth/tokens` {{(pid=80153) log_request_info /opt/stack/keystone/keystone/server/flask/request_processing/req_logging.py:29}}
Jul 19 10:50:51.694718 dv-cinder-master-3-iscsi devstack@keystone.service[80152]: DEBUG keystone.common.rbac_enforcer.enforcer [None req-c7823d6e-1174-48cf-b095-48f5db5fb8ba None admin] RBAC: Authorization granted {{(pid=80152) enforce_call /opt/stack/keystone/keystone/common/rbac_enforcer/enforcer.py:457}}
Jul 19 10:50:51.701700 dv-cinder-master-3-iscsi devstack@keystone.service[80152]: [pid: 80152|app: 0|req: 92/189] 10.222.0.33 () {56 vars in 1374 bytes} [Tue Jul 19 10:50:51 2022] GET /identity/v3/role_assignments?user.id=89aa4c239d794594b3270fddfe326280&scope.project.id=3660441d6e5e46a6a5a5a35e570c4c6b&role.id=168377268ae14ad882f881d40dd39b5c => generated 608 bytes in 151 msecs (HTTP/1.1 200) 5 headers in 177 bytes (1 switches on core 0)
Jul 19 10:50:51.702397 dv-cinder-master-3-iscsi devstack@keystone.service[80152]: DEBUG keystone.server.flask.request_processing.middleware.auth_context [None req-c7823d6e-1174-48cf-b095-48f5db5fb8ba None admin] Authenticating user token {{(pid=80152) process_request /usr/local/lib/python3.8/dist-packages/keystonemiddleware/auth_token/__init__.py:407}}
