Jul 19 10:50:59.217443 dv-cinder-master-3-iscsi devstack@keystone.service[80153]: DEBUG keystone.server.flask.request_processing.req_logging [None req-6c190b26-a823-4959-955d-c7546a22450c None admin] PATH_INFO: `/v3/projects/9320bdfceba6447f80351a3d3e908964` {{(pid=80153) log_request_info /opt/stack/keystone/keystone/server/flask/request_processing/req_logging.py:29}}
Jul 19 10:50:59.219202 dv-cinder-master-3-iscsi devstack@keystone.service[80153]: DEBUG keystone.common.rbac_enforcer.enforcer [None req-6c190b26-a823-4959-955d-c7546a22450c None admin] RBAC: Authorizing `identity:get_project(project_id=9320bdfceba6447f80351a3d3e908964)` {{(pid=80153) enforce_call /opt/stack/keystone/keystone/common/rbac_enforcer/enforcer.py:449}}
Jul 19 10:50:59.220751 dv-cinder-master-3-iscsi devstack@keystone.service[80153]: DEBUG keystone.common.rbac_enforcer.enforcer [None req-6c190b26-a823-4959-955d-c7546a22450c None admin] RBAC: Authorization granted {{(pid=80153) enforce_call /opt/stack/keystone/keystone/common/rbac_enforcer/enforcer.py:457}}
Jul 19 10:50:59.222899 dv-cinder-master-3-iscsi devstack@keystone.service[80153]: [pid: 80153|app: 0|req: 128/248] 10.222.0.33 () {56 vars in 1186 bytes} [Tue Jul 19 10:50:59 2022] GET /identity/v3/projects/9320bdfceba6447f80351a3d3e908964 => generated 302 bytes in 157 msecs (HTTP/1.1 200) 5 headers in 177 bytes (1 switches on core 0)
Jul 19 10:50:59.228583 dv-cinder-master-3-iscsi devstack@keystone.service[80153]: DEBUG keystone.server.flask.request_processing.middleware.auth_context [None req-6c190b26-a823-4959-955d-c7546a22450c None admin] Authenticating user token {{(pid=80153) process_request /usr/local/lib/python3.8/dist-packages/keystonemiddleware/auth_token/__init__.py:407}}
Jul 19 10:50:59.294622 dv-cinder-master-3-iscsi devstack@keystone.service[80152]: DEBUG keystone.server.flask.request_processing.middleware.auth_context [None req-99203ece-3ea5-45cb-898e-41a4ac95a9a0 None admin] Validating token access rules against request {{(pid=80152) validate_allowed_request /usr/local/lib/python3.8/dist-packages/keystonemiddleware/auth_token/__init__.py:545}}
Jul 19 10:50:59.296636 dv-cinder-master-3-iscsi devstack@keystone.service[80153]: DEBUG dbcounter [-] [80153] Writing DB stats keystone:SELECT=100 {{(pid=80153) stat_writer /usr/local/lib/python3.8/dist-packages/dbcounter.py:114}}
Jul 19 10:50:59.335960 dv-cinder-master-3-iscsi devstack@keystone.service[80152]: DEBUG keystone.server.flask.request_processing.middleware.auth_context [None req-464000e3-11ba-4be4-8e13-626d754b9d41 None admin] RBAC: auth_context: {'token': , 'domain_id': None, 'trust_id': None, 'trustor_id': None, 'trustee_id': None, 'domain_name': None, 'group_ids': [], 'user_id': '1eaf5dcf504f41ff99cb8d55073af0f9', 'user_domain_id': 'default', 'system_scope': 'all', 'project_id': None, 'project_domain_id': None, 'roles': ['admin', 'member', 'reader'], 'is_admin_project': True, 'service_user_id': None, 'service_user_domain_id': None, 'service_project_id': None, 'service_project_domain_id': None, 'service_roles': []} {{(pid=80152) fill_context /opt/stack/keystone/keystone/server/flask/request_processing/middleware/auth_context.py:478}}
Jul 19 10:50:59.336636 dv-cinder-master-3-iscsi devstack@keystone.service[80152]: DEBUG keystone.server.flask.request_processing.req_logging [None req-464000e3-11ba-4be4-8e13-626d754b9d41 None admin] REQUEST_METHOD: `GET` {{(pid=80152) log_request_info /opt/stack/keystone/keystone/server/flask/request_processing/req_logging.py:27}}
Jul 19 10:50:59.336946 dv-cinder-master-3-iscsi devstack@keystone.service[80152]: DEBUG keystone.server.flask.request_processing.req_logging [None req-464000e3-11ba-4be4-8e13-626d754b9d41 None admin] SCRIPT_NAME: `/identity` {{(pid=80152) log_request_info /opt/stack/keystone/keystone/server/flask/request_processing/req_logging.py:28}}
Jul 19 10:50:59.337221 dv-cinder-master-3-iscsi devstack@keystone.service[80152]: DEBUG keystone.server.flask.request_processing.req_logging [None req-464000e3-11ba-4be4-8e13-626d754b9d41 None admin] PATH_INFO: `/v3/roles` {{(pid=80152) log_request_info /opt/stack/keystone/keystone/server/flask/request_processing/req_logging.py:29}}
Jul 19 10:50:59.338091 dv-cinder-master-3-iscsi devstack@keystone.service[80152]: DEBUG keystone.common.rbac_enforcer.enforcer [None req-464000e3-11ba-4be4-8e13-626d754b9d41 None admin] RBAC: Adding query filter params (name=member) {{(pid=80152) _extract_filter_values /opt/stack/keystone/keystone/common/rbac_enforcer/enforcer.py:167}}
Jul 19 10:50:59.338501 dv-cinder-master-3-iscsi devstack@keystone.service[80152]: DEBUG keystone.common.rbac_enforcer.enforcer [None req-464000e3-11ba-4be4-8e13-626d754b9d41 None admin] RBAC: Authorizing `identity:list_roles()` {{(pid=80152) enforce_call /opt/stack/keystone/keystone/common/rbac_enforcer/enforcer.py:449}}
Jul 19 10:50:59.339900 dv-cinder-master-3-iscsi devstack@keystone.service[80152]: DEBUG keystone.common.rbac_enforcer.enforcer [None req-464000e3-11ba-4be4-8e13-626d754b9d41 None admin] RBAC: Authorization granted {{(pid=80152) enforce_call /opt/stack/keystone/keystone/common/rbac_enforcer/enforcer.py:457}}
Jul 19 10:50:59.345103 dv-cinder-master-3-iscsi devstack@keystone.service[80153]: DEBUG keystone.server.flask.request_processing.middleware.auth_context [None req-6c190b26-a823-4959-955d-c7546a22450c None admin] Validating token access rules against request {{(pid=80153) validate_allowed_request /usr/local/lib/python3.8/dist-packages/keystonemiddleware/auth_token/__init__.py:545}}
Jul 19 10:50:59.354131 dv-cinder-master-3-iscsi devstack@keystone.service[80152]: [pid: 80152|app: 0|req: 121/249] 10.222.0.33 () {56 vars in 1101 bytes} [Tue Jul 19 10:50:59 2022] GET /identity/v3/roles?name=member => generated 341 bytes in 172 msecs (HTTP/1.1 200) 5 headers in 177 bytes (1 switches on core 0)
Jul 19 10:50:59.355480 dv-cinder-master-3-iscsi devstack@keystone.service[80152]: DEBUG keystone.server.flask.request_processing.middleware.auth_context [None req-464000e3-11ba-4be4-8e13-626d754b9d41 None admin] Authenticating user token {{(pid=80152) process_request /usr/local/lib/python3.8/dist-packages/keystonemiddleware/auth_token/__init__.py:407}}
Jul 19 10:50:59.382490 dv-cinder-master-3-iscsi devstack@keystone.service[80153]: DEBUG keystone.server.flask.request_processing.middleware.auth_context [None req-c9c84f86-9ecb-489f-97ad-ef6288d51d31 None admin] RBAC: auth_context: {'token': , 'domain_id': None, 'trust_id': None, 'trustor_id': None, 'trustee_id': None, 'domain_name': None, 'group_ids': [], 'user_id': '1eaf5dcf504f41ff99cb8d55073af0f9', 'user_domain_id': 'default', 'system_scope': 'all', 'project_id': None, 'project_domain_id': None, 'roles': ['admin', 'member', 'reader'], 'is_admin_project': True, 'service_user_id': None, 'service_user_domain_id': None, 'service_project_id': None, 'service_project_domain_id': None, 'service_roles': []} {{(pid=80153) fill_context /opt/stack/keystone/keystone/server/flask/request_processing/middleware/auth_context.py:478}}
Jul 19 10:50:59.383257 dv-cinder-master-3-iscsi devstack@keystone.service[80153]: DEBUG keystone.server.flask.request_processing.req_logging [None req-c9c84f86-9ecb-489f-97ad-ef6288d51d31 None admin] REQUEST_METHOD: `GET` {{(pid=80153) log_request_info /opt/stack/keystone/keystone/server/flask/request_processing/req_logging.py:27}}
Jul 19 10:50:59.383546 dv-cinder-master-3-iscsi devstack@keystone.service[80153]: DEBUG keystone.server.flask.request_processing.req_logging [None req-c9c84f86-9ecb-489f-97ad-ef6288d51d31 None admin] SCRIPT_NAME: `/identity` {{(pid=80153) log_request_info /opt/stack/keystone/keystone/server/flask/request_processing/req_logging.py:28}}
Jul 19 10:50:59.383926 dv-cinder-master-3-iscsi devstack@keystone.service[80153]: DEBUG keystone.server.flask.request_processing.req_logging [None req-c9c84f86-9ecb-489f-97ad-ef6288d51d31 None admin] PATH_INFO: `/v3/role_assignments` {{(pid=80153) log_request_info /opt/stack/keystone/keystone/server/flask/request_processing/req_logging.py:29}}
Jul 19 10:50:59.384792 dv-cinder-master-3-iscsi devstack@keystone.service[80153]: DEBUG keystone.common.rbac_enforcer.enforcer [None req-c9c84f86-9ecb-489f-97ad-ef6288d51d31 None admin] RBAC: Adding query filter params (role.id=0dd145a4768f4049b471a6b9c1ce4562, scope.project.id=9320bdfceba6447f80351a3d3e908964, user.id=11736f6e36be40439c5c7f18b38e0dfc) {{(pid=80153) _extract_filter_values /opt/stack/keystone/keystone/common/rbac_enforcer/enforcer.py:167}}
Jul 19 10:50:59.385108 dv-cinder-master-3-iscsi devstack@keystone.service[80153]: DEBUG keystone.common.rbac_enforcer.enforcer [None req-c9c84f86-9ecb-489f-97ad-ef6288d51d31 None admin] RBAC: Authorizing `identity:list_role_assignments()` {{(pid=80153) enforce_call /opt/stack/keystone/keystone/common/rbac_enforcer/enforcer.py:449}}
Jul 19 10:50:59.386818 dv-cinder-master-3-iscsi devstack@keystone.service[80153]: DEBUG keystone.common.rbac_enforcer.enforcer [None req-c9c84f86-9ecb-489f-97ad-ef6288d51d31 None admin] RBAC: Authorization granted {{(pid=80153) enforce_call /opt/stack/keystone/keystone/common/rbac_enforcer/enforcer.py:457}}
Jul 19 10:50:59.394128 dv-cinder-master-3-iscsi devstack@keystone.service[80153]: [pid: 80153|app: 0|req: 129/250] 10.222.0.33 () {56 vars in 1374 bytes} [Tue Jul 19 10:50:59 2022] GET /identity/v3/role_assignments?user.id=11736f6e36be40439c5c7f18b38e0dfc&scope.project.id=9320bdfceba6447f80351a3d3e908964&role.id=0dd145a4768f4049b471a6b9c1ce4562 => generated 259 bytes in 166 msecs (HTTP/1.1 200) 5 headers in 177 bytes (2 switches on core 0)
Jul 19 10:50:59.404729 dv-cinder-master-3-iscsi devstack@keystone.service[80152]: DEBUG dbcounter [-] [80152] Writing DB stats keystone:SELECT=100 {{(pid=80152) stat_writer /usr/local/lib/python3.8/dist-packages/dbcounter.py:114}}
Jul 19 10:50:59.471193 dv-cinder-master-3-iscsi devstack@keystone.service[80152]: DEBUG keystone.server.flask.request_processing.middleware.auth_context [None req-464000e3-11ba-4be4-8e13-626d754b9d41 None admin] Validating token access rules against request {{(pid=80152) validate_allowed_request /usr/local/lib/python3.8/dist-packages/keystonemiddleware/auth_token/__init__.py:545}}
Jul 19 10:50:59.508974 dv-cinder-master-3-iscsi devstack@keystone.service[80152]: DEBUG keystone.server.flask.request_processing.middleware.auth_context [None req-616263f6-e707-4319-996a-6c5891e98ec8 None admin] RBAC: auth_context: {'token': , 'domain_id': None, 'trust_id': None, 'trustor_id': None, 'trustee_id': None, 'domain_name': None, 'group_ids': [], 'user_id': '1eaf5dcf504f41ff99cb8d55073af0f9', 'user_domain_id': 'default', 'system_scope': 'all', 'project_id': None, 'project_domain_id': None, 'roles': ['admin', 'member', 'reader'], 'is_admin_project': True, 'service_user_id': None, 'service_user_domain_id': None, 'service_project_id': None, 'service_project_domain_id': None, 'service_roles': []} {{(pid=80152) fill_context /opt/stack/keystone/keystone/server/flask/request_processing/middleware/auth_context.py:478}}
Jul 19 10:50:59.509859 dv-cinder-master-3-iscsi devstack@keystone.service[80152]: DEBUG keystone.server.flask.request_processing.req_logging [None req-616263f6-e707-4319-996a-6c5891e98ec8 None admin] REQUEST_METHOD: `GET` {{(pid=80152) log_request_info /opt/stack/keystone/keystone/server/flask/request_processing/req_logging.py:27}}
Jul 19 10:50:59.510144 dv-cinder-master-3-iscsi devstack@keystone.service[80152]: DEBUG keystone.server.flask.request_processing.req_logging [None req-616263f6-e707-4319-996a-6c5891e98ec8 None admin] SCRIPT_NAME: `/identity` {{(pid=80152) log_request_info /opt/stack/keystone/keystone/server/flask/request_processing/req_logging.py:28}}
Jul 19 10:50:59.510419 dv-cinder-master-3-iscsi devstack@keystone.service[80152]: DEBUG keystone.server.flask.request_processing.req_logging [None req-616263f6-e707-4319-996a-6c5891e98ec8 None admin] PATH_INFO: `/v3/users/d66744d8a442463a874c553296c2235d` {{(pid=80152) log_request_info /opt/stack/keystone/keystone/server/flask/request_processing/req_logging.py:29}}
Jul 19 10:50:59.511668 dv-cinder-master-3-iscsi devstack@keystone.service[80152]: DEBUG keystone.common.rbac_enforcer.enforcer [None req-616263f6-e707-4319-996a-6c5891e98ec8 None admin] RBAC: Authorizing `identity:get_user(user_id=d66744d8a442463a874c553296c2235d)` {{(pid=80152) enforce_call /opt/stack/keystone/keystone/common/rbac_enforcer/enforcer.py:449}}
Jul 19 10:50:59.513189 dv-cinder-master-3-iscsi devstack@keystone.service[80152]: DEBUG keystone.common.rbac_enforcer.enforcer [None req-616263f6-e707-4319-996a-6c5891e98ec8 None admin] RBAC: Authorization granted {{(pid=80152) enforce_call /opt/stack/keystone/keystone/common/rbac_enforcer/enforcer.py:457}}
Jul 19 10:50:59.515449 dv-cinder-master-3-iscsi devstack@keystone.service[80152]: [pid: 80152|app: 0|req: 122/251] 10.222.0.33 () {56 vars in 1177 bytes} [Tue Jul 19 10:50:59 2022] GET /identity/v3/users/d66744d8a442463a874c553296c2235d => generated 297 bytes in 160 msecs (HTTP/1.1 200) 5 headers in 177 bytes (2 switches on core 0)
Jul 19 10:50:59.521324 dv-cinder-master-3-iscsi devstack@keystone.service[80153]: DEBUG keystone.server.flask.request_processing.middleware.auth_context [None req-c9c84f86-9ecb-489f-97ad-ef6288d51d31 None admin] Authenticating user token {{(pid=80153) process_request /usr/local/lib/python3.8/dist-packages/keystonemiddleware/auth_token/__init__.py:407}}
Jul 19 10:50:59.564481 dv-cinder-master-3-iscsi devstack@keystone.service[80152]: DEBUG keystone.server.flask.request_processing.req_logging [None req-dc00ff61-6e1e-4d92-9d64-989f091d436e None None] REQUEST_METHOD: `GET` {{(pid=80152) log_request_info /opt/stack/keystone/keystone/server/flask/request_processing/req_logging.py:27}}
Jul 19 10:50:59.564820 dv-cinder-master-3-iscsi devstack@keystone.service[80152]: DEBUG keystone.server.flask.request_processing.req_logging [None req-dc00ff61-6e1e-4d92-9d64-989f091d436e None None] SCRIPT_NAME: `/identity` {{(pid=80152) log_request_info /opt/stack/keystone/keystone/server/flask/request_processing/req_logging.py:28}}
Jul 19 10:50:59.565114 dv-cinder-master-3-iscsi devstack@keystone.service[80152]: DEBUG keystone.server.flask.request_processing.req_logging [None req-dc00ff61-6e1e-4d92-9d64-989f091d436e None None] PATH_INFO: `/` {{(pid=80152) log_request_info /opt/stack/keystone/keystone/server/flask/request_processing/req_logging.py:29}}
Jul 19 10:50:59.566815 dv-cinder-master-3-iscsi devstack@keystone.service[80152]: [pid: 80152|app: 0|req: 123/252] 10.222.0.33 () {54 vars in 926 bytes} [Tue Jul 19 10:50:59 2022] GET /identity => generated 270 bytes in 3 msecs (HTTP/1.1 300) 6 headers in 234 bytes (1 switches on core 0)
Jul 19 10:50:59.572847 dv-cinder-master-3-iscsi devstack@keystone.service[80152]: DEBUG keystone.server.flask.request_processing.req_logging [None req-93351148-dcee-48b5-95a8-c027bb1174c2 None None] REQUEST_METHOD: `POST` {{(pid=80152) log_request_info /opt/stack/keystone/keystone/server/flask/request_processing/req_logging.py:27}}
Jul 19 10:50:59.573135 dv-cinder-master-3-iscsi devstack@keystone.service[80152]: DEBUG keystone.server.flask.request_processing.req_logging [None req-93351148-dcee-48b5-95a8-c027bb1174c2 None None] SCRIPT_NAME: `/identity` {{(pid=80152) log_request_info /opt/stack/keystone/keystone/server/flask/request_processing/req_logging.py:28}}
Jul 19 10:50:59.573402 dv-cinder-master-3-iscsi devstack@keystone.service[80152]: DEBUG keystone.server.flask.request_processing.req_logging [None req-93351148-dcee-48b5-95a8-c027bb1174c2 None None] PATH_INFO: `/v3/auth/tokens` {{(pid=80152) log_request_info /opt/stack/keystone/keystone/server/flask/request_processing/req_logging.py:29}}
Jul 19 10:50:59.596102 dv-cinder-master-3-iscsi devstack@keystone.service[80152]: DEBUG keystone.auth.core [None req-93351148-dcee-48b5-95a8-c027bb1174c2 None None] MFA Rules not processed for user `1eaf5dcf504f41ff99cb8d55073af0f9`. Rule list: `[]` (Enabled: `True`). {{(pid=80152) check_auth_methods_against_rules /opt/stack/keystone/keystone/auth/core.py:438}}
Jul 19 10:50:59.597335 dv-cinder-master-3-iscsi devstack@keystone.service[80152]: DEBUG keystone.common.fernet_utils [None req-93351148-dcee-48b5-95a8-c027bb1174c2 None None] Loaded 2 Fernet keys from /etc/keystone/fernet-keys/, but `[fernet_tokens] max_active_keys = 3`; perhaps there have not been enough key rotations to reach `max_active_keys` yet? {{(pid=80152) load_keys /opt/stack/keystone/keystone/common/fernet_utils.py:286}}
Jul 19 10:50:59.661918 dv-cinder-master-3-iscsi devstack@keystone.service[80153]: DEBUG keystone.server.flask.request_processing.middleware.auth_context [None req-c9c84f86-9ecb-489f-97ad-ef6288d51d31 None admin] Validating token access rules against request {{(pid=80153) validate_allowed_request /usr/local/lib/python3.8/dist-packages/keystonemiddleware/auth_token/__init__.py:545}}
Jul 19 10:50:59.681919 dv-cinder-master-3-iscsi devstack@keystone.service[80152]: [pid: 80152|app: 0|req: 124/253] 10.222.0.33 () {58 vars in 1023 bytes} [Tue Jul 19 10:50:59 2022] POST /identity/v3/auth/tokens => generated 799 bytes in 110 msecs (HTTP/1.1 201) 6 headers in 363 bytes (3 switches on core 0)
Jul 19 10:50:59.690201 dv-cinder-master-3-iscsi devstack@keystone.service[80153]: DEBUG dbcounter [-] [80153] Writing DB stats keystone:SELECT=100 {{(pid=80153) stat_writer /usr/local/lib/python3.8/dist-packages/dbcounter.py:114}}
Jul 19 10:50:59.703591 dv-cinder-master-3-iscsi devstack@keystone.service[80153]: DEBUG keystone.server.flask.request_processing.middleware.auth_context [None req-5f95518b-e53c-4a60-8120-4b2cdfc6f9be None admin] RBAC: auth_context: {'token': , 'domain_id': None, 'trust_id': None, 'trustor_id': None, 'trustee_id': None, 'domain_name': None, 'group_ids': [], 'user_id': '1eaf5dcf504f41ff99cb8d55073af0f9', 'user_domain_id': 'default', 'system_scope': 'all', 'project_id': None, 'project_domain_id': None, 'roles': ['admin', 'member', 'reader'], 'is_admin_project': True, 'service_user_id': None, 'service_user_domain_id': None, 'service_project_id': None, 'service_project_domain_id': None, 'service_roles': []} {{(pid=80153) fill_context /opt/stack/keystone/keystone/server/flask/request_processing/middleware/auth_context.py:478}}
Jul 19 10:50:59.704798 dv-cinder-master-3-iscsi devstack@keystone.service[80153]: DEBUG keystone.server.flask.request_processing.req_logging [None req-5f95518b-e53c-4a60-8120-4b2cdfc6f9be None admin] REQUEST_METHOD: `GET` {{(pid=80153) log_request_info /opt/stack/keystone/keystone/server/flask/request_processing/req_logging.py:27}}
Jul 19 10:50:59.705273 dv-cinder-master-3-iscsi devstack@keystone.service[80153]: DEBUG keystone.server.flask.request_processing.req_logging [None req-5f95518b-e53c-4a60-8120-4b2cdfc6f9be None admin] SCRIPT_NAME: `/identity` {{(pid=80153) log_request_info /opt/stack/keystone/keystone/server/flask/request_processing/req_logging.py:28}}
Jul 19 10:50:59.705758 dv-cinder-master-3-iscsi devstack@keystone.service[80153]: DEBUG keystone.server.flask.request_processing.req_logging [None req-5f95518b-e53c-4a60-8120-4b2cdfc6f9be None admin] PATH_INFO: `/v3/projects/9320bdfceba6447f80351a3d3e908964` {{(pid=80153) log_request_info /opt/stack/keystone/keystone/server/flask/request_processing/req_logging.py:29}}
Jul 19 10:50:59.706944 dv-cinder-master-3-iscsi devstack@keystone.service[80152]: DEBUG keystone.server.flask.request_processing.middleware.auth_context [None req-93351148-dcee-48b5-95a8-c027bb1174c2 None None] Authenticating user token {{(pid=80152) process_request /usr/local/lib/python3.8/dist-packages/keystonemiddleware/auth_token/__init__.py:407}}
Jul 19 10:50:59.707391 dv-cinder-master-3-iscsi devstack@keystone.service[80153]: DEBUG keystone.common.rbac_enforcer.enforcer [None req-5f95518b-e53c-4a60-8120-4b2cdfc6f9be None admin] RBAC: Authorizing `identity:get_project(project_id=9320bdfceba6447f80351a3d3e908964)` {{(pid=80153) enforce_call /opt/stack/keystone/keystone/common/rbac_enforcer/enforcer.py:449}}
Jul 19 10:50:59.709376 dv-cinder-master-3-iscsi devstack@keystone.service[80153]: DEBUG keystone.common.rbac_enforcer.enforcer [None req-5f95518b-e53c-4a60-8120-4b2cdfc6f9be None admin] RBAC: Authorization granted {{(pid=80153) enforce_call /opt/stack/keystone/keystone/common/rbac_enforcer/enforcer.py:457}}
Jul 19 10:50:59.712874 dv-cinder-master-3-iscsi devstack@keystone.service[80153]: [pid: 80153|app: 0|req: 130/254] 10.222.0.33 () {56 vars in 1186 bytes} [Tue Jul 19 10:50:59 2022] GET /identity/v3/projects/9320bdfceba6447f80351a3d3e908964 => generated 302 bytes in 192 msecs (HTTP/1.1 200) 5 headers in 177 bytes (1 switches on core 0)
Jul 19 10:50:59.719506 dv-cinder-master-3-iscsi devstack@keystone.service[80153]: DEBUG keystone.server.flask.request_processing.middleware.auth_context [None req-5f95518b-e53c-4a60-8120-4b2cdfc6f9be None admin] Authenticating user token {{(pid=80153) process_request /usr/local/lib/python3.8/dist-packages/keystonemiddleware/auth_token/__init__.py:407}}
Jul 19 10:50:59.761037 dv-cinder-master-3-iscsi devstack@keystone.service[80152]: DEBUG dbcounter [-] [80152] Writing DB stats keystone:SELECT=100 {{(pid=80152) stat_writer /usr/local/lib/python3.8/dist-packages/dbcounter.py:114}}
Jul 19 10:50:59.845160 dv-cinder-master-3-iscsi devstack@keystone.service[80152]: DEBUG keystone.server.flask.request_processing.middleware.auth_context [None req-93351148-dcee-48b5-95a8-c027bb1174c2 None None] Validating token access rules against request {{(pid=80152) validate_allowed_request /usr/local/lib/python3.8/dist-packages/keystonemiddleware/auth_token/__init__.py:545}}
Jul 19 10:50:59.892097 dv-cinder-master-3-iscsi devstack@keystone.service[80152]: DEBUG keystone.server.flask.request_processing.middleware.auth_context [None req-f302ddd9-600e-494f-9ff2-c116b3a15f0b None admin] RBAC: auth_context: {'token': , 'domain_id': None, 'trust_id': None, 'trustor_id': None, 'trustee_id': None, 'domain_name': None, 'group_ids': [], 'user_id': '1eaf5dcf504f41ff99cb8d55073af0f9', 'user_domain_id': 'default', 'system_scope': 'all', 'project_id': None, 'project_domain_id': None, 'roles': ['admin', 'member', 'reader'], 'is_admin_project': True, 'service_user_id': None, 'service_user_domain_id': None, 'service_project_id': None, 'service_project_domain_id': None, 'service_roles': []} {{(pid=80152) fill_context /opt/stack/keystone/keystone/server/flask/request_processing/middleware/auth_context.py:478}}
Jul 19 10:50:59.893495 dv-cinder-master-3-iscsi devstack@keystone.service[80152]: DEBUG keystone.server.flask.request_processing.req_logging [None req-f302ddd9-600e-494f-9ff2-c116b3a15f0b None admin] REQUEST_METHOD: `GET` {{(pid=80152) log_request_info /opt/stack/keystone/keystone/server/flask/request_processing/req_logging.py:27}}
Jul 19 10:50:59.895078 dv-cinder-master-3-iscsi devstack@keystone.service[80152]: DEBUG keystone.server.flask.request_processing.req_logging [None req-f302ddd9-600e-494f-9ff2-c116b3a15f0b None admin] SCRIPT_NAME: `/identity` {{(pid=80152) log_request_info /opt/stack/keystone/keystone/server/flask/request_processing/req_logging.py:28}}
Jul 19 10:50:59.895643 dv-cinder-master-3-iscsi devstack@keystone.service[80152]: DEBUG keystone.server.flask.request_processing.req_logging [None req-f302ddd9-600e-494f-9ff2-c116b3a15f0b None admin] PATH_INFO: `/v3/roles/admin` {{(pid=80152) log_request_info /opt/stack/keystone/keystone/server/flask/request_processing/req_logging.py:29}}
Jul 19 10:50:59.916433 dv-cinder-master-3-iscsi devstack@keystone.service[80152]: DEBUG keystone.common.rbac_enforcer.enforcer [None req-f302ddd9-600e-494f-9ff2-c116b3a15f0b None admin] Extracting inferred target data resulted in "NOT FOUND (404)". {{(pid=80152) enforce_call /opt/stack/keystone/keystone/common/rbac_enforcer/enforcer.py:409}}
Jul 19 10:50:59.926466 dv-cinder-master-3-iscsi devstack@keystone.service[80152]: ERROR keystone.server.flask.application [None req-f302ddd9-600e-494f-9ff2-c116b3a15f0b None admin] Could not find role: admin.: keystone.exception.RoleNotFound: Could not find role: admin.
Jul 19 10:50:59.926466 dv-cinder-master-3-iscsi devstack@keystone.service[80152]: ERROR keystone.server.flask.application
Traceback (most recent call last):
Jul 19 10:50:59.926466 dv-cinder-master-3-iscsi devstack@keystone.service[80152]: ERROR keystone.server.flask.application
File "/usr/local/lib/python3.8/dist-packages/flask/app.py", line 1523, in full_dispatch_request
Jul 19 10:50:59.926466 dv-cinder-master-3-iscsi devstack@keystone.service[80152]: ERROR keystone.server.flask.application rv = self.dispatch_request()
Jul 19 10:50:59.926466 dv-cinder-master-3-iscsi devstack@keystone.service[80152]: ERROR keystone.server.flask.application
File "/usr/local/lib/python3.8/dist-packages/flask/app.py", line 1509, in dispatch_request
Jul 19 10:50:59.926466 dv-cinder-master-3-iscsi devstack@keystone.service[80152]: ERROR keystone.server.flask.application return self.ensure_sync(self.view_functions[rule.endpoint])(**req.view_args)
Jul 19 10:50:59.926466 dv-cinder-master-3-iscsi devstack@keystone.service[80152]: ERROR keystone.server.flask.application
File "/usr/local/lib/python3.8/dist-packages/flask_restful/__init__.py", line 467, in wrapper
Jul 19 10:50:59.926466 dv-cinder-master-3-iscsi devstack@keystone.service[80152]: ERROR keystone.server.flask.application resp = resource(*args, **kwargs)
Jul 19 10:50:59.926466 dv-cinder-master-3-iscsi devstack@keystone.service[80152]: ERROR keystone.server.flask.application
File "/usr/local/lib/python3.8/dist-packages/flask/views.py", line 84, in view
Jul 19 10:50:59.926466 dv-cinder-master-3-iscsi devstack@keystone.service[80152]: ERROR keystone.server.flask.application return current_app.ensure_sync(self.dispatch_request)(*args, **kwargs)
Jul 19 10:50:59.926466 dv-cinder-master-3-iscsi devstack@keystone.service[80152]: ERROR keystone.server.flask.application
File "/usr/local/lib/python3.8/dist-packages/flask_restful/__init__.py", line 582, in dispatch_request
Jul 19 10:50:59.926466 dv-cinder-master-3-iscsi devstack@keystone.service[80152]: ERROR keystone.server.flask.application resp = meth(*args, **kwargs)
Jul 19 10:50:59.926466 dv-cinder-master-3-iscsi devstack@keystone.service[80152]: ERROR keystone.server.flask.application
File "/opt/stack/keystone/keystone/api/roles.py", line 50, in get
Jul 19 10:50:59.926466 dv-cinder-master-3-iscsi devstack@keystone.service[80152]: ERROR keystone.server.flask.application return self._get_role(role_id)
Jul 19 10:50:59.926466 dv-cinder-master-3-iscsi devstack@keystone.service[80152]: ERROR keystone.server.flask.application
File "/opt/stack/keystone/keystone/api/roles.py", line 70, in _get_role
Jul 19 10:50:59.926466 dv-cinder-master-3-iscsi devstack@keystone.service[80152]: ERROR keystone.server.flask.application ENFORCER.enforce_call(action='identity:get_role')
Jul 19 10:50:59.927387 dv-cinder-master-3-iscsi devstack@keystone.service[80152]: ERROR keystone.server.flask.application
File "/opt/stack/keystone/keystone/common/rbac_enforcer/enforcer.py", line 402, in enforce_call
Jul 19 10:50:59.927387 dv-cinder-master-3-iscsi devstack@keystone.service[80152]: ERROR keystone.server.flask.application policy_dict.update(cls._extract_member_target_data(
Jul 19 10:50:59.927387 dv-cinder-master-3-iscsi devstack@keystone.service[80152]: ERROR keystone.server.flask.application
File "/opt/stack/keystone/keystone/common/rbac_enforcer/enforcer.py", line 234, in _extract_member_target_data
Jul 19 10:50:59.927387 dv-cinder-master-3-iscsi devstack@keystone.service[80152]: ERROR keystone.server.flask.application member_name: func(flask.request.view_args[key])
Jul 19 10:50:59.927387 dv-cinder-master-3-iscsi devstack@keystone.service[80152]: ERROR keystone.server.flask.application
File "/opt/stack/keystone/keystone/common/manager.py", line 115, in wrapped
Jul 19 10:50:59.927387 dv-cinder-master-3-iscsi devstack@keystone.service[80152]: ERROR keystone.server.flask.application __ret_val = __f(*args, **kwargs)
Jul 19 10:50:59.927387 dv-cinder-master-3-iscsi devstack@keystone.service[80152]: ERROR keystone.server.flask.application
File "/usr/local/lib/python3.8/dist-packages/decorator.py", line 232, in fun
Jul 19 10:50:59.927387 dv-cinder-master-3-iscsi devstack@keystone.service[80152]: ERROR keystone.server.flask.application return caller(func, *(extras + args), **kw)
Jul 19 10:50:59.927387 dv-cinder-master-3-iscsi devstack@keystone.service[80152]: ERROR keystone.server.flask.application
File "/usr/local/lib/python3.8/dist-packages/dogpile/cache/region.py", line 1577, in get_or_create_for_user_func
Jul 19 10:50:59.927387 dv-cinder-master-3-iscsi devstack@keystone.service[80152]: ERROR keystone.server.flask.application return self.get_or_create(
Jul 19 10:50:59.927387 dv-cinder-master-3-iscsi devstack@keystone.service[80152]: ERROR keystone.server.flask.application
File "/usr/local/lib/python3.8/dist-packages/dogpile/cache/region.py", line 1042, in get_or_create
Jul 19 10:50:59.927387 dv-cinder-master-3-iscsi devstack@keystone.service[80152]: ERROR keystone.server.flask.application with Lock(
Jul 19 10:50:59.927387 dv-cinder-master-3-iscsi devstack@keystone.service[80152]: ERROR keystone.server.flask.application
File "/usr/local/lib/python3.8/dist-packages/dogpile/lock.py", line 185, in __enter__
Jul 19 10:50:59.927387 dv-cinder-master-3-iscsi devstack@keystone.service[80152]: ERROR keystone.server.flask.application return self._enter()
Jul 19 10:50:59.927387 dv-cinder-master-3-iscsi devstack@keystone.service[80152]: ERROR keystone.server.flask.application
File "/usr/local/lib/python3.8/dist-packages/dogpile/lock.py", line 94, in _enter
Jul 19 10:50:59.927387 dv-cinder-master-3-iscsi devstack@keystone.service[80152]: ERROR keystone.server.flask.application generated = self._enter_create(value, createdtime)
Jul 19 10:50:59.928148 dv-cinder-master-3-iscsi devstack@keystone.service[80152]: ERROR keystone.server.flask.application
File "/usr/local/lib/python3.8/dist-packages/dogpile/lock.py", line 178, in _enter_create
Jul 19 10:50:59.928148 dv-cinder-master-3-iscsi devstack@keystone.service[80152]: ERROR keystone.server.flask.application return self.creator()
Jul 19 10:50:59.928148 dv-cinder-master-3-iscsi devstack@keystone.service[80152]: ERROR keystone.server.flask.application
File "/usr/local/lib/python3.8/dist-packages/dogpile/cache/region.py", line 995, in gen_value
Jul 19 10:50:59.928148 dv-cinder-master-3-iscsi devstack@keystone.service[80152]: ERROR keystone.server.flask.application created_value = creator(
Jul 19 10:50:59.928148 dv-cinder-master-3-iscsi devstack@keystone.service[80152]: ERROR keystone.server.flask.application
File "/opt/stack/keystone/keystone/assignment/core.py", line 1276, in get_role
Jul 19 10:50:59.928148 dv-cinder-master-3-iscsi devstack@keystone.service[80152]: ERROR keystone.server.flask.application return self.driver.get_role(role_id)
Jul 19 10:50:59.928148 dv-cinder-master-3-iscsi devstack@keystone.service[80152]: ERROR keystone.server.flask.application
File "/opt/stack/keystone/keystone/assignment/role_backends/sql.py", line 70, in get_role
Jul 19 10:50:59.928148 dv-cinder-master-3-iscsi devstack@keystone.service[80152]: ERROR keystone.server.flask.application return self._get_role(session, role_id).to_dict()
Jul 19 10:50:59.928148 dv-cinder-master-3-iscsi devstack@keystone.service[80152]: ERROR keystone.server.flask.application
File "/opt/stack/keystone/keystone/assignment/role_backends/sql.py", line 65, in _get_role
Jul 19 10:50:59.928148 dv-cinder-master-3-iscsi devstack@keystone.service[80152]: ERROR keystone.server.flask.application raise exception.RoleNotFound(role_id=role_id)
Jul 19 10:50:59.928148 dv-cinder-master-3-iscsi devstack@keystone.service[80152]: ERROR keystone.server.flask.application keystone.exception.RoleNotFound: Could not find role: admin.
Jul 19 10:50:59.928148 dv-cinder-master-3-iscsi devstack@keystone.service[80152]: ERROR keystone.server.flask.application
Jul 19 10:50:59.930978 dv-cinder-master-3-iscsi devstack@keystone.service[80152]: [pid: 80152|app: 0|req: 125/255] 10.222.0.33 () {56 vars in 1096 bytes} [Tue Jul 19 10:50:59 2022] GET /identity/v3/roles/admin => generated 83 bytes in 225 msecs (HTTP/1.1 404) 5 headers in 183 bytes (1 switches on core 0)
Jul 19 10:50:59.932513 dv-cinder-master-3-iscsi devstack@keystone.service[80153]: DEBUG keystone.server.flask.request_processing.middleware.auth_context [None req-5f95518b-e53c-4a60-8120-4b2cdfc6f9be None admin] Validating token access rules against request {{(pid=80153) validate_allowed_request /usr/local/lib/python3.8/dist-packages/keystonemiddleware/auth_token/__init__.py:545}}
Jul 19 10:50:59.932751 dv-cinder-master-3-iscsi devstack@keystone.service[80152]: DEBUG keystone.server.flask.request_processing.req_logging [None req-8e4bf691-43b0-4945-8f8e-95d43688eb98 None None] REQUEST_METHOD: `GET` {{(pid=80152) log_request_info /opt/stack/keystone/keystone/server/flask/request_processing/req_logging.py:27}}
Jul 19 10:50:59.933223 dv-cinder-master-3-iscsi devstack@keystone.service[80152]: DEBUG keystone.server.flask.request_processing.req_logging [None req-8e4bf691-43b0-4945-8f8e-95d43688eb98 None None] SCRIPT_NAME: `/identity` {{(pid=80152) log_request_info /opt/stack/keystone/keystone/server/flask/request_processing/req_logging.py:28}}
Jul 19 10:50:59.933690 dv-cinder-master-3-iscsi devstack@keystone.service[80152]: DEBUG keystone.server.flask.request_processing.req_logging [None req-8e4bf691-43b0-4945-8f8e-95d43688eb98 None None] PATH_INFO: `/` {{(pid=80152) log_request_info /opt/stack/keystone/keystone/server/flask/request_processing/req_logging.py:29}}
Jul 19 10:50:59.936304 dv-cinder-master-3-iscsi devstack@keystone.service[80152]: [pid: 80152|app: 0|req: 126/256] 10.222.0.33 () {54 vars in 926 bytes} [Tue Jul 19 10:50:59 2022] GET /identity => generated 270 bytes in 5 msecs (HTTP/1.1 300) 6 headers in 234 bytes (1 switches on core 0)
Jul 19 10:50:59.937789 dv-cinder-master-3-iscsi devstack@keystone.service[80152]: DEBUG keystone.server.flask.request_processing.middleware.auth_context [None req-8e4bf691-43b0-4945-8f8e-95d43688eb98 None None] Authenticating user token {{(pid=80152) process_request /usr/local/lib/python3.8/dist-packages/keystonemiddleware/auth_token/__init__.py:407}}
Jul 19 10:51:00.009634 dv-cinder-master-3-iscsi devstack@keystone.service[80153]: DEBUG keystone.server.flask.request_processing.middleware.auth_context [None req-10bf9eb6-7c9a-44f2-9180-e2c8caf15af9 None admin] RBAC: auth_context: {'token': , 'domain_id': None, 'trust_id': None, 'trustor_id': None, 'trustee_id': None, 'domain_name': None, 'group_ids': [], 'user_id': '1eaf5dcf504f41ff99cb8d55073af0f9', 'user_domain_id': 'default', 'system_scope': 'all', 'project_id': None, 'project_domain_id': None, 'roles': ['admin', 'member', 'reader'], 'is_admin_project': True, 'service_user_id': None, 'service_user_domain_id': None, 'service_project_id': None, 'service_project_domain_id': None, 'service_roles': []} {{(pid=80153) fill_context /opt/stack/keystone/keystone/server/flask/request_processing/middleware/auth_context.py:478}}
Jul 19 10:51:00.014035 dv-cinder-master-3-iscsi devstack@keystone.service[80153]: DEBUG keystone.server.flask.request_processing.req_logging [None req-10bf9eb6-7c9a-44f2-9180-e2c8caf15af9 None admin] REQUEST_METHOD: `PUT` {{(pid=80153) log_request_info /opt/stack/keystone/keystone/server/flask/request_processing/req_logging.py:27}}
Jul 19 10:51:00.014273 dv-cinder-master-3-iscsi devstack@keystone.service[80153]: DEBUG keystone.server.flask.request_processing.req_logging [None req-10bf9eb6-7c9a-44f2-9180-e2c8caf15af9 None admin] SCRIPT_NAME: `/identity` {{(pid=80153) log_request_info /opt/stack/keystone/keystone/server/flask/request_processing/req_logging.py:28}}
Jul 19 10:51:00.014791 dv-cinder-master-3-iscsi devstack@keystone.service[80153]: DEBUG keystone.server.flask.request_processing.req_logging [None req-10bf9eb6-7c9a-44f2-9180-e2c8caf15af9 None admin] PATH_INFO: `/v3/projects/9320bdfceba6447f80351a3d3e908964/users/d66744d8a442463a874c553296c2235d/roles/168377268ae14ad882f881d40dd39b5c` {{(pid=80153) log_request_info /opt/stack/keystone/keystone/server/flask/request_processing/req_logging.py:29}}
Jul 19 10:51:00.023745 dv-cinder-master-3-iscsi devstack@keystone.service[80153]: DEBUG keystone.common.rbac_enforcer.enforcer [None req-10bf9eb6-7c9a-44f2-9180-e2c8caf15af9 None admin] RBAC: Authorizing `identity:create_grant(project_id=9320bdfceba6447f80351a3d3e908964, user_id=d66744d8a442463a874c553296c2235d, role_id=168377268ae14ad882f881d40dd39b5c)` {{(pid=80153) enforce_call /opt/stack/keystone/keystone/common/rbac_enforcer/enforcer.py:449}}
Jul 19 10:51:00.025439 dv-cinder-master-3-iscsi devstack@keystone.service[80153]: DEBUG keystone.common.rbac_enforcer.enforcer [None req-10bf9eb6-7c9a-44f2-9180-e2c8caf15af9 None admin] RBAC: Authorization granted {{(pid=80153) enforce_call /opt/stack/keystone/keystone/common/rbac_enforcer/enforcer.py:457}}
Jul 19 10:51:00.054896 dv-cinder-master-3-iscsi devstack@keystone.service[80153]: [pid: 80153|app: 0|req: 131/257] 10.222.0.33 () {58 vars in 1439 bytes} [Tue Jul 19 10:50:59 2022] PUT /identity/v3/projects/9320bdfceba6447f80351a3d3e908964/users/d66744d8a442463a874c553296c2235d/roles/168377268ae14ad882f881d40dd39b5c => generated 0 bytes in 336 msecs (HTTP/1.1 204) 3 headers in 132 bytes (0 switches on core 0)
Jul 19 10:51:00.058118 dv-cinder-master-3-iscsi devstack@keystone.service[80153]: DEBUG keystone.server.flask.request_processing.req_logging [None req-98cb727f-b089-4a22-8be9-47027ed728bd None None] REQUEST_METHOD: `POST` {{(pid=80153) log_request_info /opt/stack/keystone/keystone/server/flask/request_processing/req_logging.py:27}}
Jul 19 10:51:00.059885 dv-cinder-master-3-iscsi devstack@keystone.service[80153]: DEBUG keystone.server.flask.request_processing.req_logging [None req-98cb727f-b089-4a22-8be9-47027ed728bd None None] SCRIPT_NAME: `/identity` {{(pid=80153) log_request_info /opt/stack/keystone/keystone/server/flask/request_processing/req_logging.py:28}}
Jul 19 10:51:00.060350 dv-cinder-master-3-iscsi devstack@keystone.service[80153]: DEBUG keystone.server.flask.request_processing.req_logging [None req-98cb727f-b089-4a22-8be9-47027ed728bd None None] PATH_INFO: `/v3/auth/tokens` {{(pid=80153) log_request_info /opt/stack/keystone/keystone/server/flask/request_processing/req_logging.py:29}}
Jul 19 10:51:00.103202 dv-cinder-master-3-iscsi devstack@keystone.service[80153]: DEBUG keystone.auth.core [None req-98cb727f-b089-4a22-8be9-47027ed728bd None None] MFA Rules not processed for user `1eaf5dcf504f41ff99cb8d55073af0f9`. Rule list: `[]` (Enabled: `True`). {{(pid=80153) check_auth_methods_against_rules /opt/stack/keystone/keystone/auth/core.py:438}}
Jul 19 10:51:00.104626 dv-cinder-master-3-iscsi devstack@keystone.service[80153]: DEBUG keystone.common.fernet_utils [None req-98cb727f-b089-4a22-8be9-47027ed728bd None None] Loaded 2 Fernet keys from /etc/keystone/fernet-keys/, but `[fernet_tokens] max_active_keys = 3`; perhaps there have not been enough key rotations to reach `max_active_keys` yet? {{(pid=80153) load_keys /opt/stack/keystone/keystone/common/fernet_utils.py:286}}
Jul 19 10:51:00.122720 dv-cinder-master-3-iscsi devstack@keystone.service[80152]: DEBUG dbcounter [-] [80152] Writing DB stats keystone:SELECT=100 {{(pid=80152) stat_writer /usr/local/lib/python3.8/dist-packages/dbcounter.py:114}}
Jul 19 10:51:00.130669 dv-cinder-master-3-iscsi devstack@keystone.service[80152]: DEBUG keystone.server.flask.request_processing.middleware.auth_context [None req-8e4bf691-43b0-4945-8f8e-95d43688eb98 None None] Validating token access rules against request {{(pid=80152) validate_allowed_request /usr/local/lib/python3.8/dist-packages/keystonemiddleware/auth_token/__init__.py:545}}
Jul 19 10:51:00.169079 dv-cinder-master-3-iscsi devstack@keystone.service[80153]: DEBUG dbcounter [-] [80153] Writing DB stats keystone:SELECT=99,keystone:INSERT=1 {{(pid=80153) stat_writer /usr/local/lib/python3.8/dist-packages/dbcounter.py:114}}
Jul 19 10:51:00.201233 dv-cinder-master-3-iscsi devstack@keystone.service[80153]: [pid: 80153|app: 0|req: 132/258] 10.222.0.33 () {58 vars in 1023 bytes} [Tue Jul 19 10:51:00 2022] POST /identity/v3/auth/tokens => generated 799 bytes in 145 msecs (HTTP/1.1 201) 6 headers in 363 bytes (1 switches on core 0)
Jul 19 10:51:00.204219 dv-cinder-master-3-iscsi devstack@keystone.service[80152]: DEBUG keystone.server.flask.request_processing.middleware.auth_context [None req-c9292f72-462d-4d18-83b9-cfae1df4d3a2 None admin] RBAC: auth_context: {'token': , 'domain_id': None, 'trust_id': None, 'trustor_id': None, 'trustee_id': None, 'domain_name': None, 'group_ids': [], 'user_id': '1eaf5dcf504f41ff99cb8d55073af0f9', 'user_domain_id': 'default', 'system_scope': 'all', 'project_id': None, 'project_domain_id': None, 'roles': ['admin', 'member', 'reader'], 'is_admin_project': True, 'service_user_id': None, 'service_user_domain_id': None, 'service_project_id': None, 'service_project_domain_id': None, 'service_roles': []} {{(pid=80152) fill_context /opt/stack/keystone/keystone/server/flask/request_processing/middleware/auth_context.py:478}}
Jul 19 10:51:00.205028 dv-cinder-master-3-iscsi devstack@keystone.service[80152]: DEBUG keystone.server.flask.request_processing.req_logging [None req-c9292f72-462d-4d18-83b9-cfae1df4d3a2 None admin] REQUEST_METHOD: `GET` {{(pid=80152) log_request_info /opt/stack/keystone/keystone/server/flask/request_processing/req_logging.py:27}}
Jul 19 10:51:00.205312 dv-cinder-master-3-iscsi devstack@keystone.service[80152]: DEBUG keystone.server.flask.request_processing.req_logging [None req-c9292f72-462d-4d18-83b9-cfae1df4d3a2 None admin] SCRIPT_NAME: `/identity` {{(pid=80152) log_request_info /opt/stack/keystone/keystone/server/flask/request_processing/req_logging.py:28}}
Jul 19 10:51:00.205774 dv-cinder-master-3-iscsi devstack@keystone.service[80152]: DEBUG keystone.server.flask.request_processing.req_logging [None req-c9292f72-462d-4d18-83b9-cfae1df4d3a2 None admin] PATH_INFO: `/v3/roles` {{(pid=80152) log_request_info /opt/stack/keystone/keystone/server/flask/request_processing/req_logging.py:29}}
Jul 19 10:51:00.206691 dv-cinder-master-3-iscsi devstack@keystone.service[80152]: DEBUG keystone.common.rbac_enforcer.enforcer [None req-c9292f72-462d-4d18-83b9-cfae1df4d3a2 None admin] RBAC: Adding query filter params (name=admin) {{(pid=80152) _extract_filter_values /opt/stack/keystone/keystone/common/rbac_enforcer/enforcer.py:167}}
Jul 19 10:51:00.207140 dv-cinder-master-3-iscsi devstack@keystone.service[80152]: DEBUG keystone.common.rbac_enforcer.enforcer [None req-c9292f72-462d-4d18-83b9-cfae1df4d3a2 None admin] RBAC: Authorizing `identity:list_roles()` {{(pid=80152) enforce_call /opt/stack/keystone/keystone/common/rbac_enforcer/enforcer.py:449}}
Jul 19 10:51:00.209192 dv-cinder-master-3-iscsi devstack@keystone.service[80152]: DEBUG keystone.common.rbac_enforcer.enforcer [None req-c9292f72-462d-4d18-83b9-cfae1df4d3a2 None admin] RBAC: Authorization granted {{(pid=80152) enforce_call /opt/stack/keystone/keystone/common/rbac_enforcer/enforcer.py:457}}
Jul 19 10:51:00.227211 dv-cinder-master-3-iscsi devstack@keystone.service[80153]: DEBUG keystone.server.flask.request_processing.middleware.auth_context [None req-98cb727f-b089-4a22-8be9-47027ed728bd None None] Authenticating user token {{(pid=80153) process_request /usr/local/lib/python3.8/dist-packages/keystonemiddleware/auth_token/__init__.py:407}}
Jul 19 10:51:00.229056 dv-cinder-master-3-iscsi devstack@keystone.service[80152]: [pid: 80152|app: 0|req: 127/259] 10.222.0.33 () {56 vars in 1099 bytes} [Tue Jul 19 10:50:59 2022] GET /identity/v3/roles?name=admin => generated 339 bytes in 292 msecs (HTTP/1.1 200) 5 headers in 177 bytes (1 switches on core 0)
Jul 19 10:51:00.237332 dv-cinder-master-3-iscsi devstack@keystone.service[80152]: DEBUG keystone.server.flask.request_processing.middleware.auth_context [None req-c9292f72-462d-4d18-83b9-cfae1df4d3a2 None admin] Authenticating user token {{(pid=80152) process_request /usr/local/lib/python3.8/dist-packages/keystonemiddleware/auth_token/__init__.py:407}}
Jul 19 10:51:00.382510 dv-cinder-master-3-iscsi devstack@keystone.service[80152]: DEBUG keystone.server.flask.request_processing.middleware.auth_context [None req-c9292f72-462d-4d18-83b9-cfae1df4d3a2 None admin] Validating token access rules against request {{(pid=80152) validate_allowed_request /usr/local/lib/python3.8/dist-packages/keystonemiddleware/auth_token/__init__.py:545}}
Jul 19 10:51:00.421081 dv-cinder-master-3-iscsi devstack@keystone.service[80152]: DEBUG keystone.server.flask.request_processing.middleware.auth_context [None req-9cc58658-5592-4922-b37b-8ebb2d1b7ebf None admin] RBAC: auth_context: {'token': , 'domain_id': None, 'trust_id': None, 'trustor_id': None, 'trustee_id': None, 'domain_name': None, 'group_ids': [], 'user_id': '1eaf5dcf504f41ff99cb8d55073af0f9', 'user_domain_id': 'default', 'system_scope': 'all', 'project_id': None, 'project_domain_id': None, 'roles': ['admin', 'member', 'reader'], 'is_admin_project': True, 'service_user_id': None, 'service_user_domain_id': None, 'service_project_id': None, 'service_project_domain_id': None, 'service_roles': []} {{(pid=80152) fill_context /opt/stack/keystone/keystone/server/flask/request_processing/middleware/auth_context.py:478}}
Jul 19 10:51:00.422197 dv-cinder-master-3-iscsi devstack@keystone.service[80152]: DEBUG keystone.server.flask.request_processing.req_logging [None req-9cc58658-5592-4922-b37b-8ebb2d1b7ebf None admin] REQUEST_METHOD: `GET` {{(pid=80152) log_request_info /opt/stack/keystone/keystone/server/flask/request_processing/req_logging.py:27}}
Jul 19 10:51:00.422420 dv-cinder-master-3-iscsi devstack@keystone.service[80153]: DEBUG keystone.server.flask.request_processing.middleware.auth_context [None req-98cb727f-b089-4a22-8be9-47027ed728bd None None] Validating token access rules against request {{(pid=80153) validate_allowed_request /usr/local/lib/python3.8/dist-packages/keystonemiddleware/auth_token/__init__.py:545}}
Jul 19 10:51:00.422796 dv-cinder-master-3-iscsi devstack@keystone.service[80152]: DEBUG keystone.server.flask.request_processing.req_logging [None req-9cc58658-5592-4922-b37b-8ebb2d1b7ebf None admin] SCRIPT_NAME: `/identity` {{(pid=80152) log_request_info /opt/stack/keystone/keystone/server/flask/request_processing/req_logging.py:28}}
Jul 19 10:51:00.423206 dv-cinder-master-3-iscsi devstack@keystone.service[80152]: DEBUG keystone.server.flask.request_processing.req_logging [None req-9cc58658-5592-4922-b37b-8ebb2d1b7ebf None admin] PATH_INFO: `/v3/users/0da0947504584451abd14e3a888beb69` {{(pid=80152) log_request_info /opt/stack/keystone/keystone/server/flask/request_processing/req_logging.py:29}}
Jul 19 10:51:00.424571 dv-cinder-master-3-iscsi devstack@keystone.service[80152]: DEBUG keystone.common.rbac_enforcer.enforcer [None req-9cc58658-5592-4922-b37b-8ebb2d1b7ebf None admin] RBAC: Authorizing `identity:get_user(user_id=0da0947504584451abd14e3a888beb69)` {{(pid=80152) enforce_call /opt/stack/keystone/keystone/common/rbac_enforcer/enforcer.py:449}}
Jul 19 10:51:00.426228 dv-cinder-master-3-iscsi devstack@keystone.service[80152]: DEBUG keystone.common.rbac_enforcer.enforcer [None req-9cc58658-5592-4922-b37b-8ebb2d1b7ebf None admin] RBAC: Authorization granted {{(pid=80152) enforce_call /opt/stack/keystone/keystone/common/rbac_enforcer/enforcer.py:457}}
Jul 19 10:51:00.428162 dv-cinder-master-3-iscsi devstack@keystone.service[80152]: [pid: 80152|app: 0|req: 128/260] 10.222.0.33 () {56 vars in 1177 bytes} [Tue Jul 19 10:51:00 2022] GET /identity/v3/users/0da0947504584451abd14e3a888beb69 => generated 283 bytes in 191 msecs (HTTP/1.1 200) 5 headers in 177 bytes (1 switches on core 0)
Jul 19 10:51:00.433800 dv-cinder-master-3-iscsi devstack@keystone.service[80152]: DEBUG keystone.server.flask.request_processing.middleware.auth_context [None req-9cc58658-5592-4922-b37b-8ebb2d1b7ebf None admin] Authenticating user token {{(pid=80152) process_request /usr/local/lib/python3.8/dist-packages/keystonemiddleware/auth_token/__init__.py:407}}
Jul 19 10:51:00.466760 dv-cinder-master-3-iscsi devstack@keystone.service[80152]: DEBUG dbcounter [-] [80152] Writing DB stats keystone:SELECT=100 {{(pid=80152) stat_writer /usr/local/lib/python3.8/dist-packages/dbcounter.py:114}}
Jul 19 10:51:00.513640 dv-cinder-master-3-iscsi devstack@keystone.service[80153]: DEBUG keystone.server.flask.request_processing.middleware.auth_context [None req-0425895e-a090-4e1e-91d8-072a290b1e11 None admin] RBAC: auth_context: {'token': , 'domain_id': None, 'trust_id': None, 'trustor_id': None, 'trustee_id': None, 'domain_name': None, 'group_ids': [], 'user_id': '1eaf5dcf504f41ff99cb8d55073af0f9', 'user_domain_id': 'default', 'system_scope': 'all', 'project_id': None, 'project_domain_id': None, 'roles': ['admin', 'member', 'reader'], 'is_admin_project': True, 'service_user_id': None, 'service_user_domain_id': None, 'service_project_id': None, 'service_project_domain_id': None, 'service_roles': []} {{(pid=80153) fill_context /opt/stack/keystone/keystone/server/flask/request_processing/middleware/auth_context.py:478}}
Jul 19 10:51:00.514634 dv-cinder-master-3-iscsi devstack@keystone.service[80153]: DEBUG keystone.server.flask.request_processing.req_logging [None req-0425895e-a090-4e1e-91d8-072a290b1e11 None admin] REQUEST_METHOD: `GET` {{(pid=80153) log_request_info /opt/stack/keystone/keystone/server/flask/request_processing/req_logging.py:27}}
