Jul 11 14:25:29.764206 dv-cinder-master-3-iscsi devstack@keystone.service[80423]: DEBUG keystone.server.flask.request_processing.middleware.auth_context [None req-25f729d7-0201-4cb8-9dc2-0a09c64deaad None admin] RBAC: auth_context: {'token': , 'domain_id': None, 'trust_id': None, 'trustor_id': None, 'trustee_id': None, 'domain_name': None, 'group_ids': [], 'user_id': 'a7d8b4db44114e1ba544d78dc12ef30a', 'user_domain_id': 'default', 'system_scope': 'all', 'project_id': None, 'project_domain_id': None, 'roles': ['admin', 'member', 'reader'], 'is_admin_project': True, 'service_user_id': None, 'service_user_domain_id': None, 'service_project_id': None, 'service_project_domain_id': None, 'service_roles': []} {{(pid=80423) fill_context /opt/stack/keystone/keystone/server/flask/request_processing/middleware/auth_context.py:478}}
Jul 11 14:25:29.764917 dv-cinder-master-3-iscsi devstack@keystone.service[80423]: DEBUG keystone.server.flask.request_processing.req_logging [None req-25f729d7-0201-4cb8-9dc2-0a09c64deaad None admin] REQUEST_METHOD: `GET` {{(pid=80423) log_request_info /opt/stack/keystone/keystone/server/flask/request_processing/req_logging.py:27}}
Jul 11 14:25:29.765216 dv-cinder-master-3-iscsi devstack@keystone.service[80423]: DEBUG keystone.server.flask.request_processing.req_logging [None req-25f729d7-0201-4cb8-9dc2-0a09c64deaad None admin] SCRIPT_NAME: `/identity` {{(pid=80423) log_request_info /opt/stack/keystone/keystone/server/flask/request_processing/req_logging.py:28}}
Jul 11 14:25:29.765507 dv-cinder-master-3-iscsi devstack@keystone.service[80423]: DEBUG keystone.server.flask.request_processing.req_logging [None req-25f729d7-0201-4cb8-9dc2-0a09c64deaad None admin] PATH_INFO: `/v3/roles` {{(pid=80423) log_request_info /opt/stack/keystone/keystone/server/flask/request_processing/req_logging.py:29}}
Jul 11 14:25:29.766290 dv-cinder-master-3-iscsi devstack@keystone.service[80423]: DEBUG keystone.common.rbac_enforcer.enforcer [None req-25f729d7-0201-4cb8-9dc2-0a09c64deaad None admin] RBAC: Adding query filter params (name=member) {{(pid=80423) _extract_filter_values /opt/stack/keystone/keystone/common/rbac_enforcer/enforcer.py:167}}
Jul 11 14:25:29.766635 dv-cinder-master-3-iscsi devstack@keystone.service[80423]: DEBUG keystone.common.rbac_enforcer.enforcer [None req-25f729d7-0201-4cb8-9dc2-0a09c64deaad None admin] RBAC: Authorizing `identity:list_roles()` {{(pid=80423) enforce_call /opt/stack/keystone/keystone/common/rbac_enforcer/enforcer.py:449}}
Jul 11 14:25:29.768061 dv-cinder-master-3-iscsi devstack@keystone.service[80423]: DEBUG keystone.common.rbac_enforcer.enforcer [None req-25f729d7-0201-4cb8-9dc2-0a09c64deaad None admin] RBAC: Authorization granted {{(pid=80423) enforce_call /opt/stack/keystone/keystone/common/rbac_enforcer/enforcer.py:457}}
Jul 11 14:25:29.785808 dv-cinder-master-3-iscsi devstack@keystone.service[80423]: [pid: 80423|app: 0|req: 54/116] 10.222.0.72 () {56 vars in 1101 bytes} [Mon Jul 11 14:25:29 2022] GET /identity/v3/roles?name=member => generated 341 bytes in 269 msecs (HTTP/1.1 200) 5 headers in 177 bytes (1 switches on core 0)
Jul 11 14:25:29.796168 dv-cinder-master-3-iscsi devstack@keystone.service[80423]: DEBUG keystone.server.flask.request_processing.middleware.auth_context [None req-25f729d7-0201-4cb8-9dc2-0a09c64deaad None admin] Authenticating user token {{(pid=80423) process_request /usr/local/lib/python3.8/dist-packages/keystonemiddleware/auth_token/__init__.py:407}}
Jul 11 14:25:29.801758 dv-cinder-master-3-iscsi devstack@keystone.service[80424]: DEBUG keystone.server.flask.request_processing.middleware.auth_context [None req-4ca8b5ef-68c2-4a82-8b8f-a59b7cbb4b4f None admin] RBAC: auth_context: {'token': , 'domain_id': None, 'trust_id': None, 'trustor_id': None, 'trustee_id': None, 'domain_name': None, 'group_ids': [], 'user_id': 'a7d8b4db44114e1ba544d78dc12ef30a', 'user_domain_id': 'default', 'system_scope': 'all', 'project_id': None, 'project_domain_id': None, 'roles': ['admin', 'member', 'reader'], 'is_admin_project': True, 'service_user_id': None, 'service_user_domain_id': None, 'service_project_id': None, 'service_project_domain_id': None, 'service_roles': []} {{(pid=80424) fill_context /opt/stack/keystone/keystone/server/flask/request_processing/middleware/auth_context.py:478}}
Jul 11 14:25:29.802491 dv-cinder-master-3-iscsi devstack@keystone.service[80424]: DEBUG keystone.server.flask.request_processing.req_logging [None req-4ca8b5ef-68c2-4a82-8b8f-a59b7cbb4b4f None admin] REQUEST_METHOD: `GET` {{(pid=80424) log_request_info /opt/stack/keystone/keystone/server/flask/request_processing/req_logging.py:27}}
Jul 11 14:25:29.802789 dv-cinder-master-3-iscsi devstack@keystone.service[80424]: DEBUG keystone.server.flask.request_processing.req_logging [None req-4ca8b5ef-68c2-4a82-8b8f-a59b7cbb4b4f None admin] SCRIPT_NAME: `/identity` {{(pid=80424) log_request_info /opt/stack/keystone/keystone/server/flask/request_processing/req_logging.py:28}}
Jul 11 14:25:29.803071 dv-cinder-master-3-iscsi devstack@keystone.service[80424]: DEBUG keystone.server.flask.request_processing.req_logging [None req-4ca8b5ef-68c2-4a82-8b8f-a59b7cbb4b4f None admin] PATH_INFO: `/v3/roles` {{(pid=80424) log_request_info /opt/stack/keystone/keystone/server/flask/request_processing/req_logging.py:29}}
Jul 11 14:25:29.803847 dv-cinder-master-3-iscsi devstack@keystone.service[80424]: DEBUG keystone.common.rbac_enforcer.enforcer [None req-4ca8b5ef-68c2-4a82-8b8f-a59b7cbb4b4f None admin] RBAC: Adding query filter params (name=admin) {{(pid=80424) _extract_filter_values /opt/stack/keystone/keystone/common/rbac_enforcer/enforcer.py:167}}
Jul 11 14:25:29.804163 dv-cinder-master-3-iscsi devstack@keystone.service[80424]: DEBUG keystone.common.rbac_enforcer.enforcer [None req-4ca8b5ef-68c2-4a82-8b8f-a59b7cbb4b4f None admin] RBAC: Authorizing `identity:list_roles()` {{(pid=80424) enforce_call /opt/stack/keystone/keystone/common/rbac_enforcer/enforcer.py:449}}
Jul 11 14:25:29.805675 dv-cinder-master-3-iscsi devstack@keystone.service[80424]: DEBUG keystone.common.rbac_enforcer.enforcer [None req-4ca8b5ef-68c2-4a82-8b8f-a59b7cbb4b4f None admin] RBAC: Authorization granted {{(pid=80424) enforce_call /opt/stack/keystone/keystone/common/rbac_enforcer/enforcer.py:457}}
Jul 11 14:25:29.820215 dv-cinder-master-3-iscsi devstack@keystone.service[80424]: [pid: 80424|app: 0|req: 63/117] 10.222.0.72 () {56 vars in 1099 bytes} [Mon Jul 11 14:25:29 2022] GET /identity/v3/roles?name=admin => generated 339 bytes in 312 msecs (HTTP/1.1 200) 5 headers in 177 bytes (2 switches on core 0)
Jul 11 14:25:29.826890 dv-cinder-master-3-iscsi devstack@keystone.service[80424]: DEBUG keystone.server.flask.request_processing.middleware.auth_context [None req-4ca8b5ef-68c2-4a82-8b8f-a59b7cbb4b4f None admin] Authenticating user token {{(pid=80424) process_request /usr/local/lib/python3.8/dist-packages/keystonemiddleware/auth_token/__init__.py:407}}
Jul 11 14:25:29.830946 dv-cinder-master-3-iscsi devstack@keystone.service[80423]: DEBUG dbcounter [-] [80423] Writing DB stats keystone:SELECT=100 {{(pid=80423) stat_writer /usr/local/lib/python3.8/dist-packages/dbcounter.py:114}}
Jul 11 14:25:29.958563 dv-cinder-master-3-iscsi devstack@keystone.service[80423]: DEBUG keystone.server.flask.request_processing.middleware.auth_context [None req-25f729d7-0201-4cb8-9dc2-0a09c64deaad None admin] Validating token access rules against request {{(pid=80423) validate_allowed_request /usr/local/lib/python3.8/dist-packages/keystonemiddleware/auth_token/__init__.py:545}}
Jul 11 14:25:29.996228 dv-cinder-master-3-iscsi devstack@keystone.service[80423]: DEBUG keystone.server.flask.request_processing.middleware.auth_context [None req-18032a30-f558-4544-ac23-ebc6b39c9a2d None admin] RBAC: auth_context: {'token': , 'domain_id': None, 'trust_id': None, 'trustor_id': None, 'trustee_id': None, 'domain_name': None, 'group_ids': [], 'user_id': 'a7d8b4db44114e1ba544d78dc12ef30a', 'user_domain_id': 'default', 'system_scope': 'all', 'project_id': None, 'project_domain_id': None, 'roles': ['admin', 'member', 'reader'], 'is_admin_project': True, 'service_user_id': None, 'service_user_domain_id': None, 'service_project_id': None, 'service_project_domain_id': None, 'service_roles': []} {{(pid=80423) fill_context /opt/stack/keystone/keystone/server/flask/request_processing/middleware/auth_context.py:478}}
Jul 11 14:25:29.997130 dv-cinder-master-3-iscsi devstack@keystone.service[80423]: DEBUG keystone.server.flask.request_processing.req_logging [None req-18032a30-f558-4544-ac23-ebc6b39c9a2d None admin] REQUEST_METHOD: `GET` {{(pid=80423) log_request_info /opt/stack/keystone/keystone/server/flask/request_processing/req_logging.py:27}}
Jul 11 14:25:29.997424 dv-cinder-master-3-iscsi devstack@keystone.service[80423]: DEBUG keystone.server.flask.request_processing.req_logging [None req-18032a30-f558-4544-ac23-ebc6b39c9a2d None admin] SCRIPT_NAME: `/identity` {{(pid=80423) log_request_info /opt/stack/keystone/keystone/server/flask/request_processing/req_logging.py:28}}
Jul 11 14:25:29.997713 dv-cinder-master-3-iscsi devstack@keystone.service[80423]: DEBUG keystone.server.flask.request_processing.req_logging [None req-18032a30-f558-4544-ac23-ebc6b39c9a2d None admin] PATH_INFO: `/v3/users/a6d8547cc7c84d159b1e737f172c73fd` {{(pid=80423) log_request_info /opt/stack/keystone/keystone/server/flask/request_processing/req_logging.py:29}}
Jul 11 14:25:29.998539 dv-cinder-master-3-iscsi devstack@keystone.service[80424]: DEBUG keystone.server.flask.request_processing.middleware.auth_context [None req-4ca8b5ef-68c2-4a82-8b8f-a59b7cbb4b4f None admin] Validating token access rules against request {{(pid=80424) validate_allowed_request /usr/local/lib/python3.8/dist-packages/keystonemiddleware/auth_token/__init__.py:545}}
Jul 11 14:25:29.998999 dv-cinder-master-3-iscsi devstack@keystone.service[80423]: DEBUG keystone.common.rbac_enforcer.enforcer [None req-18032a30-f558-4544-ac23-ebc6b39c9a2d None admin] RBAC: Authorizing `identity:get_user(user_id=a6d8547cc7c84d159b1e737f172c73fd)` {{(pid=80423) enforce_call /opt/stack/keystone/keystone/common/rbac_enforcer/enforcer.py:449}}
Jul 11 14:25:30.000500 dv-cinder-master-3-iscsi devstack@keystone.service[80423]: DEBUG keystone.common.rbac_enforcer.enforcer [None req-18032a30-f558-4544-ac23-ebc6b39c9a2d None admin] RBAC: Authorization granted {{(pid=80423) enforce_call /opt/stack/keystone/keystone/common/rbac_enforcer/enforcer.py:457}}
Jul 11 14:25:30.002197 dv-cinder-master-3-iscsi devstack@keystone.service[80423]: [pid: 80423|app: 0|req: 55/118] 10.222.0.72 () {56 vars in 1177 bytes} [Mon Jul 11 14:25:29 2022] GET /identity/v3/users/a6d8547cc7c84d159b1e737f172c73fd => generated 275 bytes in 206 msecs (HTTP/1.1 200) 5 headers in 177 bytes (1 switches on core 0)
Jul 11 14:25:30.008876 dv-cinder-master-3-iscsi devstack@keystone.service[80423]: DEBUG keystone.server.flask.request_processing.middleware.auth_context [None req-18032a30-f558-4544-ac23-ebc6b39c9a2d None admin] Authenticating user token {{(pid=80423) process_request /usr/local/lib/python3.8/dist-packages/keystonemiddleware/auth_token/__init__.py:407}}
Jul 11 14:25:30.018839 dv-cinder-master-3-iscsi devstack@keystone.service[80424]: DEBUG dbcounter [-] [80424] Writing DB stats keystone:SELECT=100 {{(pid=80424) stat_writer /usr/local/lib/python3.8/dist-packages/dbcounter.py:114}}
Jul 11 14:25:30.068417 dv-cinder-master-3-iscsi devstack@keystone.service[80424]: DEBUG keystone.server.flask.request_processing.middleware.auth_context [None req-66d62f9c-d121-4a38-900a-e739d0a27c8a None admin] RBAC: auth_context: {'token': , 'domain_id': None, 'trust_id': None, 'trustor_id': None, 'trustee_id': None, 'domain_name': None, 'group_ids': [], 'user_id': 'a7d8b4db44114e1ba544d78dc12ef30a', 'user_domain_id': 'default', 'system_scope': 'all', 'project_id': None, 'project_domain_id': None, 'roles': ['admin', 'member', 'reader'], 'is_admin_project': True, 'service_user_id': None, 'service_user_domain_id': None, 'service_project_id': None, 'service_project_domain_id': None, 'service_roles': []} {{(pid=80424) fill_context /opt/stack/keystone/keystone/server/flask/request_processing/middleware/auth_context.py:478}}
Jul 11 14:25:30.069407 dv-cinder-master-3-iscsi devstack@keystone.service[80424]: DEBUG keystone.server.flask.request_processing.req_logging [None req-66d62f9c-d121-4a38-900a-e739d0a27c8a None admin] REQUEST_METHOD: `GET` {{(pid=80424) log_request_info /opt/stack/keystone/keystone/server/flask/request_processing/req_logging.py:27}}
Jul 11 14:25:30.069701 dv-cinder-master-3-iscsi devstack@keystone.service[80424]: DEBUG keystone.server.flask.request_processing.req_logging [None req-66d62f9c-d121-4a38-900a-e739d0a27c8a None admin] SCRIPT_NAME: `/identity` {{(pid=80424) log_request_info /opt/stack/keystone/keystone/server/flask/request_processing/req_logging.py:28}}
Jul 11 14:25:30.069982 dv-cinder-master-3-iscsi devstack@keystone.service[80424]: DEBUG keystone.server.flask.request_processing.req_logging [None req-66d62f9c-d121-4a38-900a-e739d0a27c8a None admin] PATH_INFO: `/v3/users/a7d8b4db44114e1ba544d78dc12ef30a` {{(pid=80424) log_request_info /opt/stack/keystone/keystone/server/flask/request_processing/req_logging.py:29}}
Jul 11 14:25:30.073094 dv-cinder-master-3-iscsi devstack@keystone.service[80424]: DEBUG keystone.common.rbac_enforcer.enforcer [None req-66d62f9c-d121-4a38-900a-e739d0a27c8a None admin] RBAC: Authorizing `identity:get_user(user_id=a7d8b4db44114e1ba544d78dc12ef30a)` {{(pid=80424) enforce_call /opt/stack/keystone/keystone/common/rbac_enforcer/enforcer.py:449}}
Jul 11 14:25:30.074946 dv-cinder-master-3-iscsi devstack@keystone.service[80424]: DEBUG keystone.common.rbac_enforcer.enforcer [None req-66d62f9c-d121-4a38-900a-e739d0a27c8a None admin] RBAC: Authorization granted {{(pid=80424) enforce_call /opt/stack/keystone/keystone/common/rbac_enforcer/enforcer.py:457}}
Jul 11 14:25:30.080431 dv-cinder-master-3-iscsi devstack@keystone.service[80424]: [pid: 80424|app: 0|req: 64/119] 10.222.0.72 () {56 vars in 1177 bytes} [Mon Jul 11 14:25:29 2022] GET /identity/v3/users/a7d8b4db44114e1ba544d78dc12ef30a => generated 247 bytes in 251 msecs (HTTP/1.1 200) 5 headers in 177 bytes (1 switches on core 0)
Jul 11 14:25:30.082470 dv-cinder-master-3-iscsi devstack@keystone.service[80424]: DEBUG keystone.server.flask.request_processing.middleware.auth_context [None req-66d62f9c-d121-4a38-900a-e739d0a27c8a None admin] Authenticating user token {{(pid=80424) process_request /usr/local/lib/python3.8/dist-packages/keystonemiddleware/auth_token/__init__.py:407}}
Jul 11 14:25:30.166829 dv-cinder-master-3-iscsi devstack@keystone.service[80423]: DEBUG dbcounter [-] [80423] Writing DB stats keystone:SELECT=100 {{(pid=80423) stat_writer /usr/local/lib/python3.8/dist-packages/dbcounter.py:114}}
Jul 11 14:25:30.188079 dv-cinder-master-3-iscsi devstack@keystone.service[80423]: DEBUG keystone.server.flask.request_processing.middleware.auth_context [None req-18032a30-f558-4544-ac23-ebc6b39c9a2d None admin] Validating token access rules against request {{(pid=80423) validate_allowed_request /usr/local/lib/python3.8/dist-packages/keystonemiddleware/auth_token/__init__.py:545}}
Jul 11 14:25:30.235470 dv-cinder-master-3-iscsi devstack@keystone.service[80423]: DEBUG keystone.server.flask.request_processing.middleware.auth_context [None req-ec0f683f-322b-452c-84e0-692691a3271d None admin] RBAC: auth_context: {'token': , 'domain_id': None, 'trust_id': None, 'trustor_id': None, 'trustee_id': None, 'domain_name': None, 'group_ids': [], 'user_id': 'a7d8b4db44114e1ba544d78dc12ef30a', 'user_domain_id': 'default', 'system_scope': 'all', 'project_id': None, 'project_domain_id': None, 'roles': ['admin', 'member', 'reader'], 'is_admin_project': True, 'service_user_id': None, 'service_user_domain_id': None, 'service_project_id': None, 'service_project_domain_id': None, 'service_roles': []} {{(pid=80423) fill_context /opt/stack/keystone/keystone/server/flask/request_processing/middleware/auth_context.py:478}}
Jul 11 14:25:30.236331 dv-cinder-master-3-iscsi devstack@keystone.service[80423]: DEBUG keystone.server.flask.request_processing.req_logging [None req-ec0f683f-322b-452c-84e0-692691a3271d None admin] REQUEST_METHOD: `GET` {{(pid=80423) log_request_info /opt/stack/keystone/keystone/server/flask/request_processing/req_logging.py:27}}
Jul 11 14:25:30.236623 dv-cinder-master-3-iscsi devstack@keystone.service[80423]: DEBUG keystone.server.flask.request_processing.req_logging [None req-ec0f683f-322b-452c-84e0-692691a3271d None admin] SCRIPT_NAME: `/identity` {{(pid=80423) log_request_info /opt/stack/keystone/keystone/server/flask/request_processing/req_logging.py:28}}
Jul 11 14:25:30.236907 dv-cinder-master-3-iscsi devstack@keystone.service[80423]: DEBUG keystone.server.flask.request_processing.req_logging [None req-ec0f683f-322b-452c-84e0-692691a3271d None admin] PATH_INFO: `/v3/projects/20d7b62cf0cc4fd6a3c30e3584353f0a` {{(pid=80423) log_request_info /opt/stack/keystone/keystone/server/flask/request_processing/req_logging.py:29}}
Jul 11 14:25:30.238474 dv-cinder-master-3-iscsi devstack@keystone.service[80423]: DEBUG keystone.common.rbac_enforcer.enforcer [None req-ec0f683f-322b-452c-84e0-692691a3271d None admin] RBAC: Authorizing `identity:get_project(project_id=20d7b62cf0cc4fd6a3c30e3584353f0a)` {{(pid=80423) enforce_call /opt/stack/keystone/keystone/common/rbac_enforcer/enforcer.py:449}}
Jul 11 14:25:30.239970 dv-cinder-master-3-iscsi devstack@keystone.service[80423]: DEBUG keystone.common.rbac_enforcer.enforcer [None req-ec0f683f-322b-452c-84e0-692691a3271d None admin] RBAC: Authorization granted {{(pid=80423) enforce_call /opt/stack/keystone/keystone/common/rbac_enforcer/enforcer.py:457}}
Jul 11 14:25:30.241960 dv-cinder-master-3-iscsi devstack@keystone.service[80423]: [pid: 80423|app: 0|req: 56/120] 10.222.0.72 () {56 vars in 1186 bytes} [Mon Jul 11 14:25:30 2022] GET /identity/v3/projects/20d7b62cf0cc4fd6a3c30e3584353f0a => generated 298 bytes in 234 msecs (HTTP/1.1 200) 5 headers in 177 bytes (2 switches on core 0)
Jul 11 14:25:30.248097 dv-cinder-master-3-iscsi devstack@keystone.service[80423]: DEBUG keystone.server.flask.request_processing.middleware.auth_context [None req-ec0f683f-322b-452c-84e0-692691a3271d None admin] Authenticating user token {{(pid=80423) process_request /usr/local/lib/python3.8/dist-packages/keystonemiddleware/auth_token/__init__.py:407}}
Jul 11 14:25:30.348754 dv-cinder-master-3-iscsi devstack@keystone.service[80424]: DEBUG keystone.server.flask.request_processing.middleware.auth_context [None req-66d62f9c-d121-4a38-900a-e739d0a27c8a None admin] Validating token access rules against request {{(pid=80424) validate_allowed_request /usr/local/lib/python3.8/dist-packages/keystonemiddleware/auth_token/__init__.py:545}}
Jul 11 14:25:30.359824 dv-cinder-master-3-iscsi devstack@keystone.service[80423]: DEBUG keystone.server.flask.request_processing.middleware.auth_context [None req-ec0f683f-322b-452c-84e0-692691a3271d None admin] Validating token access rules against request {{(pid=80423) validate_allowed_request /usr/local/lib/python3.8/dist-packages/keystonemiddleware/auth_token/__init__.py:545}}
Jul 11 14:25:30.387794 dv-cinder-master-3-iscsi devstack@keystone.service[80424]: DEBUG keystone.server.flask.request_processing.middleware.auth_context [None req-25a7be8f-1c64-481d-8333-53136ac1a2bc None admin] RBAC: auth_context: {'token': , 'domain_id': None, 'trust_id': None, 'trustor_id': None, 'trustee_id': None, 'domain_name': None, 'group_ids': [], 'user_id': 'a7d8b4db44114e1ba544d78dc12ef30a', 'user_domain_id': 'default', 'system_scope': 'all', 'project_id': None, 'project_domain_id': None, 'roles': ['admin', 'member', 'reader'], 'is_admin_project': True, 'service_user_id': None, 'service_user_domain_id': None, 'service_project_id': None, 'service_project_domain_id': None, 'service_roles': []} {{(pid=80424) fill_context /opt/stack/keystone/keystone/server/flask/request_processing/middleware/auth_context.py:478}}
Jul 11 14:25:30.388679 dv-cinder-master-3-iscsi devstack@keystone.service[80424]: DEBUG keystone.server.flask.request_processing.req_logging [None req-25a7be8f-1c64-481d-8333-53136ac1a2bc None admin] REQUEST_METHOD: `GET` {{(pid=80424) log_request_info /opt/stack/keystone/keystone/server/flask/request_processing/req_logging.py:27}}
Jul 11 14:25:30.388968 dv-cinder-master-3-iscsi devstack@keystone.service[80424]: DEBUG keystone.server.flask.request_processing.req_logging [None req-25a7be8f-1c64-481d-8333-53136ac1a2bc None admin] SCRIPT_NAME: `/identity` {{(pid=80424) log_request_info /opt/stack/keystone/keystone/server/flask/request_processing/req_logging.py:28}}
Jul 11 14:25:30.389378 dv-cinder-master-3-iscsi devstack@keystone.service[80424]: DEBUG keystone.server.flask.request_processing.req_logging [None req-25a7be8f-1c64-481d-8333-53136ac1a2bc None admin] PATH_INFO: `/v3/projects/20d7b62cf0cc4fd6a3c30e3584353f0a` {{(pid=80424) log_request_info /opt/stack/keystone/keystone/server/flask/request_processing/req_logging.py:29}}
Jul 11 14:25:30.390954 dv-cinder-master-3-iscsi devstack@keystone.service[80424]: DEBUG keystone.common.rbac_enforcer.enforcer [None req-25a7be8f-1c64-481d-8333-53136ac1a2bc None admin] RBAC: Authorizing `identity:get_project(project_id=20d7b62cf0cc4fd6a3c30e3584353f0a)` {{(pid=80424) enforce_call /opt/stack/keystone/keystone/common/rbac_enforcer/enforcer.py:449}}
Jul 11 14:25:30.392546 dv-cinder-master-3-iscsi devstack@keystone.service[80424]: DEBUG keystone.common.rbac_enforcer.enforcer [None req-25a7be8f-1c64-481d-8333-53136ac1a2bc None admin] RBAC: Authorization granted {{(pid=80424) enforce_call /opt/stack/keystone/keystone/common/rbac_enforcer/enforcer.py:457}}
Jul 11 14:25:30.394486 dv-cinder-master-3-iscsi devstack@keystone.service[80424]: [pid: 80424|app: 0|req: 65/121] 10.222.0.72 () {56 vars in 1186 bytes} [Mon Jul 11 14:25:30 2022] GET /identity/v3/projects/20d7b62cf0cc4fd6a3c30e3584353f0a => generated 298 bytes in 313 msecs (HTTP/1.1 200) 5 headers in 177 bytes (2 switches on core 0)
Jul 11 14:25:30.395999 dv-cinder-master-3-iscsi devstack@keystone.service[80424]: DEBUG keystone.server.flask.request_processing.req_logging [None req-b6c514b3-6504-4334-8064-4f8e95e48713 None None] REQUEST_METHOD: `GET` {{(pid=80424) log_request_info /opt/stack/keystone/keystone/server/flask/request_processing/req_logging.py:27}}
Jul 11 14:25:30.396296 dv-cinder-master-3-iscsi devstack@keystone.service[80424]: DEBUG keystone.server.flask.request_processing.req_logging [None req-b6c514b3-6504-4334-8064-4f8e95e48713 None None] SCRIPT_NAME: `/identity` {{(pid=80424) log_request_info /opt/stack/keystone/keystone/server/flask/request_processing/req_logging.py:28}}
Jul 11 14:25:30.396583 dv-cinder-master-3-iscsi devstack@keystone.service[80424]: DEBUG keystone.server.flask.request_processing.req_logging [None req-b6c514b3-6504-4334-8064-4f8e95e48713 None None] PATH_INFO: `/` {{(pid=80424) log_request_info /opt/stack/keystone/keystone/server/flask/request_processing/req_logging.py:29}}
Jul 11 14:25:30.397883 dv-cinder-master-3-iscsi devstack@keystone.service[80424]: [pid: 80424|app: 0|req: 66/122] 10.222.0.72 () {54 vars in 926 bytes} [Mon Jul 11 14:25:30 2022] GET /identity => generated 270 bytes in 3 msecs (HTTP/1.1 300) 6 headers in 234 bytes (1 switches on core 0)
Jul 11 14:25:30.399406 dv-cinder-master-3-iscsi devstack@keystone.service[80423]: DEBUG keystone.server.flask.request_processing.middleware.auth_context [None req-7d4c3bbf-f9ea-412b-a618-37812c46eaaa None admin] RBAC: auth_context: {'token': , 'domain_id': None, 'trust_id': None, 'trustor_id': None, 'trustee_id': None, 'domain_name': None, 'group_ids': [], 'user_id': 'a7d8b4db44114e1ba544d78dc12ef30a', 'user_domain_id': 'default', 'system_scope': 'all', 'project_id': None, 'project_domain_id': None, 'roles': ['admin', 'member', 'reader'], 'is_admin_project': True, 'service_user_id': None, 'service_user_domain_id': None, 'service_project_id': None, 'service_project_domain_id': None, 'service_roles': []} {{(pid=80423) fill_context /opt/stack/keystone/keystone/server/flask/request_processing/middleware/auth_context.py:478}}
Jul 11 14:25:30.400887 dv-cinder-master-3-iscsi devstack@keystone.service[80423]: DEBUG keystone.server.flask.request_processing.req_logging [None req-7d4c3bbf-f9ea-412b-a618-37812c46eaaa None admin] REQUEST_METHOD: `PUT` {{(pid=80423) log_request_info /opt/stack/keystone/keystone/server/flask/request_processing/req_logging.py:27}}
Jul 11 14:25:30.401367 dv-cinder-master-3-iscsi devstack@keystone.service[80423]: DEBUG keystone.server.flask.request_processing.req_logging [None req-7d4c3bbf-f9ea-412b-a618-37812c46eaaa None admin] SCRIPT_NAME: `/identity` {{(pid=80423) log_request_info /opt/stack/keystone/keystone/server/flask/request_processing/req_logging.py:28}}
Jul 11 14:25:30.401835 dv-cinder-master-3-iscsi devstack@keystone.service[80423]: DEBUG keystone.server.flask.request_processing.req_logging [None req-7d4c3bbf-f9ea-412b-a618-37812c46eaaa None admin] PATH_INFO: `/v3/projects/20d7b62cf0cc4fd6a3c30e3584353f0a/users/a6d8547cc7c84d159b1e737f172c73fd/roles/0d2588012d264232b288e3d89e4579c3` {{(pid=80423) log_request_info /opt/stack/keystone/keystone/server/flask/request_processing/req_logging.py:29}}
Jul 11 14:25:30.402542 dv-cinder-master-3-iscsi devstack@keystone.service[80424]: DEBUG keystone.server.flask.request_processing.middleware.auth_context [None req-b6c514b3-6504-4334-8064-4f8e95e48713 None None] Authenticating user token {{(pid=80424) process_request /usr/local/lib/python3.8/dist-packages/keystonemiddleware/auth_token/__init__.py:407}}
Jul 11 14:25:30.404455 dv-cinder-master-3-iscsi devstack@keystone.service[80423]: DEBUG keystone.common.rbac_enforcer.enforcer [None req-7d4c3bbf-f9ea-412b-a618-37812c46eaaa None admin] RBAC: Authorizing `identity:create_grant(project_id=20d7b62cf0cc4fd6a3c30e3584353f0a, user_id=a6d8547cc7c84d159b1e737f172c73fd, role_id=0d2588012d264232b288e3d89e4579c3)` {{(pid=80423) enforce_call /opt/stack/keystone/keystone/common/rbac_enforcer/enforcer.py:449}}
Jul 11 14:25:30.406651 dv-cinder-master-3-iscsi devstack@keystone.service[80423]: DEBUG keystone.common.rbac_enforcer.enforcer [None req-7d4c3bbf-f9ea-412b-a618-37812c46eaaa None admin] RBAC: Authorization granted {{(pid=80423) enforce_call /opt/stack/keystone/keystone/common/rbac_enforcer/enforcer.py:457}}
Jul 11 14:25:30.437062 dv-cinder-master-3-iscsi devstack@keystone.service[80423]: [pid: 80423|app: 0|req: 57/123] 10.222.0.72 () {58 vars in 1439 bytes} [Mon Jul 11 14:25:30 2022] PUT /identity/v3/projects/20d7b62cf0cc4fd6a3c30e3584353f0a/users/a6d8547cc7c84d159b1e737f172c73fd/roles/0d2588012d264232b288e3d89e4579c3 => generated 0 bytes in 189 msecs (HTTP/1.1 204) 3 headers in 132 bytes (1 switches on core 0)
Jul 11 14:25:30.439090 dv-cinder-master-3-iscsi devstack@keystone.service[80423]: DEBUG keystone.server.flask.request_processing.req_logging [None req-9986d368-d22d-4fa7-b1fa-901d0ad4857f None None] REQUEST_METHOD: `POST` {{(pid=80423) log_request_info /opt/stack/keystone/keystone/server/flask/request_processing/req_logging.py:27}}
Jul 11 14:25:30.439585 dv-cinder-master-3-iscsi devstack@keystone.service[80423]: DEBUG keystone.server.flask.request_processing.req_logging [None req-9986d368-d22d-4fa7-b1fa-901d0ad4857f None None] SCRIPT_NAME: `/identity` {{(pid=80423) log_request_info /opt/stack/keystone/keystone/server/flask/request_processing/req_logging.py:28}}
Jul 11 14:25:30.440045 dv-cinder-master-3-iscsi devstack@keystone.service[80423]: DEBUG keystone.server.flask.request_processing.req_logging [None req-9986d368-d22d-4fa7-b1fa-901d0ad4857f None None] PATH_INFO: `/v3/auth/tokens` {{(pid=80423) log_request_info /opt/stack/keystone/keystone/server/flask/request_processing/req_logging.py:29}}
Jul 11 14:25:30.471839 dv-cinder-master-3-iscsi devstack@keystone.service[80423]: DEBUG keystone.auth.core [None req-9986d368-d22d-4fa7-b1fa-901d0ad4857f None None] MFA Rules not processed for user `a7d8b4db44114e1ba544d78dc12ef30a`. Rule list: `[]` (Enabled: `True`). {{(pid=80423) check_auth_methods_against_rules /opt/stack/keystone/keystone/auth/core.py:438}}
Jul 11 14:25:30.473680 dv-cinder-master-3-iscsi devstack@keystone.service[80423]: DEBUG keystone.common.fernet_utils [None req-9986d368-d22d-4fa7-b1fa-901d0ad4857f None None] Loaded 2 Fernet keys from /etc/keystone/fernet-keys/, but `[fernet_tokens] max_active_keys = 3`; perhaps there have not been enough key rotations to reach `max_active_keys` yet? {{(pid=80423) load_keys /opt/stack/keystone/keystone/common/fernet_utils.py:286}}
Jul 11 14:25:30.486657 dv-cinder-master-3-iscsi devstack@keystone.service[80424]: DEBUG dbcounter [-] [80424] Writing DB stats keystone:SELECT=100 {{(pid=80424) stat_writer /usr/local/lib/python3.8/dist-packages/dbcounter.py:114}}
Jul 11 14:25:30.490788 dv-cinder-master-3-iscsi devstack@keystone.service[80423]: DEBUG dbcounter [-] [80423] Writing DB stats keystone:SELECT=99,keystone:INSERT=1 {{(pid=80423) stat_writer /usr/local/lib/python3.8/dist-packages/dbcounter.py:114}}
Jul 11 14:25:30.586389 dv-cinder-master-3-iscsi devstack@keystone.service[80424]: DEBUG keystone.server.flask.request_processing.middleware.auth_context [None req-b6c514b3-6504-4334-8064-4f8e95e48713 None None] Validating token access rules against request {{(pid=80424) validate_allowed_request /usr/local/lib/python3.8/dist-packages/keystonemiddleware/auth_token/__init__.py:545}}
Jul 11 14:25:30.597358 dv-cinder-master-3-iscsi devstack@keystone.service[80423]: [pid: 80423|app: 0|req: 58/124] 10.222.0.72 () {58 vars in 1023 bytes} [Mon Jul 11 14:25:30 2022] POST /identity/v3/auth/tokens => generated 799 bytes in 159 msecs (HTTP/1.1 201) 6 headers in 363 bytes (1 switches on core 0)
Jul 11 14:25:30.630511 dv-cinder-master-3-iscsi devstack@keystone.service[80423]: DEBUG keystone.server.flask.request_processing.middleware.auth_context [None req-9986d368-d22d-4fa7-b1fa-901d0ad4857f None None] Authenticating user token {{(pid=80423) process_request /usr/local/lib/python3.8/dist-packages/keystonemiddleware/auth_token/__init__.py:407}}
Jul 11 14:25:30.631077 dv-cinder-master-3-iscsi devstack@keystone.service[80424]: DEBUG keystone.server.flask.request_processing.middleware.auth_context [None req-9be31902-cf88-4772-a440-d21a62dd09ee None admin] RBAC: auth_context: {'token': , 'domain_id': None, 'trust_id': None, 'trustor_id': None, 'trustee_id': None, 'domain_name': None, 'group_ids': [], 'user_id': 'a7d8b4db44114e1ba544d78dc12ef30a', 'user_domain_id': 'default', 'system_scope': 'all', 'project_id': None, 'project_domain_id': None, 'roles': ['admin', 'member', 'reader'], 'is_admin_project': True, 'service_user_id': None, 'service_user_domain_id': None, 'service_project_id': None, 'service_project_domain_id': None, 'service_roles': []} {{(pid=80424) fill_context /opt/stack/keystone/keystone/server/flask/request_processing/middleware/auth_context.py:478}}
Jul 11 14:25:30.631994 dv-cinder-master-3-iscsi devstack@keystone.service[80424]: DEBUG keystone.server.flask.request_processing.req_logging [None req-9be31902-cf88-4772-a440-d21a62dd09ee None admin] REQUEST_METHOD: `PUT` {{(pid=80424) log_request_info /opt/stack/keystone/keystone/server/flask/request_processing/req_logging.py:27}}
Jul 11 14:25:30.632281 dv-cinder-master-3-iscsi devstack@keystone.service[80424]: DEBUG keystone.server.flask.request_processing.req_logging [None req-9be31902-cf88-4772-a440-d21a62dd09ee None admin] SCRIPT_NAME: `/identity` {{(pid=80424) log_request_info /opt/stack/keystone/keystone/server/flask/request_processing/req_logging.py:28}}
Jul 11 14:25:30.632558 dv-cinder-master-3-iscsi devstack@keystone.service[80424]: DEBUG keystone.server.flask.request_processing.req_logging [None req-9be31902-cf88-4772-a440-d21a62dd09ee None admin] PATH_INFO: `/v3/projects/20d7b62cf0cc4fd6a3c30e3584353f0a/users/a7d8b4db44114e1ba544d78dc12ef30a/roles/7ce0e1d27bc5490c885bee2563cbd603` {{(pid=80424) log_request_info /opt/stack/keystone/keystone/server/flask/request_processing/req_logging.py:29}}
Jul 11 14:25:30.635191 dv-cinder-master-3-iscsi devstack@keystone.service[80424]: DEBUG keystone.common.rbac_enforcer.enforcer [None req-9be31902-cf88-4772-a440-d21a62dd09ee None admin] RBAC: Authorizing `identity:create_grant(project_id=20d7b62cf0cc4fd6a3c30e3584353f0a, user_id=a7d8b4db44114e1ba544d78dc12ef30a, role_id=7ce0e1d27bc5490c885bee2563cbd603)` {{(pid=80424) enforce_call /opt/stack/keystone/keystone/common/rbac_enforcer/enforcer.py:449}}
Jul 11 14:25:30.636675 dv-cinder-master-3-iscsi devstack@keystone.service[80424]: DEBUG keystone.common.rbac_enforcer.enforcer [None req-9be31902-cf88-4772-a440-d21a62dd09ee None admin] RBAC: Authorization granted {{(pid=80424) enforce_call /opt/stack/keystone/keystone/common/rbac_enforcer/enforcer.py:457}}
Jul 11 14:25:30.682421 dv-cinder-master-3-iscsi devstack@keystone.service[80424]: [pid: 80424|app: 0|req: 67/125] 10.222.0.72 () {58 vars in 1439 bytes} [Mon Jul 11 14:25:30 2022] PUT /identity/v3/projects/20d7b62cf0cc4fd6a3c30e3584353f0a/users/a7d8b4db44114e1ba544d78dc12ef30a/roles/7ce0e1d27bc5490c885bee2563cbd603 => generated 0 bytes in 280 msecs (HTTP/1.1 204) 3 headers in 132 bytes (0 switches on core 0)
Jul 11 14:25:30.749273 dv-cinder-master-3-iscsi devstack@keystone.service[80424]: DEBUG keystone.server.flask.request_processing.req_logging [None req-2fb05c05-4269-4b76-891b-2faf2788e9fc None None] REQUEST_METHOD: `GET` {{(pid=80424) log_request_info /opt/stack/keystone/keystone/server/flask/request_processing/req_logging.py:27}}
Jul 11 14:25:30.752238 dv-cinder-master-3-iscsi devstack@keystone.service[80424]: DEBUG keystone.server.flask.request_processing.req_logging [None req-2fb05c05-4269-4b76-891b-2faf2788e9fc None None] SCRIPT_NAME: `/identity` {{(pid=80424) log_request_info /opt/stack/keystone/keystone/server/flask/request_processing/req_logging.py:28}}
Jul 11 14:25:30.752753 dv-cinder-master-3-iscsi devstack@keystone.service[80424]: DEBUG keystone.server.flask.request_processing.req_logging [None req-2fb05c05-4269-4b76-891b-2faf2788e9fc None None] PATH_INFO: `/` {{(pid=80424) log_request_info /opt/stack/keystone/keystone/server/flask/request_processing/req_logging.py:29}}
Jul 11 14:25:30.755276 dv-cinder-master-3-iscsi devstack@keystone.service[80424]: [pid: 80424|app: 0|req: 68/126] 10.222.0.72 () {54 vars in 926 bytes} [Mon Jul 11 14:25:30 2022] GET /identity => generated 270 bytes in 7 msecs (HTTP/1.1 300) 6 headers in 234 bytes (2 switches on core 0)
Jul 11 14:25:30.764295 dv-cinder-master-3-iscsi devstack@keystone.service[80424]: DEBUG keystone.server.flask.request_processing.req_logging [None req-999d19f3-56a8-4b2c-af2f-e05f4f6d58d7 None None] REQUEST_METHOD: `POST` {{(pid=80424) log_request_info /opt/stack/keystone/keystone/server/flask/request_processing/req_logging.py:27}}
Jul 11 14:25:30.764609 dv-cinder-master-3-iscsi devstack@keystone.service[80424]: DEBUG keystone.server.flask.request_processing.req_logging [None req-999d19f3-56a8-4b2c-af2f-e05f4f6d58d7 None None] SCRIPT_NAME: `/identity` {{(pid=80424) log_request_info /opt/stack/keystone/keystone/server/flask/request_processing/req_logging.py:28}}
Jul 11 14:25:30.764876 dv-cinder-master-3-iscsi devstack@keystone.service[80424]: DEBUG keystone.server.flask.request_processing.req_logging [None req-999d19f3-56a8-4b2c-af2f-e05f4f6d58d7 None None] PATH_INFO: `/v3/auth/tokens` {{(pid=80424) log_request_info /opt/stack/keystone/keystone/server/flask/request_processing/req_logging.py:29}}
Jul 11 14:25:30.790929 dv-cinder-master-3-iscsi devstack@keystone.service[80424]: DEBUG keystone.auth.core [None req-999d19f3-56a8-4b2c-af2f-e05f4f6d58d7 None None] MFA Rules not processed for user `a7d8b4db44114e1ba544d78dc12ef30a`. Rule list: `[]` (Enabled: `True`). {{(pid=80424) check_auth_methods_against_rules /opt/stack/keystone/keystone/auth/core.py:438}}
Jul 11 14:25:30.792183 dv-cinder-master-3-iscsi devstack@keystone.service[80424]: DEBUG keystone.common.fernet_utils [None req-999d19f3-56a8-4b2c-af2f-e05f4f6d58d7 None None] Loaded 2 Fernet keys from /etc/keystone/fernet-keys/, but `[fernet_tokens] max_active_keys = 3`; perhaps there have not been enough key rotations to reach `max_active_keys` yet? {{(pid=80424) load_keys /opt/stack/keystone/keystone/common/fernet_utils.py:286}}
Jul 11 14:25:30.826902 dv-cinder-master-3-iscsi devstack@keystone.service[80423]: DEBUG keystone.server.flask.request_processing.middleware.auth_context [None req-9986d368-d22d-4fa7-b1fa-901d0ad4857f None None] Validating token access rules against request {{(pid=80423) validate_allowed_request /usr/local/lib/python3.8/dist-packages/keystonemiddleware/auth_token/__init__.py:545}}
Jul 11 14:25:30.868081 dv-cinder-master-3-iscsi devstack@keystone.service[80423]: DEBUG keystone.server.flask.request_processing.middleware.auth_context [None req-82d82e41-e44f-4018-b3c7-7ca1a2bbb997 None admin] RBAC: auth_context: {'token': , 'domain_id': None, 'trust_id': None, 'trustor_id': None, 'trustee_id': None, 'domain_name': None, 'group_ids': [], 'user_id': 'a7d8b4db44114e1ba544d78dc12ef30a', 'user_domain_id': 'default', 'system_scope': 'all', 'project_id': None, 'project_domain_id': None, 'roles': ['admin', 'member', 'reader'], 'is_admin_project': True, 'service_user_id': None, 'service_user_domain_id': None, 'service_project_id': None, 'service_project_domain_id': None, 'service_roles': []} {{(pid=80423) fill_context /opt/stack/keystone/keystone/server/flask/request_processing/middleware/auth_context.py:478}}
Jul 11 14:25:30.869170 dv-cinder-master-3-iscsi devstack@keystone.service[80423]: DEBUG keystone.server.flask.request_processing.req_logging [None req-82d82e41-e44f-4018-b3c7-7ca1a2bbb997 None admin] REQUEST_METHOD: `GET` {{(pid=80423) log_request_info /opt/stack/keystone/keystone/server/flask/request_processing/req_logging.py:27}}
Jul 11 14:25:30.869359 dv-cinder-master-3-iscsi devstack@keystone.service[80423]: DEBUG keystone.server.flask.request_processing.req_logging [None req-82d82e41-e44f-4018-b3c7-7ca1a2bbb997 None admin] SCRIPT_NAME: `/identity` {{(pid=80423) log_request_info /opt/stack/keystone/keystone/server/flask/request_processing/req_logging.py:28}}
Jul 11 14:25:30.869644 dv-cinder-master-3-iscsi devstack@keystone.service[80423]: DEBUG keystone.server.flask.request_processing.req_logging [None req-82d82e41-e44f-4018-b3c7-7ca1a2bbb997 None admin] PATH_INFO: `/v3/roles/anotherrole` {{(pid=80423) log_request_info /opt/stack/keystone/keystone/server/flask/request_processing/req_logging.py:29}}
Jul 11 14:25:30.874525 dv-cinder-master-3-iscsi devstack@keystone.service[80424]: [pid: 80424|app: 0|req: 69/127] 10.222.0.72 () {58 vars in 1023 bytes} [Mon Jul 11 14:25:30 2022] POST /identity/v3/auth/tokens => generated 799 bytes in 111 msecs (HTTP/1.1 201) 6 headers in 363 bytes (1 switches on core 0)
Jul 11 14:25:30.884001 dv-cinder-master-3-iscsi devstack@keystone.service[80423]: DEBUG keystone.common.rbac_enforcer.enforcer [None req-82d82e41-e44f-4018-b3c7-7ca1a2bbb997 None admin] Extracting inferred target data resulted in "NOT FOUND (404)". {{(pid=80423) enforce_call /opt/stack/keystone/keystone/common/rbac_enforcer/enforcer.py:409}}
Jul 11 14:25:30.892722 dv-cinder-master-3-iscsi devstack@keystone.service[80423]: ERROR keystone.server.flask.application [None req-82d82e41-e44f-4018-b3c7-7ca1a2bbb997 None admin] Could not find role: anotherrole.: keystone.exception.RoleNotFound: Could not find role: anotherrole.
Jul 11 14:25:30.892722 dv-cinder-master-3-iscsi devstack@keystone.service[80423]: ERROR keystone.server.flask.application
Traceback (most recent call last):
Jul 11 14:25:30.892722 dv-cinder-master-3-iscsi devstack@keystone.service[80423]: ERROR keystone.server.flask.application
File "/usr/local/lib/python3.8/dist-packages/flask/app.py", line 1523, in full_dispatch_request
Jul 11 14:25:30.892722 dv-cinder-master-3-iscsi devstack@keystone.service[80423]: ERROR keystone.server.flask.application rv = self.dispatch_request()
Jul 11 14:25:30.892722 dv-cinder-master-3-iscsi devstack@keystone.service[80423]: ERROR keystone.server.flask.application
File "/usr/local/lib/python3.8/dist-packages/flask/app.py", line 1509, in dispatch_request
Jul 11 14:25:30.892722 dv-cinder-master-3-iscsi devstack@keystone.service[80423]: ERROR keystone.server.flask.application return self.ensure_sync(self.view_functions[rule.endpoint])(**req.view_args)
Jul 11 14:25:30.892722 dv-cinder-master-3-iscsi devstack@keystone.service[80423]: ERROR keystone.server.flask.application
File "/usr/local/lib/python3.8/dist-packages/flask_restful/__init__.py", line 467, in wrapper
Jul 11 14:25:30.892722 dv-cinder-master-3-iscsi devstack@keystone.service[80423]: ERROR keystone.server.flask.application resp = resource(*args, **kwargs)
Jul 11 14:25:30.892722 dv-cinder-master-3-iscsi devstack@keystone.service[80423]: ERROR keystone.server.flask.application
File "/usr/local/lib/python3.8/dist-packages/flask/views.py", line 84, in view
Jul 11 14:25:30.892722 dv-cinder-master-3-iscsi devstack@keystone.service[80423]: ERROR keystone.server.flask.application return current_app.ensure_sync(self.dispatch_request)(*args, **kwargs)
Jul 11 14:25:30.892722 dv-cinder-master-3-iscsi devstack@keystone.service[80423]: ERROR keystone.server.flask.application
File "/usr/local/lib/python3.8/dist-packages/flask_restful/__init__.py", line 582, in dispatch_request
Jul 11 14:25:30.892722 dv-cinder-master-3-iscsi devstack@keystone.service[80423]: ERROR keystone.server.flask.application resp = meth(*args, **kwargs)
Jul 11 14:25:30.892722 dv-cinder-master-3-iscsi devstack@keystone.service[80423]: ERROR keystone.server.flask.application
File "/opt/stack/keystone/keystone/api/roles.py", line 50, in get
Jul 11 14:25:30.892722 dv-cinder-master-3-iscsi devstack@keystone.service[80423]: ERROR keystone.server.flask.application return self._get_role(role_id)
Jul 11 14:25:30.892722 dv-cinder-master-3-iscsi devstack@keystone.service[80423]: ERROR keystone.server.flask.application
File "/opt/stack/keystone/keystone/api/roles.py", line 70, in _get_role
Jul 11 14:25:30.892722 dv-cinder-master-3-iscsi devstack@keystone.service[80423]: ERROR keystone.server.flask.application ENFORCER.enforce_call(action='identity:get_role')
Jul 11 14:25:30.893731 dv-cinder-master-3-iscsi devstack@keystone.service[80423]: ERROR keystone.server.flask.application
File "/opt/stack/keystone/keystone/common/rbac_enforcer/enforcer.py", line 402, in enforce_call
Jul 11 14:25:30.893731 dv-cinder-master-3-iscsi devstack@keystone.service[80423]: ERROR keystone.server.flask.application policy_dict.update(cls._extract_member_target_data(
Jul 11 14:25:30.893731 dv-cinder-master-3-iscsi devstack@keystone.service[80423]: ERROR keystone.server.flask.application
File "/opt/stack/keystone/keystone/common/rbac_enforcer/enforcer.py", line 234, in _extract_member_target_data
Jul 11 14:25:30.893731 dv-cinder-master-3-iscsi devstack@keystone.service[80423]: ERROR keystone.server.flask.application member_name: func(flask.request.view_args[key])
Jul 11 14:25:30.893731 dv-cinder-master-3-iscsi devstack@keystone.service[80423]: ERROR keystone.server.flask.application
File "/opt/stack/keystone/keystone/common/manager.py", line 115, in wrapped
Jul 11 14:25:30.893731 dv-cinder-master-3-iscsi devstack@keystone.service[80423]: ERROR keystone.server.flask.application __ret_val = __f(*args, **kwargs)
Jul 11 14:25:30.893731 dv-cinder-master-3-iscsi devstack@keystone.service[80423]: ERROR keystone.server.flask.application
File "/usr/local/lib/python3.8/dist-packages/decorator.py", line 232, in fun
Jul 11 14:25:30.893731 dv-cinder-master-3-iscsi devstack@keystone.service[80423]: ERROR keystone.server.flask.application return caller(func, *(extras + args), **kw)
Jul 11 14:25:30.893731 dv-cinder-master-3-iscsi devstack@keystone.service[80423]: ERROR keystone.server.flask.application
File "/usr/local/lib/python3.8/dist-packages/dogpile/cache/region.py", line 1577, in get_or_create_for_user_func
Jul 11 14:25:30.893731 dv-cinder-master-3-iscsi devstack@keystone.service[80423]: ERROR keystone.server.flask.application return self.get_or_create(
Jul 11 14:25:30.893731 dv-cinder-master-3-iscsi devstack@keystone.service[80423]: ERROR keystone.server.flask.application
File "/usr/local/lib/python3.8/dist-packages/dogpile/cache/region.py", line 1042, in get_or_create
Jul 11 14:25:30.893731 dv-cinder-master-3-iscsi devstack@keystone.service[80423]: ERROR keystone.server.flask.application with Lock(
Jul 11 14:25:30.893731 dv-cinder-master-3-iscsi devstack@keystone.service[80423]: ERROR keystone.server.flask.application
File "/usr/local/lib/python3.8/dist-packages/dogpile/lock.py", line 185, in __enter__
Jul 11 14:25:30.893731 dv-cinder-master-3-iscsi devstack@keystone.service[80423]: ERROR keystone.server.flask.application return self._enter()
Jul 11 14:25:30.893731 dv-cinder-master-3-iscsi devstack@keystone.service[80423]: ERROR keystone.server.flask.application
File "/usr/local/lib/python3.8/dist-packages/dogpile/lock.py", line 94, in _enter
Jul 11 14:25:30.893731 dv-cinder-master-3-iscsi devstack@keystone.service[80423]: ERROR keystone.server.flask.application generated = self._enter_create(value, createdtime)
Jul 11 14:25:30.894595 dv-cinder-master-3-iscsi devstack@keystone.service[80423]: ERROR keystone.server.flask.application
File "/usr/local/lib/python3.8/dist-packages/dogpile/lock.py", line 178, in _enter_create
Jul 11 14:25:30.894595 dv-cinder-master-3-iscsi devstack@keystone.service[80423]: ERROR keystone.server.flask.application return self.creator()
Jul 11 14:25:30.894595 dv-cinder-master-3-iscsi devstack@keystone.service[80423]: ERROR keystone.server.flask.application
File "/usr/local/lib/python3.8/dist-packages/dogpile/cache/region.py", line 995, in gen_value
Jul 11 14:25:30.894595 dv-cinder-master-3-iscsi devstack@keystone.service[80423]: ERROR keystone.server.flask.application created_value = creator(
Jul 11 14:25:30.894595 dv-cinder-master-3-iscsi devstack@keystone.service[80423]: ERROR keystone.server.flask.application
File "/opt/stack/keystone/keystone/assignment/core.py", line 1276, in get_role
Jul 11 14:25:30.894595 dv-cinder-master-3-iscsi devstack@keystone.service[80423]: ERROR keystone.server.flask.application return self.driver.get_role(role_id)
Jul 11 14:25:30.894595 dv-cinder-master-3-iscsi devstack@keystone.service[80423]: ERROR keystone.server.flask.application
File "/opt/stack/keystone/keystone/assignment/role_backends/sql.py", line 70, in get_role
Jul 11 14:25:30.894595 dv-cinder-master-3-iscsi devstack@keystone.service[80423]: ERROR keystone.server.flask.application return self._get_role(session, role_id).to_dict()
Jul 11 14:25:30.894595 dv-cinder-master-3-iscsi devstack@keystone.service[80423]: ERROR keystone.server.flask.application
File "/opt/stack/keystone/keystone/assignment/role_backends/sql.py", line 65, in _get_role
Jul 11 14:25:30.894595 dv-cinder-master-3-iscsi devstack@keystone.service[80423]: ERROR keystone.server.flask.application raise exception.RoleNotFound(role_id=role_id)
Jul 11 14:25:30.894595 dv-cinder-master-3-iscsi devstack@keystone.service[80423]: ERROR keystone.server.flask.application keystone.exception.RoleNotFound: Could not find role: anotherrole.
Jul 11 14:25:30.894595 dv-cinder-master-3-iscsi devstack@keystone.service[80423]: ERROR keystone.server.flask.application
Jul 11 14:25:30.894595 dv-cinder-master-3-iscsi devstack@keystone.service[80423]: [pid: 80423|app: 0|req: 59/128] 10.222.0.72 () {56 vars in 1114 bytes} [Mon Jul 11 14:25:30 2022] GET /identity/v3/roles/anotherrole => generated 89 bytes in 264 msecs (HTTP/1.1 404) 5 headers in 183 bytes (1 switches on core 0)
Jul 11 14:25:30.901093 dv-cinder-master-3-iscsi devstack@keystone.service[80424]: DEBUG keystone.server.flask.request_processing.middleware.auth_context [None req-999d19f3-56a8-4b2c-af2f-e05f4f6d58d7 None None] Authenticating user token {{(pid=80424) process_request /usr/local/lib/python3.8/dist-packages/keystonemiddleware/auth_token/__init__.py:407}}
Jul 11 14:25:30.919985 dv-cinder-master-3-iscsi devstack@keystone.service[80423]: DEBUG keystone.server.flask.request_processing.middleware.auth_context [None req-82d82e41-e44f-4018-b3c7-7ca1a2bbb997 None admin] Authenticating user token {{(pid=80423) process_request /usr/local/lib/python3.8/dist-packages/keystonemiddleware/auth_token/__init__.py:407}}
Jul 11 14:25:30.925930 dv-cinder-master-3-iscsi devstack@keystone.service[80423]: DEBUG dbcounter [-] [80423] Writing DB stats keystone:SELECT=100 {{(pid=80423) stat_writer /usr/local/lib/python3.8/dist-packages/dbcounter.py:114}}
Jul 11 14:25:30.960598 dv-cinder-master-3-iscsi devstack@keystone.service[80424]: DEBUG dbcounter [-] [80424] Writing DB stats keystone:SELECT=99,keystone:INSERT=1 {{(pid=80424) stat_writer /usr/local/lib/python3.8/dist-packages/dbcounter.py:114}}
Jul 11 14:25:31.049168 dv-cinder-master-3-iscsi devstack@keystone.service[80423]: DEBUG keystone.server.flask.request_processing.middleware.auth_context [None req-82d82e41-e44f-4018-b3c7-7ca1a2bbb997 None admin] Validating token access rules against request {{(pid=80423) validate_allowed_request /usr/local/lib/python3.8/dist-packages/keystonemiddleware/auth_token/__init__.py:545}}
