Jul 11 14:41:04.749141 dv-cinder-master-3-iscsi devstack@c-api.service[112942]: DEBUG cinder.volume.api [None req-e90b38e2-de49-4f66-9ecb-305e0937f250 tempest-VolumeQuotasNegativeTestJSON-2089703353 tempest-VolumeQuotasNegativeTestJSON-2089703353-project] Task 'cinder.volume.flows.api.create_volume.QuotaCommitTask;volume:create' (23592417-c34d-4db6-b83a-6a8bc909a6ad) transitioned into state 'RUNNING' from state 'PENDING' {{(pid=112942) _task_receiver /usr/local/lib/python3.8/dist-packages/taskflow/listeners/logging.py:190}}
Jul 11 14:41:04.779318 dv-cinder-master-3-iscsi devstack@c-api.service[112942]: DEBUG cinder.volume.api [None req-e90b38e2-de49-4f66-9ecb-305e0937f250 tempest-VolumeQuotasNegativeTestJSON-2089703353 tempest-VolumeQuotasNegativeTestJSON-2089703353-project] Task 'cinder.volume.flows.api.create_volume.QuotaCommitTask;volume:create' (23592417-c34d-4db6-b83a-6a8bc909a6ad) transitioned into state 'SUCCESS' from state 'RUNNING' with result '{'volume_properties': VolumeProperties(attach_status='detached',availability_zone='nova',cgsnapshot_id=None,consistencygroup_id=None,display_description=None,display_name='tempest-VolumeQuotasNegativeTestJSON-Volume-75868199',encryption_key_id=None,group_id=None,group_type_id=,metadata={},multiattach=False,project_id='cd47264e0cf94160ae4f6330bde0ff87',qos_specs=None,replication_status=,reservations=['0ab9d520-2562-4ec1-9afb-a2d0c598d6f1','ca5ad52b-b58b-4510-a70c-46bfcefd9d0e','23967ab5-eeb6-416e-a5cb-77c2137f1a1b','8f3a8a29-a3cb-48ec-822a-2fa3b4f71d2b'],size=1,snapshot_id=None,source_replicaid=,source_volid=None,status='creating',user_id='2d6f736ec2844a1db8fb1a0c85ba4766',volume_type_id=c52d67cd-ccbd-4cf7-8dd8-64c26de76dab)}' {{(pid=112942) _task_receiver /usr/local/lib/python3.8/dist-packages/taskflow/listeners/logging.py:178}}
Jul 11 14:41:04.782018 dv-cinder-master-3-iscsi devstack@c-api.service[112942]: DEBUG cinder.volume.api [None req-e90b38e2-de49-4f66-9ecb-305e0937f250 tempest-VolumeQuotasNegativeTestJSON-2089703353 tempest-VolumeQuotasNegativeTestJSON-2089703353-project] Task 'cinder.volume.flows.api.create_volume.VolumeCastTask;volume:create' (642ec2de-17c3-47c9-ae10-21086e6e3726) transitioned into state 'RUNNING' from state 'PENDING' {{(pid=112942) _task_receiver /usr/local/lib/python3.8/dist-packages/taskflow/listeners/logging.py:190}}
Jul 11 14:41:04.802230 dv-cinder-master-3-iscsi devstack@c-api.service[112942]: DEBUG cinder.volume.api [None req-e90b38e2-de49-4f66-9ecb-305e0937f250 tempest-VolumeQuotasNegativeTestJSON-2089703353 tempest-VolumeQuotasNegativeTestJSON-2089703353-project] Task 'cinder.volume.flows.api.create_volume.VolumeCastTask;volume:create' (642ec2de-17c3-47c9-ae10-21086e6e3726) transitioned into state 'SUCCESS' from state 'RUNNING' with result 'None' {{(pid=112942) _task_receiver /usr/local/lib/python3.8/dist-packages/taskflow/listeners/logging.py:178}}
Jul 11 14:41:04.806364 dv-cinder-master-3-iscsi devstack@c-api.service[112942]: DEBUG cinder.volume.api [None req-e90b38e2-de49-4f66-9ecb-305e0937f250 tempest-VolumeQuotasNegativeTestJSON-2089703353 tempest-VolumeQuotasNegativeTestJSON-2089703353-project] Flow 'volume_create_api' (82b30e2f-cd15-4b12-a8e0-bedc0d4c8d4c) transitioned into state 'SUCCESS' from state 'RUNNING' {{(pid=112942) _flow_receiver /usr/local/lib/python3.8/dist-packages/taskflow/listeners/logging.py:141}}
Jul 11 14:41:04.808585 dv-cinder-master-3-iscsi devstack@c-api.service[112942]: INFO cinder.volume.api [None req-e90b38e2-de49-4f66-9ecb-305e0937f250 tempest-VolumeQuotasNegativeTestJSON-2089703353 tempest-VolumeQuotasNegativeTestJSON-2089703353-project] Create volume request issued successfully.
Jul 11 14:41:04.810190 dv-cinder-master-3-iscsi devstack@c-api.service[112942]: INFO cinder.api.openstack.wsgi [None req-e90b38e2-de49-4f66-9ecb-305e0937f250 tempest-VolumeQuotasNegativeTestJSON-2089703353 tempest-VolumeQuotasNegativeTestJSON-2089703353-project] http://10.222.0.72/volume/v3/cd47264e0cf94160ae4f6330bde0ff87/volumes returned with HTTP 202
Jul 11 14:41:04.812051 dv-cinder-master-3-iscsi devstack@c-api.service[112942]: [pid: 112942|app: 0|req: 152/313] 10.222.0.72 () {60 vars in 1234 bytes} [Mon Jul 11 14:41:04 2022] POST /volume/v3/cd47264e0cf94160ae4f6330bde0ff87/volumes => generated 826 bytes in 619 msecs (HTTP/1.1 202) 7 headers in 291 bytes (1 switches on core 0)
Jul 11 14:41:04.823570 dv-cinder-master-3-iscsi devstack@c-api.service[112943]: DEBUG cinder.api.middleware.request_id [None req-94d6b860-0654-44f0-a58f-54fb09bd31a4 None None] RequestId filter calling following filter/app {{(pid=112943) _context_setter /opt/stack/cinder/cinder/api/middleware/request_id.py:62}}
Jul 11 14:41:04.830287 dv-cinder-master-3-iscsi devstack@c-api.service[112943]: INFO cinder.api.openstack.wsgi [None req-94d6b860-0654-44f0-a58f-54fb09bd31a4 tempest-VolumeQuotasNegativeTestJSON-2089703353 tempest-VolumeQuotasNegativeTestJSON-2089703353-project] GET http://10.222.0.72/volume/v3/cd47264e0cf94160ae4f6330bde0ff87/volumes/ec59a25f-3d94-4fa8-ac6c-9c091a3c9c30
Jul 11 14:41:04.830807 dv-cinder-master-3-iscsi devstack@c-api.service[112943]: DEBUG cinder.api.openstack.wsgi [None req-94d6b860-0654-44f0-a58f-54fb09bd31a4 tempest-VolumeQuotasNegativeTestJSON-2089703353 tempest-VolumeQuotasNegativeTestJSON-2089703353-project] Empty body provided in request {{(pid=112943) get_body /opt/stack/cinder/cinder/api/openstack/wsgi.py:715}}
Jul 11 14:41:04.831265 dv-cinder-master-3-iscsi devstack@c-api.service[112943]: DEBUG cinder.api.openstack.wsgi [None req-94d6b860-0654-44f0-a58f-54fb09bd31a4 tempest-VolumeQuotasNegativeTestJSON-2089703353 tempest-VolumeQuotasNegativeTestJSON-2089703353-project] Calling method 'show' {{(pid=112943) _process_stack /opt/stack/cinder/cinder/api/openstack/wsgi.py:868}}
Jul 11 14:41:04.852681 dv-cinder-master-3-iscsi devstack@c-api.service[112943]: /usr/local/lib/python3.8/dist-packages/oslo_context/context.py:100: DeprecationWarning: Policy enforcement is depending on the value of is_admin. This key is deprecated. Please update your policy file to use the standard policy values.
Jul 11 14:41:04.852681 dv-cinder-master-3-iscsi devstack@c-api.service[112943]: warnings.warn('Policy enforcement is depending on the value of '
Jul 11 14:41:04.860959 dv-cinder-master-3-iscsi devstack@c-api.service[112943]: INFO cinder.volume.api [None req-94d6b860-0654-44f0-a58f-54fb09bd31a4 tempest-VolumeQuotasNegativeTestJSON-2089703353 tempest-VolumeQuotasNegativeTestJSON-2089703353-project] Volume info retrieved successfully.
Jul 11 14:41:04.873248 dv-cinder-master-3-iscsi devstack@c-api.service[112943]: INFO cinder.api.openstack.wsgi [None req-94d6b860-0654-44f0-a58f-54fb09bd31a4 tempest-VolumeQuotasNegativeTestJSON-2089703353 tempest-VolumeQuotasNegativeTestJSON-2089703353-project] http://10.222.0.72/volume/v3/cd47264e0cf94160ae4f6330bde0ff87/volumes/ec59a25f-3d94-4fa8-ac6c-9c091a3c9c30 returned with HTTP 200
Jul 11 14:41:04.882292 dv-cinder-master-3-iscsi devstack@c-api.service[112943]: [pid: 112943|app: 0|req: 162/314] 10.222.0.72 () {58 vars in 1324 bytes} [Mon Jul 11 14:41:04 2022] GET /volume/v3/cd47264e0cf94160ae4f6330bde0ff87/volumes/ec59a25f-3d94-4fa8-ac6c-9c091a3c9c30 => generated 894 bytes in 52 msecs (HTTP/1.1 200) 7 headers in 285 bytes (1 switches on core 0)
Jul 11 14:41:05.101685 dv-cinder-master-3-iscsi devstack@c-api.service[112942]: DEBUG cinder.api.middleware.request_id [None req-e965bf2f-7e5f-4116-83f2-550d9207e0c3 None None] RequestId filter calling following filter/app {{(pid=112942) _context_setter /opt/stack/cinder/cinder/api/middleware/request_id.py:62}}
Jul 11 14:41:05.200812 dv-cinder-master-3-iscsi devstack@c-api.service[112943]: DEBUG cinder.api.middleware.request_id [None req-0423c670-2813-423e-aa20-7dd3b8e3860d None None] RequestId filter calling following filter/app {{(pid=112943) _context_setter /opt/stack/cinder/cinder/api/middleware/request_id.py:62}}
Jul 11 14:41:05.204449 dv-cinder-master-3-iscsi devstack@c-api.service[112943]: INFO cinder.api.openstack.wsgi [None req-0423c670-2813-423e-aa20-7dd3b8e3860d tempest-GroupsV314Test-458339636 tempest-GroupsV314Test-458339636-project] GET http://10.222.0.72/volume/v3/cdf933c5a44747eba680d9420d6da997/volumes/cf5af66e-aeca-4116-9986-1d7d5f3148d7
Jul 11 14:41:05.204994 dv-cinder-master-3-iscsi devstack@c-api.service[112943]: DEBUG cinder.api.openstack.wsgi [None req-0423c670-2813-423e-aa20-7dd3b8e3860d tempest-GroupsV314Test-458339636 tempest-GroupsV314Test-458339636-project] Empty body provided in request {{(pid=112943) get_body /opt/stack/cinder/cinder/api/openstack/wsgi.py:715}}
Jul 11 14:41:05.205708 dv-cinder-master-3-iscsi devstack@c-api.service[112943]: DEBUG cinder.api.openstack.wsgi [None req-0423c670-2813-423e-aa20-7dd3b8e3860d tempest-GroupsV314Test-458339636 tempest-GroupsV314Test-458339636-project] Calling method 'show' {{(pid=112943) _process_stack /opt/stack/cinder/cinder/api/openstack/wsgi.py:868}}
Jul 11 14:41:05.207396 dv-cinder-master-3-iscsi devstack@c-api.service[112942]: INFO cinder.api.openstack.wsgi [None req-e965bf2f-7e5f-4116-83f2-550d9207e0c3 tempest-VolumeRetypeWithoutMigrationTest-26992589 tempest-VolumeRetypeWithoutMigrationTest-26992589-project-admin] POST http://10.222.0.72/volume/v3/5c69e33d94b04656908a7041cc37f11e/types
Jul 11 14:41:05.208153 dv-cinder-master-3-iscsi devstack@c-api.service[112943]: DEBUG dbcounter [-] [112943] Writing DB stats cinder:UPDATE=16,cinder:SELECT=84 {{(pid=112943) stat_writer /usr/local/lib/python3.8/dist-packages/dbcounter.py:114}}
Jul 11 14:41:05.208969 dv-cinder-master-3-iscsi devstack@c-api.service[112942]: DEBUG cinder.api.openstack.wsgi [None req-e965bf2f-7e5f-4116-83f2-550d9207e0c3 tempest-VolumeRetypeWithoutMigrationTest-26992589 tempest-VolumeRetypeWithoutMigrationTest-26992589-project-admin] Action: 'create', calling method: _create, body: {"volume_type": {"name": "volume-type-1"}} {{(pid=112942) _process_stack /opt/stack/cinder/cinder/api/openstack/wsgi.py:866}}
Jul 11 14:41:05.210539 dv-cinder-master-3-iscsi devstack@c-api.service[112942]: /usr/local/lib/python3.8/dist-packages/oslo_context/context.py:100: DeprecationWarning: Policy enforcement is depending on the value of is_admin. This key is deprecated. Please update your policy file to use the standard policy values.
Jul 11 14:41:05.210539 dv-cinder-master-3-iscsi devstack@c-api.service[112942]: warnings.warn('Policy enforcement is depending on the value of '
Jul 11 14:41:05.219914 dv-cinder-master-3-iscsi devstack@c-api.service[112943]: INFO cinder.api.openstack.wsgi [None req-0423c670-2813-423e-aa20-7dd3b8e3860d tempest-GroupsV314Test-458339636 tempest-GroupsV314Test-458339636-project] http://10.222.0.72/volume/v3/cdf933c5a44747eba680d9420d6da997/volumes/cf5af66e-aeca-4116-9986-1d7d5f3148d7 returned with HTTP 404
Jul 11 14:41:05.220855 dv-cinder-master-3-iscsi devstack@c-api.service[112943]: [pid: 112943|app: 0|req: 163/315] 10.222.0.72 () {60 vars in 1365 bytes} [Mon Jul 11 14:41:05 2022] GET /volume/v3/cdf933c5a44747eba680d9420d6da997/volumes/cf5af66e-aeca-4116-9986-1d7d5f3148d7 => generated 109 bytes in 21 msecs (HTTP/1.1 404) 7 headers in 293 bytes (1 switches on core 0)
Jul 11 14:41:05.225588 dv-cinder-master-3-iscsi devstack@c-api.service[112943]: DEBUG cinder.api.middleware.request_id [None req-5d885014-f73f-47bb-be00-dc236696b277 None None] RequestId filter calling following filter/app {{(pid=112943) _context_setter /opt/stack/cinder/cinder/api/middleware/request_id.py:62}}
Jul 11 14:41:05.229956 dv-cinder-master-3-iscsi devstack@c-api.service[112943]: INFO cinder.api.openstack.wsgi [None req-5d885014-f73f-47bb-be00-dc236696b277 tempest-GroupsV314Test-458339636 tempest-GroupsV314Test-458339636-project] GET http://10.222.0.72/volume/v3/cdf933c5a44747eba680d9420d6da997/groups/d135d319-f31b-4615-aba7-88b929461b0b
Jul 11 14:41:05.230465 dv-cinder-master-3-iscsi devstack@c-api.service[112943]: DEBUG cinder.api.openstack.wsgi [None req-5d885014-f73f-47bb-be00-dc236696b277 tempest-GroupsV314Test-458339636 tempest-GroupsV314Test-458339636-project] Empty body provided in request {{(pid=112943) get_body /opt/stack/cinder/cinder/api/openstack/wsgi.py:715}}
Jul 11 14:41:05.230917 dv-cinder-master-3-iscsi devstack@c-api.service[112943]: DEBUG cinder.api.openstack.wsgi [None req-5d885014-f73f-47bb-be00-dc236696b277 tempest-GroupsV314Test-458339636 tempest-GroupsV314Test-458339636-project] Calling method 'version_select' {{(pid=112943) _process_stack /opt/stack/cinder/cinder/api/openstack/wsgi.py:868}}
Jul 11 14:41:05.231265 dv-cinder-master-3-iscsi devstack@c-api.service[112943]: DEBUG cinder.api.v3.groups [None req-5d885014-f73f-47bb-be00-dc236696b277 tempest-GroupsV314Test-458339636 tempest-GroupsV314Test-458339636-project] show called for member d135d319-f31b-4615-aba7-88b929461b0b {{(pid=112943) show /opt/stack/cinder/cinder/api/v3/groups.py:58}}
Jul 11 14:41:05.233113 dv-cinder-master-3-iscsi devstack@c-api.service[112942]: INFO cinder.api.openstack.wsgi [None req-e965bf2f-7e5f-4116-83f2-550d9207e0c3 tempest-VolumeRetypeWithoutMigrationTest-26992589 tempest-VolumeRetypeWithoutMigrationTest-26992589-project-admin] http://10.222.0.72/volume/v3/5c69e33d94b04656908a7041cc37f11e/types returned with HTTP 200
Jul 11 14:41:05.234116 dv-cinder-master-3-iscsi devstack@c-api.service[112942]: [pid: 112942|app: 0|req: 153/316] 10.222.0.72 () {60 vars in 1228 bytes} [Mon Jul 11 14:41:05 2022] POST /volume/v3/5c69e33d94b04656908a7041cc37f11e/types => generated 188 bytes in 133 msecs (HTTP/1.1 200) 7 headers in 285 bytes (1 switches on core 0)
Jul 11 14:41:05.236977 dv-cinder-master-3-iscsi devstack@c-api.service[112943]: INFO cinder.api.openstack.wsgi [None req-5d885014-f73f-47bb-be00-dc236696b277 tempest-GroupsV314Test-458339636 tempest-GroupsV314Test-458339636-project] http://10.222.0.72/volume/v3/cdf933c5a44747eba680d9420d6da997/groups/d135d319-f31b-4615-aba7-88b929461b0b returned with HTTP 404
Jul 11 14:41:05.238175 dv-cinder-master-3-iscsi devstack@c-api.service[112943]: [pid: 112943|app: 0|req: 164/317] 10.222.0.72 () {60 vars in 1362 bytes} [Mon Jul 11 14:41:05 2022] GET /volume/v3/cdf933c5a44747eba680d9420d6da997/groups/d135d319-f31b-4615-aba7-88b929461b0b => generated 108 bytes in 13 msecs (HTTP/1.1 404) 7 headers in 293 bytes (2 switches on core 0)
Jul 11 14:41:05.240173 dv-cinder-master-3-iscsi devstack@c-api.service[112942]: DEBUG cinder.api.middleware.request_id [None req-5daa27e7-c5d6-4503-9b88-80e8a013d074 None None] RequestId filter calling following filter/app {{(pid=112942) _context_setter /opt/stack/cinder/cinder/api/middleware/request_id.py:62}}
Jul 11 14:41:05.242526 dv-cinder-master-3-iscsi devstack@c-api.service[112943]: DEBUG cinder.api.middleware.request_id [None req-8d072fe8-bb00-4e11-a6df-7d2ff265fc98 None None] RequestId filter calling following filter/app {{(pid=112943) _context_setter /opt/stack/cinder/cinder/api/middleware/request_id.py:62}}
Jul 11 14:41:05.244041 dv-cinder-master-3-iscsi devstack@c-api.service[112942]: INFO cinder.api.openstack.wsgi [None req-5daa27e7-c5d6-4503-9b88-80e8a013d074 tempest-VolumeRetypeWithoutMigrationTest-26992589 tempest-VolumeRetypeWithoutMigrationTest-26992589-project-admin] POST http://10.222.0.72/volume/v3/5c69e33d94b04656908a7041cc37f11e/types
Jul 11 14:41:05.244840 dv-cinder-master-3-iscsi devstack@c-api.service[112942]: DEBUG cinder.api.openstack.wsgi [None req-5daa27e7-c5d6-4503-9b88-80e8a013d074 tempest-VolumeRetypeWithoutMigrationTest-26992589 tempest-VolumeRetypeWithoutMigrationTest-26992589-project-admin] Action: 'create', calling method: _create, body: {"volume_type": {"name": "volume-type-2"}} {{(pid=112942) _process_stack /opt/stack/cinder/cinder/api/openstack/wsgi.py:866}}
Jul 11 14:41:05.246862 dv-cinder-master-3-iscsi devstack@c-api.service[112943]: INFO cinder.api.openstack.wsgi [None req-8d072fe8-bb00-4e11-a6df-7d2ff265fc98 tempest-GroupsV314Test-458339636 tempest-GroupsV314Test-458339636-project] GET http://10.222.0.72/volume/v3/cdf933c5a44747eba680d9420d6da997/volumes/detail
Jul 11 14:41:05.247385 dv-cinder-master-3-iscsi devstack@c-api.service[112943]: DEBUG cinder.api.openstack.wsgi [None req-8d072fe8-bb00-4e11-a6df-7d2ff265fc98 tempest-GroupsV314Test-458339636 tempest-GroupsV314Test-458339636-project] Empty body provided in request {{(pid=112943) get_body /opt/stack/cinder/cinder/api/openstack/wsgi.py:715}}
Jul 11 14:41:05.248465 dv-cinder-master-3-iscsi devstack@c-api.service[112943]: DEBUG cinder.api.openstack.wsgi [None req-8d072fe8-bb00-4e11-a6df-7d2ff265fc98 tempest-GroupsV314Test-458339636 tempest-GroupsV314Test-458339636-project] Calling method 'detail' {{(pid=112943) _process_stack /opt/stack/cinder/cinder/api/openstack/wsgi.py:868}}
Jul 11 14:41:05.249138 dv-cinder-master-3-iscsi devstack@c-api.service[112943]: DEBUG cinder.api.api_utils [None req-8d072fe8-bb00-4e11-a6df-7d2ff265fc98 tempest-GroupsV314Test-458339636 tempest-GroupsV314Test-458339636-project] Removing options '' from query. {{(pid=112943) remove_invalid_filter_options /opt/stack/cinder/cinder/api/api_utils.py:83}}
Jul 11 14:41:05.251025 dv-cinder-master-3-iscsi devstack@c-api.service[112943]: DEBUG cinder.volume.api [None req-8d072fe8-bb00-4e11-a6df-7d2ff265fc98 tempest-GroupsV314Test-458339636 tempest-GroupsV314Test-458339636-project] Searching by: MultiDict([('no_migration_targets', True)]). {{(pid=112943) get_all /opt/stack/cinder/cinder/volume/api.py:664}}
Jul 11 14:41:05.266268 dv-cinder-master-3-iscsi devstack@c-api.service[112942]: INFO cinder.api.openstack.wsgi [None req-5daa27e7-c5d6-4503-9b88-80e8a013d074 tempest-VolumeRetypeWithoutMigrationTest-26992589 tempest-VolumeRetypeWithoutMigrationTest-26992589-project-admin] http://10.222.0.72/volume/v3/5c69e33d94b04656908a7041cc37f11e/types returned with HTTP 200
Jul 11 14:41:05.267301 dv-cinder-master-3-iscsi devstack@c-api.service[112942]: [pid: 112942|app: 0|req: 154/318] 10.222.0.72 () {60 vars in 1228 bytes} [Mon Jul 11 14:41:05 2022] POST /volume/v3/5c69e33d94b04656908a7041cc37f11e/types => generated 188 bytes in 28 msecs (HTTP/1.1 200) 7 headers in 285 bytes (1 switches on core 0)
Jul 11 14:41:05.273892 dv-cinder-master-3-iscsi devstack@c-api.service[112942]: DEBUG cinder.api.middleware.request_id [None req-cc8bce74-bd29-4ad8-8be6-59d8101e42ab None None] RequestId filter calling following filter/app {{(pid=112942) _context_setter /opt/stack/cinder/cinder/api/middleware/request_id.py:62}}
Jul 11 14:41:05.302974 dv-cinder-master-3-iscsi devstack@c-api.service[112943]: INFO cinder.volume.api [None req-8d072fe8-bb00-4e11-a6df-7d2ff265fc98 tempest-GroupsV314Test-458339636 tempest-GroupsV314Test-458339636-project] Get all volumes completed successfully.
Jul 11 14:41:05.304381 dv-cinder-master-3-iscsi devstack@c-api.service[112943]: WARNING stevedore.named [None req-8d072fe8-bb00-4e11-a6df-7d2ff265fc98 tempest-GroupsV314Test-458339636 tempest-GroupsV314Test-458339636-project] Could not load cinder.keymgr.conf_key_mgr.ConfKeyManager
Jul 11 14:41:05.304756 dv-cinder-master-3-iscsi devstack@c-api.service[112943]: WARNING castellan.key_manager [None req-8d072fe8-bb00-4e11-a6df-7d2ff265fc98 tempest-GroupsV314Test-458339636 tempest-GroupsV314Test-458339636-project] Deprecation Warning : cinder.keymgr.conf_key_mgr.ConfKeyManager is not a stevedore based driver, trying to load it as a class: stevedore.exception.NoMatches: No 'castellan.drivers' driver found, looking for 'cinder.keymgr.conf_key_mgr.ConfKeyManager'
Jul 11 14:41:05.312777 dv-cinder-master-3-iscsi devstack@c-api.service[112943]: DEBUG oslo_db.sqlalchemy.engines [None req-8d072fe8-bb00-4e11-a6df-7d2ff265fc98 tempest-GroupsV314Test-458339636 tempest-GroupsV314Test-458339636-project] MySQL server mode set to STRICT_TRANS_TABLES,STRICT_ALL_TABLES,NO_ZERO_IN_DATE,NO_ZERO_DATE,ERROR_FOR_DIVISION_BY_ZERO,TRADITIONAL,NO_ENGINE_SUBSTITUTION {{(pid=112943) _check_effective_sql_mode /usr/local/lib/python3.8/dist-packages/oslo_db/sqlalchemy/engines.py:314}}
Jul 11 14:41:05.319973 dv-cinder-master-3-iscsi devstack@c-api.service[112943]: /usr/local/lib/python3.8/dist-packages/oslo_context/context.py:100: DeprecationWarning: Policy enforcement is depending on the value of is_admin. This key is deprecated. Please update your policy file to use the standard policy values.
Jul 11 14:41:05.319973 dv-cinder-master-3-iscsi devstack@c-api.service[112943]: warnings.warn('Policy enforcement is depending on the value of '
Jul 11 14:41:05.336063 dv-cinder-master-3-iscsi devstack@c-api.service[112943]: INFO cinder.api.openstack.wsgi [None req-8d072fe8-bb00-4e11-a6df-7d2ff265fc98 tempest-GroupsV314Test-458339636 tempest-GroupsV314Test-458339636-project] http://10.222.0.72/volume/v3/cdf933c5a44747eba680d9420d6da997/volumes/detail returned with HTTP 200
Jul 11 14:41:05.336823 dv-cinder-master-3-iscsi devstack@c-api.service[112943]: [pid: 112943|app: 0|req: 165/319] 10.222.0.72 () {60 vars in 1275 bytes} [Mon Jul 11 14:41:05 2022] GET /volume/v3/cdf933c5a44747eba680d9420d6da997/volumes/detail => generated 993 bytes in 95 msecs (HTTP/1.1 200) 7 headers in 286 bytes (1 switches on core 0)
Jul 11 14:41:05.348593 dv-cinder-master-3-iscsi devstack@c-api.service[112943]: DEBUG cinder.api.middleware.request_id [None req-093964bd-b02d-4ca3-86d9-fa7a592adb86 None None] RequestId filter calling following filter/app {{(pid=112943) _context_setter /opt/stack/cinder/cinder/api/middleware/request_id.py:62}}
Jul 11 14:41:05.352968 dv-cinder-master-3-iscsi devstack@c-api.service[112943]: INFO cinder.api.openstack.wsgi [None req-093964bd-b02d-4ca3-86d9-fa7a592adb86 tempest-GroupsV314Test-458339636 tempest-GroupsV314Test-458339636-project] POST http://10.222.0.72/volume/v3/cdf933c5a44747eba680d9420d6da997/groups/d2a1fe45-5c4d-4a06-854a-801b7846a934/action
Jul 11 14:41:05.353887 dv-cinder-master-3-iscsi devstack@c-api.service[112943]: DEBUG cinder.api.openstack.wsgi [None req-093964bd-b02d-4ca3-86d9-fa7a592adb86 tempest-GroupsV314Test-458339636 tempest-GroupsV314Test-458339636-project] Action body: b'{"delete": {"delete-volumes": true}}' {{(pid=112943) get_method /opt/stack/cinder/cinder/api/openstack/wsgi.py:983}}
Jul 11 14:41:05.354262 dv-cinder-master-3-iscsi devstack@c-api.service[112943]: DEBUG cinder.api.openstack.wsgi [None req-093964bd-b02d-4ca3-86d9-fa7a592adb86 tempest-GroupsV314Test-458339636 tempest-GroupsV314Test-458339636-project] Action: 'action', calling method: delete_group, body: {"delete": {"delete-volumes": true}} {{(pid=112943) _process_stack /opt/stack/cinder/cinder/api/openstack/wsgi.py:866}}
Jul 11 14:41:05.355105 dv-cinder-master-3-iscsi devstack@c-api.service[112943]: DEBUG cinder.api.v3.groups [None req-093964bd-b02d-4ca3-86d9-fa7a592adb86 tempest-GroupsV314Test-458339636 tempest-GroupsV314Test-458339636-project] delete called for group d2a1fe45-5c4d-4a06-854a-801b7846a934 {{(pid=112943) _delete /opt/stack/cinder/cinder/api/v3/groups.py:117}}
Jul 11 14:41:05.355366 dv-cinder-master-3-iscsi devstack@c-api.service[112943]: INFO cinder.api.v3.groups [None req-093964bd-b02d-4ca3-86d9-fa7a592adb86 tempest-GroupsV314Test-458339636 tempest-GroupsV314Test-458339636-project] Delete group with id: d2a1fe45-5c4d-4a06-854a-801b7846a934
Jul 11 14:41:05.361431 dv-cinder-master-3-iscsi devstack@c-api.service[112943]: /usr/local/lib/python3.8/dist-packages/oslo_context/context.py:100: DeprecationWarning: Policy enforcement is depending on the value of is_admin. This key is deprecated. Please update your policy file to use the standard policy values.
Jul 11 14:41:05.361431 dv-cinder-master-3-iscsi devstack@c-api.service[112943]: warnings.warn('Policy enforcement is depending on the value of '
Jul 11 14:41:05.374994 dv-cinder-master-3-iscsi devstack@c-api.service[112942]: INFO cinder.api.openstack.wsgi [None req-cc8bce74-bd29-4ad8-8be6-59d8101e42ab tempest-VolumeRetypeWithoutMigrationTest-1892445703 tempest-VolumeRetypeWithoutMigrationTest-1892445703-project] POST http://10.222.0.72/volume/v3/28ebea9991bb48eda27cde2776d05a22/volumes
Jul 11 14:41:05.375697 dv-cinder-master-3-iscsi devstack@c-api.service[112942]: DEBUG cinder.api.openstack.wsgi [None req-cc8bce74-bd29-4ad8-8be6-59d8101e42ab tempest-VolumeRetypeWithoutMigrationTest-1892445703 tempest-VolumeRetypeWithoutMigrationTest-1892445703-project] Action: 'create', calling method: create, body: {"volume": {"volume_type": "volume-type-1", "size": 1, "name": "tempest-VolumeRetypeWithoutMigrationTest-Volume-1957529262"}} {{(pid=112942) _process_stack /opt/stack/cinder/cinder/api/openstack/wsgi.py:866}}
Jul 11 14:41:05.376661 dv-cinder-master-3-iscsi devstack@c-api.service[112942]: DEBUG cinder.api.v3.volumes [None req-cc8bce74-bd29-4ad8-8be6-59d8101e42ab tempest-VolumeRetypeWithoutMigrationTest-1892445703 tempest-VolumeRetypeWithoutMigrationTest-1892445703-project] Create volume request body: {'volume': {'volume_type': 'volume-type-1', 'size': 1, 'name': 'tempest-VolumeRetypeWithoutMigrationTest-Volume-1957529262'}} {{(pid=112942) create /opt/stack/cinder/cinder/api/v3/volumes.py:298}}
Jul 11 14:41:05.382521 dv-cinder-master-3-iscsi devstack@c-api.service[112942]: INFO cinder.api.v3.volumes [None req-cc8bce74-bd29-4ad8-8be6-59d8101e42ab tempest-VolumeRetypeWithoutMigrationTest-1892445703 tempest-VolumeRetypeWithoutMigrationTest-1892445703-project] Create volume of 1 GB
Jul 11 14:41:05.383236 dv-cinder-master-3-iscsi devstack@c-api.service[112942]: /usr/local/lib/python3.8/dist-packages/oslo_context/context.py:100: DeprecationWarning: Policy enforcement is depending on the value of is_admin. This key is deprecated. Please update your policy file to use the standard policy values.
Jul 11 14:41:05.383236 dv-cinder-master-3-iscsi devstack@c-api.service[112942]: warnings.warn('Policy enforcement is depending on the value of '
Jul 11 14:41:05.384273 dv-cinder-master-3-iscsi devstack@c-api.service[112942]: INFO cinder.volume.api [None req-cc8bce74-bd29-4ad8-8be6-59d8101e42ab tempest-VolumeRetypeWithoutMigrationTest-1892445703 tempest-VolumeRetypeWithoutMigrationTest-1892445703-project] Availability Zones retrieved successfully.
Jul 11 14:41:05.410484 dv-cinder-master-3-iscsi devstack@c-api.service[112942]: DEBUG cinder.volume.api [None req-cc8bce74-bd29-4ad8-8be6-59d8101e42ab tempest-VolumeRetypeWithoutMigrationTest-1892445703 tempest-VolumeRetypeWithoutMigrationTest-1892445703-project] Flow 'volume_create_api' (15e9a110-e01a-4d6c-a5bc-5f55a9eaef57) transitioned into state 'RUNNING' from state 'PENDING' {{(pid=112942) _flow_receiver /usr/local/lib/python3.8/dist-packages/taskflow/listeners/logging.py:141}}
Jul 11 14:41:05.423108 dv-cinder-master-3-iscsi devstack@c-api.service[112942]: DEBUG cinder.volume.api [None req-cc8bce74-bd29-4ad8-8be6-59d8101e42ab tempest-VolumeRetypeWithoutMigrationTest-1892445703 tempest-VolumeRetypeWithoutMigrationTest-1892445703-project] Task 'cinder.volume.flows.api.create_volume.ExtractVolumeRequestTask;volume:create' (d6851920-a5f1-4945-822b-4adedda4eb8e) transitioned into state 'RUNNING' from state 'PENDING' {{(pid=112942) _task_receiver /usr/local/lib/python3.8/dist-packages/taskflow/listeners/logging.py:190}}
Jul 11 14:41:05.427315 dv-cinder-master-3-iscsi devstack@c-api.service[112942]: DEBUG cinder.volume.flows.api.create_volume [None req-cc8bce74-bd29-4ad8-8be6-59d8101e42ab tempest-VolumeRetypeWithoutMigrationTest-1892445703 tempest-VolumeRetypeWithoutMigrationTest-1892445703-project] Validating volume size '1' using validate_int {{(pid=112942) _extract_size /opt/stack/cinder/cinder/volume/flows/api/create_volume.py:228}}
Jul 11 14:41:05.440613 dv-cinder-master-3-iscsi devstack@c-api.service[112943]: INFO cinder.api.openstack.wsgi [None req-093964bd-b02d-4ca3-86d9-fa7a592adb86 tempest-GroupsV314Test-458339636 tempest-GroupsV314Test-458339636-project] http://10.222.0.72/volume/v3/cdf933c5a44747eba680d9420d6da997/groups/d2a1fe45-5c4d-4a06-854a-801b7846a934/action returned with HTTP 202
Jul 11 14:41:05.441770 dv-cinder-master-3-iscsi devstack@c-api.service[112943]: [pid: 112943|app: 0|req: 166/320] 10.222.0.72 () {62 vars in 1404 bytes} [Mon Jul 11 14:41:05 2022] POST /volume/v3/cdf933c5a44747eba680d9420d6da997/groups/d2a1fe45-5c4d-4a06-854a-801b7846a934/action => generated 0 bytes in 94 msecs (HTTP/1.1 202) 6 headers in 234 bytes (2 switches on core 0)
Jul 11 14:41:05.449102 dv-cinder-master-3-iscsi devstack@c-api.service[112943]: DEBUG cinder.api.middleware.request_id [None req-4f0c8198-0899-41d3-868b-658af603c59f None None] RequestId filter calling following filter/app {{(pid=112943) _context_setter /opt/stack/cinder/cinder/api/middleware/request_id.py:62}}
Jul 11 14:41:05.458140 dv-cinder-master-3-iscsi devstack@c-api.service[112943]: INFO cinder.api.openstack.wsgi [None req-4f0c8198-0899-41d3-868b-658af603c59f tempest-GroupsV314Test-458339636 tempest-GroupsV314Test-458339636-project] GET http://10.222.0.72/volume/v3/cdf933c5a44747eba680d9420d6da997/volumes/e1349261-2d0c-428c-9c05-80cd557dc425
Jul 11 14:41:05.461009 dv-cinder-master-3-iscsi devstack@c-api.service[112943]: DEBUG cinder.api.openstack.wsgi [None req-4f0c8198-0899-41d3-868b-658af603c59f tempest-GroupsV314Test-458339636 tempest-GroupsV314Test-458339636-project] Empty body provided in request {{(pid=112943) get_body /opt/stack/cinder/cinder/api/openstack/wsgi.py:715}}
Jul 11 14:41:05.461335 dv-cinder-master-3-iscsi devstack@c-api.service[112943]: DEBUG cinder.api.openstack.wsgi [None req-4f0c8198-0899-41d3-868b-658af603c59f tempest-GroupsV314Test-458339636 tempest-GroupsV314Test-458339636-project] Calling method 'show' {{(pid=112943) _process_stack /opt/stack/cinder/cinder/api/openstack/wsgi.py:868}}
Jul 11 14:41:05.465051 dv-cinder-master-3-iscsi devstack@c-api.service[112942]: DEBUG cinder.volume.api [None req-cc8bce74-bd29-4ad8-8be6-59d8101e42ab tempest-VolumeRetypeWithoutMigrationTest-1892445703 tempest-VolumeRetypeWithoutMigrationTest-1892445703-project] Task 'cinder.volume.flows.api.create_volume.ExtractVolumeRequestTask;volume:create' (d6851920-a5f1-4945-822b-4adedda4eb8e) transitioned into state 'SUCCESS' from state 'RUNNING' with result '{'size': 1, 'snapshot_id': None, 'source_volid': None, 'volume_type': VolumeType(created_at=2022-07-11T14:41:05Z,deleted=False,deleted_at=None,description=None,extra_specs={},id=50426ac0-84ef-49f5-85a2-5103ae568ac3,is_public=True,name='volume-type-1',projects=[],qos_specs=,qos_specs_id=None,updated_at=None), 'volume_type_id': '50426ac0-84ef-49f5-85a2-5103ae568ac3', 'encryption_key_id': None, 'qos_specs': None, 'consistencygroup_id': None, 'cgsnapshot_id': None, 'group_id': None, 'replication_status': 'disabled', 'refresh_az': False, 'backup_id': None, 'multiattach': False, 'availability_zones': ['nova']}' {{(pid=112942) _task_receiver /usr/local/lib/python3.8/dist-packages/taskflow/listeners/logging.py:178}}
Jul 11 14:41:05.467453 dv-cinder-master-3-iscsi devstack@c-api.service[112942]: DEBUG cinder.volume.api [None req-cc8bce74-bd29-4ad8-8be6-59d8101e42ab tempest-VolumeRetypeWithoutMigrationTest-1892445703 tempest-VolumeRetypeWithoutMigrationTest-1892445703-project] Task 'cinder.volume.flows.api.create_volume.QuotaReserveTask;volume:create' (5afb2b5d-05f3-4286-81b8-397e43da60f3) transitioned into state 'RUNNING' from state 'PENDING' {{(pid=112942) _task_receiver /usr/local/lib/python3.8/dist-packages/taskflow/listeners/logging.py:190}}
Jul 11 14:41:05.477274 dv-cinder-master-3-iscsi devstack@c-api.service[112942]: DEBUG dbcounter [-] [112942] Writing DB stats cinder:SELECT=76,cinder:INSERT=12,cinder:UPDATE=12 {{(pid=112942) stat_writer /usr/local/lib/python3.8/dist-packages/dbcounter.py:114}}
Jul 11 14:41:05.486461 dv-cinder-master-3-iscsi devstack@c-api.service[112943]: /usr/local/lib/python3.8/dist-packages/oslo_context/context.py:100: DeprecationWarning: Policy enforcement is depending on the value of is_admin. This key is deprecated. Please update your policy file to use the standard policy values.
Jul 11 14:41:05.486461 dv-cinder-master-3-iscsi devstack@c-api.service[112943]: warnings.warn('Policy enforcement is depending on the value of '
Jul 11 14:41:05.497835 dv-cinder-master-3-iscsi devstack@c-api.service[112943]: INFO cinder.volume.api [None req-4f0c8198-0899-41d3-868b-658af603c59f tempest-GroupsV314Test-458339636 tempest-GroupsV314Test-458339636-project] Volume info retrieved successfully.
Jul 11 14:41:05.499277 dv-cinder-master-3-iscsi devstack@c-api.service[112943]: WARNING stevedore.named [None req-4f0c8198-0899-41d3-868b-658af603c59f tempest-GroupsV314Test-458339636 tempest-GroupsV314Test-458339636-project] Could not load cinder.keymgr.conf_key_mgr.ConfKeyManager
Jul 11 14:41:05.499655 dv-cinder-master-3-iscsi devstack@c-api.service[112943]: WARNING castellan.key_manager [None req-4f0c8198-0899-41d3-868b-658af603c59f tempest-GroupsV314Test-458339636 tempest-GroupsV314Test-458339636-project] Deprecation Warning : cinder.keymgr.conf_key_mgr.ConfKeyManager is not a stevedore based driver, trying to load it as a class: stevedore.exception.NoMatches: No 'castellan.drivers' driver found, looking for 'cinder.keymgr.conf_key_mgr.ConfKeyManager'
Jul 11 14:41:05.513211 dv-cinder-master-3-iscsi devstack@c-api.service[112943]: DEBUG oslo_db.sqlalchemy.engines [None req-4f0c8198-0899-41d3-868b-658af603c59f tempest-GroupsV314Test-458339636 tempest-GroupsV314Test-458339636-project] MySQL server mode set to STRICT_TRANS_TABLES,STRICT_ALL_TABLES,NO_ZERO_IN_DATE,NO_ZERO_DATE,ERROR_FOR_DIVISION_BY_ZERO,TRADITIONAL,NO_ENGINE_SUBSTITUTION {{(pid=112943) _check_effective_sql_mode /usr/local/lib/python3.8/dist-packages/oslo_db/sqlalchemy/engines.py:314}}
Jul 11 14:41:05.514871 dv-cinder-master-3-iscsi devstack@c-api.service[112942]: WARNING cinder.quota [None req-cc8bce74-bd29-4ad8-8be6-59d8101e42ab tempest-VolumeRetypeWithoutMigrationTest-1892445703 tempest-VolumeRetypeWithoutMigrationTest-1892445703-project] Deprecated: Default quota for resource: volumes_volume-type-1 is set by the default quota flag: quota_volumes_volume-type-1, it is now deprecated. Please use the default quota class for default quota.
Jul 11 14:41:05.515920 dv-cinder-master-3-iscsi devstack@c-api.service[112942]: WARNING cinder.quota [None req-cc8bce74-bd29-4ad8-8be6-59d8101e42ab tempest-VolumeRetypeWithoutMigrationTest-1892445703 tempest-VolumeRetypeWithoutMigrationTest-1892445703-project] Deprecated: Default quota for resource: gigabytes_volume-type-1 is set by the default quota flag: quota_gigabytes_volume-type-1, it is now deprecated. Please use the default quota class for default quota.
Jul 11 14:41:05.522295 dv-cinder-master-3-iscsi devstack@c-api.service[112943]: /usr/local/lib/python3.8/dist-packages/oslo_context/context.py:100: DeprecationWarning: Policy enforcement is depending on the value of is_admin. This key is deprecated. Please update your policy file to use the standard policy values.
Jul 11 14:41:05.522295 dv-cinder-master-3-iscsi devstack@c-api.service[112943]: warnings.warn('Policy enforcement is depending on the value of '
Jul 11 14:41:05.567892 dv-cinder-master-3-iscsi devstack@c-api.service[112943]: INFO cinder.api.openstack.wsgi [None req-4f0c8198-0899-41d3-868b-658af603c59f tempest-GroupsV314Test-458339636 tempest-GroupsV314Test-458339636-project] http://10.222.0.72/volume/v3/cdf933c5a44747eba680d9420d6da997/volumes/e1349261-2d0c-428c-9c05-80cd557dc425 returned with HTTP 200
Jul 11 14:41:05.571655 dv-cinder-master-3-iscsi devstack@c-api.service[112943]: [pid: 112943|app: 0|req: 167/321] 10.222.0.72 () {60 vars in 1365 bytes} [Mon Jul 11 14:41:05 2022] GET /volume/v3/cdf933c5a44747eba680d9420d6da997/volumes/e1349261-2d0c-428c-9c05-80cd557dc425 => generated 989 bytes in 125 msecs (HTTP/1.1 200) 7 headers in 286 bytes (1 switches on core 0)
Jul 11 14:41:05.678706 dv-cinder-master-3-iscsi devstack@c-api.service[112942]: DEBUG cinder.quota [None req-cc8bce74-bd29-4ad8-8be6-59d8101e42ab tempest-VolumeRetypeWithoutMigrationTest-1892445703 tempest-VolumeRetypeWithoutMigrationTest-1892445703-project] Created reservations ['a3b6e060-a9ef-43b8-8b20-b2bbf2c3dda7', '94717b17-8281-4040-90fb-10268bf0fa9a', '485c617f-9508-477b-aee8-cdb6736436c8', '32a5fa37-16a5-4094-aa24-854eb7df705b'] {{(pid=112942) reserve /opt/stack/cinder/cinder/quota.py:755}}
Jul 11 14:41:05.682519 dv-cinder-master-3-iscsi devstack@c-api.service[112942]: DEBUG cinder.volume.api [None req-cc8bce74-bd29-4ad8-8be6-59d8101e42ab tempest-VolumeRetypeWithoutMigrationTest-1892445703 tempest-VolumeRetypeWithoutMigrationTest-1892445703-project] Task 'cinder.volume.flows.api.create_volume.QuotaReserveTask;volume:create' (5afb2b5d-05f3-4286-81b8-397e43da60f3) transitioned into state 'SUCCESS' from state 'RUNNING' with result '{'reservations': ['a3b6e060-a9ef-43b8-8b20-b2bbf2c3dda7', '94717b17-8281-4040-90fb-10268bf0fa9a', '485c617f-9508-477b-aee8-cdb6736436c8', '32a5fa37-16a5-4094-aa24-854eb7df705b']}' {{(pid=112942) _task_receiver /usr/local/lib/python3.8/dist-packages/taskflow/listeners/logging.py:178}}
Jul 11 14:41:05.686661 dv-cinder-master-3-iscsi devstack@c-api.service[112942]: DEBUG cinder.volume.api [None req-cc8bce74-bd29-4ad8-8be6-59d8101e42ab tempest-VolumeRetypeWithoutMigrationTest-1892445703 tempest-VolumeRetypeWithoutMigrationTest-1892445703-project] Task 'cinder.volume.flows.api.create_volume.EntryCreateTask;volume:create' (3ef113aa-5a27-4e4c-943e-3b80d1725790) transitioned into state 'RUNNING' from state 'PENDING' {{(pid=112942) _task_receiver /usr/local/lib/python3.8/dist-packages/taskflow/listeners/logging.py:190}}
Jul 11 14:41:05.733978 dv-cinder-master-3-iscsi devstack@c-api.service[112942]: DEBUG cinder.volume.api [None req-cc8bce74-bd29-4ad8-8be6-59d8101e42ab tempest-VolumeRetypeWithoutMigrationTest-1892445703 tempest-VolumeRetypeWithoutMigrationTest-1892445703-project] Task 'cinder.volume.flows.api.create_volume.EntryCreateTask;volume:create' (3ef113aa-5a27-4e4c-943e-3b80d1725790) transitioned into state 'SUCCESS' from state 'RUNNING' with result '{'volume_id': '15203df7-8a56-4bc2-82e9-aecff3a89b46', 'volume_properties': VolumeProperties(attach_status='detached',availability_zone='nova',cgsnapshot_id=None,consistencygroup_id=None,display_description=None,display_name='tempest-VolumeRetypeWithoutMigrationTest-Volume-1957529262',encryption_key_id=None,group_id=None,group_type_id=,metadata={},multiattach=False,project_id='28ebea9991bb48eda27cde2776d05a22',qos_specs=None,replication_status=,reservations=['a3b6e060-a9ef-43b8-8b20-b2bbf2c3dda7','94717b17-8281-4040-90fb-10268bf0fa9a','485c617f-9508-477b-aee8-cdb6736436c8','32a5fa37-16a5-4094-aa24-854eb7df705b'],size=1,snapshot_id=None,source_replicaid=,source_volid=None,status='creating',user_id='1eb9a16ea2e24da29c2e26a19a2e5a20',volume_type_id=50426ac0-84ef-49f5-85a2-5103ae568ac3), 'volume': Volume(_name_id=None,admin_metadata=,attach_status='detached',availability_zone='nova',bootable=False,cluster=,cluster_name=None,consistencygroup=,consistencygroup_id=None,created_at=2022-07-11T14:41:05Z,deleted=False,deleted_at=None,display_description=None,display_name='tempest-VolumeRetypeWithoutMigrationTest-Volume-1957529262',ec2_id=None,encryption_key_id=None,glance_metadata=,group=,group_id=None,host=None,id=15203df7-8a56-4bc2-82e9-aecff3a89b46,launched_at=None,metadata={},migration_status=None,multiattach=False,previous_status=None,project_id='28ebea9991bb48eda27cde2776d05a22',provider_auth=None,provider_geometry=None,provider_id=None,provider_location=None,replication_driver_data=None,replication_extended_status=None,replication_status=None,scheduled_at=None,service_uuid=None,shared_targets=True,size=1,snapshot_id=None,snapshots=,source_volid=None,status='creating',terminated_at=None,updated_at=None,use_quota=True,user_id='1eb9a16ea2e24da29c2e26a19a2e5a20',volume_attachment=VolumeAttachmentList,volume_type=VolumeType(50426ac0-84ef-49f5-85a2-5103ae568ac3),volume_type_id=50426ac0-84ef-49f5-85a2-5103ae568ac3)}' {{(pid=112942) _task_receiver /usr/local/lib/python3.8/dist-packages/taskflow/listeners/logging.py:178}}
Jul 11 14:41:05.737558 dv-cinder-master-3-iscsi devstack@c-api.service[112942]: DEBUG cinder.volume.api [None req-cc8bce74-bd29-4ad8-8be6-59d8101e42ab tempest-VolumeRetypeWithoutMigrationTest-1892445703 tempest-VolumeRetypeWithoutMigrationTest-1892445703-project] Task 'cinder.volume.flows.api.create_volume.QuotaCommitTask;volume:create' (a6b16a3b-0ad9-44cc-9203-7fba0a9ca6fa) transitioned into state 'RUNNING' from state 'PENDING' {{(pid=112942) _task_receiver /usr/local/lib/python3.8/dist-packages/taskflow/listeners/logging.py:190}}
Jul 11 14:41:05.784639 dv-cinder-master-3-iscsi devstack@c-api.service[112942]: DEBUG cinder.volume.api [None req-cc8bce74-bd29-4ad8-8be6-59d8101e42ab tempest-VolumeRetypeWithoutMigrationTest-1892445703 tempest-VolumeRetypeWithoutMigrationTest-1892445703-project] Task 'cinder.volume.flows.api.create_volume.QuotaCommitTask;volume:create' (a6b16a3b-0ad9-44cc-9203-7fba0a9ca6fa) transitioned into state 'SUCCESS' from state 'RUNNING' with result '{'volume_properties': VolumeProperties(attach_status='detached',availability_zone='nova',cgsnapshot_id=None,consistencygroup_id=None,display_description=None,display_name='tempest-VolumeRetypeWithoutMigrationTest-Volume-1957529262',encryption_key_id=None,group_id=None,group_type_id=,metadata={},multiattach=False,project_id='28ebea9991bb48eda27cde2776d05a22',qos_specs=None,replication_status=,reservations=['a3b6e060-a9ef-43b8-8b20-b2bbf2c3dda7','94717b17-8281-4040-90fb-10268bf0fa9a','485c617f-9508-477b-aee8-cdb6736436c8','32a5fa37-16a5-4094-aa24-854eb7df705b'],size=1,snapshot_id=None,source_replicaid=,source_volid=None,status='creating',user_id='1eb9a16ea2e24da29c2e26a19a2e5a20',volume_type_id=50426ac0-84ef-49f5-85a2-5103ae568ac3)}' {{(pid=112942) _task_receiver /usr/local/lib/python3.8/dist-packages/taskflow/listeners/logging.py:178}}
Jul 11 14:41:05.787586 dv-cinder-master-3-iscsi devstack@c-api.service[112942]: DEBUG cinder.volume.api [None req-cc8bce74-bd29-4ad8-8be6-59d8101e42ab tempest-VolumeRetypeWithoutMigrationTest-1892445703 tempest-VolumeRetypeWithoutMigrationTest-1892445703-project] Task 'cinder.volume.flows.api.create_volume.VolumeCastTask;volume:create' (95f58739-6382-4f7e-a578-50269727015d) transitioned into state 'RUNNING' from state 'PENDING' {{(pid=112942) _task_receiver /usr/local/lib/python3.8/dist-packages/taskflow/listeners/logging.py:190}}
Jul 11 14:41:05.808056 dv-cinder-master-3-iscsi devstack@c-api.service[112942]: DEBUG cinder.volume.api [None req-cc8bce74-bd29-4ad8-8be6-59d8101e42ab tempest-VolumeRetypeWithoutMigrationTest-1892445703 tempest-VolumeRetypeWithoutMigrationTest-1892445703-project] Task 'cinder.volume.flows.api.create_volume.VolumeCastTask;volume:create' (95f58739-6382-4f7e-a578-50269727015d) transitioned into state 'SUCCESS' from state 'RUNNING' with result 'None' {{(pid=112942) _task_receiver /usr/local/lib/python3.8/dist-packages/taskflow/listeners/logging.py:178}}
Jul 11 14:41:05.810456 dv-cinder-master-3-iscsi devstack@c-api.service[112942]: DEBUG cinder.volume.api [None req-cc8bce74-bd29-4ad8-8be6-59d8101e42ab tempest-VolumeRetypeWithoutMigrationTest-1892445703 tempest-VolumeRetypeWithoutMigrationTest-1892445703-project] Flow 'volume_create_api' (15e9a110-e01a-4d6c-a5bc-5f55a9eaef57) transitioned into state 'SUCCESS' from state 'RUNNING' {{(pid=112942) _flow_receiver /usr/local/lib/python3.8/dist-packages/taskflow/listeners/logging.py:141}}
Jul 11 14:41:05.811302 dv-cinder-master-3-iscsi devstack@c-api.service[112942]: INFO cinder.volume.api [None req-cc8bce74-bd29-4ad8-8be6-59d8101e42ab tempest-VolumeRetypeWithoutMigrationTest-1892445703 tempest-VolumeRetypeWithoutMigrationTest-1892445703-project] Create volume request issued successfully.
Jul 11 14:41:05.812690 dv-cinder-master-3-iscsi devstack@c-api.service[112942]: INFO cinder.api.openstack.wsgi [None req-cc8bce74-bd29-4ad8-8be6-59d8101e42ab tempest-VolumeRetypeWithoutMigrationTest-1892445703 tempest-VolumeRetypeWithoutMigrationTest-1892445703-project] http://10.222.0.72/volume/v3/28ebea9991bb48eda27cde2776d05a22/volumes returned with HTTP 202
Jul 11 14:41:05.813628 dv-cinder-master-3-iscsi devstack@c-api.service[112942]: [pid: 112942|app: 0|req: 155/322] 10.222.0.72 () {60 vars in 1235 bytes} [Mon Jul 11 14:41:05 2022] POST /volume/v3/28ebea9991bb48eda27cde2776d05a22/volumes => generated 834 bytes in 541 msecs (HTTP/1.1 202) 7 headers in 291 bytes (2 switches on core 0)
Jul 11 14:41:05.826539 dv-cinder-master-3-iscsi devstack@c-api.service[112943]: DEBUG cinder.api.middleware.request_id [None req-a8e2c152-04a9-4c3a-83e0-b70e7c6a87bf None None] RequestId filter calling following filter/app {{(pid=112943) _context_setter /opt/stack/cinder/cinder/api/middleware/request_id.py:62}}
Jul 11 14:41:05.832278 dv-cinder-master-3-iscsi devstack@c-api.service[112943]: INFO cinder.api.openstack.wsgi [None req-a8e2c152-04a9-4c3a-83e0-b70e7c6a87bf tempest-VolumeRetypeWithoutMigrationTest-1892445703 tempest-VolumeRetypeWithoutMigrationTest-1892445703-project] GET http://10.222.0.72/volume/v3/28ebea9991bb48eda27cde2776d05a22/volumes/15203df7-8a56-4bc2-82e9-aecff3a89b46
Jul 11 14:41:05.833551 dv-cinder-master-3-iscsi devstack@c-api.service[112943]: DEBUG cinder.api.openstack.wsgi [None req-a8e2c152-04a9-4c3a-83e0-b70e7c6a87bf tempest-VolumeRetypeWithoutMigrationTest-1892445703 tempest-VolumeRetypeWithoutMigrationTest-1892445703-project] Empty body provided in request {{(pid=112943) get_body /opt/stack/cinder/cinder/api/openstack/wsgi.py:715}}
Jul 11 14:41:05.834557 dv-cinder-master-3-iscsi devstack@c-api.service[112943]: DEBUG cinder.api.openstack.wsgi [None req-a8e2c152-04a9-4c3a-83e0-b70e7c6a87bf tempest-VolumeRetypeWithoutMigrationTest-1892445703 tempest-VolumeRetypeWithoutMigrationTest-1892445703-project] Calling method 'show' {{(pid=112943) _process_stack /opt/stack/cinder/cinder/api/openstack/wsgi.py:868}}
Jul 11 14:41:05.855146 dv-cinder-master-3-iscsi devstack@c-api.service[112943]: /usr/local/lib/python3.8/dist-packages/oslo_context/context.py:100: DeprecationWarning: Policy enforcement is depending on the value of is_admin. This key is deprecated. Please update your policy file to use the standard policy values.
Jul 11 14:41:05.855146 dv-cinder-master-3-iscsi devstack@c-api.service[112943]: warnings.warn('Policy enforcement is depending on the value of '
Jul 11 14:41:05.864411 dv-cinder-master-3-iscsi devstack@c-api.service[112943]: INFO cinder.volume.api [None req-a8e2c152-04a9-4c3a-83e0-b70e7c6a87bf tempest-VolumeRetypeWithoutMigrationTest-1892445703 tempest-VolumeRetypeWithoutMigrationTest-1892445703-project] Volume info retrieved successfully.
Jul 11 14:41:05.875798 dv-cinder-master-3-iscsi devstack@c-api.service[112943]: INFO cinder.api.openstack.wsgi [None req-a8e2c152-04a9-4c3a-83e0-b70e7c6a87bf tempest-VolumeRetypeWithoutMigrationTest-1892445703 tempest-VolumeRetypeWithoutMigrationTest-1892445703-project] http://10.222.0.72/volume/v3/28ebea9991bb48eda27cde2776d05a22/volumes/15203df7-8a56-4bc2-82e9-aecff3a89b46 returned with HTTP 200
Jul 11 14:41:05.877100 dv-cinder-master-3-iscsi devstack@c-api.service[112943]: [pid: 112943|app: 0|req: 168/323] 10.222.0.72 () {58 vars in 1324 bytes} [Mon Jul 11 14:41:05 2022] GET /volume/v3/28ebea9991bb48eda27cde2776d05a22/volumes/15203df7-8a56-4bc2-82e9-aecff3a89b46 => generated 902 bytes in 52 msecs (HTTP/1.1 200) 7 headers in 285 bytes (1 switches on core 0)
Jul 11 14:41:05.888083 dv-cinder-master-3-iscsi devstack@c-api.service[112942]: DEBUG cinder.api.middleware.request_id [None req-c96bfc6e-a310-4b38-a060-0c882612f238 None None] RequestId filter calling following filter/app {{(pid=112942) _context_setter /opt/stack/cinder/cinder/api/middleware/request_id.py:62}}
Jul 11 14:41:05.892034 dv-cinder-master-3-iscsi devstack@c-api.service[112942]: INFO cinder.api.openstack.wsgi [None req-c96bfc6e-a310-4b38-a060-0c882612f238 tempest-VolumeQuotasNegativeTestJSON-2089703353 tempest-VolumeQuotasNegativeTestJSON-2089703353-project] GET http://10.222.0.72/volume/v3/cd47264e0cf94160ae4f6330bde0ff87/volumes/ec59a25f-3d94-4fa8-ac6c-9c091a3c9c30
Jul 11 14:41:05.892489 dv-cinder-master-3-iscsi devstack@c-api.service[112942]: DEBUG cinder.api.openstack.wsgi [None req-c96bfc6e-a310-4b38-a060-0c882612f238 tempest-VolumeQuotasNegativeTestJSON-2089703353 tempest-VolumeQuotasNegativeTestJSON-2089703353-project] Empty body provided in request {{(pid=112942) get_body /opt/stack/cinder/cinder/api/openstack/wsgi.py:715}}
Jul 11 14:41:05.893006 dv-cinder-master-3-iscsi devstack@c-api.service[112942]: DEBUG cinder.api.openstack.wsgi [None req-c96bfc6e-a310-4b38-a060-0c882612f238 tempest-VolumeQuotasNegativeTestJSON-2089703353 tempest-VolumeQuotasNegativeTestJSON-2089703353-project] Calling method 'show' {{(pid=112942) _process_stack /opt/stack/cinder/cinder/api/openstack/wsgi.py:868}}
Jul 11 14:41:05.918612 dv-cinder-master-3-iscsi devstack@c-api.service[112942]: /usr/local/lib/python3.8/dist-packages/oslo_context/context.py:100: DeprecationWarning: Policy enforcement is depending on the value of is_admin. This key is deprecated. Please update your policy file to use the standard policy values.
Jul 11 14:41:05.918612 dv-cinder-master-3-iscsi devstack@c-api.service[112942]: warnings.warn('Policy enforcement is depending on the value of '
Jul 11 14:41:05.926730 dv-cinder-master-3-iscsi devstack@c-api.service[112942]: INFO cinder.volume.api [None req-c96bfc6e-a310-4b38-a060-0c882612f238 tempest-VolumeQuotasNegativeTestJSON-2089703353 tempest-VolumeQuotasNegativeTestJSON-2089703353-project] Volume info retrieved successfully.
Jul 11 14:41:05.942469 dv-cinder-master-3-iscsi devstack@c-api.service[112942]: INFO cinder.api.openstack.wsgi [None req-c96bfc6e-a310-4b38-a060-0c882612f238 tempest-VolumeQuotasNegativeTestJSON-2089703353 tempest-VolumeQuotasNegativeTestJSON-2089703353-project] http://10.222.0.72/volume/v3/cd47264e0cf94160ae4f6330bde0ff87/volumes/ec59a25f-3d94-4fa8-ac6c-9c091a3c9c30 returned with HTTP 200
