Jul 11 14:40:33.028777 dv-cinder-master-3-iscsi devstack@c-api.service[112942]: /usr/local/lib/python3.8/dist-packages/oslo_context/context.py:100: DeprecationWarning: Policy enforcement is depending on the value of is_admin. This key is deprecated. Please update your policy file to use the standard policy values.
Jul 11 14:40:33.028777 dv-cinder-master-3-iscsi devstack@c-api.service[112942]: warnings.warn('Policy enforcement is depending on the value of '
Jul 11 14:40:33.093169 dv-cinder-master-3-iscsi devstack@c-api.service[112942]: INFO cinder.api.openstack.wsgi [None req-9ff81c9e-680a-4ad7-b348-0c7a320735f2 tempest-GroupSnapshotsTest-769461495 tempest-GroupSnapshotsTest-769461495-project] http://10.222.0.72/volume/v3/7eba23022dd5473a963ee8125858ccfa/groups/5391432b-ff06-4e69-895f-3ee97b5034a4 returned with HTTP 202
Jul 11 14:40:33.099348 dv-cinder-master-3-iscsi devstack@c-api.service[112942]: [pid: 112942|app: 0|req: 56/116] 10.222.0.72 () {62 vars in 1382 bytes} [Mon Jul 11 14:40:32 2022] PUT /volume/v3/7eba23022dd5473a963ee8125858ccfa/groups/5391432b-ff06-4e69-895f-3ee97b5034a4 => generated 0 bytes in 120 msecs (HTTP/1.1 202) 6 headers in 234 bytes (1 switches on core 0)
Jul 11 14:40:33.115718 dv-cinder-master-3-iscsi devstack@c-api.service[112942]: DEBUG cinder.api.middleware.request_id [None req-de257c15-2731-4c21-bc92-3a5fa24c3eb4 None None] RequestId filter calling following filter/app {{(pid=112942) _context_setter /opt/stack/cinder/cinder/api/middleware/request_id.py:62}}
Jul 11 14:40:33.133594 dv-cinder-master-3-iscsi devstack@c-api.service[112942]: INFO cinder.api.openstack.wsgi [None req-de257c15-2731-4c21-bc92-3a5fa24c3eb4 tempest-GroupsTest-1289074985 tempest-GroupsTest-1289074985-project] GET http://10.222.0.72/volume/v3/2b3dfa31fcc64f4b898f1242c30a0321/volumes/detail
Jul 11 14:40:33.136888 dv-cinder-master-3-iscsi devstack@c-api.service[112942]: DEBUG cinder.api.openstack.wsgi [None req-de257c15-2731-4c21-bc92-3a5fa24c3eb4 tempest-GroupsTest-1289074985 tempest-GroupsTest-1289074985-project] Empty body provided in request {{(pid=112942) get_body /opt/stack/cinder/cinder/api/openstack/wsgi.py:715}}
Jul 11 14:40:33.141492 dv-cinder-master-3-iscsi devstack@c-api.service[112942]: DEBUG cinder.api.openstack.wsgi [None req-de257c15-2731-4c21-bc92-3a5fa24c3eb4 tempest-GroupsTest-1289074985 tempest-GroupsTest-1289074985-project] Calling method 'detail' {{(pid=112942) _process_stack /opt/stack/cinder/cinder/api/openstack/wsgi.py:868}}
Jul 11 14:40:33.144573 dv-cinder-master-3-iscsi devstack@c-api.service[112942]: DEBUG cinder.api.api_utils [None req-de257c15-2731-4c21-bc92-3a5fa24c3eb4 tempest-GroupsTest-1289074985 tempest-GroupsTest-1289074985-project] Removing options '' from query. {{(pid=112942) remove_invalid_filter_options /opt/stack/cinder/cinder/api/api_utils.py:83}}
Jul 11 14:40:33.154647 dv-cinder-master-3-iscsi devstack@c-api.service[112942]: DEBUG cinder.volume.api [None req-de257c15-2731-4c21-bc92-3a5fa24c3eb4 tempest-GroupsTest-1289074985 tempest-GroupsTest-1289074985-project] Searching by: MultiDict([('no_migration_targets', True)]). {{(pid=112942) get_all /opt/stack/cinder/cinder/volume/api.py:664}}
Jul 11 14:40:33.320198 dv-cinder-master-3-iscsi devstack@c-api.service[112943]: INFO cinder.api.openstack.wsgi [None req-4967eb8c-b719-40f9-893c-c30f297ff320 tempest-GroupSnapshotsV319Test-1813587219 tempest-GroupSnapshotsV319Test-1813587219-project-admin] POST http://10.222.0.72/volume/v3/755c0e0d3ab847989d89b5d78dcabc8c/types
Jul 11 14:40:33.321338 dv-cinder-master-3-iscsi devstack@c-api.service[112943]: DEBUG cinder.api.openstack.wsgi [None req-4967eb8c-b719-40f9-893c-c30f297ff320 tempest-GroupSnapshotsV319Test-1813587219 tempest-GroupSnapshotsV319Test-1813587219-project-admin] Action: 'create', calling method: _create, body: {"volume_type": {"name": "tempest-GroupSnapshotsV319Test-volume-type-1807508384"}} {{(pid=112943) _process_stack /opt/stack/cinder/cinder/api/openstack/wsgi.py:866}}
Jul 11 14:40:33.421320 dv-cinder-master-3-iscsi devstack@c-api.service[112943]: INFO cinder.api.openstack.wsgi [None req-4967eb8c-b719-40f9-893c-c30f297ff320 tempest-GroupSnapshotsV319Test-1813587219 tempest-GroupSnapshotsV319Test-1813587219-project-admin] http://10.222.0.72/volume/v3/755c0e0d3ab847989d89b5d78dcabc8c/types returned with HTTP 200
Jul 11 14:40:33.424028 dv-cinder-master-3-iscsi devstack@c-api.service[112942]: INFO cinder.volume.api [None req-de257c15-2731-4c21-bc92-3a5fa24c3eb4 tempest-GroupsTest-1289074985 tempest-GroupsTest-1289074985-project] Get all volumes completed successfully.
Jul 11 14:40:33.426142 dv-cinder-master-3-iscsi devstack@c-api.service[112943]: [pid: 112943|app: 0|req: 61/117] 10.222.0.72 () {60 vars in 1228 bytes} [Mon Jul 11 14:40:32 2022] POST /volume/v3/755c0e0d3ab847989d89b5d78dcabc8c/types => generated 228 bytes in 497 msecs (HTTP/1.1 200) 7 headers in 285 bytes (1 switches on core 0)
Jul 11 14:40:33.429768 dv-cinder-master-3-iscsi devstack@c-api.service[112943]: DEBUG cinder.api.middleware.request_id [None req-526321e6-a44a-4017-b8f5-ecf485828018 None None] RequestId filter calling following filter/app {{(pid=112943) _context_setter /opt/stack/cinder/cinder/api/middleware/request_id.py:62}}
Jul 11 14:40:33.430467 dv-cinder-master-3-iscsi devstack@c-api.service[112942]: INFO cinder.api.openstack.wsgi [None req-de257c15-2731-4c21-bc92-3a5fa24c3eb4 tempest-GroupsTest-1289074985 tempest-GroupsTest-1289074985-project] http://10.222.0.72/volume/v3/2b3dfa31fcc64f4b898f1242c30a0321/volumes/detail returned with HTTP 200
Jul 11 14:40:33.431906 dv-cinder-master-3-iscsi devstack@c-api.service[112942]: [pid: 112942|app: 0|req: 57/118] 10.222.0.72 () {60 vars in 1275 bytes} [Mon Jul 11 14:40:33 2022] GET /volume/v3/2b3dfa31fcc64f4b898f1242c30a0321/volumes/detail => generated 15 bytes in 326 msecs (HTTP/1.1 200) 7 headers in 285 bytes (1 switches on core 0)
Jul 11 14:40:33.433629 dv-cinder-master-3-iscsi devstack@c-api.service[112942]: DEBUG cinder.api.middleware.request_id [None req-651ced3d-7f35-48a0-82fd-33ce04ceafc4 None None] RequestId filter calling following filter/app {{(pid=112942) _context_setter /opt/stack/cinder/cinder/api/middleware/request_id.py:62}}
Jul 11 14:40:33.437987 dv-cinder-master-3-iscsi devstack@c-api.service[112942]: INFO cinder.api.openstack.wsgi [None req-651ced3d-7f35-48a0-82fd-33ce04ceafc4 tempest-GroupSnapshotsV319Test-1813587219 tempest-GroupSnapshotsV319Test-1813587219-project-admin] POST http://10.222.0.72/volume/v3/755c0e0d3ab847989d89b5d78dcabc8c/group_types
Jul 11 14:40:33.439077 dv-cinder-master-3-iscsi devstack@c-api.service[112942]: DEBUG cinder.api.openstack.wsgi [None req-651ced3d-7f35-48a0-82fd-33ce04ceafc4 tempest-GroupSnapshotsV319Test-1813587219 tempest-GroupSnapshotsV319Test-1813587219-project-admin] Action: 'create', calling method: version_select, body: {"group_type": {"name": "tempest-GroupSnapshotsV319Test-group-type-1984758746"}} {{(pid=112942) _process_stack /opt/stack/cinder/cinder/api/openstack/wsgi.py:866}}
Jul 11 14:40:33.460009 dv-cinder-master-3-iscsi devstack@c-api.service[112943]: INFO cinder.api.openstack.wsgi [None req-526321e6-a44a-4017-b8f5-ecf485828018 tempest-GroupSnapshotsTest-769461495 tempest-GroupSnapshotsTest-769461495-project] GET http://10.222.0.72/volume/v3/7eba23022dd5473a963ee8125858ccfa/groups/5391432b-ff06-4e69-895f-3ee97b5034a4
Jul 11 14:40:33.468299 dv-cinder-master-3-iscsi devstack@c-api.service[112943]: DEBUG cinder.api.openstack.wsgi [None req-526321e6-a44a-4017-b8f5-ecf485828018 tempest-GroupSnapshotsTest-769461495 tempest-GroupSnapshotsTest-769461495-project] Empty body provided in request {{(pid=112943) get_body /opt/stack/cinder/cinder/api/openstack/wsgi.py:715}}
Jul 11 14:40:33.469211 dv-cinder-master-3-iscsi devstack@c-api.service[112943]: DEBUG cinder.api.openstack.wsgi [None req-526321e6-a44a-4017-b8f5-ecf485828018 tempest-GroupSnapshotsTest-769461495 tempest-GroupSnapshotsTest-769461495-project] Calling method 'version_select' {{(pid=112943) _process_stack /opt/stack/cinder/cinder/api/openstack/wsgi.py:868}}
Jul 11 14:40:33.469855 dv-cinder-master-3-iscsi devstack@c-api.service[112943]: DEBUG cinder.api.v3.groups [None req-526321e6-a44a-4017-b8f5-ecf485828018 tempest-GroupSnapshotsTest-769461495 tempest-GroupSnapshotsTest-769461495-project] show called for member 5391432b-ff06-4e69-895f-3ee97b5034a4 {{(pid=112943) show /opt/stack/cinder/cinder/api/v3/groups.py:58}}
Jul 11 14:40:33.480875 dv-cinder-master-3-iscsi devstack@c-api.service[112942]: INFO cinder.api.openstack.wsgi [None req-651ced3d-7f35-48a0-82fd-33ce04ceafc4 tempest-GroupSnapshotsV319Test-1813587219 tempest-GroupSnapshotsV319Test-1813587219-project-admin] http://10.222.0.72/volume/v3/755c0e0d3ab847989d89b5d78dcabc8c/group_types returned with HTTP 202
Jul 11 14:40:33.482123 dv-cinder-master-3-iscsi devstack@c-api.service[112942]: [pid: 112942|app: 0|req: 58/119] 10.222.0.72 () {62 vars in 1287 bytes} [Mon Jul 11 14:40:33 2022] POST /volume/v3/755c0e0d3ab847989d89b5d78dcabc8c/group_types => generated 185 bytes in 49 msecs (HTTP/1.1 202) 7 headers in 292 bytes (1 switches on core 0)
Jul 11 14:40:33.484461 dv-cinder-master-3-iscsi devstack@c-api.service[112942]: DEBUG cinder.api.middleware.request_id [None req-aa0125e3-9b12-45eb-8360-f61f818a21fd None None] RequestId filter calling following filter/app {{(pid=112942) _context_setter /opt/stack/cinder/cinder/api/middleware/request_id.py:62}}
Jul 11 14:40:33.489491 dv-cinder-master-3-iscsi devstack@c-api.service[112942]: INFO cinder.api.openstack.wsgi [None req-aa0125e3-9b12-45eb-8360-f61f818a21fd tempest-GroupsTest-1289074985 tempest-GroupsTest-1289074985-project] POST http://10.222.0.72/volume/v3/2b3dfa31fcc64f4b898f1242c30a0321/groups/6f0b5d2a-2e96-4478-b18d-df6216811daf/action
Jul 11 14:40:33.490563 dv-cinder-master-3-iscsi devstack@c-api.service[112942]: DEBUG cinder.api.openstack.wsgi [None req-aa0125e3-9b12-45eb-8360-f61f818a21fd tempest-GroupsTest-1289074985 tempest-GroupsTest-1289074985-project] Action body: b'{"delete": {"delete-volumes": true}}' {{(pid=112942) get_method /opt/stack/cinder/cinder/api/openstack/wsgi.py:983}}
Jul 11 14:40:33.491030 dv-cinder-master-3-iscsi devstack@c-api.service[112942]: DEBUG cinder.api.openstack.wsgi [None req-aa0125e3-9b12-45eb-8360-f61f818a21fd tempest-GroupsTest-1289074985 tempest-GroupsTest-1289074985-project] Action: 'action', calling method: delete_group, body: {"delete": {"delete-volumes": true}} {{(pid=112942) _process_stack /opt/stack/cinder/cinder/api/openstack/wsgi.py:866}}
Jul 11 14:40:33.492160 dv-cinder-master-3-iscsi devstack@c-api.service[112942]: DEBUG cinder.api.v3.groups [None req-aa0125e3-9b12-45eb-8360-f61f818a21fd tempest-GroupsTest-1289074985 tempest-GroupsTest-1289074985-project] delete called for group 6f0b5d2a-2e96-4478-b18d-df6216811daf {{(pid=112942) _delete /opt/stack/cinder/cinder/api/v3/groups.py:117}}
Jul 11 14:40:33.492547 dv-cinder-master-3-iscsi devstack@c-api.service[112942]: INFO cinder.api.v3.groups [None req-aa0125e3-9b12-45eb-8360-f61f818a21fd tempest-GroupsTest-1289074985 tempest-GroupsTest-1289074985-project] Delete group with id: 6f0b5d2a-2e96-4478-b18d-df6216811daf
Jul 11 14:40:33.502590 dv-cinder-master-3-iscsi devstack@c-api.service[112943]: /usr/local/lib/python3.8/dist-packages/oslo_context/context.py:100: DeprecationWarning: Policy enforcement is depending on the value of is_admin. This key is deprecated. Please update your policy file to use the standard policy values.
Jul 11 14:40:33.502590 dv-cinder-master-3-iscsi devstack@c-api.service[112943]: warnings.warn('Policy enforcement is depending on the value of '
Jul 11 14:40:33.513738 dv-cinder-master-3-iscsi devstack@c-api.service[112942]: INFO cinder.api.openstack.wsgi [None req-aa0125e3-9b12-45eb-8360-f61f818a21fd tempest-GroupsTest-1289074985 tempest-GroupsTest-1289074985-project] http://10.222.0.72/volume/v3/2b3dfa31fcc64f4b898f1242c30a0321/groups/6f0b5d2a-2e96-4478-b18d-df6216811daf/action returned with HTTP 404
Jul 11 14:40:33.520142 dv-cinder-master-3-iscsi devstack@c-api.service[112942]: [pid: 112942|app: 0|req: 59/120] 10.222.0.72 () {62 vars in 1404 bytes} [Mon Jul 11 14:40:33 2022] POST /volume/v3/2b3dfa31fcc64f4b898f1242c30a0321/groups/6f0b5d2a-2e96-4478-b18d-df6216811daf/action => generated 108 bytes in 37 msecs (HTTP/1.1 404) 7 headers in 293 bytes (1 switches on core 0)
Jul 11 14:40:33.522126 dv-cinder-master-3-iscsi devstack@c-api.service[112942]: DEBUG cinder.api.middleware.request_id [None req-50f9ccda-f70e-419a-b199-c18a2b4056c8 None None] RequestId filter calling following filter/app {{(pid=112942) _context_setter /opt/stack/cinder/cinder/api/middleware/request_id.py:62}}
Jul 11 14:40:33.547818 dv-cinder-master-3-iscsi devstack@c-api.service[112943]: INFO cinder.api.openstack.wsgi [None req-526321e6-a44a-4017-b8f5-ecf485828018 tempest-GroupSnapshotsTest-769461495 tempest-GroupSnapshotsTest-769461495-project] http://10.222.0.72/volume/v3/7eba23022dd5473a963ee8125858ccfa/groups/5391432b-ff06-4e69-895f-3ee97b5034a4 returned with HTTP 200
Jul 11 14:40:33.556110 dv-cinder-master-3-iscsi devstack@c-api.service[112943]: [pid: 112943|app: 0|req: 62/121] 10.222.0.72 () {60 vars in 1362 bytes} [Mon Jul 11 14:40:33 2022] GET /volume/v3/7eba23022dd5473a963ee8125858ccfa/groups/5391432b-ff06-4e69-895f-3ee97b5034a4 => generated 393 bytes in 129 msecs (HTTP/1.1 200) 7 headers in 286 bytes (1 switches on core 0)
Jul 11 14:40:33.558329 dv-cinder-master-3-iscsi devstack@c-api.service[112943]: DEBUG cinder.api.middleware.request_id [None req-d2bd751c-1891-49ba-930a-8d2d1c4c7b1f None None] RequestId filter calling following filter/app {{(pid=112943) _context_setter /opt/stack/cinder/cinder/api/middleware/request_id.py:62}}
Jul 11 14:40:33.562578 dv-cinder-master-3-iscsi devstack@c-api.service[112943]: INFO cinder.api.openstack.wsgi [None req-d2bd751c-1891-49ba-930a-8d2d1c4c7b1f tempest-GroupsTest-1277781536 tempest-GroupsTest-1277781536-project-admin] DELETE http://10.222.0.72/volume/v3/e2743865f59a4caa870ac3c826a76899/group_types/4b169106-c890-4da1-8248-42be7b9f872a
Jul 11 14:40:33.564830 dv-cinder-master-3-iscsi devstack@c-api.service[112943]: DEBUG cinder.api.openstack.wsgi [None req-d2bd751c-1891-49ba-930a-8d2d1c4c7b1f tempest-GroupsTest-1277781536 tempest-GroupsTest-1277781536-project-admin] Empty body provided in request {{(pid=112943) get_body /opt/stack/cinder/cinder/api/openstack/wsgi.py:715}}
Jul 11 14:40:33.567223 dv-cinder-master-3-iscsi devstack@c-api.service[112943]: DEBUG cinder.api.openstack.wsgi [None req-d2bd751c-1891-49ba-930a-8d2d1c4c7b1f tempest-GroupsTest-1277781536 tempest-GroupsTest-1277781536-project-admin] Calling method 'version_select' {{(pid=112943) _process_stack /opt/stack/cinder/cinder/api/openstack/wsgi.py:868}}
Jul 11 14:40:33.570191 dv-cinder-master-3-iscsi devstack@c-api.service[112943]: /usr/local/lib/python3.8/dist-packages/oslo_context/context.py:100: DeprecationWarning: Policy enforcement is depending on the value of is_admin. This key is deprecated. Please update your policy file to use the standard policy values.
Jul 11 14:40:33.570191 dv-cinder-master-3-iscsi devstack@c-api.service[112943]: warnings.warn('Policy enforcement is depending on the value of '
Jul 11 14:40:33.665330 dv-cinder-master-3-iscsi devstack@c-api.service[112943]: INFO cinder.api.openstack.wsgi [None req-d2bd751c-1891-49ba-930a-8d2d1c4c7b1f tempest-GroupsTest-1277781536 tempest-GroupsTest-1277781536-project-admin] http://10.222.0.72/volume/v3/e2743865f59a4caa870ac3c826a76899/group_types/4b169106-c890-4da1-8248-42be7b9f872a returned with HTTP 202
Jul 11 14:40:33.666645 dv-cinder-master-3-iscsi devstack@c-api.service[112943]: [pid: 112943|app: 0|req: 63/122] 10.222.0.72 () {60 vars in 1380 bytes} [Mon Jul 11 14:40:33 2022] DELETE /volume/v3/e2743865f59a4caa870ac3c826a76899/group_types/4b169106-c890-4da1-8248-42be7b9f872a => generated 0 bytes in 110 msecs (HTTP/1.1 202) 6 headers in 234 bytes (1 switches on core 0)
Jul 11 14:40:33.674559 dv-cinder-master-3-iscsi devstack@c-api.service[112943]: DEBUG cinder.api.middleware.request_id [None req-e4c7b792-0cc3-45d7-bd0a-8ae93b61b37c None None] RequestId filter calling following filter/app {{(pid=112943) _context_setter /opt/stack/cinder/cinder/api/middleware/request_id.py:62}}
Jul 11 14:40:33.679663 dv-cinder-master-3-iscsi devstack@c-api.service[112943]: INFO cinder.api.openstack.wsgi [None req-e4c7b792-0cc3-45d7-bd0a-8ae93b61b37c tempest-GroupSnapshotsTest-769461495 tempest-GroupSnapshotsTest-769461495-project] PUT http://10.222.0.72/volume/v3/7eba23022dd5473a963ee8125858ccfa/groups/5391432b-ff06-4e69-895f-3ee97b5034a4
Jul 11 14:40:33.681724 dv-cinder-master-3-iscsi devstack@c-api.service[112943]: DEBUG cinder.api.openstack.wsgi [None req-e4c7b792-0cc3-45d7-bd0a-8ae93b61b37c tempest-GroupSnapshotsTest-769461495 tempest-GroupSnapshotsTest-769461495-project] Action: 'update', calling method: version_select, body: {"group": {"add_volumes": "ff4e3ca8-69ac-4159-964c-20b78338aba2"}} {{(pid=112943) _process_stack /opt/stack/cinder/cinder/api/openstack/wsgi.py:866}}
Jul 11 14:40:33.706827 dv-cinder-master-3-iscsi devstack@c-api.service[112943]: DEBUG cinder.api.v3.groups [None req-e4c7b792-0cc3-45d7-bd0a-8ae93b61b37c tempest-GroupSnapshotsTest-769461495 tempest-GroupSnapshotsTest-769461495-project] Update called for group 5391432b-ff06-4e69-895f-3ee97b5034a4. {{(pid=112943) update /opt/stack/cinder/cinder/api/v3/groups.py:302}}
Jul 11 14:40:33.709121 dv-cinder-master-3-iscsi devstack@c-api.service[112943]: INFO cinder.api.v3.groups [None req-e4c7b792-0cc3-45d7-bd0a-8ae93b61b37c tempest-GroupSnapshotsTest-769461495 tempest-GroupSnapshotsTest-769461495-project] Updating group 5391432b-ff06-4e69-895f-3ee97b5034a4 with name None description: None add_volumes: ff4e3ca8-69ac-4159-964c-20b78338aba2 remove_volumes: None.
Jul 11 14:40:33.725401 dv-cinder-master-3-iscsi devstack@c-api.service[112943]: /usr/local/lib/python3.8/dist-packages/oslo_context/context.py:100: DeprecationWarning: Policy enforcement is depending on the value of is_admin. This key is deprecated. Please update your policy file to use the standard policy values.
Jul 11 14:40:33.725401 dv-cinder-master-3-iscsi devstack@c-api.service[112943]: warnings.warn('Policy enforcement is depending on the value of '
Jul 11 14:40:33.838138 dv-cinder-master-3-iscsi devstack@c-api.service[112943]: INFO cinder.api.openstack.wsgi [None req-e4c7b792-0cc3-45d7-bd0a-8ae93b61b37c tempest-GroupSnapshotsTest-769461495 tempest-GroupSnapshotsTest-769461495-project] http://10.222.0.72/volume/v3/7eba23022dd5473a963ee8125858ccfa/groups/5391432b-ff06-4e69-895f-3ee97b5034a4 returned with HTTP 202
Jul 11 14:40:33.842928 dv-cinder-master-3-iscsi devstack@c-api.service[112942]: INFO cinder.api.openstack.wsgi [None req-50f9ccda-f70e-419a-b199-c18a2b4056c8 tempest-GroupSnapshotsV319Test-68877479 tempest-GroupSnapshotsV319Test-68877479-project] POST http://10.222.0.72/volume/v3/73deedca9d7c43638e1d19c7c5bfcade/groups
Jul 11 14:40:33.843987 dv-cinder-master-3-iscsi devstack@c-api.service[112942]: DEBUG cinder.api.openstack.wsgi [None req-50f9ccda-f70e-419a-b199-c18a2b4056c8 tempest-GroupSnapshotsV319Test-68877479 tempest-GroupSnapshotsV319Test-68877479-project] Action: 'create', calling method: version_select, body: {"group": {"group_type": "2b61148d-75e7-4b43-a60a-f3d13a5df6c5", "volume_types": ["d74d7d1a-e0df-4ea9-b3b5-a46dd5588aa9"], "name": "tempest-GroupSnapshotsV319Test-Group-717027043"}} {{(pid=112942) _process_stack /opt/stack/cinder/cinder/api/openstack/wsgi.py:866}}
Jul 11 14:40:33.845452 dv-cinder-master-3-iscsi devstack@c-api.service[112942]: DEBUG cinder.api.v3.groups [None req-50f9ccda-f70e-419a-b199-c18a2b4056c8 tempest-GroupSnapshotsV319Test-68877479 tempest-GroupSnapshotsV319Test-68877479-project] Creating new group {'group': {'group_type': '2b61148d-75e7-4b43-a60a-f3d13a5df6c5', 'volume_types': ['d74d7d1a-e0df-4ea9-b3b5-a46dd5588aa9'], 'name': 'tempest-GroupSnapshotsV319Test-Group-717027043'}} {{(pid=112942) create /opt/stack/cinder/cinder/api/v3/groups.py:190}}
Jul 11 14:40:33.848606 dv-cinder-master-3-iscsi devstack@c-api.service[112943]: [pid: 112943|app: 0|req: 64/123] 10.222.0.72 () {62 vars in 1382 bytes} [Mon Jul 11 14:40:33 2022] PUT /volume/v3/7eba23022dd5473a963ee8125858ccfa/groups/5391432b-ff06-4e69-895f-3ee97b5034a4 => generated 0 bytes in 181 msecs (HTTP/1.1 202) 6 headers in 234 bytes (1 switches on core 0)
Jul 11 14:40:33.850614 dv-cinder-master-3-iscsi devstack@c-api.service[112943]: DEBUG cinder.api.middleware.request_id [None req-7510ce27-b3d0-410f-ba89-88b4b002e4fa None None] RequestId filter calling following filter/app {{(pid=112943) _context_setter /opt/stack/cinder/cinder/api/middleware/request_id.py:62}}
Jul 11 14:40:33.863394 dv-cinder-master-3-iscsi devstack@c-api.service[112943]: INFO cinder.api.openstack.wsgi [None req-7510ce27-b3d0-410f-ba89-88b4b002e4fa tempest-GroupsTest-1277781536 tempest-GroupsTest-1277781536-project-admin] POST http://10.222.0.72/volume/v3/e2743865f59a4caa870ac3c826a76899/types
Jul 11 14:40:33.863739 dv-cinder-master-3-iscsi devstack@c-api.service[112943]: DEBUG cinder.api.openstack.wsgi [None req-7510ce27-b3d0-410f-ba89-88b4b002e4fa tempest-GroupsTest-1277781536 tempest-GroupsTest-1277781536-project-admin] Action: 'create', calling method: _create, body: {"volume_type": {"name": "tempest-GroupsTest-volume-type-749001806"}} {{(pid=112943) _process_stack /opt/stack/cinder/cinder/api/openstack/wsgi.py:866}}
Jul 11 14:40:33.864857 dv-cinder-master-3-iscsi devstack@c-api.service[112943]: /usr/local/lib/python3.8/dist-packages/oslo_context/context.py:100: DeprecationWarning: Policy enforcement is depending on the value of is_admin. This key is deprecated. Please update your policy file to use the standard policy values.
Jul 11 14:40:33.864857 dv-cinder-master-3-iscsi devstack@c-api.service[112943]: warnings.warn('Policy enforcement is depending on the value of '
Jul 11 14:40:33.885349 dv-cinder-master-3-iscsi devstack@c-api.service[112942]: INFO cinder.api.v3.groups [None req-50f9ccda-f70e-419a-b199-c18a2b4056c8 tempest-GroupSnapshotsV319Test-68877479 tempest-GroupSnapshotsV319Test-68877479-project] Creating group tempest-GroupSnapshotsV319Test-Group-717027043.
Jul 11 14:40:33.944519 dv-cinder-master-3-iscsi devstack@c-api.service[112942]: INFO cinder.volume.api [None req-50f9ccda-f70e-419a-b199-c18a2b4056c8 tempest-GroupSnapshotsV319Test-68877479 tempest-GroupSnapshotsV319Test-68877479-project] Availability Zones retrieved successfully.
Jul 11 14:40:33.955265 dv-cinder-master-3-iscsi devstack@c-api.service[112943]: INFO cinder.api.openstack.wsgi [None req-7510ce27-b3d0-410f-ba89-88b4b002e4fa tempest-GroupsTest-1277781536 tempest-GroupsTest-1277781536-project-admin] http://10.222.0.72/volume/v3/e2743865f59a4caa870ac3c826a76899/types returned with HTTP 200
Jul 11 14:40:33.971436 dv-cinder-master-3-iscsi devstack@c-api.service[112943]: [pid: 112943|app: 0|req: 65/124] 10.222.0.72 () {60 vars in 1228 bytes} [Mon Jul 11 14:40:33 2022] POST /volume/v3/e2743865f59a4caa870ac3c826a76899/types => generated 215 bytes in 120 msecs (HTTP/1.1 200) 7 headers in 285 bytes (1 switches on core 0)
Jul 11 14:40:33.973265 dv-cinder-master-3-iscsi devstack@c-api.service[112943]: DEBUG cinder.api.middleware.request_id [None req-d638cfe9-df90-4c17-bc7a-e7be367b05ce None None] RequestId filter calling following filter/app {{(pid=112943) _context_setter /opt/stack/cinder/cinder/api/middleware/request_id.py:62}}
Jul 11 14:40:33.981799 dv-cinder-master-3-iscsi devstack@c-api.service[112943]: INFO cinder.api.openstack.wsgi [None req-d638cfe9-df90-4c17-bc7a-e7be367b05ce tempest-GroupSnapshotsTest-769461495 tempest-GroupSnapshotsTest-769461495-project] GET http://10.222.0.72/volume/v3/7eba23022dd5473a963ee8125858ccfa/groups/5391432b-ff06-4e69-895f-3ee97b5034a4
Jul 11 14:40:33.988134 dv-cinder-master-3-iscsi devstack@c-api.service[112943]: DEBUG cinder.api.openstack.wsgi [None req-d638cfe9-df90-4c17-bc7a-e7be367b05ce tempest-GroupSnapshotsTest-769461495 tempest-GroupSnapshotsTest-769461495-project] Empty body provided in request {{(pid=112943) get_body /opt/stack/cinder/cinder/api/openstack/wsgi.py:715}}
Jul 11 14:40:33.989505 dv-cinder-master-3-iscsi devstack@c-api.service[112943]: DEBUG cinder.api.openstack.wsgi [None req-d638cfe9-df90-4c17-bc7a-e7be367b05ce tempest-GroupSnapshotsTest-769461495 tempest-GroupSnapshotsTest-769461495-project] Calling method 'version_select' {{(pid=112943) _process_stack /opt/stack/cinder/cinder/api/openstack/wsgi.py:868}}
Jul 11 14:40:33.990889 dv-cinder-master-3-iscsi devstack@c-api.service[112943]: DEBUG cinder.api.v3.groups [None req-d638cfe9-df90-4c17-bc7a-e7be367b05ce tempest-GroupSnapshotsTest-769461495 tempest-GroupSnapshotsTest-769461495-project] show called for member 5391432b-ff06-4e69-895f-3ee97b5034a4 {{(pid=112943) show /opt/stack/cinder/cinder/api/v3/groups.py:58}}
Jul 11 14:40:34.010828 dv-cinder-master-3-iscsi devstack@c-api.service[112943]: /usr/local/lib/python3.8/dist-packages/oslo_context/context.py:100: DeprecationWarning: Policy enforcement is depending on the value of is_admin. This key is deprecated. Please update your policy file to use the standard policy values.
Jul 11 14:40:34.010828 dv-cinder-master-3-iscsi devstack@c-api.service[112943]: warnings.warn('Policy enforcement is depending on the value of '
Jul 11 14:40:34.040677 dv-cinder-master-3-iscsi devstack@c-api.service[112942]: DEBUG cinder.quota [None req-50f9ccda-f70e-419a-b199-c18a2b4056c8 tempest-GroupSnapshotsV319Test-68877479 tempest-GroupSnapshotsV319Test-68877479-project] Created reservations ['2e0c462e-3e19-4ef1-8e6a-1c741d2307ad'] {{(pid=112942) reserve /opt/stack/cinder/cinder/quota.py:755}}
Jul 11 14:40:34.070983 dv-cinder-master-3-iscsi devstack@c-api.service[112943]: INFO cinder.api.openstack.wsgi [None req-d638cfe9-df90-4c17-bc7a-e7be367b05ce tempest-GroupSnapshotsTest-769461495 tempest-GroupSnapshotsTest-769461495-project] http://10.222.0.72/volume/v3/7eba23022dd5473a963ee8125858ccfa/groups/5391432b-ff06-4e69-895f-3ee97b5034a4 returned with HTTP 200
Jul 11 14:40:34.090116 dv-cinder-master-3-iscsi devstack@c-api.service[112943]: [pid: 112943|app: 0|req: 66/125] 10.222.0.72 () {60 vars in 1362 bytes} [Mon Jul 11 14:40:33 2022] GET /volume/v3/7eba23022dd5473a963ee8125858ccfa/groups/5391432b-ff06-4e69-895f-3ee97b5034a4 => generated 393 bytes in 118 msecs (HTTP/1.1 200) 7 headers in 286 bytes (1 switches on core 0)
Jul 11 14:40:34.091806 dv-cinder-master-3-iscsi devstack@c-api.service[112943]: DEBUG cinder.api.middleware.request_id [None req-a5e2ae2f-b7c5-43ad-b0ef-c8472b85279a None None] RequestId filter calling following filter/app {{(pid=112943) _context_setter /opt/stack/cinder/cinder/api/middleware/request_id.py:62}}
Jul 11 14:40:34.103383 dv-cinder-master-3-iscsi devstack@c-api.service[112943]: INFO cinder.api.openstack.wsgi [None req-a5e2ae2f-b7c5-43ad-b0ef-c8472b85279a tempest-GroupsTest-1277781536 tempest-GroupsTest-1277781536-project-admin] POST http://10.222.0.72/volume/v3/e2743865f59a4caa870ac3c826a76899/group_types
Jul 11 14:40:34.107968 dv-cinder-master-3-iscsi devstack@c-api.service[112943]: DEBUG cinder.api.openstack.wsgi [None req-a5e2ae2f-b7c5-43ad-b0ef-c8472b85279a tempest-GroupsTest-1277781536 tempest-GroupsTest-1277781536-project-admin] Action: 'create', calling method: version_select, body: {"group_type": {"name": "tempest-GroupsTest-group-type-197779690"}} {{(pid=112943) _process_stack /opt/stack/cinder/cinder/api/openstack/wsgi.py:866}}
Jul 11 14:40:34.113441 dv-cinder-master-3-iscsi devstack@c-api.service[112943]: /usr/local/lib/python3.8/dist-packages/oslo_context/context.py:100: DeprecationWarning: Policy enforcement is depending on the value of is_admin. This key is deprecated. Please update your policy file to use the standard policy values.
Jul 11 14:40:34.113441 dv-cinder-master-3-iscsi devstack@c-api.service[112943]: warnings.warn('Policy enforcement is depending on the value of '
Jul 11 14:40:34.184288 dv-cinder-master-3-iscsi devstack@c-api.service[112943]: INFO cinder.api.openstack.wsgi [None req-a5e2ae2f-b7c5-43ad-b0ef-c8472b85279a tempest-GroupsTest-1277781536 tempest-GroupsTest-1277781536-project-admin] http://10.222.0.72/volume/v3/e2743865f59a4caa870ac3c826a76899/group_types returned with HTTP 202
Jul 11 14:40:34.211273 dv-cinder-master-3-iscsi devstack@c-api.service[112943]: [pid: 112943|app: 0|req: 67/126] 10.222.0.72 () {62 vars in 1287 bytes} [Mon Jul 11 14:40:34 2022] POST /volume/v3/e2743865f59a4caa870ac3c826a76899/group_types => generated 172 bytes in 119 msecs (HTTP/1.1 202) 7 headers in 292 bytes (1 switches on core 0)
Jul 11 14:40:34.213347 dv-cinder-master-3-iscsi devstack@c-api.service[112943]: DEBUG cinder.api.middleware.request_id [None req-3803d141-31cb-45c5-b2ab-fbca6e10d414 None None] RequestId filter calling following filter/app {{(pid=112943) _context_setter /opt/stack/cinder/cinder/api/middleware/request_id.py:62}}
Jul 11 14:40:34.222555 dv-cinder-master-3-iscsi devstack@c-api.service[112942]: INFO cinder.api.openstack.wsgi [None req-50f9ccda-f70e-419a-b199-c18a2b4056c8 tempest-GroupSnapshotsV319Test-68877479 tempest-GroupSnapshotsV319Test-68877479-project] http://10.222.0.72/volume/v3/73deedca9d7c43638e1d19c7c5bfcade/groups returned with HTTP 202
Jul 11 14:40:34.223327 dv-cinder-master-3-iscsi devstack@c-api.service[112942]: [pid: 112942|app: 0|req: 60/127] 10.222.0.72 () {62 vars in 1273 bytes} [Mon Jul 11 14:40:33 2022] POST /volume/v3/73deedca9d7c43638e1d19c7c5bfcade/groups => generated 115 bytes in 702 msecs (HTTP/1.1 202) 7 headers in 292 bytes (1 switches on core 0)
Jul 11 14:40:34.236589 dv-cinder-master-3-iscsi devstack@c-api.service[112942]: DEBUG cinder.api.middleware.request_id [None req-2ebc4ac1-6ed6-4128-b20f-9958b611093f None None] RequestId filter calling following filter/app {{(pid=112942) _context_setter /opt/stack/cinder/cinder/api/middleware/request_id.py:62}}
Jul 11 14:40:34.238884 dv-cinder-master-3-iscsi devstack@c-api.service[112943]: INFO cinder.api.openstack.wsgi [None req-3803d141-31cb-45c5-b2ab-fbca6e10d414 tempest-GroupSnapshotsTest-769461495 tempest-GroupSnapshotsTest-769461495-project] PUT http://10.222.0.72/volume/v3/7eba23022dd5473a963ee8125858ccfa/groups/5391432b-ff06-4e69-895f-3ee97b5034a4
Jul 11 14:40:34.239886 dv-cinder-master-3-iscsi devstack@c-api.service[112943]: DEBUG cinder.api.openstack.wsgi [None req-3803d141-31cb-45c5-b2ab-fbca6e10d414 tempest-GroupSnapshotsTest-769461495 tempest-GroupSnapshotsTest-769461495-project] Action: 'update', calling method: version_select, body: {"group": {"remove_volumes": "83ab21a2-8108-4bf4-87bf-3ab2bf11a6de"}} {{(pid=112943) _process_stack /opt/stack/cinder/cinder/api/openstack/wsgi.py:866}}
Jul 11 14:40:34.241497 dv-cinder-master-3-iscsi devstack@c-api.service[112943]: DEBUG cinder.api.v3.groups [None req-3803d141-31cb-45c5-b2ab-fbca6e10d414 tempest-GroupSnapshotsTest-769461495 tempest-GroupSnapshotsTest-769461495-project] Update called for group 5391432b-ff06-4e69-895f-3ee97b5034a4. {{(pid=112943) update /opt/stack/cinder/cinder/api/v3/groups.py:302}}
Jul 11 14:40:34.250372 dv-cinder-master-3-iscsi devstack@c-api.service[112943]: INFO cinder.api.v3.groups [None req-3803d141-31cb-45c5-b2ab-fbca6e10d414 tempest-GroupSnapshotsTest-769461495 tempest-GroupSnapshotsTest-769461495-project] Updating group 5391432b-ff06-4e69-895f-3ee97b5034a4 with name None description: None add_volumes: None remove_volumes: 83ab21a2-8108-4bf4-87bf-3ab2bf11a6de.
Jul 11 14:40:34.267538 dv-cinder-master-3-iscsi devstack@c-api.service[112942]: INFO cinder.api.openstack.wsgi [None req-2ebc4ac1-6ed6-4128-b20f-9958b611093f tempest-GroupsTest-1289074985 tempest-GroupsTest-1289074985-project] POST http://10.222.0.72/volume/v3/2b3dfa31fcc64f4b898f1242c30a0321/groups
Jul 11 14:40:34.268358 dv-cinder-master-3-iscsi devstack@c-api.service[112942]: DEBUG cinder.api.openstack.wsgi [None req-2ebc4ac1-6ed6-4128-b20f-9958b611093f tempest-GroupsTest-1289074985 tempest-GroupsTest-1289074985-project] Action: 'create', calling method: version_select, body: {"group": {"group_type": "74f3dbe5-a0ba-4459-aa61-7f4c3115bb56", "volume_types": ["1363f5bd-2d8e-4660-b1be-65b48bb8a56c"], "name": "tempest-GroupsTest-Group-738379413"}} {{(pid=112942) _process_stack /opt/stack/cinder/cinder/api/openstack/wsgi.py:866}}
Jul 11 14:40:34.269312 dv-cinder-master-3-iscsi devstack@c-api.service[112942]: DEBUG cinder.api.v3.groups [None req-2ebc4ac1-6ed6-4128-b20f-9958b611093f tempest-GroupsTest-1289074985 tempest-GroupsTest-1289074985-project] Creating new group {'group': {'group_type': '74f3dbe5-a0ba-4459-aa61-7f4c3115bb56', 'volume_types': ['1363f5bd-2d8e-4660-b1be-65b48bb8a56c'], 'name': 'tempest-GroupsTest-Group-738379413'}} {{(pid=112942) create /opt/stack/cinder/cinder/api/v3/groups.py:190}}
Jul 11 14:40:34.271128 dv-cinder-master-3-iscsi devstack@c-api.service[112943]: /usr/local/lib/python3.8/dist-packages/oslo_context/context.py:100: DeprecationWarning: Policy enforcement is depending on the value of is_admin. This key is deprecated. Please update your policy file to use the standard policy values.
Jul 11 14:40:34.271128 dv-cinder-master-3-iscsi devstack@c-api.service[112943]: warnings.warn('Policy enforcement is depending on the value of '
Jul 11 14:40:34.279809 dv-cinder-master-3-iscsi devstack@c-api.service[112943]: DEBUG dbcounter [-] [112943] Writing DB stats cinder:UPDATE=15,cinder:INSERT=8,cinder:SELECT=77 {{(pid=112943) stat_writer /usr/local/lib/python3.8/dist-packages/dbcounter.py:114}}
Jul 11 14:40:34.292347 dv-cinder-master-3-iscsi devstack@c-api.service[112942]: INFO cinder.api.v3.groups [None req-2ebc4ac1-6ed6-4128-b20f-9958b611093f tempest-GroupsTest-1289074985 tempest-GroupsTest-1289074985-project] Creating group tempest-GroupsTest-Group-738379413.
Jul 11 14:40:34.293579 dv-cinder-master-3-iscsi devstack@c-api.service[112942]: /usr/local/lib/python3.8/dist-packages/oslo_context/context.py:100: DeprecationWarning: Policy enforcement is depending on the value of is_admin. This key is deprecated. Please update your policy file to use the standard policy values.
Jul 11 14:40:34.293579 dv-cinder-master-3-iscsi devstack@c-api.service[112942]: warnings.warn('Policy enforcement is depending on the value of '
Jul 11 14:40:34.325070 dv-cinder-master-3-iscsi devstack@c-api.service[112942]: INFO cinder.volume.api [None req-2ebc4ac1-6ed6-4128-b20f-9958b611093f tempest-GroupsTest-1289074985 tempest-GroupsTest-1289074985-project] Availability Zones retrieved successfully.
Jul 11 14:40:34.373964 dv-cinder-master-3-iscsi devstack@c-api.service[112942]: DEBUG cinder.quota [None req-2ebc4ac1-6ed6-4128-b20f-9958b611093f tempest-GroupsTest-1289074985 tempest-GroupsTest-1289074985-project] Created reservations ['516c07e5-884b-4440-abd0-338d50f6f3f0'] {{(pid=112942) reserve /opt/stack/cinder/cinder/quota.py:755}}
Jul 11 14:40:34.379770 dv-cinder-master-3-iscsi devstack@c-api.service[112943]: INFO cinder.api.openstack.wsgi [None req-3803d141-31cb-45c5-b2ab-fbca6e10d414 tempest-GroupSnapshotsTest-769461495 tempest-GroupSnapshotsTest-769461495-project] http://10.222.0.72/volume/v3/7eba23022dd5473a963ee8125858ccfa/groups/5391432b-ff06-4e69-895f-3ee97b5034a4 returned with HTTP 202
Jul 11 14:40:34.380984 dv-cinder-master-3-iscsi devstack@c-api.service[112943]: [pid: 112943|app: 0|req: 68/128] 10.222.0.72 () {62 vars in 1382 bytes} [Mon Jul 11 14:40:34 2022] PUT /volume/v3/7eba23022dd5473a963ee8125858ccfa/groups/5391432b-ff06-4e69-895f-3ee97b5034a4 => generated 0 bytes in 169 msecs (HTTP/1.1 202) 6 headers in 234 bytes (1 switches on core 0)
Jul 11 14:40:34.385963 dv-cinder-master-3-iscsi devstack@c-api.service[112943]: DEBUG cinder.api.middleware.request_id [None req-e458a56f-34c3-4320-9c93-679febe55fb1 None None] RequestId filter calling following filter/app {{(pid=112943) _context_setter /opt/stack/cinder/cinder/api/middleware/request_id.py:62}}
Jul 11 14:40:34.402904 dv-cinder-master-3-iscsi devstack@c-api.service[112943]: INFO cinder.api.openstack.wsgi [None req-e458a56f-34c3-4320-9c93-679febe55fb1 tempest-GroupSnapshotsV319Test-68877479 tempest-GroupSnapshotsV319Test-68877479-project] GET http://10.222.0.72/volume/v3/73deedca9d7c43638e1d19c7c5bfcade/groups/0017f300-4356-4f5b-a251-dc48f4d5536e
Jul 11 14:40:34.405378 dv-cinder-master-3-iscsi devstack@c-api.service[112943]: DEBUG cinder.api.openstack.wsgi [None req-e458a56f-34c3-4320-9c93-679febe55fb1 tempest-GroupSnapshotsV319Test-68877479 tempest-GroupSnapshotsV319Test-68877479-project] Empty body provided in request {{(pid=112943) get_body /opt/stack/cinder/cinder/api/openstack/wsgi.py:715}}
Jul 11 14:40:34.406068 dv-cinder-master-3-iscsi devstack@c-api.service[112943]: DEBUG cinder.api.openstack.wsgi [None req-e458a56f-34c3-4320-9c93-679febe55fb1 tempest-GroupSnapshotsV319Test-68877479 tempest-GroupSnapshotsV319Test-68877479-project] Calling method 'version_select' {{(pid=112943) _process_stack /opt/stack/cinder/cinder/api/openstack/wsgi.py:868}}
Jul 11 14:40:34.407556 dv-cinder-master-3-iscsi devstack@c-api.service[112943]: DEBUG cinder.api.v3.groups [None req-e458a56f-34c3-4320-9c93-679febe55fb1 tempest-GroupSnapshotsV319Test-68877479 tempest-GroupSnapshotsV319Test-68877479-project] show called for member 0017f300-4356-4f5b-a251-dc48f4d5536e {{(pid=112943) show /opt/stack/cinder/cinder/api/v3/groups.py:58}}
Jul 11 14:40:34.424886 dv-cinder-master-3-iscsi devstack@c-api.service[112942]: DEBUG dbcounter [-] [112942] Writing DB stats cinder:SELECT=86,cinder:UPDATE=6,cinder:INSERT=8 {{(pid=112942) stat_writer /usr/local/lib/python3.8/dist-packages/dbcounter.py:114}}
Jul 11 14:40:34.461527 dv-cinder-master-3-iscsi devstack@c-api.service[112943]: /usr/local/lib/python3.8/dist-packages/oslo_context/context.py:100: DeprecationWarning: Policy enforcement is depending on the value of is_admin. This key is deprecated. Please update your policy file to use the standard policy values.
Jul 11 14:40:34.461527 dv-cinder-master-3-iscsi devstack@c-api.service[112943]: warnings.warn('Policy enforcement is depending on the value of '
Jul 11 14:40:34.508076 dv-cinder-master-3-iscsi devstack@c-api.service[112942]: INFO cinder.api.openstack.wsgi [None req-2ebc4ac1-6ed6-4128-b20f-9958b611093f tempest-GroupsTest-1289074985 tempest-GroupsTest-1289074985-project] http://10.222.0.72/volume/v3/2b3dfa31fcc64f4b898f1242c30a0321/groups returned with HTTP 202
Jul 11 14:40:34.523559 dv-cinder-master-3-iscsi devstack@c-api.service[112943]: INFO cinder.api.openstack.wsgi [None req-e458a56f-34c3-4320-9c93-679febe55fb1 tempest-GroupSnapshotsV319Test-68877479 tempest-GroupSnapshotsV319Test-68877479-project] http://10.222.0.72/volume/v3/73deedca9d7c43638e1d19c7c5bfcade/groups/0017f300-4356-4f5b-a251-dc48f4d5536e returned with HTTP 200
Jul 11 14:40:34.525438 dv-cinder-master-3-iscsi devstack@c-api.service[112942]: [pid: 112942|app: 0|req: 61/129] 10.222.0.72 () {62 vars in 1273 bytes} [Mon Jul 11 14:40:34 2022] POST /volume/v3/2b3dfa31fcc64f4b898f1242c30a0321/groups => generated 103 bytes in 301 msecs (HTTP/1.1 202) 7 headers in 292 bytes (1 switches on core 0)
Jul 11 14:40:34.535751 dv-cinder-master-3-iscsi devstack@c-api.service[112942]: DEBUG cinder.api.middleware.request_id [None req-b9ead662-0c1d-431b-905b-cfe60d6b2100 None None] RequestId filter calling following filter/app {{(pid=112942) _context_setter /opt/stack/cinder/cinder/api/middleware/request_id.py:62}}
Jul 11 14:40:34.546472 dv-cinder-master-3-iscsi devstack@c-api.service[112943]: [pid: 112943|app: 0|req: 69/130] 10.222.0.72 () {60 vars in 1362 bytes} [Mon Jul 11 14:40:34 2022] GET /volume/v3/73deedca9d7c43638e1d19c7c5bfcade/groups/0017f300-4356-4f5b-a251-dc48f4d5536e => generated 396 bytes in 163 msecs (HTTP/1.1 200) 7 headers in 286 bytes (1 switches on core 0)
Jul 11 14:40:34.548078 dv-cinder-master-3-iscsi devstack@c-api.service[112943]: DEBUG cinder.api.middleware.request_id [None req-fd25fb84-a94b-4203-8fde-7df7bf44c41e None None] RequestId filter calling following filter/app {{(pid=112943) _context_setter /opt/stack/cinder/cinder/api/middleware/request_id.py:62}}
Jul 11 14:40:34.554449 dv-cinder-master-3-iscsi devstack@c-api.service[112942]: INFO cinder.api.openstack.wsgi [None req-b9ead662-0c1d-431b-905b-cfe60d6b2100 tempest-GroupSnapshotsTest-769461495 tempest-GroupSnapshotsTest-769461495-project] GET http://10.222.0.72/volume/v3/7eba23022dd5473a963ee8125858ccfa/groups/5391432b-ff06-4e69-895f-3ee97b5034a4
Jul 11 14:40:34.556162 dv-cinder-master-3-iscsi devstack@c-api.service[112942]: DEBUG cinder.api.openstack.wsgi [None req-b9ead662-0c1d-431b-905b-cfe60d6b2100 tempest-GroupSnapshotsTest-769461495 tempest-GroupSnapshotsTest-769461495-project] Empty body provided in request {{(pid=112942) get_body /opt/stack/cinder/cinder/api/openstack/wsgi.py:715}}
Jul 11 14:40:34.559549 dv-cinder-master-3-iscsi devstack@c-api.service[112943]: INFO cinder.api.openstack.wsgi [None req-fd25fb84-a94b-4203-8fde-7df7bf44c41e tempest-GroupsTest-1289074985 tempest-GroupsTest-1289074985-project] GET http://10.222.0.72/volume/v3/2b3dfa31fcc64f4b898f1242c30a0321/groups/e7bead77-76e3-4c3e-a939-774ee0555720
Jul 11 14:40:34.561724 dv-cinder-master-3-iscsi devstack@c-api.service[112942]: DEBUG cinder.api.openstack.wsgi [None req-b9ead662-0c1d-431b-905b-cfe60d6b2100 tempest-GroupSnapshotsTest-769461495 tempest-GroupSnapshotsTest-769461495-project] Calling method 'version_select' {{(pid=112942) _process_stack /opt/stack/cinder/cinder/api/openstack/wsgi.py:868}}
Jul 11 14:40:34.562688 dv-cinder-master-3-iscsi devstack@c-api.service[112943]: DEBUG cinder.api.openstack.wsgi [None req-fd25fb84-a94b-4203-8fde-7df7bf44c41e tempest-GroupsTest-1289074985 tempest-GroupsTest-1289074985-project] Empty body provided in request {{(pid=112943) get_body /opt/stack/cinder/cinder/api/openstack/wsgi.py:715}}
Jul 11 14:40:34.563374 dv-cinder-master-3-iscsi devstack@c-api.service[112942]: DEBUG cinder.api.v3.groups [None req-b9ead662-0c1d-431b-905b-cfe60d6b2100 tempest-GroupSnapshotsTest-769461495 tempest-GroupSnapshotsTest-769461495-project] show called for member 5391432b-ff06-4e69-895f-3ee97b5034a4 {{(pid=112942) show /opt/stack/cinder/cinder/api/v3/groups.py:58}}
Jul 11 14:40:34.564452 dv-cinder-master-3-iscsi devstack@c-api.service[112943]: DEBUG cinder.api.openstack.wsgi [None req-fd25fb84-a94b-4203-8fde-7df7bf44c41e tempest-GroupsTest-1289074985 tempest-GroupsTest-1289074985-project] Calling method 'version_select' {{(pid=112943) _process_stack /opt/stack/cinder/cinder/api/openstack/wsgi.py:868}}
Jul 11 14:40:34.565035 dv-cinder-master-3-iscsi devstack@c-api.service[112943]: DEBUG cinder.api.v3.groups [None req-fd25fb84-a94b-4203-8fde-7df7bf44c41e tempest-GroupsTest-1289074985 tempest-GroupsTest-1289074985-project] show called for member e7bead77-76e3-4c3e-a939-774ee0555720 {{(pid=112943) show /opt/stack/cinder/cinder/api/v3/groups.py:58}}
Jul 11 14:40:34.578023 dv-cinder-master-3-iscsi devstack@c-api.service[112942]: /usr/local/lib/python3.8/dist-packages/oslo_context/context.py:100: DeprecationWarning: Policy enforcement is depending on the value of is_admin. This key is deprecated. Please update your policy file to use the standard policy values.
Jul 11 14:40:34.578023 dv-cinder-master-3-iscsi devstack@c-api.service[112942]: warnings.warn('Policy enforcement is depending on the value of '
Jul 11 14:40:34.586128 dv-cinder-master-3-iscsi devstack@c-api.service[112943]: /usr/local/lib/python3.8/dist-packages/oslo_context/context.py:100: DeprecationWarning: Policy enforcement is depending on the value of is_admin. This key is deprecated. Please update your policy file to use the standard policy values.
Jul 11 14:40:34.586128 dv-cinder-master-3-iscsi devstack@c-api.service[112943]: warnings.warn('Policy enforcement is depending on the value of '
Jul 11 14:40:34.643016 dv-cinder-master-3-iscsi devstack@c-api.service[112943]: INFO cinder.api.openstack.wsgi [None req-fd25fb84-a94b-4203-8fde-7df7bf44c41e tempest-GroupsTest-1289074985 tempest-GroupsTest-1289074985-project] http://10.222.0.72/volume/v3/2b3dfa31fcc64f4b898f1242c30a0321/groups/e7bead77-76e3-4c3e-a939-774ee0555720 returned with HTTP 200
Jul 11 14:40:34.653684 dv-cinder-master-3-iscsi devstack@c-api.service[112942]: INFO cinder.api.openstack.wsgi [None req-b9ead662-0c1d-431b-905b-cfe60d6b2100 tempest-GroupSnapshotsTest-769461495 tempest-GroupSnapshotsTest-769461495-project] http://10.222.0.72/volume/v3/7eba23022dd5473a963ee8125858ccfa/groups/5391432b-ff06-4e69-895f-3ee97b5034a4 returned with HTTP 200
Jul 11 14:40:34.656875 dv-cinder-master-3-iscsi devstack@c-api.service[112942]: [pid: 112942|app: 0|req: 62/131] 10.222.0.72 () {60 vars in 1362 bytes} [Mon Jul 11 14:40:34 2022] GET /volume/v3/7eba23022dd5473a963ee8125858ccfa/groups/5391432b-ff06-4e69-895f-3ee97b5034a4 => generated 393 bytes in 125 msecs (HTTP/1.1 200) 7 headers in 286 bytes (1 switches on core 0)
Jul 11 14:40:34.660776 dv-cinder-master-3-iscsi devstack@c-api.service[112942]: DEBUG cinder.api.middleware.request_id [None req-60054115-e6e8-489c-920b-adc916f1abb8 None None] RequestId filter calling following filter/app {{(pid=112942) _context_setter /opt/stack/cinder/cinder/api/middleware/request_id.py:62}}
Jul 11 14:40:34.664327 dv-cinder-master-3-iscsi devstack@c-api.service[112943]: [pid: 112943|app: 0|req: 70/132] 10.222.0.72 () {60 vars in 1362 bytes} [Mon Jul 11 14:40:34 2022] GET /volume/v3/2b3dfa31fcc64f4b898f1242c30a0321/groups/e7bead77-76e3-4c3e-a939-774ee0555720 => generated 331 bytes in 116 msecs (HTTP/1.1 200) 7 headers in 286 bytes (1 switches on core 0)
Jul 11 14:40:34.668713 dv-cinder-master-3-iscsi devstack@c-api.service[112943]: DEBUG cinder.api.middleware.request_id [None req-a0212136-13f5-4619-b96b-43e504c7ce22 None None] RequestId filter calling following filter/app {{(pid=112943) _context_setter /opt/stack/cinder/cinder/api/middleware/request_id.py:62}}
Jul 11 14:40:34.671742 dv-cinder-master-3-iscsi devstack@c-api.service[112942]: INFO cinder.api.openstack.wsgi [None req-60054115-e6e8-489c-920b-adc916f1abb8 tempest-GroupSnapshotsV319Test-68877479 tempest-GroupSnapshotsV319Test-68877479-project] POST http://10.222.0.72/volume/v3/73deedca9d7c43638e1d19c7c5bfcade/volumes
Jul 11 14:40:34.676174 dv-cinder-master-3-iscsi devstack@c-api.service[112942]: DEBUG cinder.api.openstack.wsgi [None req-60054115-e6e8-489c-920b-adc916f1abb8 tempest-GroupSnapshotsV319Test-68877479 tempest-GroupSnapshotsV319Test-68877479-project] Action: 'create', calling method: create, body: {"volume": {"volume_type": "d74d7d1a-e0df-4ea9-b3b5-a46dd5588aa9", "group_id": "0017f300-4356-4f5b-a251-dc48f4d5536e", "size": 1, "name": "tempest-GroupSnapshotsV319Test-Volume-855805264"}} {{(pid=112942) _process_stack /opt/stack/cinder/cinder/api/openstack/wsgi.py:866}}
Jul 11 14:40:34.678634 dv-cinder-master-3-iscsi devstack@c-api.service[112942]: DEBUG cinder.api.v3.volumes [None req-60054115-e6e8-489c-920b-adc916f1abb8 tempest-GroupSnapshotsV319Test-68877479 tempest-GroupSnapshotsV319Test-68877479-project] Create volume request body: {'volume': {'volume_type': 'd74d7d1a-e0df-4ea9-b3b5-a46dd5588aa9', 'group_id': '0017f300-4356-4f5b-a251-dc48f4d5536e', 'size': 1, 'name': 'tempest-GroupSnapshotsV319Test-Volume-855805264'}} {{(pid=112942) create /opt/stack/cinder/cinder/api/v3/volumes.py:298}}
Jul 11 14:40:34.679619 dv-cinder-master-3-iscsi devstack@c-api.service[112943]: INFO cinder.api.openstack.wsgi [None req-a0212136-13f5-4619-b96b-43e504c7ce22 tempest-GroupSnapshotsTest-769461495 tempest-GroupSnapshotsTest-769461495-project] PUT http://10.222.0.72/volume/v3/7eba23022dd5473a963ee8125858ccfa/groups/5391432b-ff06-4e69-895f-3ee97b5034a4
Jul 11 14:40:34.681153 dv-cinder-master-3-iscsi devstack@c-api.service[112943]: DEBUG cinder.api.openstack.wsgi [None req-a0212136-13f5-4619-b96b-43e504c7ce22 tempest-GroupSnapshotsTest-769461495 tempest-GroupSnapshotsTest-769461495-project] Action: 'update', calling method: version_select, body: {"group": {"add_volumes": "83ab21a2-8108-4bf4-87bf-3ab2bf11a6de"}} {{(pid=112943) _process_stack /opt/stack/cinder/cinder/api/openstack/wsgi.py:866}}
Jul 11 14:40:34.683945 dv-cinder-master-3-iscsi devstack@c-api.service[112943]: DEBUG cinder.api.v3.groups [None req-a0212136-13f5-4619-b96b-43e504c7ce22 tempest-GroupSnapshotsTest-769461495 tempest-GroupSnapshotsTest-769461495-project] Update called for group 5391432b-ff06-4e69-895f-3ee97b5034a4. {{(pid=112943) update /opt/stack/cinder/cinder/api/v3/groups.py:302}}
Jul 11 14:40:34.684537 dv-cinder-master-3-iscsi devstack@c-api.service[112943]: INFO cinder.api.v3.groups [None req-a0212136-13f5-4619-b96b-43e504c7ce22 tempest-GroupSnapshotsTest-769461495 tempest-GroupSnapshotsTest-769461495-project] Updating group 5391432b-ff06-4e69-895f-3ee97b5034a4 with name None description: None add_volumes: 83ab21a2-8108-4bf4-87bf-3ab2bf11a6de remove_volumes: None.
Jul 11 14:40:34.713074 dv-cinder-master-3-iscsi devstack@c-api.service[112943]: /usr/local/lib/python3.8/dist-packages/oslo_context/context.py:100: DeprecationWarning: Policy enforcement is depending on the value of is_admin. This key is deprecated. Please update your policy file to use the standard policy values.
Jul 11 14:40:34.713074 dv-cinder-master-3-iscsi devstack@c-api.service[112943]: warnings.warn('Policy enforcement is depending on the value of '
Jul 11 14:40:34.743634 dv-cinder-master-3-iscsi devstack@c-api.service[112942]: /usr/local/lib/python3.8/dist-packages/oslo_context/context.py:100: DeprecationWarning: Policy enforcement is depending on the value of is_admin. This key is deprecated. Please update your policy file to use the standard policy values.
Jul 11 14:40:34.743634 dv-cinder-master-3-iscsi devstack@c-api.service[112942]: warnings.warn('Policy enforcement is depending on the value of '
