Jul 11 14:40:28.135456 dv-cinder-master-3-iscsi devstack@c-api.service[112942]: DEBUG cinder.api.openstack.wsgi [None req-426134c0-0f6c-4351-a50c-ec1649408823 tempest-GroupSnapshotsTest-769461495 tempest-GroupSnapshotsTest-769461495-project] Action: 'create', calling method: create, body: {"volume": {"volume_type": "2f9d09da-48b3-46c5-aefa-ebf8e3c46ad0", "group_id": "5391432b-ff06-4e69-895f-3ee97b5034a4", "size": 1, "name": "tempest-GroupSnapshotsTest-Volume-1977255333"}} {{(pid=112942) _process_stack /opt/stack/cinder/cinder/api/openstack/wsgi.py:866}}
Jul 11 14:40:28.136832 dv-cinder-master-3-iscsi devstack@c-api.service[112942]: DEBUG cinder.api.v3.volumes [None req-426134c0-0f6c-4351-a50c-ec1649408823 tempest-GroupSnapshotsTest-769461495 tempest-GroupSnapshotsTest-769461495-project] Create volume request body: {'volume': {'volume_type': '2f9d09da-48b3-46c5-aefa-ebf8e3c46ad0', 'group_id': '5391432b-ff06-4e69-895f-3ee97b5034a4', 'size': 1, 'name': 'tempest-GroupSnapshotsTest-Volume-1977255333'}} {{(pid=112942) create /opt/stack/cinder/cinder/api/v3/volumes.py:298}}
Jul 11 14:40:28.148915 dv-cinder-master-3-iscsi devstack@c-api.service[112943]: INFO cinder.api.openstack.wsgi [None req-3a778ce0-9180-45cf-bec7-d73384eb202c tempest-GroupsTest-1289074985 tempest-GroupsTest-1289074985-project] http://10.222.0.72/volume/v3/2b3dfa31fcc64f4b898f1242c30a0321/groups/6f0b5d2a-2e96-4478-b18d-df6216811daf returned with HTTP 200
Jul 11 14:40:28.152658 dv-cinder-master-3-iscsi devstack@c-api.service[112943]: [pid: 112943|app: 0|req: 51/95] 10.222.0.72 () {60 vars in 1362 bytes} [Mon Jul 11 14:40:28 2022] GET /volume/v3/2b3dfa31fcc64f4b898f1242c30a0321/groups/6f0b5d2a-2e96-4478-b18d-df6216811daf => generated 323 bytes in 127 msecs (HTTP/1.1 200) 7 headers in 286 bytes (1 switches on core 0)
Jul 11 14:40:28.161526 dv-cinder-master-3-iscsi devstack@c-api.service[112943]: DEBUG cinder.api.middleware.request_id [None req-b50da143-d04d-4da7-ab6b-370f7295d55e None None] RequestId filter calling following filter/app {{(pid=112943) _context_setter /opt/stack/cinder/cinder/api/middleware/request_id.py:62}}
Jul 11 14:40:28.166343 dv-cinder-master-3-iscsi devstack@c-api.service[112942]: /usr/local/lib/python3.8/dist-packages/oslo_context/context.py:100: DeprecationWarning: Policy enforcement is depending on the value of is_admin. This key is deprecated. Please update your policy file to use the standard policy values.
Jul 11 14:40:28.166343 dv-cinder-master-3-iscsi devstack@c-api.service[112942]: warnings.warn('Policy enforcement is depending on the value of '
Jul 11 14:40:28.169318 dv-cinder-master-3-iscsi devstack@c-api.service[112942]: INFO cinder.api.v3.volumes [None req-426134c0-0f6c-4351-a50c-ec1649408823 tempest-GroupSnapshotsTest-769461495 tempest-GroupSnapshotsTest-769461495-project] Create volume of 1 GB
Jul 11 14:40:28.173999 dv-cinder-master-3-iscsi devstack@c-api.service[112943]: INFO cinder.api.openstack.wsgi [None req-b50da143-d04d-4da7-ab6b-370f7295d55e tempest-GroupsTest-1289074985 tempest-GroupsTest-1289074985-project] GET http://10.222.0.72/volume/v3/2b3dfa31fcc64f4b898f1242c30a0321/groups/84c72fa3-58a3-493d-b79d-9192b933a87f
Jul 11 14:40:28.189174 dv-cinder-master-3-iscsi devstack@c-api.service[112943]: DEBUG cinder.api.openstack.wsgi [None req-b50da143-d04d-4da7-ab6b-370f7295d55e tempest-GroupsTest-1289074985 tempest-GroupsTest-1289074985-project] Empty body provided in request {{(pid=112943) get_body /opt/stack/cinder/cinder/api/openstack/wsgi.py:715}}
Jul 11 14:40:28.189777 dv-cinder-master-3-iscsi devstack@c-api.service[112943]: DEBUG cinder.api.openstack.wsgi [None req-b50da143-d04d-4da7-ab6b-370f7295d55e tempest-GroupsTest-1289074985 tempest-GroupsTest-1289074985-project] Calling method 'version_select' {{(pid=112943) _process_stack /opt/stack/cinder/cinder/api/openstack/wsgi.py:868}}
Jul 11 14:40:28.190207 dv-cinder-master-3-iscsi devstack@c-api.service[112943]: DEBUG cinder.api.v3.groups [None req-b50da143-d04d-4da7-ab6b-370f7295d55e tempest-GroupsTest-1289074985 tempest-GroupsTest-1289074985-project] show called for member 84c72fa3-58a3-493d-b79d-9192b933a87f {{(pid=112943) show /opt/stack/cinder/cinder/api/v3/groups.py:58}}
Jul 11 14:40:28.209985 dv-cinder-master-3-iscsi devstack@c-api.service[112943]: /usr/local/lib/python3.8/dist-packages/oslo_context/context.py:100: DeprecationWarning: Policy enforcement is depending on the value of is_admin. This key is deprecated. Please update your policy file to use the standard policy values.
Jul 11 14:40:28.209985 dv-cinder-master-3-iscsi devstack@c-api.service[112943]: warnings.warn('Policy enforcement is depending on the value of '
Jul 11 14:40:28.210274 dv-cinder-master-3-iscsi devstack@c-api.service[112942]: INFO cinder.volume.api [None req-426134c0-0f6c-4351-a50c-ec1649408823 tempest-GroupSnapshotsTest-769461495 tempest-GroupSnapshotsTest-769461495-project] Availability Zones retrieved successfully.
Jul 11 14:40:28.255736 dv-cinder-master-3-iscsi devstack@c-api.service[112942]: DEBUG cinder.volume.api [None req-426134c0-0f6c-4351-a50c-ec1649408823 tempest-GroupSnapshotsTest-769461495 tempest-GroupSnapshotsTest-769461495-project] Flow 'volume_create_api' (f93d8f93-8030-4214-96ed-328f71a59093) transitioned into state 'RUNNING' from state 'PENDING' {{(pid=112942) _flow_receiver /usr/local/lib/python3.8/dist-packages/taskflow/listeners/logging.py:141}}
Jul 11 14:40:28.266006 dv-cinder-master-3-iscsi devstack@c-api.service[112943]: INFO cinder.api.openstack.wsgi [None req-b50da143-d04d-4da7-ab6b-370f7295d55e tempest-GroupsTest-1289074985 tempest-GroupsTest-1289074985-project] http://10.222.0.72/volume/v3/2b3dfa31fcc64f4b898f1242c30a0321/groups/84c72fa3-58a3-493d-b79d-9192b933a87f returned with HTTP 200
Jul 11 14:40:28.267766 dv-cinder-master-3-iscsi devstack@c-api.service[112942]: DEBUG cinder.volume.api [None req-426134c0-0f6c-4351-a50c-ec1649408823 tempest-GroupSnapshotsTest-769461495 tempest-GroupSnapshotsTest-769461495-project] Task 'cinder.volume.flows.api.create_volume.ExtractVolumeRequestTask;volume:create' (a6191754-e82f-4e87-bc12-eaa66bc9e61b) transitioned into state 'RUNNING' from state 'PENDING' {{(pid=112942) _task_receiver /usr/local/lib/python3.8/dist-packages/taskflow/listeners/logging.py:190}}
Jul 11 14:40:28.270125 dv-cinder-master-3-iscsi devstack@c-api.service[112942]: /usr/local/lib/python3.8/dist-packages/oslo_context/context.py:100: DeprecationWarning: Policy enforcement is depending on the value of is_admin. This key is deprecated. Please update your policy file to use the standard policy values.
Jul 11 14:40:28.270125 dv-cinder-master-3-iscsi devstack@c-api.service[112942]: warnings.warn('Policy enforcement is depending on the value of '
Jul 11 14:40:28.273063 dv-cinder-master-3-iscsi devstack@c-api.service[112942]: DEBUG cinder.volume.flows.api.create_volume [None req-426134c0-0f6c-4351-a50c-ec1649408823 tempest-GroupSnapshotsTest-769461495 tempest-GroupSnapshotsTest-769461495-project] Validating volume size '1' using validate_int {{(pid=112942) _extract_size /opt/stack/cinder/cinder/volume/flows/api/create_volume.py:228}}
Jul 11 14:40:28.284365 dv-cinder-master-3-iscsi devstack@c-api.service[112943]: [pid: 112943|app: 0|req: 52/96] 10.222.0.72 () {60 vars in 1362 bytes} [Mon Jul 11 14:40:28 2022] GET /volume/v3/2b3dfa31fcc64f4b898f1242c30a0321/groups/84c72fa3-58a3-493d-b79d-9192b933a87f => generated 322 bytes in 120 msecs (HTTP/1.1 200) 7 headers in 286 bytes (1 switches on core 0)
Jul 11 14:40:28.293264 dv-cinder-master-3-iscsi devstack@c-api.service[112943]: DEBUG cinder.api.middleware.request_id [None req-cbcdcb29-c0f6-4482-9573-4d99b2558cad None None] RequestId filter calling following filter/app {{(pid=112943) _context_setter /opt/stack/cinder/cinder/api/middleware/request_id.py:62}}
Jul 11 14:40:28.310294 dv-cinder-master-3-iscsi devstack@c-api.service[112943]: INFO cinder.api.openstack.wsgi [None req-cbcdcb29-c0f6-4482-9573-4d99b2558cad tempest-GroupsTest-1289074985 tempest-GroupsTest-1289074985-project] GET http://10.222.0.72/volume/v3/2b3dfa31fcc64f4b898f1242c30a0321/groups/detail
Jul 11 14:40:28.311625 dv-cinder-master-3-iscsi devstack@c-api.service[112943]: DEBUG cinder.api.openstack.wsgi [None req-cbcdcb29-c0f6-4482-9573-4d99b2558cad tempest-GroupsTest-1289074985 tempest-GroupsTest-1289074985-project] Empty body provided in request {{(pid=112943) get_body /opt/stack/cinder/cinder/api/openstack/wsgi.py:715}}
Jul 11 14:40:28.317615 dv-cinder-master-3-iscsi devstack@c-api.service[112943]: DEBUG cinder.api.openstack.wsgi [None req-cbcdcb29-c0f6-4482-9573-4d99b2558cad tempest-GroupsTest-1289074985 tempest-GroupsTest-1289074985-project] Calling method 'version_select' {{(pid=112943) _process_stack /opt/stack/cinder/cinder/api/openstack/wsgi.py:868}}
Jul 11 14:40:28.321587 dv-cinder-master-3-iscsi devstack@c-api.service[112943]: /usr/local/lib/python3.8/dist-packages/oslo_context/context.py:100: DeprecationWarning: Policy enforcement is depending on the value of is_admin. This key is deprecated. Please update your policy file to use the standard policy values.
Jul 11 14:40:28.321587 dv-cinder-master-3-iscsi devstack@c-api.service[112943]: warnings.warn('Policy enforcement is depending on the value of '
Jul 11 14:40:28.333679 dv-cinder-master-3-iscsi devstack@c-api.service[112942]: DEBUG cinder.volume.api [None req-426134c0-0f6c-4351-a50c-ec1649408823 tempest-GroupSnapshotsTest-769461495 tempest-GroupSnapshotsTest-769461495-project] Task 'cinder.volume.flows.api.create_volume.ExtractVolumeRequestTask;volume:create' (a6191754-e82f-4e87-bc12-eaa66bc9e61b) transitioned into state 'SUCCESS' from state 'RUNNING' with result '{'size': 1, 'snapshot_id': None, 'source_volid': None, 'volume_type': VolumeType(created_at=2022-07-11T14:40:27Z,deleted=False,deleted_at=None,description=None,extra_specs={},id=2f9d09da-48b3-46c5-aefa-ebf8e3c46ad0,is_public=True,name='tempest-GroupSnapshotsTest-volume-type-1715027893',projects=[],qos_specs=,qos_specs_id=None,updated_at=None), 'volume_type_id': '2f9d09da-48b3-46c5-aefa-ebf8e3c46ad0', 'encryption_key_id': None, 'qos_specs': None, 'consistencygroup_id': None, 'cgsnapshot_id': None, 'group_id': '5391432b-ff06-4e69-895f-3ee97b5034a4', 'replication_status': 'disabled', 'refresh_az': False, 'backup_id': None, 'multiattach': False, 'availability_zones': ['nova']}' {{(pid=112942) _task_receiver /usr/local/lib/python3.8/dist-packages/taskflow/listeners/logging.py:178}}
Jul 11 14:40:28.340524 dv-cinder-master-3-iscsi devstack@c-api.service[112942]: DEBUG cinder.volume.api [None req-426134c0-0f6c-4351-a50c-ec1649408823 tempest-GroupSnapshotsTest-769461495 tempest-GroupSnapshotsTest-769461495-project] Task 'cinder.volume.flows.api.create_volume.QuotaReserveTask;volume:create' (935e1e91-ef98-4ce8-8222-d284f73cb7c8) transitioned into state 'RUNNING' from state 'PENDING' {{(pid=112942) _task_receiver /usr/local/lib/python3.8/dist-packages/taskflow/listeners/logging.py:190}}
Jul 11 14:40:28.346220 dv-cinder-master-3-iscsi devstack@c-api.service[112942]: DEBUG dbcounter [-] [112942] Writing DB stats cinder:SELECT=88,cinder:UPDATE=7,cinder:INSERT=5 {{(pid=112942) stat_writer /usr/local/lib/python3.8/dist-packages/dbcounter.py:114}}
Jul 11 14:40:28.440023 dv-cinder-master-3-iscsi devstack@c-api.service[112942]: WARNING cinder.quota [None req-426134c0-0f6c-4351-a50c-ec1649408823 tempest-GroupSnapshotsTest-769461495 tempest-GroupSnapshotsTest-769461495-project] Deprecated: Default quota for resource: volumes_tempest-GroupSnapshotsTest-volume-type-1715027893 is set by the default quota flag: quota_volumes_tempest-GroupSnapshotsTest-volume-type-1715027893, it is now deprecated. Please use the default quota class for default quota.
Jul 11 14:40:28.443549 dv-cinder-master-3-iscsi devstack@c-api.service[112942]: WARNING cinder.quota [None req-426134c0-0f6c-4351-a50c-ec1649408823 tempest-GroupSnapshotsTest-769461495 tempest-GroupSnapshotsTest-769461495-project] Deprecated: Default quota for resource: gigabytes_tempest-GroupSnapshotsTest-volume-type-1715027893 is set by the default quota flag: quota_gigabytes_tempest-GroupSnapshotsTest-volume-type-1715027893, it is now deprecated. Please use the default quota class for default quota.
Jul 11 14:40:28.475987 dv-cinder-master-3-iscsi devstack@c-api.service[112943]: INFO cinder.api.openstack.wsgi [None req-cbcdcb29-c0f6-4482-9573-4d99b2558cad tempest-GroupsTest-1289074985 tempest-GroupsTest-1289074985-project] http://10.222.0.72/volume/v3/2b3dfa31fcc64f4b898f1242c30a0321/groups/detail returned with HTTP 200
Jul 11 14:40:28.479507 dv-cinder-master-3-iscsi devstack@c-api.service[112943]: [pid: 112943|app: 0|req: 53/97] 10.222.0.72 () {60 vars in 1272 bytes} [Mon Jul 11 14:40:28 2022] GET /volume/v3/2b3dfa31fcc64f4b898f1242c30a0321/groups/detail => generated 639 bytes in 194 msecs (HTTP/1.1 200) 7 headers in 286 bytes (1 switches on core 0)
Jul 11 14:40:28.490874 dv-cinder-master-3-iscsi devstack@c-api.service[112943]: DEBUG cinder.api.middleware.request_id [None req-86d70993-a650-4419-a3b4-3493eb5d09ab None None] RequestId filter calling following filter/app {{(pid=112943) _context_setter /opt/stack/cinder/cinder/api/middleware/request_id.py:62}}
Jul 11 14:40:28.509326 dv-cinder-master-3-iscsi devstack@c-api.service[112943]: INFO cinder.api.openstack.wsgi [None req-86d70993-a650-4419-a3b4-3493eb5d09ab tempest-GroupsTest-1289074985 tempest-GroupsTest-1289074985-project] GET http://10.222.0.72/volume/v3/2b3dfa31fcc64f4b898f1242c30a0321/volumes/detail
Jul 11 14:40:28.513137 dv-cinder-master-3-iscsi devstack@c-api.service[112943]: DEBUG cinder.api.openstack.wsgi [None req-86d70993-a650-4419-a3b4-3493eb5d09ab tempest-GroupsTest-1289074985 tempest-GroupsTest-1289074985-project] Empty body provided in request {{(pid=112943) get_body /opt/stack/cinder/cinder/api/openstack/wsgi.py:715}}
Jul 11 14:40:28.513633 dv-cinder-master-3-iscsi devstack@c-api.service[112943]: DEBUG cinder.api.openstack.wsgi [None req-86d70993-a650-4419-a3b4-3493eb5d09ab tempest-GroupsTest-1289074985 tempest-GroupsTest-1289074985-project] Calling method 'detail' {{(pid=112943) _process_stack /opt/stack/cinder/cinder/api/openstack/wsgi.py:868}}
Jul 11 14:40:28.514234 dv-cinder-master-3-iscsi devstack@c-api.service[112943]: DEBUG cinder.api.api_utils [None req-86d70993-a650-4419-a3b4-3493eb5d09ab tempest-GroupsTest-1289074985 tempest-GroupsTest-1289074985-project] Removing options '' from query. {{(pid=112943) remove_invalid_filter_options /opt/stack/cinder/cinder/api/api_utils.py:83}}
Jul 11 14:40:28.515124 dv-cinder-master-3-iscsi devstack@c-api.service[112943]: /usr/local/lib/python3.8/dist-packages/oslo_context/context.py:100: DeprecationWarning: Policy enforcement is depending on the value of is_admin. This key is deprecated. Please update your policy file to use the standard policy values.
Jul 11 14:40:28.515124 dv-cinder-master-3-iscsi devstack@c-api.service[112943]: warnings.warn('Policy enforcement is depending on the value of '
Jul 11 14:40:28.516109 dv-cinder-master-3-iscsi devstack@c-api.service[112943]: DEBUG cinder.volume.api [None req-86d70993-a650-4419-a3b4-3493eb5d09ab tempest-GroupsTest-1289074985 tempest-GroupsTest-1289074985-project] Searching by: MultiDict([('no_migration_targets', True)]). {{(pid=112943) get_all /opt/stack/cinder/cinder/volume/api.py:664}}
Jul 11 14:40:28.548662 dv-cinder-master-3-iscsi devstack@c-api.service[112942]: DEBUG cinder.quota [None req-426134c0-0f6c-4351-a50c-ec1649408823 tempest-GroupSnapshotsTest-769461495 tempest-GroupSnapshotsTest-769461495-project] Created reservations ['c63453b8-daee-44c9-8f57-f28a9ee3177d', '2ada136d-a36b-41b2-b8c3-f63dd48df3ec', '0e0bfcca-0fea-40e1-abb6-e7c3e99abadf', '71edfc88-efca-4358-93bf-1d10f6c8782f'] {{(pid=112942) reserve /opt/stack/cinder/cinder/quota.py:755}}
Jul 11 14:40:28.552987 dv-cinder-master-3-iscsi devstack@c-api.service[112942]: DEBUG cinder.volume.api [None req-426134c0-0f6c-4351-a50c-ec1649408823 tempest-GroupSnapshotsTest-769461495 tempest-GroupSnapshotsTest-769461495-project] Task 'cinder.volume.flows.api.create_volume.QuotaReserveTask;volume:create' (935e1e91-ef98-4ce8-8222-d284f73cb7c8) transitioned into state 'SUCCESS' from state 'RUNNING' with result '{'reservations': ['c63453b8-daee-44c9-8f57-f28a9ee3177d', '2ada136d-a36b-41b2-b8c3-f63dd48df3ec', '0e0bfcca-0fea-40e1-abb6-e7c3e99abadf', '71edfc88-efca-4358-93bf-1d10f6c8782f']}' {{(pid=112942) _task_receiver /usr/local/lib/python3.8/dist-packages/taskflow/listeners/logging.py:178}}
Jul 11 14:40:28.563210 dv-cinder-master-3-iscsi devstack@c-api.service[112942]: DEBUG cinder.volume.api [None req-426134c0-0f6c-4351-a50c-ec1649408823 tempest-GroupSnapshotsTest-769461495 tempest-GroupSnapshotsTest-769461495-project] Task 'cinder.volume.flows.api.create_volume.EntryCreateTask;volume:create' (a3475fa0-c653-49c7-a048-90bc97fa77ce) transitioned into state 'RUNNING' from state 'PENDING' {{(pid=112942) _task_receiver /usr/local/lib/python3.8/dist-packages/taskflow/listeners/logging.py:190}}
Jul 11 14:40:28.662942 dv-cinder-master-3-iscsi devstack@c-api.service[112942]: DEBUG cinder.volume.api [None req-426134c0-0f6c-4351-a50c-ec1649408823 tempest-GroupSnapshotsTest-769461495 tempest-GroupSnapshotsTest-769461495-project] Task 'cinder.volume.flows.api.create_volume.EntryCreateTask;volume:create' (a3475fa0-c653-49c7-a048-90bc97fa77ce) transitioned into state 'SUCCESS' from state 'RUNNING' with result '{'volume_id': 'ff4e3ca8-69ac-4159-964c-20b78338aba2', 'volume_properties': VolumeProperties(attach_status='detached',availability_zone='nova',cgsnapshot_id=None,consistencygroup_id=None,display_description=None,display_name='tempest-GroupSnapshotsTest-Volume-1977255333',encryption_key_id=None,group_id=5391432b-ff06-4e69-895f-3ee97b5034a4,group_type_id=,metadata={},multiattach=False,project_id='7eba23022dd5473a963ee8125858ccfa',qos_specs=None,replication_status=,reservations=['c63453b8-daee-44c9-8f57-f28a9ee3177d','2ada136d-a36b-41b2-b8c3-f63dd48df3ec','0e0bfcca-0fea-40e1-abb6-e7c3e99abadf','71edfc88-efca-4358-93bf-1d10f6c8782f'],size=1,snapshot_id=None,source_replicaid=,source_volid=None,status='creating',user_id='f11d3a5af8f1442ab935343809610f9f',volume_type_id=2f9d09da-48b3-46c5-aefa-ebf8e3c46ad0), 'volume': Volume(_name_id=None,admin_metadata=,attach_status='detached',availability_zone='nova',bootable=False,cluster=,cluster_name=None,consistencygroup=,consistencygroup_id=None,created_at=2022-07-11T14:40:28Z,deleted=False,deleted_at=None,display_description=None,display_name='tempest-GroupSnapshotsTest-Volume-1977255333',ec2_id=None,encryption_key_id=None,glance_metadata=,group=,group_id=5391432b-ff06-4e69-895f-3ee97b5034a4,host=None,id=ff4e3ca8-69ac-4159-964c-20b78338aba2,launched_at=None,metadata={},migration_status=None,multiattach=False,previous_status=None,project_id='7eba23022dd5473a963ee8125858ccfa',provider_auth=None,provider_geometry=None,provider_id=None,provider_location=None,replication_driver_data=None,replication_extended_status=None,replication_status=None,scheduled_at=None,service_uuid=None,shared_targets=True,size=1,snapshot_id=None,snapshots=,source_volid=None,status='creating',terminated_at=None,updated_at=None,use_quota=True,user_id='f11d3a5af8f1442ab935343809610f9f',volume_attachment=VolumeAttachmentList,volume_type=VolumeType(2f9d09da-48b3-46c5-aefa-ebf8e3c46ad0),volume_type_id=2f9d09da-48b3-46c5-aefa-ebf8e3c46ad0)}' {{(pid=112942) _task_receiver /usr/local/lib/python3.8/dist-packages/taskflow/listeners/logging.py:178}}
Jul 11 14:40:28.666738 dv-cinder-master-3-iscsi devstack@c-api.service[112942]: DEBUG cinder.volume.api [None req-426134c0-0f6c-4351-a50c-ec1649408823 tempest-GroupSnapshotsTest-769461495 tempest-GroupSnapshotsTest-769461495-project] Task 'cinder.volume.flows.api.create_volume.QuotaCommitTask;volume:create' (abad7ecf-23b7-4e76-b552-e069033d603f) transitioned into state 'RUNNING' from state 'PENDING' {{(pid=112942) _task_receiver /usr/local/lib/python3.8/dist-packages/taskflow/listeners/logging.py:190}}
Jul 11 14:40:28.767180 dv-cinder-master-3-iscsi devstack@c-api.service[112942]: DEBUG cinder.volume.api [None req-426134c0-0f6c-4351-a50c-ec1649408823 tempest-GroupSnapshotsTest-769461495 tempest-GroupSnapshotsTest-769461495-project] Task 'cinder.volume.flows.api.create_volume.QuotaCommitTask;volume:create' (abad7ecf-23b7-4e76-b552-e069033d603f) transitioned into state 'SUCCESS' from state 'RUNNING' with result '{'volume_properties': VolumeProperties(attach_status='detached',availability_zone='nova',cgsnapshot_id=None,consistencygroup_id=None,display_description=None,display_name='tempest-GroupSnapshotsTest-Volume-1977255333',encryption_key_id=None,group_id=5391432b-ff06-4e69-895f-3ee97b5034a4,group_type_id=,metadata={},multiattach=False,project_id='7eba23022dd5473a963ee8125858ccfa',qos_specs=None,replication_status=,reservations=['c63453b8-daee-44c9-8f57-f28a9ee3177d','2ada136d-a36b-41b2-b8c3-f63dd48df3ec','0e0bfcca-0fea-40e1-abb6-e7c3e99abadf','71edfc88-efca-4358-93bf-1d10f6c8782f'],size=1,snapshot_id=None,source_replicaid=,source_volid=None,status='creating',user_id='f11d3a5af8f1442ab935343809610f9f',volume_type_id=2f9d09da-48b3-46c5-aefa-ebf8e3c46ad0)}' {{(pid=112942) _task_receiver /usr/local/lib/python3.8/dist-packages/taskflow/listeners/logging.py:178}}
Jul 11 14:40:28.778840 dv-cinder-master-3-iscsi devstack@c-api.service[112942]: DEBUG cinder.volume.api [None req-426134c0-0f6c-4351-a50c-ec1649408823 tempest-GroupSnapshotsTest-769461495 tempest-GroupSnapshotsTest-769461495-project] Task 'cinder.volume.flows.api.create_volume.VolumeCastTask;volume:create' (ca6dace6-6490-4719-94db-dff221995c5c) transitioned into state 'RUNNING' from state 'PENDING' {{(pid=112942) _task_receiver /usr/local/lib/python3.8/dist-packages/taskflow/listeners/logging.py:190}}
Jul 11 14:40:28.878476 dv-cinder-master-3-iscsi devstack@c-api.service[112943]: INFO cinder.volume.api [None req-86d70993-a650-4419-a3b4-3493eb5d09ab tempest-GroupsTest-1289074985 tempest-GroupsTest-1289074985-project] Get all volumes completed successfully.
Jul 11 14:40:28.879905 dv-cinder-master-3-iscsi devstack@c-api.service[112943]: WARNING stevedore.named [None req-86d70993-a650-4419-a3b4-3493eb5d09ab tempest-GroupsTest-1289074985 tempest-GroupsTest-1289074985-project] Could not load cinder.keymgr.conf_key_mgr.ConfKeyManager
Jul 11 14:40:28.880292 dv-cinder-master-3-iscsi devstack@c-api.service[112943]: WARNING castellan.key_manager [None req-86d70993-a650-4419-a3b4-3493eb5d09ab tempest-GroupsTest-1289074985 tempest-GroupsTest-1289074985-project] Deprecation Warning : cinder.keymgr.conf_key_mgr.ConfKeyManager is not a stevedore based driver, trying to load it as a class: stevedore.exception.NoMatches: No 'castellan.drivers' driver found, looking for 'cinder.keymgr.conf_key_mgr.ConfKeyManager'
Jul 11 14:40:28.915241 dv-cinder-master-3-iscsi devstack@c-api.service[112942]: DEBUG cinder.volume.api [None req-426134c0-0f6c-4351-a50c-ec1649408823 tempest-GroupSnapshotsTest-769461495 tempest-GroupSnapshotsTest-769461495-project] Task 'cinder.volume.flows.api.create_volume.VolumeCastTask;volume:create' (ca6dace6-6490-4719-94db-dff221995c5c) transitioned into state 'SUCCESS' from state 'RUNNING' with result 'None' {{(pid=112942) _task_receiver /usr/local/lib/python3.8/dist-packages/taskflow/listeners/logging.py:178}}
Jul 11 14:40:28.924576 dv-cinder-master-3-iscsi devstack@c-api.service[112942]: DEBUG cinder.volume.api [None req-426134c0-0f6c-4351-a50c-ec1649408823 tempest-GroupSnapshotsTest-769461495 tempest-GroupSnapshotsTest-769461495-project] Flow 'volume_create_api' (f93d8f93-8030-4214-96ed-328f71a59093) transitioned into state 'SUCCESS' from state 'RUNNING' {{(pid=112942) _flow_receiver /usr/local/lib/python3.8/dist-packages/taskflow/listeners/logging.py:141}}
Jul 11 14:40:28.925326 dv-cinder-master-3-iscsi devstack@c-api.service[112942]: INFO cinder.volume.api [None req-426134c0-0f6c-4351-a50c-ec1649408823 tempest-GroupSnapshotsTest-769461495 tempest-GroupSnapshotsTest-769461495-project] Create volume request issued successfully.
Jul 11 14:40:28.927438 dv-cinder-master-3-iscsi devstack@c-api.service[112943]: DEBUG oslo_db.sqlalchemy.engines [None req-86d70993-a650-4419-a3b4-3493eb5d09ab tempest-GroupsTest-1289074985 tempest-GroupsTest-1289074985-project] MySQL server mode set to STRICT_TRANS_TABLES,STRICT_ALL_TABLES,NO_ZERO_IN_DATE,NO_ZERO_DATE,ERROR_FOR_DIVISION_BY_ZERO,TRADITIONAL,NO_ENGINE_SUBSTITUTION {{(pid=112943) _check_effective_sql_mode /usr/local/lib/python3.8/dist-packages/oslo_db/sqlalchemy/engines.py:314}}
Jul 11 14:40:28.929338 dv-cinder-master-3-iscsi devstack@c-api.service[112942]: WARNING stevedore.named [None req-426134c0-0f6c-4351-a50c-ec1649408823 tempest-GroupSnapshotsTest-769461495 tempest-GroupSnapshotsTest-769461495-project] Could not load cinder.keymgr.conf_key_mgr.ConfKeyManager
Jul 11 14:40:28.932169 dv-cinder-master-3-iscsi devstack@c-api.service[112942]: WARNING castellan.key_manager [None req-426134c0-0f6c-4351-a50c-ec1649408823 tempest-GroupSnapshotsTest-769461495 tempest-GroupSnapshotsTest-769461495-project] Deprecation Warning : cinder.keymgr.conf_key_mgr.ConfKeyManager is not a stevedore based driver, trying to load it as a class: stevedore.exception.NoMatches: No 'castellan.drivers' driver found, looking for 'cinder.keymgr.conf_key_mgr.ConfKeyManager'
Jul 11 14:40:28.957797 dv-cinder-master-3-iscsi devstack@c-api.service[112942]: DEBUG oslo_db.sqlalchemy.engines [None req-426134c0-0f6c-4351-a50c-ec1649408823 tempest-GroupSnapshotsTest-769461495 tempest-GroupSnapshotsTest-769461495-project] MySQL server mode set to STRICT_TRANS_TABLES,STRICT_ALL_TABLES,NO_ZERO_IN_DATE,NO_ZERO_DATE,ERROR_FOR_DIVISION_BY_ZERO,TRADITIONAL,NO_ENGINE_SUBSTITUTION {{(pid=112942) _check_effective_sql_mode /usr/local/lib/python3.8/dist-packages/oslo_db/sqlalchemy/engines.py:314}}
Jul 11 14:40:28.958226 dv-cinder-master-3-iscsi devstack@c-api.service[112943]: /usr/local/lib/python3.8/dist-packages/oslo_context/context.py:100: DeprecationWarning: Policy enforcement is depending on the value of is_admin. This key is deprecated. Please update your policy file to use the standard policy values.
Jul 11 14:40:28.958226 dv-cinder-master-3-iscsi devstack@c-api.service[112943]: warnings.warn('Policy enforcement is depending on the value of '
Jul 11 14:40:28.971564 dv-cinder-master-3-iscsi devstack@c-api.service[112942]: /usr/local/lib/python3.8/dist-packages/oslo_context/context.py:100: DeprecationWarning: Policy enforcement is depending on the value of is_admin. This key is deprecated. Please update your policy file to use the standard policy values.
Jul 11 14:40:28.971564 dv-cinder-master-3-iscsi devstack@c-api.service[112942]: warnings.warn('Policy enforcement is depending on the value of '
Jul 11 14:40:28.996803 dv-cinder-master-3-iscsi devstack@c-api.service[112942]: INFO cinder.api.openstack.wsgi [None req-426134c0-0f6c-4351-a50c-ec1649408823 tempest-GroupSnapshotsTest-769461495 tempest-GroupSnapshotsTest-769461495-project] http://10.222.0.72/volume/v3/7eba23022dd5473a963ee8125858ccfa/volumes returned with HTTP 202
Jul 11 14:40:29.000674 dv-cinder-master-3-iscsi devstack@c-api.service[112942]: [pid: 112942|app: 0|req: 45/98] 10.222.0.72 () {62 vars in 1276 bytes} [Mon Jul 11 14:40:28 2022] POST /volume/v3/7eba23022dd5473a963ee8125858ccfa/volumes => generated 908 bytes in 885 msecs (HTTP/1.1 202) 7 headers in 292 bytes (1 switches on core 0)
Jul 11 14:40:29.019838 dv-cinder-master-3-iscsi devstack@c-api.service[112942]: DEBUG cinder.api.middleware.request_id [None req-48fc4523-d799-4765-acb6-3f06c14139a6 None None] RequestId filter calling following filter/app {{(pid=112942) _context_setter /opt/stack/cinder/cinder/api/middleware/request_id.py:62}}
Jul 11 14:40:29.052099 dv-cinder-master-3-iscsi devstack@c-api.service[112942]: INFO cinder.api.openstack.wsgi [None req-48fc4523-d799-4765-acb6-3f06c14139a6 tempest-GroupSnapshotsTest-769461495 tempest-GroupSnapshotsTest-769461495-project] GET http://10.222.0.72/volume/v3/7eba23022dd5473a963ee8125858ccfa/volumes/ff4e3ca8-69ac-4159-964c-20b78338aba2
Jul 11 14:40:29.053929 dv-cinder-master-3-iscsi devstack@c-api.service[112943]: INFO cinder.api.openstack.wsgi [None req-86d70993-a650-4419-a3b4-3493eb5d09ab tempest-GroupsTest-1289074985 tempest-GroupsTest-1289074985-project] http://10.222.0.72/volume/v3/2b3dfa31fcc64f4b898f1242c30a0321/volumes/detail returned with HTTP 200
Jul 11 14:40:29.058832 dv-cinder-master-3-iscsi devstack@c-api.service[112942]: DEBUG cinder.api.openstack.wsgi [None req-48fc4523-d799-4765-acb6-3f06c14139a6 tempest-GroupSnapshotsTest-769461495 tempest-GroupSnapshotsTest-769461495-project] Empty body provided in request {{(pid=112942) get_body /opt/stack/cinder/cinder/api/openstack/wsgi.py:715}}
Jul 11 14:40:29.059436 dv-cinder-master-3-iscsi devstack@c-api.service[112942]: DEBUG cinder.api.openstack.wsgi [None req-48fc4523-d799-4765-acb6-3f06c14139a6 tempest-GroupSnapshotsTest-769461495 tempest-GroupSnapshotsTest-769461495-project] Calling method 'show' {{(pid=112942) _process_stack /opt/stack/cinder/cinder/api/openstack/wsgi.py:868}}
Jul 11 14:40:29.068631 dv-cinder-master-3-iscsi devstack@c-api.service[112943]: [pid: 112943|app: 0|req: 54/99] 10.222.0.72 () {60 vars in 1275 bytes} [Mon Jul 11 14:40:28 2022] GET /volume/v3/2b3dfa31fcc64f4b898f1242c30a0321/volumes/detail => generated 975 bytes in 581 msecs (HTTP/1.1 200) 7 headers in 286 bytes (1 switches on core 0)
Jul 11 14:40:29.070602 dv-cinder-master-3-iscsi devstack@c-api.service[112943]: DEBUG cinder.api.middleware.request_id [None req-d336dfe4-a8f8-486a-81bf-193f2dad866f None None] RequestId filter calling following filter/app {{(pid=112943) _context_setter /opt/stack/cinder/cinder/api/middleware/request_id.py:62}}
Jul 11 14:40:29.075261 dv-cinder-master-3-iscsi devstack@c-api.service[112943]: INFO cinder.api.openstack.wsgi [None req-d336dfe4-a8f8-486a-81bf-193f2dad866f tempest-GroupsTest-1289074985 tempest-GroupsTest-1289074985-project] GET http://10.222.0.72/volume/v3/2b3dfa31fcc64f4b898f1242c30a0321/volumes/detail
Jul 11 14:40:29.075989 dv-cinder-master-3-iscsi devstack@c-api.service[112943]: DEBUG cinder.api.openstack.wsgi [None req-d336dfe4-a8f8-486a-81bf-193f2dad866f tempest-GroupsTest-1289074985 tempest-GroupsTest-1289074985-project] Empty body provided in request {{(pid=112943) get_body /opt/stack/cinder/cinder/api/openstack/wsgi.py:715}}
Jul 11 14:40:29.076583 dv-cinder-master-3-iscsi devstack@c-api.service[112943]: DEBUG cinder.api.openstack.wsgi [None req-d336dfe4-a8f8-486a-81bf-193f2dad866f tempest-GroupsTest-1289074985 tempest-GroupsTest-1289074985-project] Calling method 'detail' {{(pid=112943) _process_stack /opt/stack/cinder/cinder/api/openstack/wsgi.py:868}}
Jul 11 14:40:29.082336 dv-cinder-master-3-iscsi devstack@c-api.service[112943]: DEBUG cinder.api.api_utils [None req-d336dfe4-a8f8-486a-81bf-193f2dad866f tempest-GroupsTest-1289074985 tempest-GroupsTest-1289074985-project] Removing options '' from query. {{(pid=112943) remove_invalid_filter_options /opt/stack/cinder/cinder/api/api_utils.py:83}}
Jul 11 14:40:29.086642 dv-cinder-master-3-iscsi devstack@c-api.service[112943]: DEBUG cinder.volume.api [None req-d336dfe4-a8f8-486a-81bf-193f2dad866f tempest-GroupsTest-1289074985 tempest-GroupsTest-1289074985-project] Searching by: MultiDict([('no_migration_targets', True)]). {{(pid=112943) get_all /opt/stack/cinder/cinder/volume/api.py:664}}
Jul 11 14:40:29.103458 dv-cinder-master-3-iscsi devstack@c-api.service[112942]: /usr/local/lib/python3.8/dist-packages/oslo_context/context.py:100: DeprecationWarning: Policy enforcement is depending on the value of is_admin. This key is deprecated. Please update your policy file to use the standard policy values.
Jul 11 14:40:29.103458 dv-cinder-master-3-iscsi devstack@c-api.service[112942]: warnings.warn('Policy enforcement is depending on the value of '
Jul 11 14:40:29.164194 dv-cinder-master-3-iscsi devstack@c-api.service[112942]: INFO cinder.volume.api [None req-48fc4523-d799-4765-acb6-3f06c14139a6 tempest-GroupSnapshotsTest-769461495 tempest-GroupSnapshotsTest-769461495-project] Volume info retrieved successfully.
Jul 11 14:40:29.175116 dv-cinder-master-3-iscsi devstack@c-api.service[112942]: WARNING stevedore.named [None req-48fc4523-d799-4765-acb6-3f06c14139a6 tempest-GroupSnapshotsTest-769461495 tempest-GroupSnapshotsTest-769461495-project] Could not load cinder.keymgr.conf_key_mgr.ConfKeyManager
Jul 11 14:40:29.181681 dv-cinder-master-3-iscsi devstack@c-api.service[112942]: WARNING castellan.key_manager [None req-48fc4523-d799-4765-acb6-3f06c14139a6 tempest-GroupSnapshotsTest-769461495 tempest-GroupSnapshotsTest-769461495-project] Deprecation Warning : cinder.keymgr.conf_key_mgr.ConfKeyManager is not a stevedore based driver, trying to load it as a class: stevedore.exception.NoMatches: No 'castellan.drivers' driver found, looking for 'cinder.keymgr.conf_key_mgr.ConfKeyManager'
Jul 11 14:40:29.183440 dv-cinder-master-3-iscsi devstack@c-api.service[112943]: INFO cinder.volume.api [None req-d336dfe4-a8f8-486a-81bf-193f2dad866f tempest-GroupsTest-1289074985 tempest-GroupsTest-1289074985-project] Get all volumes completed successfully.
Jul 11 14:40:29.185688 dv-cinder-master-3-iscsi devstack@c-api.service[112943]: WARNING stevedore.named [None req-d336dfe4-a8f8-486a-81bf-193f2dad866f tempest-GroupsTest-1289074985 tempest-GroupsTest-1289074985-project] Could not load cinder.keymgr.conf_key_mgr.ConfKeyManager
Jul 11 14:40:29.186337 dv-cinder-master-3-iscsi devstack@c-api.service[112943]: WARNING castellan.key_manager [None req-d336dfe4-a8f8-486a-81bf-193f2dad866f tempest-GroupsTest-1289074985 tempest-GroupsTest-1289074985-project] Deprecation Warning : cinder.keymgr.conf_key_mgr.ConfKeyManager is not a stevedore based driver, trying to load it as a class: stevedore.exception.NoMatches: No 'castellan.drivers' driver found, looking for 'cinder.keymgr.conf_key_mgr.ConfKeyManager'
Jul 11 14:40:29.195983 dv-cinder-master-3-iscsi devstack@c-api.service[112943]: DEBUG oslo_db.sqlalchemy.engines [None req-d336dfe4-a8f8-486a-81bf-193f2dad866f tempest-GroupsTest-1289074985 tempest-GroupsTest-1289074985-project] MySQL server mode set to STRICT_TRANS_TABLES,STRICT_ALL_TABLES,NO_ZERO_IN_DATE,NO_ZERO_DATE,ERROR_FOR_DIVISION_BY_ZERO,TRADITIONAL,NO_ENGINE_SUBSTITUTION {{(pid=112943) _check_effective_sql_mode /usr/local/lib/python3.8/dist-packages/oslo_db/sqlalchemy/engines.py:314}}
Jul 11 14:40:29.208950 dv-cinder-master-3-iscsi devstack@c-api.service[112943]: /usr/local/lib/python3.8/dist-packages/oslo_context/context.py:100: DeprecationWarning: Policy enforcement is depending on the value of is_admin. This key is deprecated. Please update your policy file to use the standard policy values.
Jul 11 14:40:29.208950 dv-cinder-master-3-iscsi devstack@c-api.service[112943]: warnings.warn('Policy enforcement is depending on the value of '
Jul 11 14:40:29.213101 dv-cinder-master-3-iscsi devstack@c-api.service[112942]: DEBUG oslo_db.sqlalchemy.engines [None req-48fc4523-d799-4765-acb6-3f06c14139a6 tempest-GroupSnapshotsTest-769461495 tempest-GroupSnapshotsTest-769461495-project] MySQL server mode set to STRICT_TRANS_TABLES,STRICT_ALL_TABLES,NO_ZERO_IN_DATE,NO_ZERO_DATE,ERROR_FOR_DIVISION_BY_ZERO,TRADITIONAL,NO_ENGINE_SUBSTITUTION {{(pid=112942) _check_effective_sql_mode /usr/local/lib/python3.8/dist-packages/oslo_db/sqlalchemy/engines.py:314}}
Jul 11 14:40:29.223390 dv-cinder-master-3-iscsi devstack@c-api.service[112942]: /usr/local/lib/python3.8/dist-packages/oslo_context/context.py:100: DeprecationWarning: Policy enforcement is depending on the value of is_admin. This key is deprecated. Please update your policy file to use the standard policy values.
Jul 11 14:40:29.223390 dv-cinder-master-3-iscsi devstack@c-api.service[112942]: warnings.warn('Policy enforcement is depending on the value of '
Jul 11 14:40:29.283108 dv-cinder-master-3-iscsi devstack@c-api.service[112942]: INFO cinder.api.openstack.wsgi [None req-48fc4523-d799-4765-acb6-3f06c14139a6 tempest-GroupSnapshotsTest-769461495 tempest-GroupSnapshotsTest-769461495-project] http://10.222.0.72/volume/v3/7eba23022dd5473a963ee8125858ccfa/volumes/ff4e3ca8-69ac-4159-964c-20b78338aba2 returned with HTTP 200
Jul 11 14:40:29.286493 dv-cinder-master-3-iscsi devstack@c-api.service[112942]: [pid: 112942|app: 0|req: 46/100] 10.222.0.72 () {60 vars in 1365 bytes} [Mon Jul 11 14:40:29 2022] GET /volume/v3/7eba23022dd5473a963ee8125858ccfa/volumes/ff4e3ca8-69ac-4159-964c-20b78338aba2 => generated 976 bytes in 274 msecs (HTTP/1.1 200) 7 headers in 286 bytes (1 switches on core 0)
Jul 11 14:40:29.302118 dv-cinder-master-3-iscsi devstack@c-api.service[112943]: INFO cinder.api.openstack.wsgi [None req-d336dfe4-a8f8-486a-81bf-193f2dad866f tempest-GroupsTest-1289074985 tempest-GroupsTest-1289074985-project] http://10.222.0.72/volume/v3/2b3dfa31fcc64f4b898f1242c30a0321/volumes/detail returned with HTTP 200
Jul 11 14:40:29.315951 dv-cinder-master-3-iscsi devstack@c-api.service[112942]: DEBUG cinder.api.middleware.request_id [None req-b6ec0562-e1f1-4c26-bb83-2728a0e2ffff None None] RequestId filter calling following filter/app {{(pid=112942) _context_setter /opt/stack/cinder/cinder/api/middleware/request_id.py:62}}
Jul 11 14:40:29.321391 dv-cinder-master-3-iscsi devstack@c-api.service[112942]: INFO cinder.api.openstack.wsgi [None req-b6ec0562-e1f1-4c26-bb83-2728a0e2ffff tempest-GroupsTest-1289074985 tempest-GroupsTest-1289074985-project] POST http://10.222.0.72/volume/v3/2b3dfa31fcc64f4b898f1242c30a0321/groups/6f0b5d2a-2e96-4478-b18d-df6216811daf/action
Jul 11 14:40:29.321867 dv-cinder-master-3-iscsi devstack@c-api.service[112943]: [pid: 112943|app: 0|req: 55/101] 10.222.0.72 () {60 vars in 1275 bytes} [Mon Jul 11 14:40:29 2022] GET /volume/v3/2b3dfa31fcc64f4b898f1242c30a0321/volumes/detail => generated 975 bytes in 251 msecs (HTTP/1.1 200) 7 headers in 286 bytes (1 switches on core 0)
Jul 11 14:40:29.322124 dv-cinder-master-3-iscsi devstack@c-api.service[112942]: DEBUG cinder.api.openstack.wsgi [None req-b6ec0562-e1f1-4c26-bb83-2728a0e2ffff tempest-GroupsTest-1289074985 tempest-GroupsTest-1289074985-project] Action body: b'{"delete": {"delete-volumes": true}}' {{(pid=112942) get_method /opt/stack/cinder/cinder/api/openstack/wsgi.py:983}}
Jul 11 14:40:29.324924 dv-cinder-master-3-iscsi devstack@c-api.service[112942]: DEBUG cinder.api.openstack.wsgi [None req-b6ec0562-e1f1-4c26-bb83-2728a0e2ffff tempest-GroupsTest-1289074985 tempest-GroupsTest-1289074985-project] Action: 'action', calling method: delete_group, body: {"delete": {"delete-volumes": true}} {{(pid=112942) _process_stack /opt/stack/cinder/cinder/api/openstack/wsgi.py:866}}
Jul 11 14:40:29.325825 dv-cinder-master-3-iscsi devstack@c-api.service[112942]: DEBUG cinder.api.v3.groups [None req-b6ec0562-e1f1-4c26-bb83-2728a0e2ffff tempest-GroupsTest-1289074985 tempest-GroupsTest-1289074985-project] delete called for group 6f0b5d2a-2e96-4478-b18d-df6216811daf {{(pid=112942) _delete /opt/stack/cinder/cinder/api/v3/groups.py:117}}
Jul 11 14:40:29.326126 dv-cinder-master-3-iscsi devstack@c-api.service[112942]: INFO cinder.api.v3.groups [None req-b6ec0562-e1f1-4c26-bb83-2728a0e2ffff tempest-GroupsTest-1289074985 tempest-GroupsTest-1289074985-project] Delete group with id: 6f0b5d2a-2e96-4478-b18d-df6216811daf
Jul 11 14:40:29.344889 dv-cinder-master-3-iscsi devstack@c-api.service[112942]: /usr/local/lib/python3.8/dist-packages/oslo_context/context.py:100: DeprecationWarning: Policy enforcement is depending on the value of is_admin. This key is deprecated. Please update your policy file to use the standard policy values.
Jul 11 14:40:29.344889 dv-cinder-master-3-iscsi devstack@c-api.service[112942]: warnings.warn('Policy enforcement is depending on the value of '
Jul 11 14:40:29.568344 dv-cinder-master-3-iscsi devstack@c-api.service[112942]: INFO cinder.api.openstack.wsgi [None req-b6ec0562-e1f1-4c26-bb83-2728a0e2ffff tempest-GroupsTest-1289074985 tempest-GroupsTest-1289074985-project] http://10.222.0.72/volume/v3/2b3dfa31fcc64f4b898f1242c30a0321/groups/6f0b5d2a-2e96-4478-b18d-df6216811daf/action returned with HTTP 202
Jul 11 14:40:29.574721 dv-cinder-master-3-iscsi devstack@c-api.service[112942]: [pid: 112942|app: 0|req: 47/102] 10.222.0.72 () {62 vars in 1404 bytes} [Mon Jul 11 14:40:29 2022] POST /volume/v3/2b3dfa31fcc64f4b898f1242c30a0321/groups/6f0b5d2a-2e96-4478-b18d-df6216811daf/action => generated 0 bytes in 259 msecs (HTTP/1.1 202) 6 headers in 234 bytes (1 switches on core 0)
Jul 11 14:40:29.580691 dv-cinder-master-3-iscsi devstack@c-api.service[112943]: DEBUG cinder.api.middleware.request_id [None req-f67b3954-13df-4666-ad7d-7b00ee1469ce None None] RequestId filter calling following filter/app {{(pid=112943) _context_setter /opt/stack/cinder/cinder/api/middleware/request_id.py:62}}
Jul 11 14:40:29.602101 dv-cinder-master-3-iscsi devstack@c-api.service[112943]: INFO cinder.api.openstack.wsgi [None req-f67b3954-13df-4666-ad7d-7b00ee1469ce tempest-GroupsTest-1289074985 tempest-GroupsTest-1289074985-project] GET http://10.222.0.72/volume/v3/2b3dfa31fcc64f4b898f1242c30a0321/volumes/1081e0bf-bc34-432d-9842-7268bf18acc0
Jul 11 14:40:29.607408 dv-cinder-master-3-iscsi devstack@c-api.service[112943]: DEBUG cinder.api.openstack.wsgi [None req-f67b3954-13df-4666-ad7d-7b00ee1469ce tempest-GroupsTest-1289074985 tempest-GroupsTest-1289074985-project] Empty body provided in request {{(pid=112943) get_body /opt/stack/cinder/cinder/api/openstack/wsgi.py:715}}
Jul 11 14:40:29.612774 dv-cinder-master-3-iscsi devstack@c-api.service[112943]: DEBUG cinder.api.openstack.wsgi [None req-f67b3954-13df-4666-ad7d-7b00ee1469ce tempest-GroupsTest-1289074985 tempest-GroupsTest-1289074985-project] Calling method 'show' {{(pid=112943) _process_stack /opt/stack/cinder/cinder/api/openstack/wsgi.py:868}}
Jul 11 14:40:29.763257 dv-cinder-master-3-iscsi devstack@c-api.service[112943]: /usr/local/lib/python3.8/dist-packages/oslo_context/context.py:100: DeprecationWarning: Policy enforcement is depending on the value of is_admin. This key is deprecated. Please update your policy file to use the standard policy values.
Jul 11 14:40:29.763257 dv-cinder-master-3-iscsi devstack@c-api.service[112943]: warnings.warn('Policy enforcement is depending on the value of '
Jul 11 14:40:29.826448 dv-cinder-master-3-iscsi devstack@c-api.service[112943]: INFO cinder.volume.api [None req-f67b3954-13df-4666-ad7d-7b00ee1469ce tempest-GroupsTest-1289074985 tempest-GroupsTest-1289074985-project] Volume info retrieved successfully.
Jul 11 14:40:29.844977 dv-cinder-master-3-iscsi devstack@c-api.service[112943]: WARNING stevedore.named [None req-f67b3954-13df-4666-ad7d-7b00ee1469ce tempest-GroupsTest-1289074985 tempest-GroupsTest-1289074985-project] Could not load cinder.keymgr.conf_key_mgr.ConfKeyManager
Jul 11 14:40:29.846108 dv-cinder-master-3-iscsi devstack@c-api.service[112943]: WARNING castellan.key_manager [None req-f67b3954-13df-4666-ad7d-7b00ee1469ce tempest-GroupsTest-1289074985 tempest-GroupsTest-1289074985-project] Deprecation Warning : cinder.keymgr.conf_key_mgr.ConfKeyManager is not a stevedore based driver, trying to load it as a class: stevedore.exception.NoMatches: No 'castellan.drivers' driver found, looking for 'cinder.keymgr.conf_key_mgr.ConfKeyManager'
Jul 11 14:40:29.894373 dv-cinder-master-3-iscsi devstack@c-api.service[112943]: DEBUG oslo_db.sqlalchemy.engines [None req-f67b3954-13df-4666-ad7d-7b00ee1469ce tempest-GroupsTest-1289074985 tempest-GroupsTest-1289074985-project] MySQL server mode set to STRICT_TRANS_TABLES,STRICT_ALL_TABLES,NO_ZERO_IN_DATE,NO_ZERO_DATE,ERROR_FOR_DIVISION_BY_ZERO,TRADITIONAL,NO_ENGINE_SUBSTITUTION {{(pid=112943) _check_effective_sql_mode /usr/local/lib/python3.8/dist-packages/oslo_db/sqlalchemy/engines.py:314}}
Jul 11 14:40:29.926962 dv-cinder-master-3-iscsi devstack@c-api.service[112943]: /usr/local/lib/python3.8/dist-packages/oslo_context/context.py:100: DeprecationWarning: Policy enforcement is depending on the value of is_admin. This key is deprecated. Please update your policy file to use the standard policy values.
Jul 11 14:40:29.926962 dv-cinder-master-3-iscsi devstack@c-api.service[112943]: warnings.warn('Policy enforcement is depending on the value of '
Jul 11 14:40:30.096182 dv-cinder-master-3-iscsi devstack@c-api.service[112943]: INFO cinder.api.openstack.wsgi [None req-f67b3954-13df-4666-ad7d-7b00ee1469ce tempest-GroupsTest-1289074985 tempest-GroupsTest-1289074985-project] http://10.222.0.72/volume/v3/2b3dfa31fcc64f4b898f1242c30a0321/volumes/1081e0bf-bc34-432d-9842-7268bf18acc0 returned with HTTP 200
Jul 11 14:40:30.113723 dv-cinder-master-3-iscsi devstack@c-api.service[112943]: [pid: 112943|app: 0|req: 56/103] 10.222.0.72 () {60 vars in 1365 bytes} [Mon Jul 11 14:40:29 2022] GET /volume/v3/2b3dfa31fcc64f4b898f1242c30a0321/volumes/1081e0bf-bc34-432d-9842-7268bf18acc0 => generated 971 bytes in 524 msecs (HTTP/1.1 200) 7 headers in 286 bytes (1 switches on core 0)
Jul 11 14:40:30.298034 dv-cinder-master-3-iscsi devstack@c-api.service[112942]: DEBUG cinder.api.middleware.request_id [None req-ae5bc74b-4ee5-49b2-8d78-a43ff7692793 None None] RequestId filter calling following filter/app {{(pid=112942) _context_setter /opt/stack/cinder/cinder/api/middleware/request_id.py:62}}
Jul 11 14:40:30.303768 dv-cinder-master-3-iscsi devstack@c-api.service[112942]: INFO cinder.api.openstack.wsgi [None req-ae5bc74b-4ee5-49b2-8d78-a43ff7692793 tempest-GroupSnapshotsTest-769461495 tempest-GroupSnapshotsTest-769461495-project] GET http://10.222.0.72/volume/v3/7eba23022dd5473a963ee8125858ccfa/volumes/ff4e3ca8-69ac-4159-964c-20b78338aba2
Jul 11 14:40:30.304765 dv-cinder-master-3-iscsi devstack@c-api.service[112942]: DEBUG cinder.api.openstack.wsgi [None req-ae5bc74b-4ee5-49b2-8d78-a43ff7692793 tempest-GroupSnapshotsTest-769461495 tempest-GroupSnapshotsTest-769461495-project] Empty body provided in request {{(pid=112942) get_body /opt/stack/cinder/cinder/api/openstack/wsgi.py:715}}
Jul 11 14:40:30.305228 dv-cinder-master-3-iscsi devstack@c-api.service[112942]: DEBUG cinder.api.openstack.wsgi [None req-ae5bc74b-4ee5-49b2-8d78-a43ff7692793 tempest-GroupSnapshotsTest-769461495 tempest-GroupSnapshotsTest-769461495-project] Calling method 'show' {{(pid=112942) _process_stack /opt/stack/cinder/cinder/api/openstack/wsgi.py:868}}
Jul 11 14:40:30.363347 dv-cinder-master-3-iscsi devstack@c-api.service[112942]: /usr/local/lib/python3.8/dist-packages/oslo_context/context.py:100: DeprecationWarning: Policy enforcement is depending on the value of is_admin. This key is deprecated. Please update your policy file to use the standard policy values.
Jul 11 14:40:30.363347 dv-cinder-master-3-iscsi devstack@c-api.service[112942]: warnings.warn('Policy enforcement is depending on the value of '
Jul 11 14:40:30.412807 dv-cinder-master-3-iscsi devstack@c-api.service[112942]: INFO cinder.volume.api [None req-ae5bc74b-4ee5-49b2-8d78-a43ff7692793 tempest-GroupSnapshotsTest-769461495 tempest-GroupSnapshotsTest-769461495-project] Volume info retrieved successfully.
Jul 11 14:40:30.422652 dv-cinder-master-3-iscsi devstack@c-api.service[112942]: WARNING stevedore.named [None req-ae5bc74b-4ee5-49b2-8d78-a43ff7692793 tempest-GroupSnapshotsTest-769461495 tempest-GroupSnapshotsTest-769461495-project] Could not load cinder.keymgr.conf_key_mgr.ConfKeyManager
Jul 11 14:40:30.425350 dv-cinder-master-3-iscsi devstack@c-api.service[112942]: WARNING castellan.key_manager [None req-ae5bc74b-4ee5-49b2-8d78-a43ff7692793 tempest-GroupSnapshotsTest-769461495 tempest-GroupSnapshotsTest-769461495-project] Deprecation Warning : cinder.keymgr.conf_key_mgr.ConfKeyManager is not a stevedore based driver, trying to load it as a class: stevedore.exception.NoMatches: No 'castellan.drivers' driver found, looking for 'cinder.keymgr.conf_key_mgr.ConfKeyManager'
Jul 11 14:40:30.449314 dv-cinder-master-3-iscsi devstack@c-api.service[112942]: DEBUG oslo_db.sqlalchemy.engines [None req-ae5bc74b-4ee5-49b2-8d78-a43ff7692793 tempest-GroupSnapshotsTest-769461495 tempest-GroupSnapshotsTest-769461495-project] MySQL server mode set to STRICT_TRANS_TABLES,STRICT_ALL_TABLES,NO_ZERO_IN_DATE,NO_ZERO_DATE,ERROR_FOR_DIVISION_BY_ZERO,TRADITIONAL,NO_ENGINE_SUBSTITUTION {{(pid=112942) _check_effective_sql_mode /usr/local/lib/python3.8/dist-packages/oslo_db/sqlalchemy/engines.py:314}}
Jul 11 14:40:30.471594 dv-cinder-master-3-iscsi devstack@c-api.service[112942]: /usr/local/lib/python3.8/dist-packages/oslo_context/context.py:100: DeprecationWarning: Policy enforcement is depending on the value of is_admin. This key is deprecated. Please update your policy file to use the standard policy values.
Jul 11 14:40:30.471594 dv-cinder-master-3-iscsi devstack@c-api.service[112942]: warnings.warn('Policy enforcement is depending on the value of '
Jul 11 14:40:30.520672 dv-cinder-master-3-iscsi devstack@c-api.service[112942]: INFO cinder.api.openstack.wsgi [None req-ae5bc74b-4ee5-49b2-8d78-a43ff7692793 tempest-GroupSnapshotsTest-769461495 tempest-GroupSnapshotsTest-769461495-project] http://10.222.0.72/volume/v3/7eba23022dd5473a963ee8125858ccfa/volumes/ff4e3ca8-69ac-4159-964c-20b78338aba2 returned with HTTP 200
Jul 11 14:40:30.526735 dv-cinder-master-3-iscsi devstack@c-api.service[112942]: [pid: 112942|app: 0|req: 48/104] 10.222.0.72 () {60 vars in 1365 bytes} [Mon Jul 11 14:40:30 2022] GET /volume/v3/7eba23022dd5473a963ee8125858ccfa/volumes/ff4e3ca8-69ac-4159-964c-20b78338aba2 => generated 1001 bytes in 230 msecs (HTTP/1.1 200) 7 headers in 287 bytes (1 switches on core 0)
