Jul 05 10:10:07.302634 dv-cinder-master-3-iscsi devstack@c-api.service[110897]: [pid: 110897|app: 0|req: 13/21] 10.222.0.20 () {58 vars in 1297 bytes} [Tue Jul 5 10:10:07 2022] GET /volume/v3/9083611e0754468bbc60631ea389c453/capabilities/hv-cinder-maste@wincnd => generated 715 bytes in 71 msecs (HTTP/1.1 200) 7 headers in 285 bytes (1 switches on core 0)
Jul 05 10:10:07.323703 dv-cinder-master-3-iscsi devstack@c-api.service[110896]: WARNING cinder.quota [None req-7e5ff7b8-3f2c-4584-8040-47eac7360277 tempest-VolumeRetypeWithoutMigrationTest-108566246 tempest-VolumeRetypeWithoutMigrationTest-108566246-project] Deprecated: Default quota for resource: volumes_volume-type-1 is set by the default quota flag: quota_volumes_volume-type-1, it is now deprecated. Please use the default quota class for default quota.
Jul 05 10:10:07.324562 dv-cinder-master-3-iscsi devstack@c-api.service[110896]: WARNING cinder.quota [None req-7e5ff7b8-3f2c-4584-8040-47eac7360277 tempest-VolumeRetypeWithoutMigrationTest-108566246 tempest-VolumeRetypeWithoutMigrationTest-108566246-project] Deprecated: Default quota for resource: gigabytes_volume-type-1 is set by the default quota flag: quota_gigabytes_volume-type-1, it is now deprecated. Please use the default quota class for default quota.
Jul 05 10:10:07.454192 dv-cinder-master-3-iscsi devstack@c-api.service[110896]: DEBUG dbcounter [-] [110896] Writing DB stats cinder:SELECT=66,cinder:INSERT=19,cinder:UPDATE=15 {{(pid=110896) stat_writer /usr/local/lib/python3.8/dist-packages/dbcounter.py:114}}
Jul 05 10:10:07.469750 dv-cinder-master-3-iscsi devstack@c-api.service[110896]: DEBUG cinder.quota [None req-7e5ff7b8-3f2c-4584-8040-47eac7360277 tempest-VolumeRetypeWithoutMigrationTest-108566246 tempest-VolumeRetypeWithoutMigrationTest-108566246-project] Created reservations ['d2a776e5-338c-47f2-8ac2-ad866950c8ff', '3a8b2b93-bf16-4c0a-a629-a88bc07b37b0', '41e00e1c-d677-4606-872f-e5231da7020b', '1261f9da-2dc8-42c8-bd3d-50342e78388b'] {{(pid=110896) reserve /opt/stack/cinder/cinder/quota.py:755}}
Jul 05 10:10:07.471698 dv-cinder-master-3-iscsi devstack@c-api.service[110896]: DEBUG cinder.volume.api [None req-7e5ff7b8-3f2c-4584-8040-47eac7360277 tempest-VolumeRetypeWithoutMigrationTest-108566246 tempest-VolumeRetypeWithoutMigrationTest-108566246-project] Task 'cinder.volume.flows.api.create_volume.QuotaReserveTask;volume:create' (2f046835-ddd2-4516-95c5-180d7f8234cd) transitioned into state 'SUCCESS' from state 'RUNNING' with result '{'reservations': ['d2a776e5-338c-47f2-8ac2-ad866950c8ff', '3a8b2b93-bf16-4c0a-a629-a88bc07b37b0', '41e00e1c-d677-4606-872f-e5231da7020b', '1261f9da-2dc8-42c8-bd3d-50342e78388b']}' {{(pid=110896) _task_receiver /usr/local/lib/python3.8/dist-packages/taskflow/listeners/logging.py:178}}
Jul 05 10:10:07.477518 dv-cinder-master-3-iscsi devstack@c-api.service[110896]: DEBUG cinder.volume.api [None req-7e5ff7b8-3f2c-4584-8040-47eac7360277 tempest-VolumeRetypeWithoutMigrationTest-108566246 tempest-VolumeRetypeWithoutMigrationTest-108566246-project] Task 'cinder.volume.flows.api.create_volume.EntryCreateTask;volume:create' (a2200203-0025-4954-bd01-5538e35b6bc2) transitioned into state 'RUNNING' from state 'PENDING' {{(pid=110896) _task_receiver /usr/local/lib/python3.8/dist-packages/taskflow/listeners/logging.py:190}}
Jul 05 10:10:07.526578 dv-cinder-master-3-iscsi devstack@c-api.service[110896]: DEBUG cinder.volume.api [None req-7e5ff7b8-3f2c-4584-8040-47eac7360277 tempest-VolumeRetypeWithoutMigrationTest-108566246 tempest-VolumeRetypeWithoutMigrationTest-108566246-project] Task 'cinder.volume.flows.api.create_volume.EntryCreateTask;volume:create' (a2200203-0025-4954-bd01-5538e35b6bc2) transitioned into state 'SUCCESS' from state 'RUNNING' with result '{'volume_id': 'fc9a7519-00fa-4de1-adc9-2780b6e290df', 'volume_properties': VolumeProperties(attach_status='detached',availability_zone='nova',cgsnapshot_id=None,consistencygroup_id=None,display_description=None,display_name='tempest-VolumeRetypeWithoutMigrationTest-Volume-414720758',encryption_key_id=None,group_id=None,group_type_id=,metadata={},multiattach=False,project_id='e20f6d0acb324a69b6545fa8299a220f',qos_specs=None,replication_status=,reservations=['d2a776e5-338c-47f2-8ac2-ad866950c8ff','3a8b2b93-bf16-4c0a-a629-a88bc07b37b0','41e00e1c-d677-4606-872f-e5231da7020b','1261f9da-2dc8-42c8-bd3d-50342e78388b'],size=1,snapshot_id=None,source_replicaid=,source_volid=None,status='creating',user_id='20245b2b3ddd4e1a9117a723d1caa53e',volume_type_id=19371dd3-c7ae-4181-8cff-c713611c0c01), 'volume': Volume(_name_id=None,admin_metadata=,attach_status='detached',availability_zone='nova',bootable=False,cluster=,cluster_name=None,consistencygroup=,consistencygroup_id=None,created_at=2022-07-05T10:10:07Z,deleted=False,deleted_at=None,display_description=None,display_name='tempest-VolumeRetypeWithoutMigrationTest-Volume-414720758',ec2_id=None,encryption_key_id=None,glance_metadata=,group=,group_id=None,host=None,id=fc9a7519-00fa-4de1-adc9-2780b6e290df,launched_at=None,metadata={},migration_status=None,multiattach=False,previous_status=None,project_id='e20f6d0acb324a69b6545fa8299a220f',provider_auth=None,provider_geometry=None,provider_id=None,provider_location=None,replication_driver_data=None,replication_extended_status=None,replication_status=None,scheduled_at=None,service_uuid=None,shared_targets=True,size=1,snapshot_id=None,snapshots=,source_volid=None,status='creating',terminated_at=None,updated_at=None,use_quota=True,user_id='20245b2b3ddd4e1a9117a723d1caa53e',volume_attachment=VolumeAttachmentList,volume_type=VolumeType(19371dd3-c7ae-4181-8cff-c713611c0c01),volume_type_id=19371dd3-c7ae-4181-8cff-c713611c0c01)}' {{(pid=110896) _task_receiver /usr/local/lib/python3.8/dist-packages/taskflow/listeners/logging.py:178}}
Jul 05 10:10:07.530711 dv-cinder-master-3-iscsi devstack@c-api.service[110896]: DEBUG cinder.volume.api [None req-7e5ff7b8-3f2c-4584-8040-47eac7360277 tempest-VolumeRetypeWithoutMigrationTest-108566246 tempest-VolumeRetypeWithoutMigrationTest-108566246-project] Task 'cinder.volume.flows.api.create_volume.QuotaCommitTask;volume:create' (4ec3f350-5f1d-44c7-bc84-5b2d2b8a584a) transitioned into state 'RUNNING' from state 'PENDING' {{(pid=110896) _task_receiver /usr/local/lib/python3.8/dist-packages/taskflow/listeners/logging.py:190}}
Jul 05 10:10:07.578606 dv-cinder-master-3-iscsi devstack@c-api.service[110896]: DEBUG cinder.volume.api [None req-7e5ff7b8-3f2c-4584-8040-47eac7360277 tempest-VolumeRetypeWithoutMigrationTest-108566246 tempest-VolumeRetypeWithoutMigrationTest-108566246-project] Task 'cinder.volume.flows.api.create_volume.QuotaCommitTask;volume:create' (4ec3f350-5f1d-44c7-bc84-5b2d2b8a584a) transitioned into state 'SUCCESS' from state 'RUNNING' with result '{'volume_properties': VolumeProperties(attach_status='detached',availability_zone='nova',cgsnapshot_id=None,consistencygroup_id=None,display_description=None,display_name='tempest-VolumeRetypeWithoutMigrationTest-Volume-414720758',encryption_key_id=None,group_id=None,group_type_id=,metadata={},multiattach=False,project_id='e20f6d0acb324a69b6545fa8299a220f',qos_specs=None,replication_status=,reservations=['d2a776e5-338c-47f2-8ac2-ad866950c8ff','3a8b2b93-bf16-4c0a-a629-a88bc07b37b0','41e00e1c-d677-4606-872f-e5231da7020b','1261f9da-2dc8-42c8-bd3d-50342e78388b'],size=1,snapshot_id=None,source_replicaid=,source_volid=None,status='creating',user_id='20245b2b3ddd4e1a9117a723d1caa53e',volume_type_id=19371dd3-c7ae-4181-8cff-c713611c0c01)}' {{(pid=110896) _task_receiver /usr/local/lib/python3.8/dist-packages/taskflow/listeners/logging.py:178}}
Jul 05 10:10:07.580484 dv-cinder-master-3-iscsi devstack@c-api.service[110896]: DEBUG cinder.volume.api [None req-7e5ff7b8-3f2c-4584-8040-47eac7360277 tempest-VolumeRetypeWithoutMigrationTest-108566246 tempest-VolumeRetypeWithoutMigrationTest-108566246-project] Task 'cinder.volume.flows.api.create_volume.VolumeCastTask;volume:create' (75930f62-88bc-4c05-9938-5a7c5bb360f2) transitioned into state 'RUNNING' from state 'PENDING' {{(pid=110896) _task_receiver /usr/local/lib/python3.8/dist-packages/taskflow/listeners/logging.py:190}}
Jul 05 10:10:07.597141 dv-cinder-master-3-iscsi devstack@c-api.service[110897]: DEBUG cinder.api.middleware.request_id [None req-48cdd36a-9401-46c9-aa41-69ca04106df8 None None] RequestId filter calling following filter/app {{(pid=110897) _context_setter /opt/stack/cinder/cinder/api/middleware/request_id.py:62}}
Jul 05 10:10:07.603686 dv-cinder-master-3-iscsi devstack@c-api.service[110897]: INFO cinder.api.openstack.wsgi [None req-48cdd36a-9401-46c9-aa41-69ca04106df8 tempest-VolumesTestJSON-1774113168 tempest-VolumesTestJSON-1774113168-project] GET http://10.222.0.20/volume/v3/534ca4147149416bb8877e247a2fd6db/volumes/7c3a02ad-33d7-4240-b1a9-b79e09497df7
Jul 05 10:10:07.604301 dv-cinder-master-3-iscsi devstack@c-api.service[110897]: DEBUG cinder.api.openstack.wsgi [None req-48cdd36a-9401-46c9-aa41-69ca04106df8 tempest-VolumesTestJSON-1774113168 tempest-VolumesTestJSON-1774113168-project] Empty body provided in request {{(pid=110897) get_body /opt/stack/cinder/cinder/api/openstack/wsgi.py:715}}
Jul 05 10:10:07.605892 dv-cinder-master-3-iscsi devstack@c-api.service[110897]: DEBUG cinder.api.openstack.wsgi [None req-48cdd36a-9401-46c9-aa41-69ca04106df8 tempest-VolumesTestJSON-1774113168 tempest-VolumesTestJSON-1774113168-project] Calling method 'show' {{(pid=110897) _process_stack /opt/stack/cinder/cinder/api/openstack/wsgi.py:868}}
Jul 05 10:10:07.620294 dv-cinder-master-3-iscsi devstack@c-api.service[110896]: DEBUG cinder.volume.api [None req-7e5ff7b8-3f2c-4584-8040-47eac7360277 tempest-VolumeRetypeWithoutMigrationTest-108566246 tempest-VolumeRetypeWithoutMigrationTest-108566246-project] Task 'cinder.volume.flows.api.create_volume.VolumeCastTask;volume:create' (75930f62-88bc-4c05-9938-5a7c5bb360f2) transitioned into state 'SUCCESS' from state 'RUNNING' with result 'None' {{(pid=110896) _task_receiver /usr/local/lib/python3.8/dist-packages/taskflow/listeners/logging.py:178}}
Jul 05 10:10:07.630810 dv-cinder-master-3-iscsi devstack@c-api.service[110896]: DEBUG cinder.volume.api [None req-7e5ff7b8-3f2c-4584-8040-47eac7360277 tempest-VolumeRetypeWithoutMigrationTest-108566246 tempest-VolumeRetypeWithoutMigrationTest-108566246-project] Flow 'volume_create_api' (fc5d59c9-1351-4a4b-bae3-eac51f6baa6e) transitioned into state 'SUCCESS' from state 'RUNNING' {{(pid=110896) _flow_receiver /usr/local/lib/python3.8/dist-packages/taskflow/listeners/logging.py:141}}
Jul 05 10:10:07.633594 dv-cinder-master-3-iscsi devstack@c-api.service[110896]: INFO cinder.volume.api [None req-7e5ff7b8-3f2c-4584-8040-47eac7360277 tempest-VolumeRetypeWithoutMigrationTest-108566246 tempest-VolumeRetypeWithoutMigrationTest-108566246-project] Create volume request issued successfully.
Jul 05 10:10:07.642928 dv-cinder-master-3-iscsi devstack@c-api.service[110896]: INFO cinder.api.openstack.wsgi [None req-7e5ff7b8-3f2c-4584-8040-47eac7360277 tempest-VolumeRetypeWithoutMigrationTest-108566246 tempest-VolumeRetypeWithoutMigrationTest-108566246-project] http://10.222.0.20/volume/v3/e20f6d0acb324a69b6545fa8299a220f/volumes returned with HTTP 202
Jul 05 10:10:07.644048 dv-cinder-master-3-iscsi devstack@c-api.service[110897]: /usr/local/lib/python3.8/dist-packages/oslo_context/context.py:100: DeprecationWarning: Policy enforcement is depending on the value of is_admin. This key is deprecated. Please update your policy file to use the standard policy values.
Jul 05 10:10:07.644048 dv-cinder-master-3-iscsi devstack@c-api.service[110897]: warnings.warn('Policy enforcement is depending on the value of '
Jul 05 10:10:07.649308 dv-cinder-master-3-iscsi devstack@c-api.service[110896]: [pid: 110896|app: 0|req: 9/22] 10.222.0.20 () {60 vars in 1235 bytes} [Tue Jul 5 10:10:06 2022] POST /volume/v3/e20f6d0acb324a69b6545fa8299a220f/volumes => generated 833 bytes in 747 msecs (HTTP/1.1 202) 7 headers in 291 bytes (1 switches on core 0)
Jul 05 10:10:07.664191 dv-cinder-master-3-iscsi devstack@c-api.service[110896]: DEBUG cinder.api.middleware.request_id [None req-93bff5c8-72f8-4ba4-9beb-d781465e50ee None None] RequestId filter calling following filter/app {{(pid=110896) _context_setter /opt/stack/cinder/cinder/api/middleware/request_id.py:62}}
Jul 05 10:10:07.667262 dv-cinder-master-3-iscsi devstack@c-api.service[110897]: INFO cinder.volume.api [None req-48cdd36a-9401-46c9-aa41-69ca04106df8 tempest-VolumesTestJSON-1774113168 tempest-VolumesTestJSON-1774113168-project] Volume info retrieved successfully.
Jul 05 10:10:07.679337 dv-cinder-master-3-iscsi devstack@c-api.service[110896]: INFO cinder.api.openstack.wsgi [None req-93bff5c8-72f8-4ba4-9beb-d781465e50ee tempest-VolumeRetypeWithoutMigrationTest-108566246 tempest-VolumeRetypeWithoutMigrationTest-108566246-project] GET http://10.222.0.20/volume/v3/e20f6d0acb324a69b6545fa8299a220f/volumes/fc9a7519-00fa-4de1-adc9-2780b6e290df
Jul 05 10:10:07.682420 dv-cinder-master-3-iscsi devstack@c-api.service[110896]: DEBUG cinder.api.openstack.wsgi [None req-93bff5c8-72f8-4ba4-9beb-d781465e50ee tempest-VolumeRetypeWithoutMigrationTest-108566246 tempest-VolumeRetypeWithoutMigrationTest-108566246-project] Empty body provided in request {{(pid=110896) get_body /opt/stack/cinder/cinder/api/openstack/wsgi.py:715}}
Jul 05 10:10:07.684693 dv-cinder-master-3-iscsi devstack@c-api.service[110896]: DEBUG cinder.api.openstack.wsgi [None req-93bff5c8-72f8-4ba4-9beb-d781465e50ee tempest-VolumeRetypeWithoutMigrationTest-108566246 tempest-VolumeRetypeWithoutMigrationTest-108566246-project] Calling method 'show' {{(pid=110896) _process_stack /opt/stack/cinder/cinder/api/openstack/wsgi.py:868}}
Jul 05 10:10:07.692860 dv-cinder-master-3-iscsi devstack@c-api.service[110897]: INFO cinder.api.openstack.wsgi [None req-48cdd36a-9401-46c9-aa41-69ca04106df8 tempest-VolumesTestJSON-1774113168 tempest-VolumesTestJSON-1774113168-project] http://10.222.0.20/volume/v3/534ca4147149416bb8877e247a2fd6db/volumes/7c3a02ad-33d7-4240-b1a9-b79e09497df7 returned with HTTP 200
Jul 05 10:10:07.698593 dv-cinder-master-3-iscsi devstack@c-api.service[110897]: [pid: 110897|app: 0|req: 14/23] 10.222.0.20 () {58 vars in 1324 bytes} [Tue Jul 5 10:10:07 2022] GET /volume/v3/534ca4147149416bb8877e247a2fd6db/volumes/7c3a02ad-33d7-4240-b1a9-b79e09497df7 => generated 922 bytes in 103 msecs (HTTP/1.1 200) 7 headers in 285 bytes (2 switches on core 0)
Jul 05 10:10:07.737027 dv-cinder-master-3-iscsi devstack@c-api.service[110896]: /usr/local/lib/python3.8/dist-packages/oslo_context/context.py:100: DeprecationWarning: Policy enforcement is depending on the value of is_admin. This key is deprecated. Please update your policy file to use the standard policy values.
Jul 05 10:10:07.737027 dv-cinder-master-3-iscsi devstack@c-api.service[110896]: warnings.warn('Policy enforcement is depending on the value of '
Jul 05 10:10:07.746391 dv-cinder-master-3-iscsi devstack@c-api.service[110897]: DEBUG cinder.api.middleware.request_id [req-e8a8c3a7-0e34-470b-a32d-62fe00a1dc13 req-d7d7a769-d07f-4168-b679-f757bba17d09 None None] RequestId filter calling following filter/app {{(pid=110897) _context_setter /opt/stack/cinder/cinder/api/middleware/request_id.py:62}}
Jul 05 10:10:07.750984 dv-cinder-master-3-iscsi devstack@c-api.service[110897]: INFO cinder.api.openstack.wsgi [req-e8a8c3a7-0e34-470b-a32d-62fe00a1dc13 req-d7d7a769-d07f-4168-b679-f757bba17d09 tempest-VolumesTestJSON-1774113168 tempest-VolumesTestJSON-1774113168-project] GET http://10.222.0.20/volume/v3/534ca4147149416bb8877e247a2fd6db/volumes/7c3a02ad-33d7-4240-b1a9-b79e09497df7
Jul 05 10:10:07.751517 dv-cinder-master-3-iscsi devstack@c-api.service[110897]: DEBUG cinder.api.openstack.wsgi [req-e8a8c3a7-0e34-470b-a32d-62fe00a1dc13 req-d7d7a769-d07f-4168-b679-f757bba17d09 tempest-VolumesTestJSON-1774113168 tempest-VolumesTestJSON-1774113168-project] Empty body provided in request {{(pid=110897) get_body /opt/stack/cinder/cinder/api/openstack/wsgi.py:715}}
Jul 05 10:10:07.753063 dv-cinder-master-3-iscsi devstack@c-api.service[110897]: DEBUG cinder.api.openstack.wsgi [req-e8a8c3a7-0e34-470b-a32d-62fe00a1dc13 req-d7d7a769-d07f-4168-b679-f757bba17d09 tempest-VolumesTestJSON-1774113168 tempest-VolumesTestJSON-1774113168-project] Calling method 'show' {{(pid=110897) _process_stack /opt/stack/cinder/cinder/api/openstack/wsgi.py:868}}
Jul 05 10:10:07.771453 dv-cinder-master-3-iscsi devstack@c-api.service[110896]: INFO cinder.volume.api [None req-93bff5c8-72f8-4ba4-9beb-d781465e50ee tempest-VolumeRetypeWithoutMigrationTest-108566246 tempest-VolumeRetypeWithoutMigrationTest-108566246-project] Volume info retrieved successfully.
Jul 05 10:10:07.807422 dv-cinder-master-3-iscsi devstack@c-api.service[110897]: /usr/local/lib/python3.8/dist-packages/oslo_context/context.py:100: DeprecationWarning: Policy enforcement is depending on the value of is_admin. This key is deprecated. Please update your policy file to use the standard policy values.
Jul 05 10:10:07.807422 dv-cinder-master-3-iscsi devstack@c-api.service[110897]: warnings.warn('Policy enforcement is depending on the value of '
Jul 05 10:10:07.816504 dv-cinder-master-3-iscsi devstack@c-api.service[110896]: INFO cinder.api.openstack.wsgi [None req-93bff5c8-72f8-4ba4-9beb-d781465e50ee tempest-VolumeRetypeWithoutMigrationTest-108566246 tempest-VolumeRetypeWithoutMigrationTest-108566246-project] http://10.222.0.20/volume/v3/e20f6d0acb324a69b6545fa8299a220f/volumes/fc9a7519-00fa-4de1-adc9-2780b6e290df returned with HTTP 200
Jul 05 10:10:07.817833 dv-cinder-master-3-iscsi devstack@c-api.service[110896]: [pid: 110896|app: 0|req: 10/24] 10.222.0.20 () {58 vars in 1324 bytes} [Tue Jul 5 10:10:07 2022] GET /volume/v3/e20f6d0acb324a69b6545fa8299a220f/volumes/fc9a7519-00fa-4de1-adc9-2780b6e290df => generated 901 bytes in 158 msecs (HTTP/1.1 200) 7 headers in 285 bytes (1 switches on core 0)
Jul 05 10:10:07.835103 dv-cinder-master-3-iscsi devstack@c-api.service[110897]: INFO cinder.volume.api [req-e8a8c3a7-0e34-470b-a32d-62fe00a1dc13 req-d7d7a769-d07f-4168-b679-f757bba17d09 tempest-VolumesTestJSON-1774113168 tempest-VolumesTestJSON-1774113168-project] Volume info retrieved successfully.
Jul 05 10:10:07.856554 dv-cinder-master-3-iscsi devstack@c-api.service[110897]: INFO cinder.api.openstack.wsgi [req-e8a8c3a7-0e34-470b-a32d-62fe00a1dc13 req-d7d7a769-d07f-4168-b679-f757bba17d09 tempest-VolumesTestJSON-1774113168 tempest-VolumesTestJSON-1774113168-project] http://10.222.0.20/volume/v3/534ca4147149416bb8877e247a2fd6db/volumes/7c3a02ad-33d7-4240-b1a9-b79e09497df7 returned with HTTP 200
Jul 05 10:10:07.857942 dv-cinder-master-3-iscsi devstack@c-api.service[110897]: [pid: 110897|app: 0|req: 15/25] 10.222.0.20 () {60 vars in 1578 bytes} [Tue Jul 5 10:10:07 2022] GET /volume/v3/534ca4147149416bb8877e247a2fd6db/volumes/7c3a02ad-33d7-4240-b1a9-b79e09497df7 => generated 922 bytes in 113 msecs (HTTP/1.1 200) 7 headers in 285 bytes (2 switches on core 0)
Jul 05 10:10:07.870983 dv-cinder-master-3-iscsi devstack@c-api.service[110896]: DEBUG cinder.api.middleware.request_id [None req-b3f11172-ab6d-4e6c-99cd-38fe9a9a433c None None] RequestId filter calling following filter/app {{(pid=110896) _context_setter /opt/stack/cinder/cinder/api/middleware/request_id.py:62}}
Jul 05 10:10:07.874791 dv-cinder-master-3-iscsi devstack@c-api.service[110896]: INFO cinder.api.openstack.wsgi [None req-b3f11172-ab6d-4e6c-99cd-38fe9a9a433c tempest-VolumesTestJSON-1774113168 tempest-VolumesTestJSON-1774113168-project] POST http://10.222.0.20/volume/v3/534ca4147149416bb8877e247a2fd6db/volumes
Jul 05 10:10:07.875507 dv-cinder-master-3-iscsi devstack@c-api.service[110896]: DEBUG cinder.api.openstack.wsgi [None req-b3f11172-ab6d-4e6c-99cd-38fe9a9a433c tempest-VolumesTestJSON-1774113168 tempest-VolumesTestJSON-1774113168-project] Action: 'create', calling method: create, body: {"volume": {"metadata": {"Type": "work"}, "size": 1, "display_name": "tempest-VolumesTestJSON-volume-270687315"}} {{(pid=110896) _process_stack /opt/stack/cinder/cinder/api/openstack/wsgi.py:866}}
Jul 05 10:10:07.876918 dv-cinder-master-3-iscsi devstack@c-api.service[110896]: DEBUG cinder.api.v3.volumes [None req-b3f11172-ab6d-4e6c-99cd-38fe9a9a433c tempest-VolumesTestJSON-1774113168 tempest-VolumesTestJSON-1774113168-project] Create volume request body: {'volume': {'metadata': {'Type': 'work'}, 'size': 1, 'display_name': 'tempest-VolumesTestJSON-volume-270687315'}} {{(pid=110896) create /opt/stack/cinder/cinder/api/v3/volumes.py:298}}
Jul 05 10:10:07.877903 dv-cinder-master-3-iscsi devstack@c-api.service[110896]: INFO cinder.api.v3.volumes [None req-b3f11172-ab6d-4e6c-99cd-38fe9a9a433c tempest-VolumesTestJSON-1774113168 tempest-VolumesTestJSON-1774113168-project] Create volume of 1 GB
Jul 05 10:10:07.888502 dv-cinder-master-3-iscsi devstack@c-api.service[110896]: INFO cinder.volume.api [None req-b3f11172-ab6d-4e6c-99cd-38fe9a9a433c tempest-VolumesTestJSON-1774113168 tempest-VolumesTestJSON-1774113168-project] Availability Zones retrieved successfully.
Jul 05 10:10:07.911325 dv-cinder-master-3-iscsi devstack@c-api.service[110896]: DEBUG cinder.volume.api [None req-b3f11172-ab6d-4e6c-99cd-38fe9a9a433c tempest-VolumesTestJSON-1774113168 tempest-VolumesTestJSON-1774113168-project] Flow 'volume_create_api' (4d115607-980d-4fa9-aabc-66d050b9cf31) transitioned into state 'RUNNING' from state 'PENDING' {{(pid=110896) _flow_receiver /usr/local/lib/python3.8/dist-packages/taskflow/listeners/logging.py:141}}
Jul 05 10:10:07.915416 dv-cinder-master-3-iscsi devstack@c-api.service[110896]: DEBUG cinder.volume.api [None req-b3f11172-ab6d-4e6c-99cd-38fe9a9a433c tempest-VolumesTestJSON-1774113168 tempest-VolumesTestJSON-1774113168-project] Task 'cinder.volume.flows.api.create_volume.ExtractVolumeRequestTask;volume:create' (fcdda245-3413-4db1-b634-6ae87fa2a374) transitioned into state 'RUNNING' from state 'PENDING' {{(pid=110896) _task_receiver /usr/local/lib/python3.8/dist-packages/taskflow/listeners/logging.py:190}}
Jul 05 10:10:07.918829 dv-cinder-master-3-iscsi devstack@c-api.service[110896]: DEBUG cinder.volume.flows.api.create_volume [None req-b3f11172-ab6d-4e6c-99cd-38fe9a9a433c tempest-VolumesTestJSON-1774113168 tempest-VolumesTestJSON-1774113168-project] Validating volume size '1' using validate_int {{(pid=110896) _extract_size /opt/stack/cinder/cinder/volume/flows/api/create_volume.py:228}}
Jul 05 10:10:07.974371 dv-cinder-master-3-iscsi devstack@c-api.service[110896]: DEBUG cinder.volume.api [None req-b3f11172-ab6d-4e6c-99cd-38fe9a9a433c tempest-VolumesTestJSON-1774113168 tempest-VolumesTestJSON-1774113168-project] Task 'cinder.volume.flows.api.create_volume.ExtractVolumeRequestTask;volume:create' (fcdda245-3413-4db1-b634-6ae87fa2a374) transitioned into state 'SUCCESS' from state 'RUNNING' with result '{'size': 1, 'snapshot_id': None, 'source_volid': None, 'volume_type': VolumeType(created_at=2022-07-05T10:00:37Z,deleted=False,deleted_at=None,description='Default Volume Type',extra_specs={},id=615b3c98-ee92-4b7a-a8a3-7b5846bdc761,is_public=True,name='__DEFAULT__',projects=[],qos_specs=,qos_specs_id=None,updated_at=2022-07-05T10:00:37Z), 'volume_type_id': '615b3c98-ee92-4b7a-a8a3-7b5846bdc761', 'encryption_key_id': None, 'qos_specs': None, 'consistencygroup_id': None, 'cgsnapshot_id': None, 'group_id': None, 'replication_status': 'disabled', 'refresh_az': False, 'backup_id': None, 'multiattach': False, 'availability_zones': ['nova']}' {{(pid=110896) _task_receiver /usr/local/lib/python3.8/dist-packages/taskflow/listeners/logging.py:178}}
Jul 05 10:10:07.987842 dv-cinder-master-3-iscsi devstack@c-api.service[110896]: DEBUG cinder.volume.api [None req-b3f11172-ab6d-4e6c-99cd-38fe9a9a433c tempest-VolumesTestJSON-1774113168 tempest-VolumesTestJSON-1774113168-project] Task 'cinder.volume.flows.api.create_volume.QuotaReserveTask;volume:create' (5eed7185-6b61-441f-b208-2a9c9b24197f) transitioned into state 'RUNNING' from state 'PENDING' {{(pid=110896) _task_receiver /usr/local/lib/python3.8/dist-packages/taskflow/listeners/logging.py:190}}
Jul 05 10:10:08.043927 dv-cinder-master-3-iscsi devstack@c-api.service[110897]: DEBUG cinder.api.middleware.request_id [req-c483426e-5432-47c1-b5d4-035b7eff4f61 req-6a3ced54-7cb6-45d1-ba99-2875ed138d58 None None] RequestId filter calling following filter/app {{(pid=110897) _context_setter /opt/stack/cinder/cinder/api/middleware/request_id.py:62}}
Jul 05 10:10:08.052107 dv-cinder-master-3-iscsi devstack@c-api.service[110897]: INFO cinder.api.openstack.wsgi [req-c483426e-5432-47c1-b5d4-035b7eff4f61 req-6a3ced54-7cb6-45d1-ba99-2875ed138d58 tempest-VolumesGetTestJSON-1272635986 tempest-VolumesGetTestJSON-1272635986-project] GET http://10.222.0.20/volume/v3/38a04b3007354681be79ffb9cdc8d355/volumes/a8257fa4-da28-4a74-bf06-afbca1582440
Jul 05 10:10:08.052973 dv-cinder-master-3-iscsi devstack@c-api.service[110897]: DEBUG cinder.api.openstack.wsgi [req-c483426e-5432-47c1-b5d4-035b7eff4f61 req-6a3ced54-7cb6-45d1-ba99-2875ed138d58 tempest-VolumesGetTestJSON-1272635986 tempest-VolumesGetTestJSON-1272635986-project] Empty body provided in request {{(pid=110897) get_body /opt/stack/cinder/cinder/api/openstack/wsgi.py:715}}
Jul 05 10:10:08.053682 dv-cinder-master-3-iscsi devstack@c-api.service[110897]: DEBUG cinder.api.openstack.wsgi [req-c483426e-5432-47c1-b5d4-035b7eff4f61 req-6a3ced54-7cb6-45d1-ba99-2875ed138d58 tempest-VolumesGetTestJSON-1272635986 tempest-VolumesGetTestJSON-1272635986-project] Calling method 'show' {{(pid=110897) _process_stack /opt/stack/cinder/cinder/api/openstack/wsgi.py:868}}
Jul 05 10:10:08.109519 dv-cinder-master-3-iscsi devstack@c-api.service[110897]: /usr/local/lib/python3.8/dist-packages/oslo_context/context.py:100: DeprecationWarning: Policy enforcement is depending on the value of is_admin. This key is deprecated. Please update your policy file to use the standard policy values.
Jul 05 10:10:08.109519 dv-cinder-master-3-iscsi devstack@c-api.service[110897]: warnings.warn('Policy enforcement is depending on the value of '
Jul 05 10:10:08.115344 dv-cinder-master-3-iscsi devstack@c-api.service[110896]: DEBUG cinder.quota [None req-b3f11172-ab6d-4e6c-99cd-38fe9a9a433c tempest-VolumesTestJSON-1774113168 tempest-VolumesTestJSON-1774113168-project] Created reservations ['5d3081c2-086a-4d40-b0a0-571c97a6130c', '38a177d3-0997-401e-bb55-007a92a5be52', '47ea7d77-0420-4e52-bb9b-8f4551b028ed', 'cf3758c8-b733-4b74-acee-c581f75fe5b5'] {{(pid=110896) reserve /opt/stack/cinder/cinder/quota.py:755}}
Jul 05 10:10:08.120358 dv-cinder-master-3-iscsi devstack@c-api.service[110896]: DEBUG cinder.volume.api [None req-b3f11172-ab6d-4e6c-99cd-38fe9a9a433c tempest-VolumesTestJSON-1774113168 tempest-VolumesTestJSON-1774113168-project] Task 'cinder.volume.flows.api.create_volume.QuotaReserveTask;volume:create' (5eed7185-6b61-441f-b208-2a9c9b24197f) transitioned into state 'SUCCESS' from state 'RUNNING' with result '{'reservations': ['5d3081c2-086a-4d40-b0a0-571c97a6130c', '38a177d3-0997-401e-bb55-007a92a5be52', '47ea7d77-0420-4e52-bb9b-8f4551b028ed', 'cf3758c8-b733-4b74-acee-c581f75fe5b5']}' {{(pid=110896) _task_receiver /usr/local/lib/python3.8/dist-packages/taskflow/listeners/logging.py:178}}
Jul 05 10:10:08.125932 dv-cinder-master-3-iscsi devstack@c-api.service[110896]: DEBUG cinder.volume.api [None req-b3f11172-ab6d-4e6c-99cd-38fe9a9a433c tempest-VolumesTestJSON-1774113168 tempest-VolumesTestJSON-1774113168-project] Task 'cinder.volume.flows.api.create_volume.EntryCreateTask;volume:create' (aec8be8d-d8aa-423f-94d8-a3dc93f3c47f) transitioned into state 'RUNNING' from state 'PENDING' {{(pid=110896) _task_receiver /usr/local/lib/python3.8/dist-packages/taskflow/listeners/logging.py:190}}
Jul 05 10:10:08.131807 dv-cinder-master-3-iscsi devstack@c-api.service[110897]: INFO cinder.volume.api [req-c483426e-5432-47c1-b5d4-035b7eff4f61 req-6a3ced54-7cb6-45d1-ba99-2875ed138d58 tempest-VolumesGetTestJSON-1272635986 tempest-VolumesGetTestJSON-1272635986-project] Volume info retrieved successfully.
Jul 05 10:10:08.188596 dv-cinder-master-3-iscsi devstack@c-api.service[110896]: DEBUG cinder.volume.api [None req-b3f11172-ab6d-4e6c-99cd-38fe9a9a433c tempest-VolumesTestJSON-1774113168 tempest-VolumesTestJSON-1774113168-project] Task 'cinder.volume.flows.api.create_volume.EntryCreateTask;volume:create' (aec8be8d-d8aa-423f-94d8-a3dc93f3c47f) transitioned into state 'SUCCESS' from state 'RUNNING' with result '{'volume_id': 'b846d0e6-0b44-4cdc-812f-344273fe87c5', 'volume_properties': VolumeProperties(attach_status='detached',availability_zone='nova',cgsnapshot_id=None,consistencygroup_id=None,display_description=None,display_name='tempest-VolumesTestJSON-volume-270687315',encryption_key_id=None,group_id=None,group_type_id=,metadata={Type='work'},multiattach=False,project_id='534ca4147149416bb8877e247a2fd6db',qos_specs=None,replication_status=,reservations=['5d3081c2-086a-4d40-b0a0-571c97a6130c','38a177d3-0997-401e-bb55-007a92a5be52','47ea7d77-0420-4e52-bb9b-8f4551b028ed','cf3758c8-b733-4b74-acee-c581f75fe5b5'],size=1,snapshot_id=None,source_replicaid=,source_volid=None,status='creating',user_id='312e5151f26b420cb29515d63ad66a10',volume_type_id=615b3c98-ee92-4b7a-a8a3-7b5846bdc761), 'volume': Volume(_name_id=None,admin_metadata=,attach_status='detached',availability_zone='nova',bootable=False,cluster=,cluster_name=None,consistencygroup=,consistencygroup_id=None,created_at=2022-07-05T10:10:08Z,deleted=False,deleted_at=None,display_description=None,display_name='tempest-VolumesTestJSON-volume-270687315',ec2_id=None,encryption_key_id=None,glance_metadata=,group=,group_id=None,host=None,id=b846d0e6-0b44-4cdc-812f-344273fe87c5,launched_at=None,metadata={Type='work'},migration_status=None,multiattach=False,previous_status=None,project_id='534ca4147149416bb8877e247a2fd6db',provider_auth=None,provider_geometry=None,provider_id=None,provider_location=None,replication_driver_data=None,replication_extended_status=None,replication_status=None,scheduled_at=None,service_uuid=None,shared_targets=True,size=1,snapshot_id=None,snapshots=,source_volid=None,status='creating',terminated_at=None,updated_at=None,use_quota=True,user_id='312e5151f26b420cb29515d63ad66a10',volume_attachment=VolumeAttachmentList,volume_type=VolumeType(615b3c98-ee92-4b7a-a8a3-7b5846bdc761),volume_type_id=615b3c98-ee92-4b7a-a8a3-7b5846bdc761)}' {{(pid=110896) _task_receiver /usr/local/lib/python3.8/dist-packages/taskflow/listeners/logging.py:178}}
Jul 05 10:10:08.192284 dv-cinder-master-3-iscsi devstack@c-api.service[110896]: DEBUG cinder.volume.api [None req-b3f11172-ab6d-4e6c-99cd-38fe9a9a433c tempest-VolumesTestJSON-1774113168 tempest-VolumesTestJSON-1774113168-project] Task 'cinder.volume.flows.api.create_volume.QuotaCommitTask;volume:create' (1046188d-69d9-4684-b53c-dbd5d068bdf5) transitioned into state 'RUNNING' from state 'PENDING' {{(pid=110896) _task_receiver /usr/local/lib/python3.8/dist-packages/taskflow/listeners/logging.py:190}}
Jul 05 10:10:08.203019 dv-cinder-master-3-iscsi devstack@c-api.service[110897]: INFO cinder.api.openstack.wsgi [req-c483426e-5432-47c1-b5d4-035b7eff4f61 req-6a3ced54-7cb6-45d1-ba99-2875ed138d58 tempest-VolumesGetTestJSON-1272635986 tempest-VolumesGetTestJSON-1272635986-project] http://10.222.0.20/volume/v3/38a04b3007354681be79ffb9cdc8d355/volumes/a8257fa4-da28-4a74-bf06-afbca1582440 returned with HTTP 200
Jul 05 10:10:08.207957 dv-cinder-master-3-iscsi devstack@c-api.service[110897]: [pid: 110897|app: 0|req: 16/26] 10.222.0.20 () {60 vars in 1578 bytes} [Tue Jul 5 10:10:08 2022] GET /volume/v3/38a04b3007354681be79ffb9cdc8d355/volumes/a8257fa4-da28-4a74-bf06-afbca1582440 => generated 922 bytes in 165 msecs (HTTP/1.1 200) 7 headers in 285 bytes (2 switches on core 0)
Jul 05 10:10:08.209477 dv-cinder-master-3-iscsi devstack@c-api.service[110897]: DEBUG cinder.api.middleware.request_id [req-3fdb98cd-0498-4f7e-91fc-8d1e53fe9650 req-0bf8fdac-9cb1-464a-b720-2d2c765a13d2 None None] RequestId filter calling following filter/app {{(pid=110897) _context_setter /opt/stack/cinder/cinder/api/middleware/request_id.py:62}}
Jul 05 10:10:08.220510 dv-cinder-master-3-iscsi devstack@c-api.service[110897]: INFO cinder.api.openstack.wsgi [req-3fdb98cd-0498-4f7e-91fc-8d1e53fe9650 req-0bf8fdac-9cb1-464a-b720-2d2c765a13d2 tempest-VolumesSnapshotsTestJSON-1214286970 tempest-VolumesSnapshotsTestJSON-1214286970-project] GET http://10.222.0.20/volume/v3/a75ede11bffb460aa6cb57e232cfa4d4/volumes/516dd2b4-ea0e-4117-91b0-ac7e38b19124
Jul 05 10:10:08.220979 dv-cinder-master-3-iscsi devstack@c-api.service[110897]: DEBUG cinder.api.openstack.wsgi [req-3fdb98cd-0498-4f7e-91fc-8d1e53fe9650 req-0bf8fdac-9cb1-464a-b720-2d2c765a13d2 tempest-VolumesSnapshotsTestJSON-1214286970 tempest-VolumesSnapshotsTestJSON-1214286970-project] Empty body provided in request {{(pid=110897) get_body /opt/stack/cinder/cinder/api/openstack/wsgi.py:715}}
Jul 05 10:10:08.221500 dv-cinder-master-3-iscsi devstack@c-api.service[110897]: DEBUG cinder.api.openstack.wsgi [req-3fdb98cd-0498-4f7e-91fc-8d1e53fe9650 req-0bf8fdac-9cb1-464a-b720-2d2c765a13d2 tempest-VolumesSnapshotsTestJSON-1214286970 tempest-VolumesSnapshotsTestJSON-1214286970-project] Calling method 'show' {{(pid=110897) _process_stack /opt/stack/cinder/cinder/api/openstack/wsgi.py:868}}
Jul 05 10:10:08.271562 dv-cinder-master-3-iscsi devstack@c-api.service[110896]: DEBUG cinder.volume.api [None req-b3f11172-ab6d-4e6c-99cd-38fe9a9a433c tempest-VolumesTestJSON-1774113168 tempest-VolumesTestJSON-1774113168-project] Task 'cinder.volume.flows.api.create_volume.QuotaCommitTask;volume:create' (1046188d-69d9-4684-b53c-dbd5d068bdf5) transitioned into state 'SUCCESS' from state 'RUNNING' with result '{'volume_properties': VolumeProperties(attach_status='detached',availability_zone='nova',cgsnapshot_id=None,consistencygroup_id=None,display_description=None,display_name='tempest-VolumesTestJSON-volume-270687315',encryption_key_id=None,group_id=None,group_type_id=,metadata={Type='work'},multiattach=False,project_id='534ca4147149416bb8877e247a2fd6db',qos_specs=None,replication_status=,reservations=['5d3081c2-086a-4d40-b0a0-571c97a6130c','38a177d3-0997-401e-bb55-007a92a5be52','47ea7d77-0420-4e52-bb9b-8f4551b028ed','cf3758c8-b733-4b74-acee-c581f75fe5b5'],size=1,snapshot_id=None,source_replicaid=,source_volid=None,status='creating',user_id='312e5151f26b420cb29515d63ad66a10',volume_type_id=615b3c98-ee92-4b7a-a8a3-7b5846bdc761)}' {{(pid=110896) _task_receiver /usr/local/lib/python3.8/dist-packages/taskflow/listeners/logging.py:178}}
Jul 05 10:10:08.274243 dv-cinder-master-3-iscsi devstack@c-api.service[110896]: DEBUG cinder.volume.api [None req-b3f11172-ab6d-4e6c-99cd-38fe9a9a433c tempest-VolumesTestJSON-1774113168 tempest-VolumesTestJSON-1774113168-project] Task 'cinder.volume.flows.api.create_volume.VolumeCastTask;volume:create' (51c2769a-e30c-40bb-b686-f0d7c0ec5ef2) transitioned into state 'RUNNING' from state 'PENDING' {{(pid=110896) _task_receiver /usr/local/lib/python3.8/dist-packages/taskflow/listeners/logging.py:190}}
Jul 05 10:10:08.339357 dv-cinder-master-3-iscsi devstack@c-api.service[110896]: DEBUG cinder.volume.api [None req-b3f11172-ab6d-4e6c-99cd-38fe9a9a433c tempest-VolumesTestJSON-1774113168 tempest-VolumesTestJSON-1774113168-project] Task 'cinder.volume.flows.api.create_volume.VolumeCastTask;volume:create' (51c2769a-e30c-40bb-b686-f0d7c0ec5ef2) transitioned into state 'SUCCESS' from state 'RUNNING' with result 'None' {{(pid=110896) _task_receiver /usr/local/lib/python3.8/dist-packages/taskflow/listeners/logging.py:178}}
Jul 05 10:10:08.346200 dv-cinder-master-3-iscsi devstack@c-api.service[110896]: DEBUG cinder.volume.api [None req-b3f11172-ab6d-4e6c-99cd-38fe9a9a433c tempest-VolumesTestJSON-1774113168 tempest-VolumesTestJSON-1774113168-project] Flow 'volume_create_api' (4d115607-980d-4fa9-aabc-66d050b9cf31) transitioned into state 'SUCCESS' from state 'RUNNING' {{(pid=110896) _flow_receiver /usr/local/lib/python3.8/dist-packages/taskflow/listeners/logging.py:141}}
Jul 05 10:10:08.368351 dv-cinder-master-3-iscsi devstack@c-api.service[110896]: INFO cinder.volume.api [None req-b3f11172-ab6d-4e6c-99cd-38fe9a9a433c tempest-VolumesTestJSON-1774113168 tempest-VolumesTestJSON-1774113168-project] Create volume request issued successfully.
Jul 05 10:10:08.369741 dv-cinder-master-3-iscsi devstack@c-api.service[110896]: INFO cinder.api.openstack.wsgi [None req-b3f11172-ab6d-4e6c-99cd-38fe9a9a433c tempest-VolumesTestJSON-1774113168 tempest-VolumesTestJSON-1774113168-project] http://10.222.0.20/volume/v3/534ca4147149416bb8877e247a2fd6db/volumes returned with HTTP 202
Jul 05 10:10:08.370721 dv-cinder-master-3-iscsi devstack@c-api.service[110896]: [pid: 110896|app: 0|req: 11/27] 10.222.0.20 () {60 vars in 1235 bytes} [Tue Jul 5 10:10:07 2022] POST /volume/v3/534ca4147149416bb8877e247a2fd6db/volumes => generated 828 bytes in 502 msecs (HTTP/1.1 202) 7 headers in 291 bytes (1 switches on core 0)
Jul 05 10:10:08.412921 dv-cinder-master-3-iscsi devstack@c-api.service[110896]: DEBUG cinder.api.middleware.request_id [req-6b9d9ae7-4c5e-4dff-8160-542aaa6ccd92 req-7b79cab2-0df1-48f3-9941-b1819584f6e6 None None] RequestId filter calling following filter/app {{(pid=110896) _context_setter /opt/stack/cinder/cinder/api/middleware/request_id.py:62}}
Jul 05 10:10:08.445255 dv-cinder-master-3-iscsi devstack@c-api.service[110896]: INFO cinder.api.openstack.wsgi [req-6b9d9ae7-4c5e-4dff-8160-542aaa6ccd92 req-7b79cab2-0df1-48f3-9941-b1819584f6e6 tempest-VolumesGetTestJSON-1272635986 tempest-VolumesGetTestJSON-1272635986-project] GET http://10.222.0.20/volume/v3/38a04b3007354681be79ffb9cdc8d355/volumes/a8257fa4-da28-4a74-bf06-afbca1582440
Jul 05 10:10:08.445534 dv-cinder-master-3-iscsi devstack@c-api.service[110896]: DEBUG cinder.api.openstack.wsgi [req-6b9d9ae7-4c5e-4dff-8160-542aaa6ccd92 req-7b79cab2-0df1-48f3-9941-b1819584f6e6 tempest-VolumesGetTestJSON-1272635986 tempest-VolumesGetTestJSON-1272635986-project] Empty body provided in request {{(pid=110896) get_body /opt/stack/cinder/cinder/api/openstack/wsgi.py:715}}
Jul 05 10:10:08.446017 dv-cinder-master-3-iscsi devstack@c-api.service[110896]: DEBUG cinder.api.openstack.wsgi [req-6b9d9ae7-4c5e-4dff-8160-542aaa6ccd92 req-7b79cab2-0df1-48f3-9941-b1819584f6e6 tempest-VolumesGetTestJSON-1272635986 tempest-VolumesGetTestJSON-1272635986-project] Calling method 'show' {{(pid=110896) _process_stack /opt/stack/cinder/cinder/api/openstack/wsgi.py:868}}
Jul 05 10:10:08.512348 dv-cinder-master-3-iscsi devstack@c-api.service[110896]: /usr/local/lib/python3.8/dist-packages/oslo_context/context.py:100: DeprecationWarning: Policy enforcement is depending on the value of is_admin. This key is deprecated. Please update your policy file to use the standard policy values.
Jul 05 10:10:08.512348 dv-cinder-master-3-iscsi devstack@c-api.service[110896]: warnings.warn('Policy enforcement is depending on the value of '
Jul 05 10:10:08.539592 dv-cinder-master-3-iscsi devstack@c-api.service[110896]: INFO cinder.volume.api [req-6b9d9ae7-4c5e-4dff-8160-542aaa6ccd92 req-7b79cab2-0df1-48f3-9941-b1819584f6e6 tempest-VolumesGetTestJSON-1272635986 tempest-VolumesGetTestJSON-1272635986-project] Volume info retrieved successfully.
Jul 05 10:10:08.563687 dv-cinder-master-3-iscsi devstack@c-api.service[110896]: INFO cinder.api.openstack.wsgi [req-6b9d9ae7-4c5e-4dff-8160-542aaa6ccd92 req-7b79cab2-0df1-48f3-9941-b1819584f6e6 tempest-VolumesGetTestJSON-1272635986 tempest-VolumesGetTestJSON-1272635986-project] http://10.222.0.20/volume/v3/38a04b3007354681be79ffb9cdc8d355/volumes/a8257fa4-da28-4a74-bf06-afbca1582440 returned with HTTP 200
Jul 05 10:10:08.570266 dv-cinder-master-3-iscsi devstack@c-api.service[110896]: [pid: 110896|app: 0|req: 12/28] 10.222.0.20 () {60 vars in 1578 bytes} [Tue Jul 5 10:10:08 2022] GET /volume/v3/38a04b3007354681be79ffb9cdc8d355/volumes/a8257fa4-da28-4a74-bf06-afbca1582440 => generated 922 bytes in 158 msecs (HTTP/1.1 200) 7 headers in 285 bytes (1 switches on core 0)
Jul 05 10:10:08.572087 dv-cinder-master-3-iscsi devstack@c-api.service[110896]: DEBUG cinder.api.middleware.request_id [None req-2cc955a4-c2d9-4ad1-bdaf-0404ec905023 None None] RequestId filter calling following filter/app {{(pid=110896) _context_setter /opt/stack/cinder/cinder/api/middleware/request_id.py:62}}
Jul 05 10:10:08.590354 dv-cinder-master-3-iscsi devstack@c-api.service[110897]: /usr/local/lib/python3.8/dist-packages/oslo_context/context.py:100: DeprecationWarning: Policy enforcement is depending on the value of is_admin. This key is deprecated. Please update your policy file to use the standard policy values.
Jul 05 10:10:08.590354 dv-cinder-master-3-iscsi devstack@c-api.service[110897]: warnings.warn('Policy enforcement is depending on the value of '
Jul 05 10:10:08.594712 dv-cinder-master-3-iscsi devstack@c-api.service[110896]: INFO cinder.api.openstack.wsgi [None req-2cc955a4-c2d9-4ad1-bdaf-0404ec905023 tempest-VolumesTestJSON-1774113168 tempest-VolumesTestJSON-1774113168-project] GET http://10.222.0.20/volume/v3/534ca4147149416bb8877e247a2fd6db/volumes/b846d0e6-0b44-4cdc-812f-344273fe87c5
Jul 05 10:10:08.594917 dv-cinder-master-3-iscsi devstack@c-api.service[110896]: DEBUG cinder.api.openstack.wsgi [None req-2cc955a4-c2d9-4ad1-bdaf-0404ec905023 tempest-VolumesTestJSON-1774113168 tempest-VolumesTestJSON-1774113168-project] Empty body provided in request {{(pid=110896) get_body /opt/stack/cinder/cinder/api/openstack/wsgi.py:715}}
Jul 05 10:10:08.595382 dv-cinder-master-3-iscsi devstack@c-api.service[110896]: DEBUG cinder.api.openstack.wsgi [None req-2cc955a4-c2d9-4ad1-bdaf-0404ec905023 tempest-VolumesTestJSON-1774113168 tempest-VolumesTestJSON-1774113168-project] Calling method 'show' {{(pid=110896) _process_stack /opt/stack/cinder/cinder/api/openstack/wsgi.py:868}}
Jul 05 10:10:08.623706 dv-cinder-master-3-iscsi devstack@c-api.service[110897]: INFO cinder.volume.api [req-3fdb98cd-0498-4f7e-91fc-8d1e53fe9650 req-0bf8fdac-9cb1-464a-b720-2d2c765a13d2 tempest-VolumesSnapshotsTestJSON-1214286970 tempest-VolumesSnapshotsTestJSON-1214286970-project] Volume info retrieved successfully.
Jul 05 10:10:08.649904 dv-cinder-master-3-iscsi devstack@c-api.service[110896]: /usr/local/lib/python3.8/dist-packages/oslo_context/context.py:100: DeprecationWarning: Policy enforcement is depending on the value of is_admin. This key is deprecated. Please update your policy file to use the standard policy values.
Jul 05 10:10:08.649904 dv-cinder-master-3-iscsi devstack@c-api.service[110896]: warnings.warn('Policy enforcement is depending on the value of '
Jul 05 10:10:08.656767 dv-cinder-master-3-iscsi devstack@c-api.service[110897]: INFO cinder.api.openstack.wsgi [req-3fdb98cd-0498-4f7e-91fc-8d1e53fe9650 req-0bf8fdac-9cb1-464a-b720-2d2c765a13d2 tempest-VolumesSnapshotsTestJSON-1214286970 tempest-VolumesSnapshotsTestJSON-1214286970-project] http://10.222.0.20/volume/v3/a75ede11bffb460aa6cb57e232cfa4d4/volumes/516dd2b4-ea0e-4117-91b0-ac7e38b19124 returned with HTTP 200
Jul 05 10:10:08.657692 dv-cinder-master-3-iscsi devstack@c-api.service[110896]: INFO cinder.volume.api [None req-2cc955a4-c2d9-4ad1-bdaf-0404ec905023 tempest-VolumesTestJSON-1774113168 tempest-VolumesTestJSON-1774113168-project] Volume info retrieved successfully.
Jul 05 10:10:08.674855 dv-cinder-master-3-iscsi devstack@c-api.service[110897]: [pid: 110897|app: 0|req: 17/29] 10.222.0.20 () {60 vars in 1578 bytes} [Tue Jul 5 10:10:08 2022] GET /volume/v3/a75ede11bffb460aa6cb57e232cfa4d4/volumes/516dd2b4-ea0e-4117-91b0-ac7e38b19124 => generated 917 bytes in 466 msecs (HTTP/1.1 200) 7 headers in 285 bytes (1 switches on core 0)
Jul 05 10:10:08.682795 dv-cinder-master-3-iscsi devstack@c-api.service[110897]: DEBUG cinder.api.middleware.request_id [req-a0c0648f-b9d0-4d84-b6fe-c369cb4fa06f req-78e617f1-fc32-4c5c-a2a1-896660e57899 None None] RequestId filter calling following filter/app {{(pid=110897) _context_setter /opt/stack/cinder/cinder/api/middleware/request_id.py:62}}
Jul 05 10:10:08.691877 dv-cinder-master-3-iscsi devstack@c-api.service[110896]: INFO cinder.api.openstack.wsgi [None req-2cc955a4-c2d9-4ad1-bdaf-0404ec905023 tempest-VolumesTestJSON-1774113168 tempest-VolumesTestJSON-1774113168-project] http://10.222.0.20/volume/v3/534ca4147149416bb8877e247a2fd6db/volumes/b846d0e6-0b44-4cdc-812f-344273fe87c5 returned with HTTP 200
Jul 05 10:10:08.693141 dv-cinder-master-3-iscsi devstack@c-api.service[110896]: [pid: 110896|app: 0|req: 13/30] 10.222.0.20 () {58 vars in 1324 bytes} [Tue Jul 5 10:10:08 2022] GET /volume/v3/534ca4147149416bb8877e247a2fd6db/volumes/b846d0e6-0b44-4cdc-812f-344273fe87c5 => generated 896 bytes in 122 msecs (HTTP/1.1 200) 7 headers in 285 bytes (1 switches on core 0)
Jul 05 10:10:08.706445 dv-cinder-master-3-iscsi devstack@c-api.service[110896]: DEBUG cinder.api.middleware.request_id [req-d199859c-7157-4b04-8bff-0d6003d66754 req-fe1d5e82-ee07-4cc5-9d19-7001306711d7 None None] RequestId filter calling following filter/app {{(pid=110896) _context_setter /opt/stack/cinder/cinder/api/middleware/request_id.py:62}}
Jul 05 10:10:08.710663 dv-cinder-master-3-iscsi devstack@c-api.service[110897]: INFO cinder.api.openstack.wsgi [req-a0c0648f-b9d0-4d84-b6fe-c369cb4fa06f req-78e617f1-fc32-4c5c-a2a1-896660e57899 tempest-VolumesGetTestJSON-1272635986 tempest-VolumesGetTestJSON-1272635986-project] DELETE http://10.222.0.20/volume/v3/38a04b3007354681be79ffb9cdc8d355/volumes/a8257fa4-da28-4a74-bf06-afbca1582440
Jul 05 10:10:08.712456 dv-cinder-master-3-iscsi devstack@c-api.service[110897]: DEBUG cinder.api.openstack.wsgi [req-a0c0648f-b9d0-4d84-b6fe-c369cb4fa06f req-78e617f1-fc32-4c5c-a2a1-896660e57899 tempest-VolumesGetTestJSON-1272635986 tempest-VolumesGetTestJSON-1272635986-project] Empty body provided in request {{(pid=110897) get_body /opt/stack/cinder/cinder/api/openstack/wsgi.py:715}}
Jul 05 10:10:08.715235 dv-cinder-master-3-iscsi devstack@c-api.service[110897]: DEBUG cinder.api.openstack.wsgi [req-a0c0648f-b9d0-4d84-b6fe-c369cb4fa06f req-78e617f1-fc32-4c5c-a2a1-896660e57899 tempest-VolumesGetTestJSON-1272635986 tempest-VolumesGetTestJSON-1272635986-project] Calling method 'delete' {{(pid=110897) _process_stack /opt/stack/cinder/cinder/api/openstack/wsgi.py:868}}
Jul 05 10:10:08.717360 dv-cinder-master-3-iscsi devstack@c-api.service[110897]: INFO cinder.api.v3.volumes [req-a0c0648f-b9d0-4d84-b6fe-c369cb4fa06f req-78e617f1-fc32-4c5c-a2a1-896660e57899 tempest-VolumesGetTestJSON-1272635986 tempest-VolumesGetTestJSON-1272635986-project] Delete volume with id: a8257fa4-da28-4a74-bf06-afbca1582440
Jul 05 10:10:08.727645 dv-cinder-master-3-iscsi devstack@c-api.service[110896]: INFO cinder.api.openstack.wsgi [req-d199859c-7157-4b04-8bff-0d6003d66754 req-fe1d5e82-ee07-4cc5-9d19-7001306711d7 tempest-VolumesSnapshotsTestJSON-1214286970 tempest-VolumesSnapshotsTestJSON-1214286970-project] POST http://10.222.0.20/volume/v3/a75ede11bffb460aa6cb57e232cfa4d4/snapshots
Jul 05 10:10:08.731239 dv-cinder-master-3-iscsi devstack@c-api.service[110896]: DEBUG cinder.api.openstack.wsgi [req-d199859c-7157-4b04-8bff-0d6003d66754 req-fe1d5e82-ee07-4cc5-9d19-7001306711d7 tempest-VolumesSnapshotsTestJSON-1214286970 tempest-VolumesSnapshotsTestJSON-1214286970-project] Action: 'create', calling method: create, body: {"snapshot": {"volume_id": "516dd2b4-ea0e-4117-91b0-ac7e38b19124", "force": false, "name": "tempest-VolumesSnapshotsTestJSON-Snapshot-1580806028", "description": null, "metadata": {}}} {{(pid=110896) _process_stack /opt/stack/cinder/cinder/api/openstack/wsgi.py:866}}
Jul 05 10:10:08.780948 dv-cinder-master-3-iscsi devstack@c-api.service[110897]: /usr/local/lib/python3.8/dist-packages/oslo_context/context.py:100: DeprecationWarning: Policy enforcement is depending on the value of is_admin. This key is deprecated. Please update your policy file to use the standard policy values.
Jul 05 10:10:08.780948 dv-cinder-master-3-iscsi devstack@c-api.service[110897]: warnings.warn('Policy enforcement is depending on the value of '
Jul 05 10:10:08.786221 dv-cinder-master-3-iscsi devstack@c-api.service[110897]: INFO cinder.volume.api [req-a0c0648f-b9d0-4d84-b6fe-c369cb4fa06f req-78e617f1-fc32-4c5c-a2a1-896660e57899 tempest-VolumesGetTestJSON-1272635986 tempest-VolumesGetTestJSON-1272635986-project] Volume info retrieved successfully.
Jul 05 10:10:08.891539 dv-cinder-master-3-iscsi devstack@c-api.service[110897]: INFO cinder.volume.api [req-a0c0648f-b9d0-4d84-b6fe-c369cb4fa06f req-78e617f1-fc32-4c5c-a2a1-896660e57899 tempest-VolumesGetTestJSON-1272635986 tempest-VolumesGetTestJSON-1272635986-project] Delete volume request issued successfully.
Jul 05 10:10:08.893310 dv-cinder-master-3-iscsi devstack@c-api.service[110897]: INFO cinder.api.openstack.wsgi [req-a0c0648f-b9d0-4d84-b6fe-c369cb4fa06f req-78e617f1-fc32-4c5c-a2a1-896660e57899 tempest-VolumesGetTestJSON-1272635986 tempest-VolumesGetTestJSON-1272635986-project] http://10.222.0.20/volume/v3/38a04b3007354681be79ffb9cdc8d355/volumes/a8257fa4-da28-4a74-bf06-afbca1582440 returned with HTTP 202
Jul 05 10:10:08.905270 dv-cinder-master-3-iscsi devstack@c-api.service[110897]: [pid: 110897|app: 0|req: 18/31] 10.222.0.20 () {62 vars in 1600 bytes} [Tue Jul 5 10:10:08 2022] DELETE /volume/v3/38a04b3007354681be79ffb9cdc8d355/volumes/a8257fa4-da28-4a74-bf06-afbca1582440 => generated 0 bytes in 227 msecs (HTTP/1.1 202) 6 headers in 233 bytes (1 switches on core 0)
Jul 05 10:10:08.905270 dv-cinder-master-3-iscsi devstack@c-api.service[110897]: DEBUG cinder.api.middleware.request_id [None req-9805a1ad-e8a4-4fa5-afe5-8a45db4ba580 None None] RequestId filter calling following filter/app {{(pid=110897) _context_setter /opt/stack/cinder/cinder/api/middleware/request_id.py:62}}
