Sep 13 09:29:50.675187 chdv-857295-1 devstack@placement-api.service[107608]: DEBUG placement.handlers.allocation [req-7e1213c9-4583-4ac7-a2b7-031346bee1ac req-ab80d387-35ba-48ca-a854-fa6941e675c1 service placement] Successfully wrote allocations [, , ] {{(pid=107608) _update_consumers_and_create_allocations /opt/stack/placement/placement/handlers/allocation.py:462}}
Sep 13 09:29:50.675791 chdv-857295-1 devstack@placement-api.service[107609]: INFO placement.requestlog [req-d2964b9f-ef63-41a4-918e-ee124b20fa23 req-3df41946-0f45-4396-9409-c5f65096c9ea service placement] 10.222.0.23 "GET /placement/allocations/dd6e067e-e737-4bcf-8f3d-f335b2005380" status: 200 len: 259 microversion: 1.28
Sep 13 09:29:50.677339 chdv-857295-1 devstack@placement-api.service[107609]: [pid: 107609|app: 0|req: 452/897] 10.222.0.23 () {60 vars in 1377 bytes} [Tue Sep 13 09:29:50 2022] GET /placement/allocations/dd6e067e-e737-4bcf-8f3d-f335b2005380 => generated 259 bytes in 60 msecs (HTTP/1.1 200) 8 headers in 296 bytes (1 switches on core 0)
Sep 13 09:29:50.686089 chdv-857295-1 devstack@placement-api.service[107609]: DEBUG placement.requestlog [req-d2964b9f-ef63-41a4-918e-ee124b20fa23 req-726e2c23-627d-4597-8be8-be6db60fbb14 None None] Starting request: 10.222.0.23 "GET /placement/allocations/4d931e45-f204-488b-93ae-f32a3cfca3fd" {{(pid=107609) __call__ /opt/stack/placement/placement/requestlog.py:55}}
Sep 13 09:29:50.690012 chdv-857295-1 devstack@placement-api.service[107608]: INFO placement.requestlog [req-7e1213c9-4583-4ac7-a2b7-031346bee1ac req-ab80d387-35ba-48ca-a854-fa6941e675c1 service placement] 10.222.0.18 "PUT /placement/allocations/f588af1e-cf45-47ea-aa99-3dd22937f9c5" status: 204 len: 0 microversion: 1.36
Sep 13 09:29:50.692130 chdv-857295-1 devstack@placement-api.service[107608]: [pid: 107608|app: 0|req: 446/898] 10.222.0.18 () {64 vars in 1433 bytes} [Tue Sep 13 09:29:50 2022] PUT /placement/allocations/f588af1e-cf45-47ea-aa99-3dd22937f9c5 => generated 0 bytes in 158 msecs (HTTP/1.1 204) 5 headers in 199 bytes (2 switches on core 0)
Sep 13 09:29:50.715676 chdv-857295-1 devstack@placement-api.service[107609]: INFO placement.requestlog [req-d2964b9f-ef63-41a4-918e-ee124b20fa23 req-726e2c23-627d-4597-8be8-be6db60fbb14 service placement] 10.222.0.23 "GET /placement/allocations/4d931e45-f204-488b-93ae-f32a3cfca3fd" status: 200 len: 259 microversion: 1.28
Sep 13 09:29:50.716164 chdv-857295-1 devstack@placement-api.service[107609]: [pid: 107609|app: 0|req: 453/899] 10.222.0.23 () {60 vars in 1377 bytes} [Tue Sep 13 09:29:50 2022] GET /placement/allocations/4d931e45-f204-488b-93ae-f32a3cfca3fd => generated 259 bytes in 31 msecs (HTTP/1.1 200) 8 headers in 296 bytes (2 switches on core 0)
Sep 13 09:29:50.723600 chdv-857295-1 devstack@placement-api.service[107608]: DEBUG placement.requestlog [req-d2964b9f-ef63-41a4-918e-ee124b20fa23 req-36da2914-f558-41d0-9d91-493496a24999 None None] Starting request: 10.222.0.23 "GET /placement/allocations/8f124947-5311-4eae-a270-d87d3005b9fa" {{(pid=107608) __call__ /opt/stack/placement/placement/requestlog.py:55}}
Sep 13 09:29:50.746524 chdv-857295-1 devstack@placement-api.service[107608]: INFO placement.requestlog [req-d2964b9f-ef63-41a4-918e-ee124b20fa23 req-36da2914-f558-41d0-9d91-493496a24999 service placement] 10.222.0.23 "GET /placement/allocations/8f124947-5311-4eae-a270-d87d3005b9fa" status: 200 len: 259 microversion: 1.28
Sep 13 09:29:50.747243 chdv-857295-1 devstack@placement-api.service[107608]: [pid: 107608|app: 0|req: 447/900] 10.222.0.23 () {60 vars in 1377 bytes} [Tue Sep 13 09:29:50 2022] GET /placement/allocations/8f124947-5311-4eae-a270-d87d3005b9fa => generated 259 bytes in 24 msecs (HTTP/1.1 200) 8 headers in 296 bytes (1 switches on core 0)
Sep 13 09:29:50.754958 chdv-857295-1 devstack@placement-api.service[107609]: DEBUG placement.requestlog [req-d2964b9f-ef63-41a4-918e-ee124b20fa23 req-e9e15eb7-6ca9-408f-9a90-eaa2db8fa07e None None] Starting request: 10.222.0.23 "GET /placement/allocations/e589b321-44a8-4b63-962f-d0cb3a24f385" {{(pid=107609) __call__ /opt/stack/placement/placement/requestlog.py:55}}
Sep 13 09:29:50.777830 chdv-857295-1 devstack@placement-api.service[107609]: INFO placement.requestlog [req-d2964b9f-ef63-41a4-918e-ee124b20fa23 req-e9e15eb7-6ca9-408f-9a90-eaa2db8fa07e service placement] 10.222.0.23 "GET /placement/allocations/e589b321-44a8-4b63-962f-d0cb3a24f385" status: 200 len: 259 microversion: 1.28
Sep 13 09:29:50.779476 chdv-857295-1 devstack@placement-api.service[107609]: [pid: 107609|app: 0|req: 454/901] 10.222.0.23 () {60 vars in 1377 bytes} [Tue Sep 13 09:29:50 2022] GET /placement/allocations/e589b321-44a8-4b63-962f-d0cb3a24f385 => generated 259 bytes in 24 msecs (HTTP/1.1 200) 8 headers in 296 bytes (1 switches on core 0)
Sep 13 09:29:50.788934 chdv-857295-1 devstack@placement-api.service[107608]: DEBUG placement.requestlog [req-d2964b9f-ef63-41a4-918e-ee124b20fa23 req-91c786da-6ca6-4be7-82e5-4d508a836d4e None None] Starting request: 10.222.0.23 "GET /placement/allocations/7ab62934-9f07-457f-9fbf-1bb5c2a7c6f5" {{(pid=107608) __call__ /opt/stack/placement/placement/requestlog.py:55}}
Sep 13 09:29:50.819372 chdv-857295-1 devstack@placement-api.service[107608]: INFO placement.requestlog [req-d2964b9f-ef63-41a4-918e-ee124b20fa23 req-91c786da-6ca6-4be7-82e5-4d508a836d4e service placement] 10.222.0.23 "GET /placement/allocations/7ab62934-9f07-457f-9fbf-1bb5c2a7c6f5" status: 200 len: 259 microversion: 1.28
Sep 13 09:29:50.821272 chdv-857295-1 devstack@placement-api.service[107608]: [pid: 107608|app: 0|req: 448/902] 10.222.0.23 () {60 vars in 1377 bytes} [Tue Sep 13 09:29:50 2022] GET /placement/allocations/7ab62934-9f07-457f-9fbf-1bb5c2a7c6f5 => generated 259 bytes in 33 msecs (HTTP/1.1 200) 8 headers in 296 bytes (1 switches on core 0)
Sep 13 09:29:50.827699 chdv-857295-1 devstack@placement-api.service[107609]: DEBUG placement.requestlog [req-d2964b9f-ef63-41a4-918e-ee124b20fa23 req-026fcc46-ac7d-442b-ab38-cda9d2138391 None None] Starting request: 10.222.0.23 "GET /placement/allocations/bcca1382-e31f-4cd0-9193-0073b80419ee" {{(pid=107609) __call__ /opt/stack/placement/placement/requestlog.py:55}}
Sep 13 09:29:50.864750 chdv-857295-1 devstack@placement-api.service[107609]: INFO placement.requestlog [req-d2964b9f-ef63-41a4-918e-ee124b20fa23 req-026fcc46-ac7d-442b-ab38-cda9d2138391 service placement] 10.222.0.23 "GET /placement/allocations/bcca1382-e31f-4cd0-9193-0073b80419ee" status: 200 len: 259 microversion: 1.28
Sep 13 09:29:50.866285 chdv-857295-1 devstack@placement-api.service[107609]: [pid: 107609|app: 0|req: 455/903] 10.222.0.23 () {60 vars in 1377 bytes} [Tue Sep 13 09:29:50 2022] GET /placement/allocations/bcca1382-e31f-4cd0-9193-0073b80419ee => generated 259 bytes in 39 msecs (HTTP/1.1 200) 8 headers in 296 bytes (1 switches on core 0)
Sep 13 09:29:51.254301 chdv-857295-1 devstack@placement-api.service[107608]: DEBUG placement.requestlog [req-7e1213c9-4583-4ac7-a2b7-031346bee1ac req-10fc4ec5-0dd5-4a46-806a-13c38cd55708 None None] Starting request: 10.222.0.23 "GET /placement/allocations/f588af1e-cf45-47ea-aa99-3dd22937f9c5" {{(pid=107608) __call__ /opt/stack/placement/placement/requestlog.py:55}}
Sep 13 09:29:51.296645 chdv-857295-1 devstack@placement-api.service[107608]: INFO placement.requestlog [req-7e1213c9-4583-4ac7-a2b7-031346bee1ac req-10fc4ec5-0dd5-4a46-806a-13c38cd55708 service placement] 10.222.0.23 "GET /placement/allocations/f588af1e-cf45-47ea-aa99-3dd22937f9c5" status: 200 len: 259 microversion: 1.28
Sep 13 09:29:51.297426 chdv-857295-1 devstack@placement-api.service[107608]: [pid: 107608|app: 0|req: 449/904] 10.222.0.23 () {60 vars in 1377 bytes} [Tue Sep 13 09:29:51 2022] GET /placement/allocations/f588af1e-cf45-47ea-aa99-3dd22937f9c5 => generated 259 bytes in 44 msecs (HTTP/1.1 200) 8 headers in 296 bytes (1 switches on core 0)
Sep 13 09:29:51.568395 chdv-857295-1 devstack@placement-api.service[107609]: DEBUG placement.requestlog [req-929e75e6-b204-449c-8fb0-ff85747f96d5 req-afe279c7-31a8-4fa9-87e2-3f30082bf0d5 None None] Starting request: 10.222.0.18 "GET /placement/allocation_candidates?limit=1000&resources=DISK_GB%3A1%2CMEMORY_MB%3A1024%2CVCPU%3A1&root_required=%21COMPUTE_STATUS_DISABLED" {{(pid=107609) __call__ /opt/stack/placement/placement/requestlog.py:55}}
Sep 13 09:29:51.581293 chdv-857295-1 devstack@placement-api.service[107608]: DEBUG placement.requestlog [req-7e1213c9-4583-4ac7-a2b7-031346bee1ac req-8e5cd251-0ac7-49ae-9292-5529c3497d9f None None] Starting request: 10.222.0.23 "GET /placement/resource_providers/829760b9-8962-40e3-a1fc-58d38376ed71/allocations" {{(pid=107608) __call__ /opt/stack/placement/placement/requestlog.py:55}}
Sep 13 09:29:51.627080 chdv-857295-1 devstack@placement-api.service[107608]: INFO placement.requestlog [req-7e1213c9-4583-4ac7-a2b7-031346bee1ac req-8e5cd251-0ac7-49ae-9292-5529c3497d9f service placement] 10.222.0.23 "GET /placement/resource_providers/829760b9-8962-40e3-a1fc-58d38376ed71/allocations" status: 200 len: 861 microversion: 1.0
Sep 13 09:29:51.627902 chdv-857295-1 devstack@placement-api.service[107608]: [pid: 107608|app: 0|req: 450/905] 10.222.0.23 () {58 vars in 1390 bytes} [Tue Sep 13 09:29:51 2022] GET /placement/resource_providers/829760b9-8962-40e3-a1fc-58d38376ed71/allocations => generated 861 bytes in 47 msecs (HTTP/1.1 200) 6 headers in 224 bytes (1 switches on core 0)
Sep 13 09:29:51.636698 chdv-857295-1 devstack@placement-api.service[107608]: DEBUG placement.requestlog [req-7e1213c9-4583-4ac7-a2b7-031346bee1ac req-038198d4-f7c0-41cc-8619-33f0e6974c7c None None] Starting request: 10.222.0.23 "GET /placement/allocations/dd6e067e-e737-4bcf-8f3d-f335b2005380" {{(pid=107608) __call__ /opt/stack/placement/placement/requestlog.py:55}}
Sep 13 09:29:51.672663 chdv-857295-1 devstack@placement-api.service[107608]: DEBUG dbcounter [-] [107608] Writing DB stats placement:SELECT=90,placement:DELETE=4,placement:INSERT=4,placement:UPDATE=2 {{(pid=107608) stat_writer /usr/local/lib/python3.8/dist-packages/dbcounter.py:114}}
Sep 13 09:29:51.682913 chdv-857295-1 devstack@placement-api.service[107608]: INFO placement.requestlog [req-7e1213c9-4583-4ac7-a2b7-031346bee1ac req-038198d4-f7c0-41cc-8619-33f0e6974c7c service placement] 10.222.0.23 "GET /placement/allocations/dd6e067e-e737-4bcf-8f3d-f335b2005380" status: 200 len: 259 microversion: 1.28
Sep 13 09:29:51.683595 chdv-857295-1 devstack@placement-api.service[107608]: [pid: 107608|app: 0|req: 451/906] 10.222.0.23 () {60 vars in 1377 bytes} [Tue Sep 13 09:29:51 2022] GET /placement/allocations/dd6e067e-e737-4bcf-8f3d-f335b2005380 => generated 259 bytes in 48 msecs (HTTP/1.1 200) 8 headers in 296 bytes (2 switches on core 0)
Sep 13 09:29:51.691306 chdv-857295-1 devstack@placement-api.service[107608]: DEBUG placement.requestlog [req-7e1213c9-4583-4ac7-a2b7-031346bee1ac req-a2252c93-35ac-457f-b994-6ccfe273eef7 None None] Starting request: 10.222.0.23 "GET /placement/allocations/4d931e45-f204-488b-93ae-f32a3cfca3fd" {{(pid=107608) __call__ /opt/stack/placement/placement/requestlog.py:55}}
Sep 13 09:29:51.715225 chdv-857295-1 devstack@placement-api.service[107609]: DEBUG placement.objects.research_context [req-929e75e6-b204-449c-8fb0-ff85747f96d5 req-afe279c7-31a8-4fa9-87e2-3f30082bf0d5 service placement] getting providers with 1 DISK_GB {{(pid=107609) __init__ /opt/stack/placement/placement/objects/research_context.py:136}}
Sep 13 09:29:51.724918 chdv-857295-1 devstack@placement-api.service[107608]: INFO placement.requestlog [req-7e1213c9-4583-4ac7-a2b7-031346bee1ac req-a2252c93-35ac-457f-b994-6ccfe273eef7 service placement] 10.222.0.23 "GET /placement/allocations/4d931e45-f204-488b-93ae-f32a3cfca3fd" status: 200 len: 259 microversion: 1.28
Sep 13 09:29:51.725834 chdv-857295-1 devstack@placement-api.service[107608]: [pid: 107608|app: 0|req: 452/907] 10.222.0.23 () {60 vars in 1377 bytes} [Tue Sep 13 09:29:51 2022] GET /placement/allocations/4d931e45-f204-488b-93ae-f32a3cfca3fd => generated 259 bytes in 35 msecs (HTTP/1.1 200) 8 headers in 296 bytes (2 switches on core 0)
Sep 13 09:29:51.740194 chdv-857295-1 devstack@placement-api.service[107609]: DEBUG placement.objects.research_context [req-929e75e6-b204-449c-8fb0-ff85747f96d5 req-afe279c7-31a8-4fa9-87e2-3f30082bf0d5 service placement] getting providers with 1024 MEMORY_MB {{(pid=107609) __init__ /opt/stack/placement/placement/objects/research_context.py:136}}
Sep 13 09:29:51.743648 chdv-857295-1 devstack@placement-api.service[107608]: DEBUG placement.requestlog [req-7e1213c9-4583-4ac7-a2b7-031346bee1ac req-65c8bfef-92d5-4cd3-b3d2-9741363f3f9d None None] Starting request: 10.222.0.23 "GET /placement/allocations/e589b321-44a8-4b63-962f-d0cb3a24f385" {{(pid=107608) __call__ /opt/stack/placement/placement/requestlog.py:55}}
Sep 13 09:29:51.768167 chdv-857295-1 devstack@placement-api.service[107609]: DEBUG placement.objects.research_context [req-929e75e6-b204-449c-8fb0-ff85747f96d5 req-afe279c7-31a8-4fa9-87e2-3f30082bf0d5 service placement] getting providers with 1 VCPU {{(pid=107609) __init__ /opt/stack/placement/placement/objects/research_context.py:136}}
Sep 13 09:29:51.769810 chdv-857295-1 devstack@placement-api.service[107608]: INFO placement.requestlog [req-7e1213c9-4583-4ac7-a2b7-031346bee1ac req-65c8bfef-92d5-4cd3-b3d2-9741363f3f9d service placement] 10.222.0.23 "GET /placement/allocations/e589b321-44a8-4b63-962f-d0cb3a24f385" status: 200 len: 259 microversion: 1.28
Sep 13 09:29:51.772413 chdv-857295-1 devstack@placement-api.service[107608]: [pid: 107608|app: 0|req: 453/908] 10.222.0.23 () {60 vars in 1377 bytes} [Tue Sep 13 09:29:51 2022] GET /placement/allocations/e589b321-44a8-4b63-962f-d0cb3a24f385 => generated 259 bytes in 29 msecs (HTTP/1.1 200) 8 headers in 296 bytes (1 switches on core 0)
Sep 13 09:29:51.779520 chdv-857295-1 devstack@placement-api.service[107609]: DEBUG placement.objects.research_context [req-929e75e6-b204-449c-8fb0-ff85747f96d5 req-afe279c7-31a8-4fa9-87e2-3f30082bf0d5 service placement] found 2 providers with available 1 DISK_GB {{(pid=107609) get_provider_ids_matching /opt/stack/placement/placement/objects/research_context.py:563}}
Sep 13 09:29:51.780226 chdv-857295-1 devstack@placement-api.service[107609]: DEBUG placement.objects.research_context [req-929e75e6-b204-449c-8fb0-ff85747f96d5 req-afe279c7-31a8-4fa9-87e2-3f30082bf0d5 service placement] found 2 providers with available 1024 MEMORY_MB {{(pid=107609) get_provider_ids_matching /opt/stack/placement/placement/objects/research_context.py:563}}
Sep 13 09:29:51.781707 chdv-857295-1 devstack@placement-api.service[107608]: DEBUG placement.requestlog [req-7e1213c9-4583-4ac7-a2b7-031346bee1ac req-c953db0d-b148-4e6d-8440-80c50ddb599c None None] Starting request: 10.222.0.23 "GET /placement/allocations/4c335dbf-3070-4238-8306-317b59a709dd" {{(pid=107608) __call__ /opt/stack/placement/placement/requestlog.py:55}}
Sep 13 09:29:51.782799 chdv-857295-1 devstack@placement-api.service[107609]: DEBUG placement.objects.research_context [req-929e75e6-b204-449c-8fb0-ff85747f96d5 req-afe279c7-31a8-4fa9-87e2-3f30082bf0d5 service placement] found 2 providers after filtering by previous result {{(pid=107609) get_provider_ids_matching /opt/stack/placement/placement/objects/research_context.py:594}}
Sep 13 09:29:51.783317 chdv-857295-1 devstack@placement-api.service[107609]: DEBUG placement.objects.research_context [req-929e75e6-b204-449c-8fb0-ff85747f96d5 req-afe279c7-31a8-4fa9-87e2-3f30082bf0d5 service placement] found 2 providers with available 1 VCPU {{(pid=107609) get_provider_ids_matching /opt/stack/placement/placement/objects/research_context.py:563}}
Sep 13 09:29:51.783769 chdv-857295-1 devstack@placement-api.service[107609]: DEBUG placement.objects.research_context [req-929e75e6-b204-449c-8fb0-ff85747f96d5 req-afe279c7-31a8-4fa9-87e2-3f30082bf0d5 service placement] found 2 providers after filtering by previous result {{(pid=107609) get_provider_ids_matching /opt/stack/placement/placement/objects/research_context.py:594}}
Sep 13 09:29:51.802241 chdv-857295-1 devstack@placement-api.service[107608]: INFO placement.requestlog [req-7e1213c9-4583-4ac7-a2b7-031346bee1ac req-c953db0d-b148-4e6d-8440-80c50ddb599c service placement] 10.222.0.23 "GET /placement/allocations/4c335dbf-3070-4238-8306-317b59a709dd" status: 200 len: 259 microversion: 1.28
Sep 13 09:29:51.803323 chdv-857295-1 devstack@placement-api.service[107608]: [pid: 107608|app: 0|req: 454/909] 10.222.0.23 () {60 vars in 1377 bytes} [Tue Sep 13 09:29:51 2022] GET /placement/allocations/4c335dbf-3070-4238-8306-317b59a709dd => generated 259 bytes in 23 msecs (HTTP/1.1 200) 8 headers in 296 bytes (1 switches on core 0)
Sep 13 09:29:51.810798 chdv-857295-1 devstack@placement-api.service[107608]: DEBUG placement.requestlog [req-7e1213c9-4583-4ac7-a2b7-031346bee1ac req-bce47f60-678e-46fd-9f7b-e221d595ac71 None None] Starting request: 10.222.0.23 "GET /placement/allocations/8f124947-5311-4eae-a270-d87d3005b9fa" {{(pid=107608) __call__ /opt/stack/placement/placement/requestlog.py:55}}
Sep 13 09:29:51.840190 chdv-857295-1 devstack@placement-api.service[107609]: DEBUG placement.objects.allocation_candidate [req-929e75e6-b204-449c-8fb0-ff85747f96d5 req-afe279c7-31a8-4fa9-87e2-3f30082bf0d5 service placement] RequestGroup(use_same_provider=False, resources={DISK_GB:1, MEMORY_MB:1024, VCPU:1}, traits=(), aggregates=[]) (suffix '') returned 2 matches {{(pid=107609) _get_by_requests /opt/stack/placement/placement/objects/allocation_candidate.py:156}}
Sep 13 09:29:51.840600 chdv-857295-1 devstack@placement-api.service[107609]: DEBUG placement.objects.allocation_candidate [req-929e75e6-b204-449c-8fb0-ff85747f96d5 req-afe279c7-31a8-4fa9-87e2-3f30082bf0d5 service placement] Merging candidates yields 2 allocation requests and 2 provider summaries {{(pid=107609) _merge_candidates /opt/stack/placement/placement/objects/allocation_candidate.py:809}}
Sep 13 09:29:51.842383 chdv-857295-1 devstack@placement-api.service[107609]: INFO placement.requestlog [req-929e75e6-b204-449c-8fb0-ff85747f96d5 req-afe279c7-31a8-4fa9-87e2-3f30082bf0d5 service placement] 10.222.0.18 "GET /placement/allocation_candidates?limit=1000&resources=DISK_GB%3A1%2CMEMORY_MB%3A1024%2CVCPU%3A1&root_required=%21COMPUTE_STATUS_DISABLED" status: 200 len: 1309 microversion: 1.36
Sep 13 09:29:51.842782 chdv-857295-1 devstack@placement-api.service[107609]: [pid: 107609|app: 0|req: 456/910] 10.222.0.18 () {60 vars in 1506 bytes} [Tue Sep 13 09:29:51 2022] GET /placement/allocation_candidates?limit=1000&resources=DISK_GB%3A1%2CMEMORY_MB%3A1024%2CVCPU%3A1&root_required=%21COMPUTE_STATUS_DISABLED => generated 1309 bytes in 275 msecs (HTTP/1.1 200) 8 headers in 297 bytes (1 switches on core 0)
Sep 13 09:29:51.844102 chdv-857295-1 devstack@placement-api.service[107608]: INFO placement.requestlog [req-7e1213c9-4583-4ac7-a2b7-031346bee1ac req-bce47f60-678e-46fd-9f7b-e221d595ac71 service placement] 10.222.0.23 "GET /placement/allocations/8f124947-5311-4eae-a270-d87d3005b9fa" status: 200 len: 259 microversion: 1.28
Sep 13 09:29:51.845922 chdv-857295-1 devstack@placement-api.service[107608]: [pid: 107608|app: 0|req: 455/911] 10.222.0.23 () {60 vars in 1377 bytes} [Tue Sep 13 09:29:51 2022] GET /placement/allocations/8f124947-5311-4eae-a270-d87d3005b9fa => generated 259 bytes in 35 msecs (HTTP/1.1 200) 8 headers in 296 bytes (2 switches on core 0)
Sep 13 09:29:51.852700 chdv-857295-1 devstack@placement-api.service[107609]: DEBUG placement.requestlog [req-7e1213c9-4583-4ac7-a2b7-031346bee1ac req-97336ec6-51b9-4d32-922a-2944b6fd7332 None None] Starting request: 10.222.0.23 "GET /placement/allocations/f588af1e-cf45-47ea-aa99-3dd22937f9c5" {{(pid=107609) __call__ /opt/stack/placement/placement/requestlog.py:55}}
Sep 13 09:29:51.889239 chdv-857295-1 devstack@placement-api.service[107609]: INFO placement.requestlog [req-7e1213c9-4583-4ac7-a2b7-031346bee1ac req-97336ec6-51b9-4d32-922a-2944b6fd7332 service placement] 10.222.0.23 "GET /placement/allocations/f588af1e-cf45-47ea-aa99-3dd22937f9c5" status: 200 len: 259 microversion: 1.28
Sep 13 09:29:51.890754 chdv-857295-1 devstack@placement-api.service[107608]: DEBUG placement.requestlog [req-d5d6cb2b-00ad-443f-a1cd-302f47581ba1 req-6269a007-4df4-4345-accb-b0c2ff6f65ba None None] Starting request: 10.222.0.43 "GET /placement/resource_providers/811de81f-d99b-4649-a7dd-d5052299534d/allocations" {{(pid=107608) __call__ /opt/stack/placement/placement/requestlog.py:55}}
Sep 13 09:29:51.900295 chdv-857295-1 devstack@placement-api.service[107609]: [pid: 107609|app: 0|req: 457/912] 10.222.0.23 () {60 vars in 1377 bytes} [Tue Sep 13 09:29:51 2022] GET /placement/allocations/f588af1e-cf45-47ea-aa99-3dd22937f9c5 => generated 259 bytes in 48 msecs (HTTP/1.1 200) 8 headers in 296 bytes (1 switches on core 0)
Sep 13 09:29:51.908178 chdv-857295-1 devstack@placement-api.service[107609]: DEBUG placement.requestlog [req-7e1213c9-4583-4ac7-a2b7-031346bee1ac req-d3df0d8a-d2e7-4d93-8a90-edf32f3473c0 None None] Starting request: 10.222.0.23 "GET /placement/allocations/7ab62934-9f07-457f-9fbf-1bb5c2a7c6f5" {{(pid=107609) __call__ /opt/stack/placement/placement/requestlog.py:55}}
Sep 13 09:29:51.932063 chdv-857295-1 devstack@placement-api.service[107609]: INFO placement.requestlog [req-7e1213c9-4583-4ac7-a2b7-031346bee1ac req-d3df0d8a-d2e7-4d93-8a90-edf32f3473c0 service placement] 10.222.0.23 "GET /placement/allocations/7ab62934-9f07-457f-9fbf-1bb5c2a7c6f5" status: 200 len: 259 microversion: 1.28
Sep 13 09:29:51.932619 chdv-857295-1 devstack@placement-api.service[107609]: [pid: 107609|app: 0|req: 458/913] 10.222.0.23 () {60 vars in 1377 bytes} [Tue Sep 13 09:29:51 2022] GET /placement/allocations/7ab62934-9f07-457f-9fbf-1bb5c2a7c6f5 => generated 259 bytes in 25 msecs (HTTP/1.1 200) 8 headers in 296 bytes (2 switches on core 0)
Sep 13 09:29:51.935691 chdv-857295-1 devstack@placement-api.service[107608]: INFO placement.requestlog [req-d5d6cb2b-00ad-443f-a1cd-302f47581ba1 req-6269a007-4df4-4345-accb-b0c2ff6f65ba service placement] 10.222.0.43 "GET /placement/resource_providers/811de81f-d99b-4649-a7dd-d5052299534d/allocations" status: 200 len: 457 microversion: 1.0
Sep 13 09:29:51.938575 chdv-857295-1 devstack@placement-api.service[107608]: [pid: 107608|app: 0|req: 456/914] 10.222.0.43 () {58 vars in 1390 bytes} [Tue Sep 13 09:29:51 2022] GET /placement/resource_providers/811de81f-d99b-4649-a7dd-d5052299534d/allocations => generated 457 bytes in 48 msecs (HTTP/1.1 200) 6 headers in 224 bytes (2 switches on core 0)
Sep 13 09:29:51.939645 chdv-857295-1 devstack@placement-api.service[107609]: DEBUG placement.requestlog [req-e2a63357-332a-4741-b197-227e121758e2 req-c5e095f0-44ed-492e-ba08-2331f9ac5c2d None None] Starting request: 10.222.0.43 "DELETE /placement/allocations/5313f412-3283-4660-ac95-3446a64113b9" {{(pid=107609) __call__ /opt/stack/placement/placement/requestlog.py:55}}
Sep 13 09:29:51.940708 chdv-857295-1 devstack@placement-api.service[107608]: DEBUG placement.requestlog [req-7e1213c9-4583-4ac7-a2b7-031346bee1ac req-3233a822-da04-4a0c-824c-8cbacdea7734 None None] Starting request: 10.222.0.23 "GET /placement/allocations/bcca1382-e31f-4cd0-9193-0073b80419ee" {{(pid=107608) __call__ /opt/stack/placement/placement/requestlog.py:55}}
Sep 13 09:29:51.980664 chdv-857295-1 devstack@placement-api.service[107608]: INFO placement.requestlog [req-7e1213c9-4583-4ac7-a2b7-031346bee1ac req-3233a822-da04-4a0c-824c-8cbacdea7734 service placement] 10.222.0.23 "GET /placement/allocations/bcca1382-e31f-4cd0-9193-0073b80419ee" status: 200 len: 259 microversion: 1.28
Sep 13 09:29:51.982208 chdv-857295-1 devstack@placement-api.service[107608]: [pid: 107608|app: 0|req: 457/915] 10.222.0.23 () {60 vars in 1377 bytes} [Tue Sep 13 09:29:51 2022] GET /placement/allocations/bcca1382-e31f-4cd0-9193-0073b80419ee => generated 259 bytes in 41 msecs (HTTP/1.1 200) 8 headers in 296 bytes (1 switches on core 0)
Sep 13 09:29:51.992895 chdv-857295-1 devstack@placement-api.service[107608]: DEBUG placement.requestlog [req-d5d6cb2b-00ad-443f-a1cd-302f47581ba1 req-dea3e47f-ad85-432f-a489-12876b76905b None None] Starting request: 10.222.0.43 "GET /placement/resource_providers/811de81f-d99b-4649-a7dd-d5052299534d/allocations" {{(pid=107608) __call__ /opt/stack/placement/placement/requestlog.py:55}}
Sep 13 09:29:52.015916 chdv-857295-1 devstack@placement-api.service[107609]: DEBUG placement.handlers.allocation [req-e2a63357-332a-4741-b197-227e121758e2 req-c5e095f0-44ed-492e-ba08-2331f9ac5c2d service placement] Successfully deleted allocations [, , ] {{(pid=107609) delete_allocations /opt/stack/placement/placement/handlers/allocation.py:627}}
Sep 13 09:29:52.016797 chdv-857295-1 devstack@placement-api.service[107609]: INFO placement.requestlog [req-e2a63357-332a-4741-b197-227e121758e2 req-c5e095f0-44ed-492e-ba08-2331f9ac5c2d service placement] 10.222.0.43 "DELETE /placement/allocations/5313f412-3283-4660-ac95-3446a64113b9" status: 204 len: 0 microversion: 1.0
Sep 13 09:29:52.017640 chdv-857295-1 devstack@placement-api.service[107609]: [pid: 107609|app: 0|req: 459/916] 10.222.0.43 () {60 vars in 1355 bytes} [Tue Sep 13 09:29:51 2022] DELETE /placement/allocations/5313f412-3283-4660-ac95-3446a64113b9 => generated 0 bytes in 78 msecs (HTTP/1.1 204) 5 headers in 198 bytes (2 switches on core 0)
Sep 13 09:29:52.039514 chdv-857295-1 devstack@placement-api.service[107609]: DEBUG placement.requestlog [req-929e75e6-b204-449c-8fb0-ff85747f96d5 req-9a2c0046-2a1c-4ee8-a048-95b50e7b8332 None None] Starting request: 10.222.0.18 "GET /placement/allocations/e8cf314c-f21b-40df-9cdc-ecf3b8e7b4c2" {{(pid=107609) __call__ /opt/stack/placement/placement/requestlog.py:55}}
Sep 13 09:29:52.046039 chdv-857295-1 devstack@placement-api.service[107608]: INFO placement.requestlog [req-d5d6cb2b-00ad-443f-a1cd-302f47581ba1 req-dea3e47f-ad85-432f-a489-12876b76905b service placement] 10.222.0.43 "GET /placement/resource_providers/811de81f-d99b-4649-a7dd-d5052299534d/allocations" status: 200 len: 356 microversion: 1.0
Sep 13 09:29:52.047341 chdv-857295-1 devstack@placement-api.service[107608]: [pid: 107608|app: 0|req: 458/917] 10.222.0.43 () {58 vars in 1390 bytes} [Tue Sep 13 09:29:51 2022] GET /placement/resource_providers/811de81f-d99b-4649-a7dd-d5052299534d/allocations => generated 356 bytes in 55 msecs (HTTP/1.1 200) 6 headers in 224 bytes (1 switches on core 0)
Sep 13 09:29:52.055512 chdv-857295-1 devstack@placement-api.service[107608]: DEBUG placement.requestlog [req-d5d6cb2b-00ad-443f-a1cd-302f47581ba1 req-f87a5573-0ec4-4e19-acb5-f330e9e553de None None] Starting request: 10.222.0.43 "GET /placement/allocations/a412864d-e5f2-4968-90e9-63f1b5428330" {{(pid=107608) __call__ /opt/stack/placement/placement/requestlog.py:55}}
Sep 13 09:29:52.056833 chdv-857295-1 devstack@placement-api.service[107609]: INFO placement.requestlog [req-929e75e6-b204-449c-8fb0-ff85747f96d5 req-9a2c0046-2a1c-4ee8-a048-95b50e7b8332 service placement] 10.222.0.18 "GET /placement/allocations/e8cf314c-f21b-40df-9cdc-ecf3b8e7b4c2" status: 200 len: 19 microversion: 1.28
Sep 13 09:29:52.057609 chdv-857295-1 devstack@placement-api.service[107609]: [pid: 107609|app: 0|req: 460/918] 10.222.0.18 () {60 vars in 1380 bytes} [Tue Sep 13 09:29:52 2022] GET /placement/allocations/e8cf314c-f21b-40df-9cdc-ecf3b8e7b4c2 => generated 19 bytes in 19 msecs (HTTP/1.1 200) 8 headers in 295 bytes (2 switches on core 0)
Sep 13 09:29:52.066401 chdv-857295-1 devstack@placement-api.service[107609]: DEBUG placement.requestlog [req-929e75e6-b204-449c-8fb0-ff85747f96d5 req-b66a7108-3542-47f6-bea5-861fb02e5886 None None] Starting request: 10.222.0.18 "PUT /placement/allocations/e8cf314c-f21b-40df-9cdc-ecf3b8e7b4c2" {{(pid=107609) __call__ /opt/stack/placement/placement/requestlog.py:55}}
Sep 13 09:29:52.093477 chdv-857295-1 devstack@placement-api.service[107608]: INFO placement.requestlog [req-d5d6cb2b-00ad-443f-a1cd-302f47581ba1 req-f87a5573-0ec4-4e19-acb5-f330e9e553de service placement] 10.222.0.43 "GET /placement/allocations/a412864d-e5f2-4968-90e9-63f1b5428330" status: 200 len: 259 microversion: 1.28
Sep 13 09:29:52.094598 chdv-857295-1 devstack@placement-api.service[107608]: [pid: 107608|app: 0|req: 459/919] 10.222.0.43 () {60 vars in 1377 bytes} [Tue Sep 13 09:29:52 2022] GET /placement/allocations/a412864d-e5f2-4968-90e9-63f1b5428330 => generated 259 bytes in 39 msecs (HTTP/1.1 200) 8 headers in 296 bytes (1 switches on core 0)
Sep 13 09:29:52.102299 chdv-857295-1 devstack@placement-api.service[107608]: DEBUG placement.requestlog [req-d5d6cb2b-00ad-443f-a1cd-302f47581ba1 req-9b2d40ed-09c4-4ebf-a5db-d9ec6563e3e1 None None] Starting request: 10.222.0.43 "GET /placement/allocations/087cecb5-ea95-4b99-85cb-cfc29762a1f8" {{(pid=107608) __call__ /opt/stack/placement/placement/requestlog.py:55}}
Sep 13 09:29:52.150567 chdv-857295-1 devstack@placement-api.service[107608]: INFO placement.requestlog [req-d5d6cb2b-00ad-443f-a1cd-302f47581ba1 req-9b2d40ed-09c4-4ebf-a5db-d9ec6563e3e1 service placement] 10.222.0.43 "GET /placement/allocations/087cecb5-ea95-4b99-85cb-cfc29762a1f8" status: 200 len: 259 microversion: 1.28
Sep 13 09:29:52.150972 chdv-857295-1 devstack@placement-api.service[107608]: [pid: 107608|app: 0|req: 460/920] 10.222.0.43 () {60 vars in 1377 bytes} [Tue Sep 13 09:29:52 2022] GET /placement/allocations/087cecb5-ea95-4b99-85cb-cfc29762a1f8 => generated 259 bytes in 49 msecs (HTTP/1.1 200) 8 headers in 296 bytes (2 switches on core 0)
Sep 13 09:29:52.158912 chdv-857295-1 devstack@placement-api.service[107608]: DEBUG placement.requestlog [req-d5d6cb2b-00ad-443f-a1cd-302f47581ba1 req-cf79261a-427c-4da7-b35a-890af3f85a06 None None] Starting request: 10.222.0.43 "GET /placement/allocations/9f0d3a3c-2308-4440-8984-2604b06d2295" {{(pid=107608) __call__ /opt/stack/placement/placement/requestlog.py:55}}
Sep 13 09:29:52.208759 chdv-857295-1 devstack@placement-api.service[107608]: INFO placement.requestlog [req-d5d6cb2b-00ad-443f-a1cd-302f47581ba1 req-cf79261a-427c-4da7-b35a-890af3f85a06 service placement] 10.222.0.43 "GET /placement/allocations/9f0d3a3c-2308-4440-8984-2604b06d2295" status: 200 len: 259 microversion: 1.28
Sep 13 09:29:52.212517 chdv-857295-1 devstack@placement-api.service[107608]: [pid: 107608|app: 0|req: 461/921] 10.222.0.43 () {60 vars in 1377 bytes} [Tue Sep 13 09:29:52 2022] GET /placement/allocations/9f0d3a3c-2308-4440-8984-2604b06d2295 => generated 259 bytes in 54 msecs (HTTP/1.1 200) 8 headers in 296 bytes (1 switches on core 0)
Sep 13 09:29:52.235069 chdv-857295-1 devstack@placement-api.service[107609]: DEBUG placement.handlers.allocation [req-929e75e6-b204-449c-8fb0-ff85747f96d5 req-b66a7108-3542-47f6-bea5-861fb02e5886 service placement] Successfully wrote allocations [, , ] {{(pid=107609) _update_consumers_and_create_allocations /opt/stack/placement/placement/handlers/allocation.py:462}}
Sep 13 09:29:52.241263 chdv-857295-1 devstack@placement-api.service[107609]: INFO placement.requestlog [req-929e75e6-b204-449c-8fb0-ff85747f96d5 req-b66a7108-3542-47f6-bea5-861fb02e5886 service placement] 10.222.0.18 "PUT /placement/allocations/e8cf314c-f21b-40df-9cdc-ecf3b8e7b4c2" status: 204 len: 0 microversion: 1.36
Sep 13 09:29:52.257600 chdv-857295-1 devstack@placement-api.service[107609]: [pid: 107609|app: 0|req: 461/922] 10.222.0.18 () {64 vars in 1433 bytes} [Tue Sep 13 09:29:52 2022] PUT /placement/allocations/e8cf314c-f21b-40df-9cdc-ecf3b8e7b4c2 => generated 0 bytes in 176 msecs (HTTP/1.1 204) 5 headers in 199 bytes (2 switches on core 0)
Sep 13 09:29:52.623550 chdv-857295-1 devstack@placement-api.service[107608]: DEBUG placement.requestlog [req-e2a63357-332a-4741-b197-227e121758e2 req-67e52c62-c523-463f-891f-c50b3741fcbf None None] Starting request: 10.222.0.43 "GET /placement/resource_providers/811de81f-d99b-4649-a7dd-d5052299534d/allocations" {{(pid=107608) __call__ /opt/stack/placement/placement/requestlog.py:55}}
Sep 13 09:29:52.688540 chdv-857295-1 devstack@placement-api.service[107608]: INFO placement.requestlog [req-e2a63357-332a-4741-b197-227e121758e2 req-67e52c62-c523-463f-891f-c50b3741fcbf service placement] 10.222.0.43 "GET /placement/resource_providers/811de81f-d99b-4649-a7dd-d5052299534d/allocations" status: 200 len: 457 microversion: 1.0
Sep 13 09:29:52.689014 chdv-857295-1 devstack@placement-api.service[107608]: [pid: 107608|app: 0|req: 462/923] 10.222.0.43 () {58 vars in 1390 bytes} [Tue Sep 13 09:29:52 2022] GET /placement/resource_providers/811de81f-d99b-4649-a7dd-d5052299534d/allocations => generated 457 bytes in 66 msecs (HTTP/1.1 200) 6 headers in 224 bytes (1 switches on core 0)
Sep 13 09:29:52.702478 chdv-857295-1 devstack@placement-api.service[107609]: DEBUG placement.requestlog [req-e2a63357-332a-4741-b197-227e121758e2 req-3daa1a57-286a-442b-800c-bb95fb348c60 None None] Starting request: 10.222.0.43 "GET /placement/allocations/a412864d-e5f2-4968-90e9-63f1b5428330" {{(pid=107609) __call__ /opt/stack/placement/placement/requestlog.py:55}}
Sep 13 09:29:52.719368 chdv-857295-1 devstack@placement-api.service[107609]: DEBUG dbcounter [-] [107609] Writing DB stats placement:INSERT=8,placement:SELECT=82,placement:DELETE=6,placement:UPDATE=4 {{(pid=107609) stat_writer /usr/local/lib/python3.8/dist-packages/dbcounter.py:114}}
Sep 13 09:29:52.758695 chdv-857295-1 devstack@placement-api.service[107609]: INFO placement.requestlog [req-e2a63357-332a-4741-b197-227e121758e2 req-3daa1a57-286a-442b-800c-bb95fb348c60 service placement] 10.222.0.43 "GET /placement/allocations/a412864d-e5f2-4968-90e9-63f1b5428330" status: 200 len: 259 microversion: 1.28
Sep 13 09:29:52.760251 chdv-857295-1 devstack@placement-api.service[107609]: [pid: 107609|app: 0|req: 462/924] 10.222.0.43 () {60 vars in 1377 bytes} [Tue Sep 13 09:29:52 2022] GET /placement/allocations/a412864d-e5f2-4968-90e9-63f1b5428330 => generated 259 bytes in 59 msecs (HTTP/1.1 200) 8 headers in 296 bytes (1 switches on core 0)
Sep 13 09:29:52.770747 chdv-857295-1 devstack@placement-api.service[107608]: DEBUG placement.requestlog [req-929e75e6-b204-449c-8fb0-ff85747f96d5 req-280d7b04-6825-4d5e-ba05-4dd4711aced0 None None] Starting request: 10.222.0.43 "GET /placement/allocations/e8cf314c-f21b-40df-9cdc-ecf3b8e7b4c2" {{(pid=107608) __call__ /opt/stack/placement/placement/requestlog.py:55}}
Sep 13 09:29:52.773404 chdv-857295-1 devstack@placement-api.service[107609]: DEBUG placement.requestlog [req-e2a63357-332a-4741-b197-227e121758e2 req-9395a944-1fa6-4a68-b6f5-19d74b29f7c8 None None] Starting request: 10.222.0.43 "GET /placement/allocations/087cecb5-ea95-4b99-85cb-cfc29762a1f8" {{(pid=107609) __call__ /opt/stack/placement/placement/requestlog.py:55}}
Sep 13 09:29:52.793490 chdv-857295-1 devstack@placement-api.service[107608]: INFO placement.requestlog [req-929e75e6-b204-449c-8fb0-ff85747f96d5 req-280d7b04-6825-4d5e-ba05-4dd4711aced0 service placement] 10.222.0.43 "GET /placement/allocations/e8cf314c-f21b-40df-9cdc-ecf3b8e7b4c2" status: 200 len: 259 microversion: 1.28
Sep 13 09:29:52.794215 chdv-857295-1 devstack@placement-api.service[107608]: [pid: 107608|app: 0|req: 463/925] 10.222.0.43 () {60 vars in 1377 bytes} [Tue Sep 13 09:29:52 2022] GET /placement/allocations/e8cf314c-f21b-40df-9cdc-ecf3b8e7b4c2 => generated 259 bytes in 24 msecs (HTTP/1.1 200) 8 headers in 296 bytes (1 switches on core 0)
Sep 13 09:29:52.819187 chdv-857295-1 devstack@placement-api.service[107609]: INFO placement.requestlog [req-e2a63357-332a-4741-b197-227e121758e2 req-9395a944-1fa6-4a68-b6f5-19d74b29f7c8 service placement] 10.222.0.43 "GET /placement/allocations/087cecb5-ea95-4b99-85cb-cfc29762a1f8" status: 200 len: 259 microversion: 1.28
Sep 13 09:29:52.823295 chdv-857295-1 devstack@placement-api.service[107609]: [pid: 107609|app: 0|req: 463/926] 10.222.0.43 () {60 vars in 1377 bytes} [Tue Sep 13 09:29:52 2022] GET /placement/allocations/087cecb5-ea95-4b99-85cb-cfc29762a1f8 => generated 259 bytes in 50 msecs (HTTP/1.1 200) 8 headers in 296 bytes (1 switches on core 0)
Sep 13 09:29:52.830998 chdv-857295-1 devstack@placement-api.service[107608]: DEBUG placement.requestlog [req-e2a63357-332a-4741-b197-227e121758e2 req-51130f6e-5fc3-469c-955a-815045d3bf2f None None] Starting request: 10.222.0.43 "GET /placement/allocations/9f0d3a3c-2308-4440-8984-2604b06d2295" {{(pid=107608) __call__ /opt/stack/placement/placement/requestlog.py:55}}
Sep 13 09:29:52.876709 chdv-857295-1 devstack@placement-api.service[107608]: INFO placement.requestlog [req-e2a63357-332a-4741-b197-227e121758e2 req-51130f6e-5fc3-469c-955a-815045d3bf2f service placement] 10.222.0.43 "GET /placement/allocations/9f0d3a3c-2308-4440-8984-2604b06d2295" status: 200 len: 259 microversion: 1.28
Sep 13 09:29:52.877296 chdv-857295-1 devstack@placement-api.service[107608]: [pid: 107608|app: 0|req: 464/927] 10.222.0.43 () {60 vars in 1377 bytes} [Tue Sep 13 09:29:52 2022] GET /placement/allocations/9f0d3a3c-2308-4440-8984-2604b06d2295 => generated 259 bytes in 47 msecs (HTTP/1.1 200) 8 headers in 296 bytes (1 switches on core 0)
Sep 13 09:29:52.889155 chdv-857295-1 devstack@placement-api.service[107609]: DEBUG placement.requestlog [req-e2a63357-332a-4741-b197-227e121758e2 req-77b6c949-7ee4-4c9b-a326-eb6b86f6f6ed None None] Starting request: 10.222.0.43 "GET /placement/allocations/e8cf314c-f21b-40df-9cdc-ecf3b8e7b4c2" {{(pid=107609) __call__ /opt/stack/placement/placement/requestlog.py:55}}
Sep 13 09:29:52.922826 chdv-857295-1 devstack@placement-api.service[107609]: INFO placement.requestlog [req-e2a63357-332a-4741-b197-227e121758e2 req-77b6c949-7ee4-4c9b-a326-eb6b86f6f6ed service placement] 10.222.0.43 "GET /placement/allocations/e8cf314c-f21b-40df-9cdc-ecf3b8e7b4c2" status: 200 len: 259 microversion: 1.28
Sep 13 09:29:52.923485 chdv-857295-1 devstack@placement-api.service[107609]: [pid: 107609|app: 0|req: 464/928] 10.222.0.43 () {60 vars in 1377 bytes} [Tue Sep 13 09:29:52 2022] GET /placement/allocations/e8cf314c-f21b-40df-9cdc-ecf3b8e7b4c2 => generated 259 bytes in 35 msecs (HTTP/1.1 200) 8 headers in 296 bytes (1 switches on core 0)
Sep 13 09:29:53.358081 chdv-857295-1 devstack@placement-api.service[107608]: DEBUG placement.requestlog [req-929e75e6-b204-449c-8fb0-ff85747f96d5 req-60b8391a-0cc7-49fb-9fa8-cde079f1b0eb None None] Starting request: 10.222.0.43 "GET /placement/resource_providers/811de81f-d99b-4649-a7dd-d5052299534d/allocations" {{(pid=107608) __call__ /opt/stack/placement/placement/requestlog.py:55}}
Sep 13 09:29:53.402739 chdv-857295-1 devstack@placement-api.service[107608]: INFO placement.requestlog [req-929e75e6-b204-449c-8fb0-ff85747f96d5 req-60b8391a-0cc7-49fb-9fa8-cde079f1b0eb service placement] 10.222.0.43 "GET /placement/resource_providers/811de81f-d99b-4649-a7dd-d5052299534d/allocations" status: 200 len: 457 microversion: 1.0
Sep 13 09:29:53.404277 chdv-857295-1 devstack@placement-api.service[107608]: [pid: 107608|app: 0|req: 465/929] 10.222.0.43 () {58 vars in 1390 bytes} [Tue Sep 13 09:29:53 2022] GET /placement/resource_providers/811de81f-d99b-4649-a7dd-d5052299534d/allocations => generated 457 bytes in 46 msecs (HTTP/1.1 200) 6 headers in 224 bytes (1 switches on core 0)
Sep 13 09:29:53.413097 chdv-857295-1 devstack@placement-api.service[107609]: DEBUG placement.requestlog [req-929e75e6-b204-449c-8fb0-ff85747f96d5 req-1b2e1736-d9a7-4e24-9eac-74c404bcc313 None None] Starting request: 10.222.0.43 "GET /placement/allocations/a412864d-e5f2-4968-90e9-63f1b5428330" {{(pid=107609) __call__ /opt/stack/placement/placement/requestlog.py:55}}
Sep 13 09:29:53.428867 chdv-857295-1 devstack@placement-api.service[107609]: INFO placement.requestlog [req-929e75e6-b204-449c-8fb0-ff85747f96d5 req-1b2e1736-d9a7-4e24-9eac-74c404bcc313 service placement] 10.222.0.43 "GET /placement/allocations/a412864d-e5f2-4968-90e9-63f1b5428330" status: 200 len: 259 microversion: 1.28
Sep 13 09:29:53.429602 chdv-857295-1 devstack@placement-api.service[107609]: [pid: 107609|app: 0|req: 465/930] 10.222.0.43 () {60 vars in 1377 bytes} [Tue Sep 13 09:29:53 2022] GET /placement/allocations/a412864d-e5f2-4968-90e9-63f1b5428330 => generated 259 bytes in 17 msecs (HTTP/1.1 200) 8 headers in 296 bytes (2 switches on core 0)
Sep 13 09:29:53.437147 chdv-857295-1 devstack@placement-api.service[107608]: DEBUG placement.requestlog [req-929e75e6-b204-449c-8fb0-ff85747f96d5 req-5df94849-1158-460d-9d75-b856ede17f89 None None] Starting request: 10.222.0.43 "GET /placement/allocations/087cecb5-ea95-4b99-85cb-cfc29762a1f8" {{(pid=107608) __call__ /opt/stack/placement/placement/requestlog.py:55}}
Sep 13 09:29:53.460026 chdv-857295-1 devstack@placement-api.service[107608]: INFO placement.requestlog [req-929e75e6-b204-449c-8fb0-ff85747f96d5 req-5df94849-1158-460d-9d75-b856ede17f89 service placement] 10.222.0.43 "GET /placement/allocations/087cecb5-ea95-4b99-85cb-cfc29762a1f8" status: 200 len: 259 microversion: 1.28
Sep 13 09:29:53.462572 chdv-857295-1 devstack@placement-api.service[107608]: [pid: 107608|app: 0|req: 466/931] 10.222.0.43 () {60 vars in 1377 bytes} [Tue Sep 13 09:29:53 2022] GET /placement/allocations/087cecb5-ea95-4b99-85cb-cfc29762a1f8 => generated 259 bytes in 25 msecs (HTTP/1.1 200) 8 headers in 296 bytes (1 switches on core 0)
Sep 13 09:29:53.470110 chdv-857295-1 devstack@placement-api.service[107609]: DEBUG placement.requestlog [req-929e75e6-b204-449c-8fb0-ff85747f96d5 req-74ecb1b5-68c2-4f37-af8d-4d6b72dcbf52 None None] Starting request: 10.222.0.43 "GET /placement/allocations/9f0d3a3c-2308-4440-8984-2604b06d2295" {{(pid=107609) __call__ /opt/stack/placement/placement/requestlog.py:55}}
Sep 13 09:29:53.492312 chdv-857295-1 devstack@placement-api.service[107609]: INFO placement.requestlog [req-929e75e6-b204-449c-8fb0-ff85747f96d5 req-74ecb1b5-68c2-4f37-af8d-4d6b72dcbf52 service placement] 10.222.0.43 "GET /placement/allocations/9f0d3a3c-2308-4440-8984-2604b06d2295" status: 200 len: 259 microversion: 1.28
Sep 13 09:29:53.492836 chdv-857295-1 devstack@placement-api.service[107609]: [pid: 107609|app: 0|req: 466/932] 10.222.0.43 () {60 vars in 1377 bytes} [Tue Sep 13 09:29:53 2022] GET /placement/allocations/9f0d3a3c-2308-4440-8984-2604b06d2295 => generated 259 bytes in 23 msecs (HTTP/1.1 200) 8 headers in 296 bytes (1 switches on core 0)
Sep 13 09:29:53.501359 chdv-857295-1 devstack@placement-api.service[107608]: DEBUG placement.requestlog [req-929e75e6-b204-449c-8fb0-ff85747f96d5 req-77fa5ce7-ec0c-4b77-9c7b-508a89df9bb7 None None] Starting request: 10.222.0.43 "GET /placement/allocations/e8cf314c-f21b-40df-9cdc-ecf3b8e7b4c2" {{(pid=107608) __call__ /opt/stack/placement/placement/requestlog.py:55}}
Sep 13 09:29:53.533618 chdv-857295-1 devstack@placement-api.service[107608]: INFO placement.requestlog [req-929e75e6-b204-449c-8fb0-ff85747f96d5 req-77fa5ce7-ec0c-4b77-9c7b-508a89df9bb7 service placement] 10.222.0.43 "GET /placement/allocations/e8cf314c-f21b-40df-9cdc-ecf3b8e7b4c2" status: 200 len: 259 microversion: 1.28
Sep 13 09:29:53.535150 chdv-857295-1 devstack@placement-api.service[107608]: [pid: 107608|app: 0|req: 467/933] 10.222.0.43 () {60 vars in 1377 bytes} [Tue Sep 13 09:29:53 2022] GET /placement/allocations/e8cf314c-f21b-40df-9cdc-ecf3b8e7b4c2 => generated 259 bytes in 35 msecs (HTTP/1.1 200) 8 headers in 296 bytes (1 switches on core 0)
Sep 13 09:29:53.901752 chdv-857295-1 devstack@placement-api.service[107609]: DEBUG placement.requestlog [req-4a252ec4-1c97-4544-82de-9d670f6be0fd req-ee4dd06c-76c8-4fd9-a3dd-43250d9c0fd4 None None] Starting request: 10.222.0.18 "GET /placement/allocation_candidates?limit=1000&resources=DISK_GB%3A1%2CMEMORY_MB%3A512%2CVCPU%3A1&root_required=%21COMPUTE_STATUS_DISABLED" {{(pid=107609) __call__ /opt/stack/placement/placement/requestlog.py:55}}
Sep 13 09:29:53.990525 chdv-857295-1 devstack@placement-api.service[107609]: DEBUG placement.objects.research_context [req-4a252ec4-1c97-4544-82de-9d670f6be0fd req-ee4dd06c-76c8-4fd9-a3dd-43250d9c0fd4 service placement] getting providers with 1 DISK_GB {{(pid=107609) __init__ /opt/stack/placement/placement/objects/research_context.py:136}}
Sep 13 09:29:54.008775 chdv-857295-1 devstack@placement-api.service[107609]: DEBUG placement.objects.research_context [req-4a252ec4-1c97-4544-82de-9d670f6be0fd req-ee4dd06c-76c8-4fd9-a3dd-43250d9c0fd4 service placement] getting providers with 512 MEMORY_MB {{(pid=107609) __init__ /opt/stack/placement/placement/objects/research_context.py:136}}
Sep 13 09:29:54.011208 chdv-857295-1 devstack@placement-api.service[107609]: DEBUG placement.objects.research_context [req-4a252ec4-1c97-4544-82de-9d670f6be0fd req-ee4dd06c-76c8-4fd9-a3dd-43250d9c0fd4 service placement] getting providers with 1 VCPU {{(pid=107609) __init__ /opt/stack/placement/placement/objects/research_context.py:136}}
Sep 13 09:29:54.017840 chdv-857295-1 devstack@placement-api.service[107609]: DEBUG placement.objects.research_context [req-4a252ec4-1c97-4544-82de-9d670f6be0fd req-ee4dd06c-76c8-4fd9-a3dd-43250d9c0fd4 service placement] found 2 providers with available 1 DISK_GB {{(pid=107609) get_provider_ids_matching /opt/stack/placement/placement/objects/research_context.py:563}}
Sep 13 09:29:54.018298 chdv-857295-1 devstack@placement-api.service[107609]: DEBUG placement.objects.research_context [req-4a252ec4-1c97-4544-82de-9d670f6be0fd req-ee4dd06c-76c8-4fd9-a3dd-43250d9c0fd4 service placement] found 2 providers with available 512 MEMORY_MB {{(pid=107609) get_provider_ids_matching /opt/stack/placement/placement/objects/research_context.py:563}}
Sep 13 09:29:54.018572 chdv-857295-1 devstack@placement-api.service[107609]: DEBUG placement.objects.research_context [req-4a252ec4-1c97-4544-82de-9d670f6be0fd req-ee4dd06c-76c8-4fd9-a3dd-43250d9c0fd4 service placement] found 2 providers after filtering by previous result {{(pid=107609) get_provider_ids_matching /opt/stack/placement/placement/objects/research_context.py:594}}
Sep 13 09:29:54.018831 chdv-857295-1 devstack@placement-api.service[107609]: DEBUG placement.objects.research_context [req-4a252ec4-1c97-4544-82de-9d670f6be0fd req-ee4dd06c-76c8-4fd9-a3dd-43250d9c0fd4 service placement] found 2 providers with available 1 VCPU {{(pid=107609) get_provider_ids_matching /opt/stack/placement/placement/objects/research_context.py:563}}
Sep 13 09:29:54.019090 chdv-857295-1 devstack@placement-api.service[107609]: DEBUG placement.objects.research_context [req-4a252ec4-1c97-4544-82de-9d670f6be0fd req-ee4dd06c-76c8-4fd9-a3dd-43250d9c0fd4 service placement] found 2 providers after filtering by previous result {{(pid=107609) get_provider_ids_matching /opt/stack/placement/placement/objects/research_context.py:594}}
Sep 13 09:29:54.032263 chdv-857295-1 devstack@placement-api.service[107609]: DEBUG placement.objects.allocation_candidate [req-4a252ec4-1c97-4544-82de-9d670f6be0fd req-ee4dd06c-76c8-4fd9-a3dd-43250d9c0fd4 service placement] RequestGroup(use_same_provider=False, resources={DISK_GB:1, MEMORY_MB:512, VCPU:1}, traits=(), aggregates=[]) (suffix '') returned 2 matches {{(pid=107609) _get_by_requests /opt/stack/placement/placement/objects/allocation_candidate.py:156}}
Sep 13 09:29:54.032665 chdv-857295-1 devstack@placement-api.service[107609]: DEBUG placement.objects.allocation_candidate [req-4a252ec4-1c97-4544-82de-9d670f6be0fd req-ee4dd06c-76c8-4fd9-a3dd-43250d9c0fd4 service placement] Merging candidates yields 2 allocation requests and 2 provider summaries {{(pid=107609) _merge_candidates /opt/stack/placement/placement/objects/allocation_candidate.py:809}}
Sep 13 09:29:54.034307 chdv-857295-1 devstack@placement-api.service[107609]: INFO placement.requestlog [req-4a252ec4-1c97-4544-82de-9d670f6be0fd req-ee4dd06c-76c8-4fd9-a3dd-43250d9c0fd4 service placement] 10.222.0.18 "GET /placement/allocation_candidates?limit=1000&resources=DISK_GB%3A1%2CMEMORY_MB%3A512%2CVCPU%3A1&root_required=%21COMPUTE_STATUS_DISABLED" status: 200 len: 1307 microversion: 1.36
Sep 13 09:29:54.034710 chdv-857295-1 devstack@placement-api.service[107609]: [pid: 107609|app: 0|req: 467/934] 10.222.0.18 () {60 vars in 1504 bytes} [Tue Sep 13 09:29:53 2022] GET /placement/allocation_candidates?limit=1000&resources=DISK_GB%3A1%2CMEMORY_MB%3A512%2CVCPU%3A1&root_required=%21COMPUTE_STATUS_DISABLED => generated 1307 bytes in 133 msecs (HTTP/1.1 200) 8 headers in 297 bytes (1 switches on core 0)
Sep 13 09:29:54.232162 chdv-857295-1 devstack@placement-api.service[107608]: DEBUG placement.requestlog [req-4a252ec4-1c97-4544-82de-9d670f6be0fd req-343fccfa-dbb4-476d-b87c-6ee551422214 None None] Starting request: 10.222.0.18 "GET /placement/allocations/cc5d3759-9745-471e-8684-2a8244498234" {{(pid=107608) __call__ /opt/stack/placement/placement/requestlog.py:55}}
Sep 13 09:29:54.254018 chdv-857295-1 devstack@placement-api.service[107608]: INFO placement.requestlog [req-4a252ec4-1c97-4544-82de-9d670f6be0fd req-343fccfa-dbb4-476d-b87c-6ee551422214 service placement] 10.222.0.18 "GET /placement/allocations/cc5d3759-9745-471e-8684-2a8244498234" status: 200 len: 19 microversion: 1.28
Sep 13 09:29:54.254846 chdv-857295-1 devstack@placement-api.service[107608]: [pid: 107608|app: 0|req: 468/935] 10.222.0.18 () {60 vars in 1380 bytes} [Tue Sep 13 09:29:54 2022] GET /placement/allocations/cc5d3759-9745-471e-8684-2a8244498234 => generated 19 bytes in 23 msecs (HTTP/1.1 200) 8 headers in 295 bytes (1 switches on core 0)
Sep 13 09:29:54.262051 chdv-857295-1 devstack@placement-api.service[107609]: DEBUG placement.requestlog [req-4a252ec4-1c97-4544-82de-9d670f6be0fd req-4c93ab07-b34e-451e-8e56-4adabc4671af None None] Starting request: 10.222.0.18 "PUT /placement/allocations/cc5d3759-9745-471e-8684-2a8244498234" {{(pid=107609) __call__ /opt/stack/placement/placement/requestlog.py:55}}
