Mar 10 09:01:48.788998 chdv-832929-1 neutron-server[110671]: INFO neutron.wsgi [None req-0fbb107d-b0cc-416a-97f5-046a152bc46f admin admin] 10.222.0.44 "GET /v2.0/security-groups?tenant_id=01dc22bcc85640ae8bc7e15d7a6bd5e9&name=default HTTP/1.1" status: 200 len: 2992 time: 0.8661075
Mar 10 09:01:48.797836 chdv-832929-1 neutron-server[110672]: DEBUG neutron.wsgi [-] (110672) accepted ('10.222.0.44', 34550) {{(pid=110672) server /usr/local/lib/python3.8/dist-packages/eventlet/wsgi.py:1004}}
Mar 10 09:01:48.807056 chdv-832929-1 neutron-server[110671]: DEBUG neutron.api.rpc.handlers.resources_rpc [None req-0fbb107d-b0cc-416a-97f5-046a152bc46f admin admin] Pushing event updated for resources: {'SecurityGroup': ['ID=d7efef43-67aa-4f2d-9510-f4927460f8f1,revision_number=1']} {{(pid=110671) push /opt/stack/neutron/neutron/api/rpc/handlers/resources_rpc.py:237}}
Mar 10 09:01:48.865081 chdv-832929-1 neutron-server[110672]: INFO neutron.wsgi [req-329ee660-3d2f-48ea-8e64-6c04eac3ff4d req-31250cb2-e1e7-4047-85a1-4e0bba9dd637 tempest-DeleteServersAdminTestJSON-1863026345 tempest-DeleteServersAdminTestJSON-1863026345-project] 10.222.0.44 "GET /v2.0/ports?device_id=139d6503-e49d-4ce2-a3e4-723a90574f1f HTTP/1.1" status: 200 len: 210 time: 0.0921149
Mar 10 09:01:48.899712 chdv-832929-1 neutron-server[110671]: DEBUG neutron.pecan_wsgi.hooks.quota_enforcement [req-1a6f1b23-3a6c-434e-94bb-f8856f37beb8 req-ac7fa432-cf90-4241-be4d-17f93803a48d tempest-DeleteServersAdminTestJSON-1863026345 tempest-DeleteServersAdminTestJSON-1863026345-project] Made reservation on behalf of 83405d8e8a13456290244262484cecbf for: {'port': 1} {{(pid=110671) before /opt/stack/neutron/neutron/pecan_wsgi/hooks/quota_enforcement.py:53}}
Mar 10 09:01:48.904697 chdv-832929-1 neutron-server[110671]: DEBUG neutron_lib.callbacks.manager [req-1a6f1b23-3a6c-434e-94bb-f8856f37beb8 req-ac7fa432-cf90-4241-be4d-17f93803a48d tempest-DeleteServersAdminTestJSON-1863026345 tempest-DeleteServersAdminTestJSON-1863026345-project] Publish callbacks ['neutron.plugins.ml2.plugin.SecurityGroupDbMixin._ensure_default_security_group_handler-1387609'] for port (None), before_create {{(pid=110671) _notify_loop /usr/local/lib/python3.8/dist-packages/neutron_lib/callbacks/manager.py:176}}
Mar 10 09:01:48.916889 chdv-832929-1 neutron-server[110672]: INFO neutron.wsgi [req-d469159b-b5f2-43ee-a416-73a1d60e7c75 req-b7935eea-b91e-4a8e-9883-9a2329940b1f tempest-AggregatesAdminTestJSON-926068204 tempest-AggregatesAdminTestJSON-926068204-project] 10.222.0.44 "GET /v2.0/ports?device_id=9736596e-c51d-4239-8aed-f333c4bd8c5c HTTP/1.1" status: 200 len: 210 time: 0.0698268
Mar 10 09:01:48.923682 chdv-832929-1 neutron-server[110671]: DEBUG neutron_lib.callbacks.manager [req-1a6f1b23-3a6c-434e-94bb-f8856f37beb8 req-ac7fa432-cf90-4241-be4d-17f93803a48d tempest-DeleteServersAdminTestJSON-1863026345 tempest-DeleteServersAdminTestJSON-1863026345-project] Publish callbacks [] for security_group (None), before_create {{(pid=110671) _notify_loop /usr/local/lib/python3.8/dist-packages/neutron_lib/callbacks/manager.py:176}}
Mar 10 09:01:48.928822 chdv-832929-1 neutron-server[110673]: DEBUG neutron_lib.callbacks.manager [None req-b078a45e-59e1-405a-92ed-1f13f465f004 None None] Publish callbacks ['neutron.services.segments.db._update_segment_host_mapping_for_agent-8766512781572', 'neutron.plugins.ml2.plugin.Ml2Plugin._retry_binding_revived_agents-1416693'] for agent (4defe7d1-605b-4f84-8b5c-5fae4749e29a), after_update {{(pid=110673) _notify_loop /usr/local/lib/python3.8/dist-packages/neutron_lib/callbacks/manager.py:176}}
Mar 10 09:01:48.948156 chdv-832929-1 neutron-server[110672]: DEBUG neutron_lib.callbacks.manager [None req-ca0a607f-f744-4272-a7c9-b90df8be4184 admin admin] Publish callbacks [] for security_group (d7efef43-67aa-4f2d-9510-f4927460f8f1), before_delete {{(pid=110672) _notify_loop /usr/local/lib/python3.8/dist-packages/neutron_lib/callbacks/manager.py:176}}
Mar 10 09:01:48.982064 chdv-832929-1 neutron-server[110672]: DEBUG neutron_lib.callbacks.manager [None req-ca0a607f-f744-4272-a7c9-b90df8be4184 admin admin] Publish callbacks [] for security_group (d7efef43-67aa-4f2d-9510-f4927460f8f1), precommit_delete {{(pid=110672) _notify_loop /usr/local/lib/python3.8/dist-packages/neutron_lib/callbacks/manager.py:176}}
Mar 10 09:01:49.013378 chdv-832929-1 neutron-server[110671]: DEBUG neutron.wsgi [-] (110671) accepted ('10.222.0.44', 34566) {{(pid=110671) server /usr/local/lib/python3.8/dist-packages/eventlet/wsgi.py:1004}}
Mar 10 09:01:49.032497 chdv-832929-1 neutron-server[110671]: DEBUG neutron_lib.callbacks.manager [None req-df8ecadb-0990-4ead-9319-ed6a4c9d2cb6 admin admin] Publish callbacks [] for security_group (None), before_create {{(pid=110671) _notify_loop /usr/local/lib/python3.8/dist-packages/neutron_lib/callbacks/manager.py:176}}
Mar 10 09:01:49.132434 chdv-832929-1 neutron-server[110672]: DEBUG neutron_lib.callbacks.manager [None req-ca0a607f-f744-4272-a7c9-b90df8be4184 admin admin] Publish callbacks ['neutron.plugins.ml2.ovo_rpc._ObjectChangeHandler.handle_event-4180038'] for security_group (d7efef43-67aa-4f2d-9510-f4927460f8f1), after_delete {{(pid=110672) _notify_loop /usr/local/lib/python3.8/dist-packages/neutron_lib/callbacks/manager.py:176}}
Mar 10 09:01:49.135114 chdv-832929-1 neutron-server[110672]: DEBUG neutron_lib.callbacks.manager [None req-ca0a607f-f744-4272-a7c9-b90df8be4184 admin admin] Publish callbacks [] for security_group (None), before_response {{(pid=110672) _notify_loop /usr/local/lib/python3.8/dist-packages/neutron_lib/callbacks/manager.py:176}}
Mar 10 09:01:49.139087 chdv-832929-1 neutron-server[110672]: INFO neutron.wsgi [None req-ca0a607f-f744-4272-a7c9-b90df8be4184 admin admin] 10.222.0.44 "DELETE /v2.0/security-groups/d7efef43-67aa-4f2d-9510-f4927460f8f1 HTTP/1.1" status: 204 len: 168 time: 0.3318338
Mar 10 09:01:49.145265 chdv-832929-1 neutron-server[110672]: DEBUG neutron.api.rpc.handlers.resources_rpc [None req-ca0a607f-f744-4272-a7c9-b90df8be4184 admin admin] Pushing event deleted for resources: {'SecurityGroup': ['ID=d7efef43-67aa-4f2d-9510-f4927460f8f1,revision_number=None']} {{(pid=110672) push /opt/stack/neutron/neutron/api/rpc/handlers/resources_rpc.py:237}}
Mar 10 09:01:49.205198 chdv-832929-1 neutron-server[110671]: DEBUG neutron_lib.callbacks.manager [None req-df8ecadb-0990-4ead-9319-ed6a4c9d2cb6 admin admin] Publish callbacks [] for security_group (33df7cee-93ff-4bf1-82c9-a5db297bb4ac), precommit_create {{(pid=110671) _notify_loop /usr/local/lib/python3.8/dist-packages/neutron_lib/callbacks/manager.py:176}}
Mar 10 09:01:49.217722 chdv-832929-1 neutron-server[110671]: DEBUG neutron_lib.callbacks.manager [req-1a6f1b23-3a6c-434e-94bb-f8856f37beb8 req-ac7fa432-cf90-4241-be4d-17f93803a48d tempest-DeleteServersAdminTestJSON-1863026345 tempest-DeleteServersAdminTestJSON-1863026345-project] Publish callbacks [] for security_group (a9a5146e-6c53-4aee-b23b-620e28ee8a3d), precommit_create {{(pid=110671) _notify_loop /usr/local/lib/python3.8/dist-packages/neutron_lib/callbacks/manager.py:176}}
Mar 10 09:01:49.265788 chdv-832929-1 neutron-server[110671]: DEBUG neutron_lib.callbacks.manager [req-1a6f1b23-3a6c-434e-94bb-f8856f37beb8 req-ac7fa432-cf90-4241-be4d-17f93803a48d tempest-DeleteServersAdminTestJSON-1863026345 tempest-DeleteServersAdminTestJSON-1863026345-project] Publish callbacks ['neutron.plugins.ml2.ovo_rpc._ObjectChangeHandler.handle_event-4180038'] for security_group (a9a5146e-6c53-4aee-b23b-620e28ee8a3d), after_create {{(pid=110671) _notify_loop /usr/local/lib/python3.8/dist-packages/neutron_lib/callbacks/manager.py:176}}
Mar 10 09:01:49.269149 chdv-832929-1 neutron-server[110671]: DEBUG neutron_lib.callbacks.manager [None req-df8ecadb-0990-4ead-9319-ed6a4c9d2cb6 admin admin] Publish callbacks ['neutron.plugins.ml2.ovo_rpc._ObjectChangeHandler.handle_event-4180038'] for security_group (33df7cee-93ff-4bf1-82c9-a5db297bb4ac), after_create {{(pid=110671) _notify_loop /usr/local/lib/python3.8/dist-packages/neutron_lib/callbacks/manager.py:176}}
Mar 10 09:01:49.380920 chdv-832929-1 neutron-server[110672]: DEBUG neutron.wsgi [-] (110672) accepted ('10.222.0.44', 34584) {{(pid=110672) server /usr/local/lib/python3.8/dist-packages/eventlet/wsgi.py:1004}}
Mar 10 09:01:49.387481 chdv-832929-1 neutron-server[110671]: INFO neutron.wsgi [None req-df8ecadb-0990-4ead-9319-ed6a4c9d2cb6 admin admin] 10.222.0.44 "GET /v2.0/security-groups?tenant_id=48678f9eefff466cb19c3e39a7c7bcff&name=default HTTP/1.1" status: 200 len: 2992 time: 0.3724077
Mar 10 09:01:49.394142 chdv-832929-1 neutron-server[110672]: DEBUG neutron.wsgi [-] (110672) accepted ('10.222.0.44', 34586) {{(pid=110672) server /usr/local/lib/python3.8/dist-packages/eventlet/wsgi.py:1004}}
Mar 10 09:01:49.401514 chdv-832929-1 neutron-server[110671]: DEBUG neutron.api.rpc.handlers.resources_rpc [None req-ac7fa432-cf90-4241-be4d-17f93803a48d tempest-DeleteServersAdminTestJSON-1863026345 tempest-DeleteServersAdminTestJSON-1863026345-project] Pushing event updated for resources: {'SecurityGroup': ['ID=a9a5146e-6c53-4aee-b23b-620e28ee8a3d,revision_number=1']} {{(pid=110671) push /opt/stack/neutron/neutron/api/rpc/handlers/resources_rpc.py:237}}
Mar 10 09:01:49.444218 chdv-832929-1 neutron-server[110672]: DEBUG neutron_lib.callbacks.manager [None req-1d207c15-9fa1-4876-9d81-0a9b2b722736 admin admin] Publish callbacks [] for security_group (None), before_create {{(pid=110672) _notify_loop /usr/local/lib/python3.8/dist-packages/neutron_lib/callbacks/manager.py:176}}
Mar 10 09:01:49.499781 chdv-832929-1 neutron-server[110672]: DEBUG neutron_lib.callbacks.manager [None req-1f6532d4-a8c1-497d-9e5c-e4d60a6afaee admin admin] Publish callbacks [] for security_group (33df7cee-93ff-4bf1-82c9-a5db297bb4ac), before_delete {{(pid=110672) _notify_loop /usr/local/lib/python3.8/dist-packages/neutron_lib/callbacks/manager.py:176}}
Mar 10 09:01:49.511539 chdv-832929-1 neutron-server[110671]: DEBUG neutron.api.rpc.handlers.resources_rpc [None req-df8ecadb-0990-4ead-9319-ed6a4c9d2cb6 admin admin] Pushing event updated for resources: {'SecurityGroup': ['ID=33df7cee-93ff-4bf1-82c9-a5db297bb4ac,revision_number=1']} {{(pid=110671) push /opt/stack/neutron/neutron/api/rpc/handlers/resources_rpc.py:237}}
Mar 10 09:01:49.523586 chdv-832929-1 neutron-server[110673]: DEBUG neutron_lib.callbacks.manager [None req-39eb1742-3f6b-43b7-a60c-5dd3eae67ef1 None None] Publish callbacks ['neutron.services.segments.db._update_segment_host_mapping_for_agent-8766512781572', 'neutron.plugins.ml2.plugin.Ml2Plugin._retry_binding_revived_agents-1416693'] for agent (4b2c00c9-457b-4ead-91b9-a4bfdd058170), after_update {{(pid=110673) _notify_loop /usr/local/lib/python3.8/dist-packages/neutron_lib/callbacks/manager.py:176}}
Mar 10 09:01:49.543889 chdv-832929-1 neutron-server[110672]: DEBUG neutron_lib.callbacks.manager [None req-1f6532d4-a8c1-497d-9e5c-e4d60a6afaee admin admin] Publish callbacks [] for security_group (33df7cee-93ff-4bf1-82c9-a5db297bb4ac), precommit_delete {{(pid=110672) _notify_loop /usr/local/lib/python3.8/dist-packages/neutron_lib/callbacks/manager.py:176}}
Mar 10 09:01:49.605079 chdv-832929-1 neutron-server[110671]: DEBUG neutron.db.db_base_plugin_common [req-1a6f1b23-3a6c-434e-94bb-f8856f37beb8 req-ac7fa432-cf90-4241-be4d-17f93803a48d tempest-DeleteServersAdminTestJSON-1863026345 tempest-DeleteServersAdminTestJSON-1863026345-project] Allocated IP 192.168.233.6 (1c6cb86e-ca14-4388-a8f5-5c7db0cbe919/b304e82d-c465-4f65-b361-cec426faa3c2/3b268177-8877-42cd-99b7-3697018afee6) {{(pid=110671) _store_ip_allocation /opt/stack/neutron/neutron/db/db_base_plugin_common.py:131}}
Mar 10 09:01:49.677114 chdv-832929-1 neutron-server[110672]: DEBUG neutron_lib.callbacks.manager [None req-1d207c15-9fa1-4876-9d81-0a9b2b722736 admin admin] Publish callbacks [] for security_group (0021dee6-a328-46bd-968e-f0b14e053e5b), precommit_create {{(pid=110672) _notify_loop /usr/local/lib/python3.8/dist-packages/neutron_lib/callbacks/manager.py:176}}
Mar 10 09:01:49.768787 chdv-832929-1 neutron-server[110672]: DEBUG neutron_lib.callbacks.manager [None req-1f6532d4-a8c1-497d-9e5c-e4d60a6afaee admin admin] Publish callbacks ['neutron.plugins.ml2.ovo_rpc._ObjectChangeHandler.handle_event-4180038'] for security_group (33df7cee-93ff-4bf1-82c9-a5db297bb4ac), after_delete {{(pid=110672) _notify_loop /usr/local/lib/python3.8/dist-packages/neutron_lib/callbacks/manager.py:176}}
Mar 10 09:01:49.771414 chdv-832929-1 neutron-server[110672]: DEBUG neutron_lib.callbacks.manager [None req-1f6532d4-a8c1-497d-9e5c-e4d60a6afaee admin admin] Publish callbacks [] for security_group (None), before_response {{(pid=110672) _notify_loop /usr/local/lib/python3.8/dist-packages/neutron_lib/callbacks/manager.py:176}}
Mar 10 09:01:49.772801 chdv-832929-1 neutron-server[110672]: INFO neutron.wsgi [None req-1f6532d4-a8c1-497d-9e5c-e4d60a6afaee admin admin] 10.222.0.44 "DELETE /v2.0/security-groups/33df7cee-93ff-4bf1-82c9-a5db297bb4ac HTTP/1.1" status: 204 len: 168 time: 0.3771806
Mar 10 09:01:49.775448 chdv-832929-1 neutron-server[110672]: DEBUG neutron_lib.callbacks.manager [None req-1d207c15-9fa1-4876-9d81-0a9b2b722736 admin admin] Publish callbacks ['neutron.plugins.ml2.ovo_rpc._ObjectChangeHandler.handle_event-4180038'] for security_group (0021dee6-a328-46bd-968e-f0b14e053e5b), after_create {{(pid=110672) _notify_loop /usr/local/lib/python3.8/dist-packages/neutron_lib/callbacks/manager.py:176}}
Mar 10 09:01:49.788026 chdv-832929-1 neutron-server[110672]: DEBUG neutron.api.rpc.handlers.resources_rpc [None req-1f6532d4-a8c1-497d-9e5c-e4d60a6afaee admin admin] Pushing event deleted for resources: {'SecurityGroup': ['ID=33df7cee-93ff-4bf1-82c9-a5db297bb4ac,revision_number=None']} {{(pid=110672) push /opt/stack/neutron/neutron/api/rpc/handlers/resources_rpc.py:237}}
Mar 10 09:01:49.820420 chdv-832929-1 neutron-server[110672]: INFO neutron.wsgi [None req-1d207c15-9fa1-4876-9d81-0a9b2b722736 admin admin] 10.222.0.44 "GET /v2.0/security-groups?tenant_id=788ffe44e0fb44a2901815e10d31fa88&name=default HTTP/1.1" status: 200 len: 2992 time: 0.4318397
Mar 10 09:01:49.828332 chdv-832929-1 neutron-server[110672]: DEBUG neutron.wsgi [-] (110672) accepted ('10.222.0.44', 34612) {{(pid=110672) server /usr/local/lib/python3.8/dist-packages/eventlet/wsgi.py:1004}}
Mar 10 09:01:49.845539 chdv-832929-1 neutron-server[110672]: DEBUG neutron.api.rpc.handlers.resources_rpc [None req-1d207c15-9fa1-4876-9d81-0a9b2b722736 admin admin] Pushing event updated for resources: {'SecurityGroup': ['ID=0021dee6-a328-46bd-968e-f0b14e053e5b,revision_number=1']} {{(pid=110672) push /opt/stack/neutron/neutron/api/rpc/handlers/resources_rpc.py:237}}
Mar 10 09:01:49.911383 chdv-832929-1 neutron-server[110672]: DEBUG neutron_lib.callbacks.manager [None req-6db43034-2cd8-4bbe-8c1c-f90a5d9e515e admin admin] Publish callbacks [] for security_group (0021dee6-a328-46bd-968e-f0b14e053e5b), before_delete {{(pid=110672) _notify_loop /usr/local/lib/python3.8/dist-packages/neutron_lib/callbacks/manager.py:176}}
Mar 10 09:01:49.912956 chdv-832929-1 neutron-server[110671]: DEBUG neutron_lib.callbacks.manager [req-1a6f1b23-3a6c-434e-94bb-f8856f37beb8 req-ac7fa432-cf90-4241-be4d-17f93803a48d tempest-DeleteServersAdminTestJSON-1863026345 tempest-DeleteServersAdminTestJSON-1863026345-project] Publish callbacks [] for port (3b268177-8877-42cd-99b7-3697018afee6), precommit_create {{(pid=110671) _notify_loop /usr/local/lib/python3.8/dist-packages/neutron_lib/callbacks/manager.py:176}}
Mar 10 09:01:49.974393 chdv-832929-1 neutron-server[110672]: DEBUG neutron_lib.callbacks.manager [None req-6db43034-2cd8-4bbe-8c1c-f90a5d9e515e admin admin] Publish callbacks [] for security_group (0021dee6-a328-46bd-968e-f0b14e053e5b), precommit_delete {{(pid=110672) _notify_loop /usr/local/lib/python3.8/dist-packages/neutron_lib/callbacks/manager.py:176}}
Mar 10 09:01:50.059729 chdv-832929-1 neutron-server[110672]: INFO neutron.wsgi [req-69d3b617-12d8-4592-953d-181c1ae4d20d req-99712530-ba8d-49e9-a6c0-1d6594865dbe tempest-AggregatesAdminTestJSON-926068204 tempest-AggregatesAdminTestJSON-926068204-project] 10.222.0.44 "GET /v2.0/ports?device_id=9736596e-c51d-4239-8aed-f333c4bd8c5c HTTP/1.1" status: 200 len: 210 time: 0.0400887
Mar 10 09:01:50.066406 chdv-832929-1 neutron-server[110671]: DEBUG neutron_lib.callbacks.manager [req-1a6f1b23-3a6c-434e-94bb-f8856f37beb8 req-ac7fa432-cf90-4241-be4d-17f93803a48d tempest-DeleteServersAdminTestJSON-1863026345 tempest-DeleteServersAdminTestJSON-1863026345-project] Publish callbacks ['neutron.plugins.ml2.plugin.SecurityGroupServerNotifierRpcMixin._notify_sg_on_port_change-1387765', 'neutron.plugins.ml2.ovo_rpc._ObjectChangeHandler.handle_event-41064', 'neutron.api.rpc.agentnotifiers.dhcp_rpc_agent_api.DhcpAgentNotifyAPI._native_event_send_dhcp_notification-3794056', 'neutron.db.l3_dvrscheduler_db._notify_l3_agent_new_port-8766512452711'] for port (3b268177-8877-42cd-99b7-3697018afee6), after_create {{(pid=110671) _notify_loop /usr/local/lib/python3.8/dist-packages/neutron_lib/callbacks/manager.py:176}}
Mar 10 09:01:50.084133 chdv-832929-1 neutron-server[110672]: INFO neutron.wsgi [req-3382ca88-a134-4892-ad13-b31864316160 req-76077594-df11-458c-8a56-4b383f427c26 tempest-DeleteServersAdminTestJSON-1863026345 tempest-DeleteServersAdminTestJSON-1863026345-project] 10.222.0.44 "GET /v2.0/ports?device_id=139d6503-e49d-4ce2-a3e4-723a90574f1f HTTP/1.1" status: 200 len: 210 time: 0.0626457
Mar 10 09:01:50.157329 chdv-832929-1 neutron-server[110671]: DEBUG neutron.scheduler.dhcp_agent_scheduler [req-1a6f1b23-3a6c-434e-94bb-f8856f37beb8 req-ac7fa432-cf90-4241-be4d-17f93803a48d tempest-DeleteServersAdminTestJSON-1863026345 tempest-DeleteServersAdminTestJSON-1863026345-project] Network 1c6cb86e-ca14-4388-a8f5-5c7db0cbe919 is already hosted by enough agents. {{(pid=110671) _get_dhcp_agents_hosting_network /opt/stack/neutron/neutron/scheduler/dhcp_agent_scheduler.py:275}}
Mar 10 09:01:50.165074 chdv-832929-1 neutron-server[110671]: DEBUG neutron.scheduler.base_scheduler [req-1a6f1b23-3a6c-434e-94bb-f8856f37beb8 req-ac7fa432-cf90-4241-be4d-17f93803a48d tempest-DeleteServersAdminTestJSON-1863026345 tempest-DeleteServersAdminTestJSON-1863026345-project] Resources bound (agent type, host, resource id): {{(pid=110671) schedule /opt/stack/neutron/neutron/scheduler/base_scheduler.py:57}}
Mar 10 09:01:50.168674 chdv-832929-1 neutron-server[110672]: DEBUG neutron_lib.callbacks.manager [None req-6db43034-2cd8-4bbe-8c1c-f90a5d9e515e admin admin] Publish callbacks ['neutron.plugins.ml2.ovo_rpc._ObjectChangeHandler.handle_event-4180038'] for security_group (0021dee6-a328-46bd-968e-f0b14e053e5b), after_delete {{(pid=110672) _notify_loop /usr/local/lib/python3.8/dist-packages/neutron_lib/callbacks/manager.py:176}}
Mar 10 09:01:50.171693 chdv-832929-1 neutron-server[110671]: DEBUG neutron.db.l3_dvrscheduler_db [req-1a6f1b23-3a6c-434e-94bb-f8856f37beb8 req-ac7fa432-cf90-4241-be4d-17f93803a48d tempest-DeleteServersAdminTestJSON-1863026345 tempest-DeleteServersAdminTestJSON-1863026345-project] Received port after_create {{(pid=110671) _notify_l3_agent_new_port /opt/stack/neutron/neutron/db/l3_dvrscheduler_db.py:536}}
Mar 10 09:01:50.174745 chdv-832929-1 neutron-server[110672]: DEBUG neutron_lib.callbacks.manager [None req-6db43034-2cd8-4bbe-8c1c-f90a5d9e515e admin admin] Publish callbacks [] for security_group (None), before_response {{(pid=110672) _notify_loop /usr/local/lib/python3.8/dist-packages/neutron_lib/callbacks/manager.py:176}}
Mar 10 09:01:50.176550 chdv-832929-1 neutron-server[110672]: INFO neutron.wsgi [None req-6db43034-2cd8-4bbe-8c1c-f90a5d9e515e admin admin] 10.222.0.44 "DELETE /v2.0/security-groups/0021dee6-a328-46bd-968e-f0b14e053e5b HTTP/1.1" status: 204 len: 168 time: 0.3469622
Mar 10 09:01:50.176831 chdv-832929-1 neutron-server[110671]: DEBUG neutron.pecan_wsgi.hooks.policy_enforcement [req-1a6f1b23-3a6c-434e-94bb-f8856f37beb8 req-ac7fa432-cf90-4241-be4d-17f93803a48d tempest-DeleteServersAdminTestJSON-1863026345 tempest-DeleteServersAdminTestJSON-1863026345-project] Attributes excluded by policy engine: ['standard_attr_id', 'binding:profile', 'binding:host_id', 'binding:vif_type', 'binding:vif_details', 'network'] {{(pid=110671) _exclude_attributes_by_policy /opt/stack/neutron/neutron/pecan_wsgi/hooks/policy_enforcement.py:255}}
Mar 10 09:01:50.177433 chdv-832929-1 neutron-server[110671]: DEBUG neutron_lib.callbacks.manager [req-1a6f1b23-3a6c-434e-94bb-f8856f37beb8 req-ac7fa432-cf90-4241-be4d-17f93803a48d tempest-DeleteServersAdminTestJSON-1863026345 tempest-DeleteServersAdminTestJSON-1863026345-project] Publish callbacks ['neutron.notifiers.nova.Notifier._send_nova_notification-42655', 'neutron.api.rpc.agentnotifiers.dhcp_rpc_agent_api.DhcpAgentNotifyAPI._send_dhcp_notification-3794070'] for port (None), before_response {{(pid=110671) _notify_loop /usr/local/lib/python3.8/dist-packages/neutron_lib/callbacks/manager.py:176}}
Mar 10 09:01:50.190634 chdv-832929-1 neutron-server[110672]: DEBUG neutron.api.rpc.handlers.resources_rpc [None req-6db43034-2cd8-4bbe-8c1c-f90a5d9e515e admin admin] Pushing event deleted for resources: {'SecurityGroup': ['ID=0021dee6-a328-46bd-968e-f0b14e053e5b,revision_number=None']} {{(pid=110672) push /opt/stack/neutron/neutron/api/rpc/handlers/resources_rpc.py:237}}
Mar 10 09:01:50.190932 chdv-832929-1 neutron-server[110671]: DEBUG neutron.api.rpc.handlers.resources_rpc [None req-ac7fa432-cf90-4241-be4d-17f93803a48d tempest-DeleteServersAdminTestJSON-1863026345 tempest-DeleteServersAdminTestJSON-1863026345-project] Pushing event updated for resources: {'Port': ['ID=3b268177-8877-42cd-99b7-3697018afee6,revision_number=1']} {{(pid=110671) push /opt/stack/neutron/neutron/api/rpc/handlers/resources_rpc.py:237}}
Mar 10 09:01:50.243692 chdv-832929-1 neutron-server[110673]: DEBUG neutron_lib.callbacks.manager [None req-78d04af3-f3aa-491b-bebf-9ca804b3fc1c None None] Publish callbacks ['neutron.services.segments.db._update_segment_host_mapping_for_agent-8766512781572', 'neutron.plugins.ml2.plugin.Ml2Plugin._retry_binding_revived_agents-1416693'] for agent (ff2a46ba-0f9d-4a85-a7e1-2eedb63aaf67), after_update {{(pid=110673) _notify_loop /usr/local/lib/python3.8/dist-packages/neutron_lib/callbacks/manager.py:176}}
Mar 10 09:01:50.301208 chdv-832929-1 neutron-server[110671]: INFO neutron.wsgi [req-1a6f1b23-3a6c-434e-94bb-f8856f37beb8 req-ac7fa432-cf90-4241-be4d-17f93803a48d tempest-DeleteServersAdminTestJSON-1863026345 tempest-DeleteServersAdminTestJSON-1863026345-project] 10.222.0.35 "POST /v2.0/ports HTTP/1.1" status: 201 len: 936 time: 1.7061784
Mar 10 09:01:50.309104 chdv-832929-1 neutron-server[110671]: DEBUG neutron.wsgi [req-1a6f1b23-3a6c-434e-94bb-f8856f37beb8 req-b80f7482-aef8-4e4e-a93b-bfae880e7098 tempest-DeleteServersAdminTestJSON-1863026345 tempest-DeleteServersAdminTestJSON-1863026345-project] http://10.222.0.44:9696/v2.0/extensions returned with HTTP 200 {{(pid=110671) __call__ /opt/stack/neutron/neutron/wsgi.py:730}}
Mar 10 09:01:50.310143 chdv-832929-1 neutron-server[110671]: INFO neutron.wsgi [req-1a6f1b23-3a6c-434e-94bb-f8856f37beb8 req-b80f7482-aef8-4e4e-a93b-bfae880e7098 tempest-DeleteServersAdminTestJSON-1863026345 tempest-DeleteServersAdminTestJSON-1863026345-project] 10.222.0.35 "GET /v2.0/extensions HTTP/1.1" status: 200 len: 14082 time: 0.0057547
Mar 10 09:01:50.448617 chdv-832929-1 neutron-server[110673]: DEBUG neutron.db.provisioning_blocks [None req-be402374-a6a1-4617-93a2-a3984275d7e0 None None] Provisioning complete for port 3b268177-8877-42cd-99b7-3697018afee6 triggered by entity DHCP. {{(pid=110673) provisioning_complete /opt/stack/neutron/neutron/db/provisioning_blocks.py:140}}
Mar 10 09:01:50.449977 chdv-832929-1 neutron-server[110673]: DEBUG neutron_lib.callbacks.manager [None req-be402374-a6a1-4617-93a2-a3984275d7e0 None None] Publish callbacks ['neutron.plugins.ml2.plugin.Ml2Plugin._port_provisioned-1411607'] for port (3b268177-8877-42cd-99b7-3697018afee6), provisioning_complete {{(pid=110673) _notify_loop /usr/local/lib/python3.8/dist-packages/neutron_lib/callbacks/manager.py:176}}
Mar 10 09:01:50.528812 chdv-832929-1 neutron-server[110673]: DEBUG neutron.plugins.ml2.plugin [None req-be402374-a6a1-4617-93a2-a3984275d7e0 None None] Port 3b268177-8877-42cd-99b7-3697018afee6 cannot update to ACTIVE because it is not bound. {{(pid=110673) _port_provisioned /opt/stack/neutron/neutron/plugins/ml2/plugin.py:343}}
Mar 10 09:01:50.896543 chdv-832929-1 neutron-server[110671]: DEBUG neutron.wsgi [-] (110671) accepted ('10.222.0.44', 34644) {{(pid=110671) server /usr/local/lib/python3.8/dist-packages/eventlet/wsgi.py:1004}}
Mar 10 09:01:50.911728 chdv-832929-1 neutron-server[110671]: DEBUG neutron_lib.callbacks.manager [None req-eeccad1b-ad66-4bfd-a168-439d0ed6dadf admin admin] Publish callbacks [] for security_group (None), before_create {{(pid=110671) _notify_loop /usr/local/lib/python3.8/dist-packages/neutron_lib/callbacks/manager.py:176}}
Mar 10 09:01:51.038288 chdv-832929-1 neutron-server[110671]: DEBUG neutron_lib.callbacks.manager [None req-eeccad1b-ad66-4bfd-a168-439d0ed6dadf admin admin] Publish callbacks [] for security_group (2e3d5b38-b87b-4b18-9f0a-898c880f5c0a), precommit_create {{(pid=110671) _notify_loop /usr/local/lib/python3.8/dist-packages/neutron_lib/callbacks/manager.py:176}}
Mar 10 09:01:51.304043 chdv-832929-1 neutron-server[110672]: DEBUG neutron.pecan_wsgi.hooks.policy_enforcement [req-b9c0215e-b802-4083-8807-b826514ce812 req-eb08f5b0-d1f9-42a5-812d-be8f52ca1418 tempest-DeleteServersAdminTestJSON-1863026345 tempest-DeleteServersAdminTestJSON-1863026345-project] Attributes excluded by policy engine: ['standard_attr_id', 'binding:profile', 'binding:host_id', 'binding:vif_type', 'binding:vif_details'] {{(pid=110672) _exclude_attributes_by_policy /opt/stack/neutron/neutron/pecan_wsgi/hooks/policy_enforcement.py:255}}
Mar 10 09:01:51.305580 chdv-832929-1 neutron-server[110672]: INFO neutron.wsgi [req-b9c0215e-b802-4083-8807-b826514ce812 req-eb08f5b0-d1f9-42a5-812d-be8f52ca1418 tempest-DeleteServersAdminTestJSON-1863026345 tempest-DeleteServersAdminTestJSON-1863026345-project] 10.222.0.44 "GET /v2.0/ports?device_id=139d6503-e49d-4ce2-a3e4-723a90574f1f HTTP/1.1" status: 200 len: 934 time: 0.1088614
Mar 10 09:01:51.335046 chdv-832929-1 neutron-server[110672]: INFO neutron.wsgi [req-6bba0323-9eb6-424e-96c5-e1fe383ab3c5 req-f547540e-283a-4c08-8eec-174a3447c8dc tempest-AggregatesAdminTestJSON-926068204 tempest-AggregatesAdminTestJSON-926068204-project] 10.222.0.44 "GET /v2.0/ports?device_id=9736596e-c51d-4239-8aed-f333c4bd8c5c HTTP/1.1" status: 200 len: 210 time: 0.0677295
Mar 10 09:01:51.438827 chdv-832929-1 neutron-server[110672]: INFO neutron.wsgi [req-b9c0215e-b802-4083-8807-b826514ce812 req-36b3ed37-5d86-43db-9e06-2ac6635afa05 tempest-DeleteServersAdminTestJSON-1863026345 tempest-DeleteServersAdminTestJSON-1863026345-project] 10.222.0.44 "GET /v2.0/security-groups?id=a9a5146e-6c53-4aee-b23b-620e28ee8a3d&fields=id&fields=name HTTP/1.1" status: 200 len: 286 time: 0.1172113
Mar 10 09:01:51.860266 chdv-832929-1 neutron-server[110671]: DEBUG neutron_lib.callbacks.manager [None req-eeccad1b-ad66-4bfd-a168-439d0ed6dadf admin admin] Publish callbacks ['neutron.plugins.ml2.ovo_rpc._ObjectChangeHandler.handle_event-4180038'] for security_group (2e3d5b38-b87b-4b18-9f0a-898c880f5c0a), after_create {{(pid=110671) _notify_loop /usr/local/lib/python3.8/dist-packages/neutron_lib/callbacks/manager.py:176}}
Mar 10 09:01:51.898877 chdv-832929-1 neutron-server[110671]: INFO neutron.wsgi [None req-eeccad1b-ad66-4bfd-a168-439d0ed6dadf admin admin] 10.222.0.44 "GET /v2.0/security-groups?tenant_id=9c033117676a48db9e2f882725c3400d&name=default HTTP/1.1" status: 200 len: 2992 time: 1.0006971
Mar 10 09:01:51.909613 chdv-832929-1 neutron-server[110671]: DEBUG neutron.api.rpc.handlers.resources_rpc [None req-eeccad1b-ad66-4bfd-a168-439d0ed6dadf admin admin] Pushing event updated for resources: {'SecurityGroup': ['ID=2e3d5b38-b87b-4b18-9f0a-898c880f5c0a,revision_number=1']} {{(pid=110671) push /opt/stack/neutron/neutron/api/rpc/handlers/resources_rpc.py:237}}
Mar 10 09:01:51.909922 chdv-832929-1 neutron-server[110672]: DEBUG neutron.wsgi [-] (110672) accepted ('10.222.0.44', 34670) {{(pid=110672) server /usr/local/lib/python3.8/dist-packages/eventlet/wsgi.py:1004}}
Mar 10 09:01:51.989362 chdv-832929-1 neutron-server[110672]: DEBUG neutron_lib.callbacks.manager [None req-2fb5dda1-47c7-446e-9c71-4d3c93e50554 admin admin] Publish callbacks [] for security_group (2e3d5b38-b87b-4b18-9f0a-898c880f5c0a), before_delete {{(pid=110672) _notify_loop /usr/local/lib/python3.8/dist-packages/neutron_lib/callbacks/manager.py:176}}
Mar 10 09:01:52.029475 chdv-832929-1 neutron-server[110672]: DEBUG neutron_lib.callbacks.manager [None req-2fb5dda1-47c7-446e-9c71-4d3c93e50554 admin admin] Publish callbacks [] for security_group (2e3d5b38-b87b-4b18-9f0a-898c880f5c0a), precommit_delete {{(pid=110672) _notify_loop /usr/local/lib/python3.8/dist-packages/neutron_lib/callbacks/manager.py:176}}
Mar 10 09:01:52.186719 chdv-832929-1 neutron-server[110672]: DEBUG neutron_lib.callbacks.manager [None req-2fb5dda1-47c7-446e-9c71-4d3c93e50554 admin admin] Publish callbacks ['neutron.plugins.ml2.ovo_rpc._ObjectChangeHandler.handle_event-4180038'] for security_group (2e3d5b38-b87b-4b18-9f0a-898c880f5c0a), after_delete {{(pid=110672) _notify_loop /usr/local/lib/python3.8/dist-packages/neutron_lib/callbacks/manager.py:176}}
Mar 10 09:01:52.195878 chdv-832929-1 neutron-server[110672]: DEBUG neutron_lib.callbacks.manager [None req-2fb5dda1-47c7-446e-9c71-4d3c93e50554 admin admin] Publish callbacks [] for security_group (None), before_response {{(pid=110672) _notify_loop /usr/local/lib/python3.8/dist-packages/neutron_lib/callbacks/manager.py:176}}
Mar 10 09:01:52.197181 chdv-832929-1 neutron-server[110672]: INFO neutron.wsgi [None req-2fb5dda1-47c7-446e-9c71-4d3c93e50554 admin admin] 10.222.0.44 "DELETE /v2.0/security-groups/2e3d5b38-b87b-4b18-9f0a-898c880f5c0a HTTP/1.1" status: 204 len: 168 time: 0.2934084
Mar 10 09:01:52.212977 chdv-832929-1 neutron-server[110672]: DEBUG neutron.api.rpc.handlers.resources_rpc [None req-2fb5dda1-47c7-446e-9c71-4d3c93e50554 admin admin] Pushing event deleted for resources: {'SecurityGroup': ['ID=2e3d5b38-b87b-4b18-9f0a-898c880f5c0a,revision_number=None']} {{(pid=110672) push /opt/stack/neutron/neutron/api/rpc/handlers/resources_rpc.py:237}}
Mar 10 09:01:52.336655 chdv-832929-1 neutron-server[110673]: DEBUG neutron_lib.callbacks.manager [None req-dafc382f-30c6-4e0f-a9ec-530c8c7a80ab None None] Publish callbacks ['neutron.services.segments.db._update_segment_host_mapping_for_agent-8766512781572', 'neutron.plugins.ml2.plugin.Ml2Plugin._retry_binding_revived_agents-1416693'] for agent (b8afa1a5-8ce5-4eed-bfd9-f66dec72dc08), after_update {{(pid=110673) _notify_loop /usr/local/lib/python3.8/dist-packages/neutron_lib/callbacks/manager.py:176}}
Mar 10 09:01:52.443300 chdv-832929-1 neutron-server[110672]: INFO neutron.wsgi [req-77a7aa82-d488-4e1d-ab96-c9f561385de5 req-a53c2dd6-bca3-4123-9b2d-00bfd897d026 tempest-AggregatesAdminTestJSON-926068204 tempest-AggregatesAdminTestJSON-926068204-project] 10.222.0.44 "GET /v2.0/ports?device_id=9736596e-c51d-4239-8aed-f333c4bd8c5c HTTP/1.1" status: 200 len: 210 time: 0.0309076
Mar 10 09:01:52.597228 chdv-832929-1 neutron-server[110672]: DEBUG neutron.pecan_wsgi.hooks.policy_enforcement [req-0cc3831f-a479-4dee-93ed-b9b0f6bc59d5 req-4c2502f0-899e-4d1b-a75f-87910bd1885c tempest-DeleteServersAdminTestJSON-1863026345 tempest-DeleteServersAdminTestJSON-1863026345-project] Attributes excluded by policy engine: ['standard_attr_id', 'binding:profile', 'binding:host_id', 'binding:vif_type', 'binding:vif_details'] {{(pid=110672) _exclude_attributes_by_policy /opt/stack/neutron/neutron/pecan_wsgi/hooks/policy_enforcement.py:255}}
Mar 10 09:01:52.598739 chdv-832929-1 neutron-server[110672]: INFO neutron.wsgi [req-0cc3831f-a479-4dee-93ed-b9b0f6bc59d5 req-4c2502f0-899e-4d1b-a75f-87910bd1885c tempest-DeleteServersAdminTestJSON-1863026345 tempest-DeleteServersAdminTestJSON-1863026345-project] 10.222.0.44 "GET /v2.0/ports?device_id=139d6503-e49d-4ce2-a3e4-723a90574f1f HTTP/1.1" status: 200 len: 934 time: 0.0772424
Mar 10 09:01:52.658569 chdv-832929-1 neutron-server[110672]: INFO neutron.wsgi [req-0cc3831f-a479-4dee-93ed-b9b0f6bc59d5 req-16d27b35-4790-4ce7-ba83-3706e8fa6098 tempest-DeleteServersAdminTestJSON-1863026345 tempest-DeleteServersAdminTestJSON-1863026345-project] 10.222.0.44 "GET /v2.0/security-groups?id=a9a5146e-6c53-4aee-b23b-620e28ee8a3d&fields=id&fields=name HTTP/1.1" status: 200 len: 286 time: 0.0519083
Mar 10 09:01:53.555996 chdv-832929-1 neutron-server[110672]: INFO neutron.wsgi [req-4dfc4c05-dc23-4ed8-a345-f22ead951b1c req-543d5ea8-e5b3-4b2d-a85f-210a436d738a tempest-AggregatesAdminTestJSON-926068204 tempest-AggregatesAdminTestJSON-926068204-project] 10.222.0.44 "GET /v2.0/ports?device_id=9736596e-c51d-4239-8aed-f333c4bd8c5c HTTP/1.1" status: 200 len: 210 time: 0.0459058
Mar 10 09:01:53.818797 chdv-832929-1 neutron-server[110672]: DEBUG neutron.pecan_wsgi.hooks.policy_enforcement [req-e5a1b7b1-c772-4762-a2fe-4530617ee42e req-f33dffcd-d95f-4e29-b0a0-c27c872fa77c tempest-DeleteServersAdminTestJSON-1863026345 tempest-DeleteServersAdminTestJSON-1863026345-project] Attributes excluded by policy engine: ['standard_attr_id', 'binding:profile', 'binding:host_id', 'binding:vif_type', 'binding:vif_details'] {{(pid=110672) _exclude_attributes_by_policy /opt/stack/neutron/neutron/pecan_wsgi/hooks/policy_enforcement.py:255}}
Mar 10 09:01:53.824069 chdv-832929-1 neutron-server[110672]: INFO neutron.wsgi [req-e5a1b7b1-c772-4762-a2fe-4530617ee42e req-f33dffcd-d95f-4e29-b0a0-c27c872fa77c tempest-DeleteServersAdminTestJSON-1863026345 tempest-DeleteServersAdminTestJSON-1863026345-project] 10.222.0.44 "GET /v2.0/ports?device_id=139d6503-e49d-4ce2-a3e4-723a90574f1f HTTP/1.1" status: 200 len: 934 time: 0.0596652
Mar 10 09:01:53.824154 chdv-832929-1 neutron-server[110671]: DEBUG neutron.wsgi [-] (110671) accepted ('10.222.0.44', 34734) {{(pid=110671) server /usr/local/lib/python3.8/dist-packages/eventlet/wsgi.py:1004}}
Mar 10 09:01:53.887335 chdv-832929-1 neutron-server[110672]: INFO neutron.wsgi [req-e5a1b7b1-c772-4762-a2fe-4530617ee42e req-fadecefd-be2a-4483-b23f-43f2db58b447 tempest-DeleteServersAdminTestJSON-1863026345 tempest-DeleteServersAdminTestJSON-1863026345-project] 10.222.0.44 "GET /v2.0/security-groups?id=a9a5146e-6c53-4aee-b23b-620e28ee8a3d&fields=id&fields=name HTTP/1.1" status: 200 len: 286 time: 0.0568056
Mar 10 09:01:54.301584 chdv-832929-1 neutron-server[110671]: DEBUG neutron.api.v2.base [None req-14f37b6b-bf33-4943-a70d-3d185f0b5854 admin admin] Request body: {'network': {'name': 'tempest-LiveAutoBlockMigrationV225Test-1920780999-network', 'tenant_id': '036fae94b8eb412e88db0da709ce8a9f'}} {{(pid=110671) prepare_request_body /opt/stack/neutron/neutron/api/v2/base.py:729}}
Mar 10 09:01:54.410845 chdv-832929-1 neutron-server[110671]: DEBUG neutron.pecan_wsgi.hooks.quota_enforcement [None req-14f37b6b-bf33-4943-a70d-3d185f0b5854 admin admin] Made reservation on behalf of 036fae94b8eb412e88db0da709ce8a9f for: {'network': 1} {{(pid=110671) before /opt/stack/neutron/neutron/pecan_wsgi/hooks/quota_enforcement.py:53}}
Mar 10 09:01:54.411684 chdv-832929-1 neutron-server[110671]: DEBUG neutron_lib.callbacks.manager [None req-14f37b6b-bf33-4943-a70d-3d185f0b5854 admin admin] Publish callbacks ['neutron.plugins.ml2.plugin.SecurityGroupDbMixin._ensure_default_security_group_handler-1387609'] for network (None), before_create {{(pid=110671) _notify_loop /usr/local/lib/python3.8/dist-packages/neutron_lib/callbacks/manager.py:176}}
Mar 10 09:01:54.426285 chdv-832929-1 neutron-server[110671]: DEBUG neutron_lib.callbacks.manager [None req-14f37b6b-bf33-4943-a70d-3d185f0b5854 admin admin] Publish callbacks [] for security_group (None), before_create {{(pid=110671) _notify_loop /usr/local/lib/python3.8/dist-packages/neutron_lib/callbacks/manager.py:176}}
Mar 10 09:01:54.538461 chdv-832929-1 neutron-server[110671]: DEBUG neutron_lib.callbacks.manager [None req-14f37b6b-bf33-4943-a70d-3d185f0b5854 admin admin] Publish callbacks [] for security_group (514c9de1-b92a-4d10-a77a-88e2a5efeae9), precommit_create {{(pid=110671) _notify_loop /usr/local/lib/python3.8/dist-packages/neutron_lib/callbacks/manager.py:176}}
Mar 10 09:01:54.626510 chdv-832929-1 neutron-server[110671]: DEBUG neutron_lib.callbacks.manager [None req-14f37b6b-bf33-4943-a70d-3d185f0b5854 admin admin] Publish callbacks ['neutron.plugins.ml2.ovo_rpc._ObjectChangeHandler.handle_event-4180038'] for security_group (514c9de1-b92a-4d10-a77a-88e2a5efeae9), after_create {{(pid=110671) _notify_loop /usr/local/lib/python3.8/dist-packages/neutron_lib/callbacks/manager.py:176}}
Mar 10 09:01:54.691096 chdv-832929-1 neutron-server[110671]: DEBUG neutron.api.rpc.handlers.resources_rpc [None req-14f37b6b-bf33-4943-a70d-3d185f0b5854 admin admin] Pushing event updated for resources: {'SecurityGroup': ['ID=514c9de1-b92a-4d10-a77a-88e2a5efeae9,revision_number=1']} {{(pid=110671) push /opt/stack/neutron/neutron/api/rpc/handlers/resources_rpc.py:237}}
Mar 10 09:01:54.715489 chdv-832929-1 neutron-server[110671]: DEBUG neutron.plugins.ml2.drivers.helpers [None req-14f37b6b-bf33-4943-a70d-3d185f0b5854 admin admin] vlan segment allocate from pool success with {'vlan_id': 285, 'physical_network': 'physnet1'} {{(pid=110671) allocate_partially_specified_segment /opt/stack/neutron/neutron/plugins/ml2/drivers/helpers.py:153}}
Mar 10 09:01:54.732975 chdv-832929-1 neutron-server[110671]: DEBUG neutron_lib.callbacks.manager [None req-14f37b6b-bf33-4943-a70d-3d185f0b5854 admin admin] Publish callbacks ['neutron.plugins.ml2.plugin.Ml2Plugin._handle_segment_change-1290906'] for segment (ee312a61-810c-4d11-926e-1d8e2a00357f), precommit_create {{(pid=110671) _notify_loop /usr/local/lib/python3.8/dist-packages/neutron_lib/callbacks/manager.py:176}}
Mar 10 09:01:54.733317 chdv-832929-1 neutron-server[110671]: INFO neutron.db.segments_db [None req-14f37b6b-bf33-4943-a70d-3d185f0b5854 admin admin] Added segment ee312a61-810c-4d11-926e-1d8e2a00357f of type vlan for network 2dd3363b-cbb6-4d9f-9f3b-cafff4b374bb
Mar 10 09:01:54.754202 chdv-832929-1 neutron-server[110672]: INFO neutron.wsgi [req-6a88f921-6074-4bc2-b0e3-a7a60fed9472 req-2875964a-bbd9-461a-8944-da189daa99f7 tempest-AggregatesAdminTestJSON-926068204 tempest-AggregatesAdminTestJSON-926068204-project] 10.222.0.44 "GET /v2.0/ports?device_id=9736596e-c51d-4239-8aed-f333c4bd8c5c HTTP/1.1" status: 200 len: 210 time: 0.0625553
Mar 10 09:01:54.786833 chdv-832929-1 neutron-server[110671]: DEBUG neutron_lib.callbacks.manager [None req-14f37b6b-bf33-4943-a70d-3d185f0b5854 admin admin] Publish callbacks ['neutron.services.auto_allocate.db._ensure_external_network_default_value_callback-8766512471233'] for network (2dd3363b-cbb6-4d9f-9f3b-cafff4b374bb), precommit_create {{(pid=110671) _notify_loop /usr/local/lib/python3.8/dist-packages/neutron_lib/callbacks/manager.py:176}}
Mar 10 09:01:54.894854 chdv-832929-1 neutron-server[110671]: DEBUG neutron_lib.callbacks.manager [None req-14f37b6b-bf33-4943-a70d-3d185f0b5854 admin admin] Publish callbacks ['neutron.plugins.ml2.ovo_rpc._ObjectChangeHandler.handle_event-4170641', 'neutron.api.rpc.agentnotifiers.dhcp_rpc_agent_api.DhcpAgentNotifyAPI._native_event_send_dhcp_notification-3794056'] for network (2dd3363b-cbb6-4d9f-9f3b-cafff4b374bb), after_create {{(pid=110671) _notify_loop /usr/local/lib/python3.8/dist-packages/neutron_lib/callbacks/manager.py:176}}
Mar 10 09:01:54.895877 chdv-832929-1 neutron-server[110671]: DEBUG neutron.pecan_wsgi.hooks.policy_enforcement [None req-14f37b6b-bf33-4943-a70d-3d185f0b5854 admin admin] Attributes excluded by policy engine: ['standard_attr_id', 'vlan_transparent'] {{(pid=110671) _exclude_attributes_by_policy /opt/stack/neutron/neutron/pecan_wsgi/hooks/policy_enforcement.py:255}}
Mar 10 09:01:54.896513 chdv-832929-1 neutron-server[110671]: DEBUG neutron_lib.callbacks.manager [None req-14f37b6b-bf33-4943-a70d-3d185f0b5854 admin admin] Publish callbacks ['neutron.api.rpc.agentnotifiers.dhcp_rpc_agent_api.DhcpAgentNotifyAPI._send_dhcp_notification-3794070'] for network (None), before_response {{(pid=110671) _notify_loop /usr/local/lib/python3.8/dist-packages/neutron_lib/callbacks/manager.py:176}}
Mar 10 09:01:55.112867 chdv-832929-1 neutron-server[110671]: DEBUG neutron.api.rpc.handlers.resources_rpc [None req-14f37b6b-bf33-4943-a70d-3d185f0b5854 admin admin] Pushing event updated for resources: {'Network': ['ID=2dd3363b-cbb6-4d9f-9f3b-cafff4b374bb,revision_number=1']} {{(pid=110671) push /opt/stack/neutron/neutron/api/rpc/handlers/resources_rpc.py:237}}
Mar 10 09:01:55.132946 chdv-832929-1 neutron-server[110671]: INFO neutron.wsgi [None req-14f37b6b-bf33-4943-a70d-3d185f0b5854 admin admin] 10.222.0.44 "POST /v2.0/networks HTTP/1.1" status: 201 len: 894 time: 1.2960894
Mar 10 09:01:55.133359 chdv-832929-1 neutron-server[110673]: DEBUG neutron.plugins.ml2.rpc [None req-dafc382f-30c6-4e0f-a9ec-530c8c7a80ab None None] Network 2dd3363b-cbb6-4d9f-9f3b-cafff4b374bb details requested by agent ovs-agent-chdv-832929-1 with host chdv-832929-1 {{(pid=110673) get_network_details /opt/stack/neutron/neutron/plugins/ml2/rpc.py:248}}
Mar 10 09:01:55.136304 chdv-832929-1 neutron-server[110672]: DEBUG neutron.wsgi [-] (110672) accepted ('10.222.0.44', 34774) {{(pid=110672) server /usr/local/lib/python3.8/dist-packages/eventlet/wsgi.py:1004}}
Mar 10 09:01:55.149300 chdv-832929-1 neutron-server[110672]: DEBUG neutron.api.v2.base [None req-e09298d4-7e92-438b-af71-627a777f29a7 admin admin] Request body: {'subnet': {'network_id': '2dd3363b-cbb6-4d9f-9f3b-cafff4b374bb', 'cidr': '172.20.0.0/28', 'name': 'tempest-LiveAutoBlockMigrationV225Test-1920780999-subnet', 'tenant_id': '036fae94b8eb412e88db0da709ce8a9f', 'enable_dhcp': False, 'ip_version': 4}} {{(pid=110672) prepare_request_body /opt/stack/neutron/neutron/api/v2/base.py:729}}
Mar 10 09:01:55.191203 chdv-832929-1 neutron-server[110672]: DEBUG neutron.pecan_wsgi.hooks.policy_enforcement [req-11a9bd18-f30a-4382-87c8-8c78055f51b5 req-0ad9a360-040a-4806-acfe-63d67477af25 tempest-DeleteServersAdminTestJSON-1863026345 tempest-DeleteServersAdminTestJSON-1863026345-project] Attributes excluded by policy engine: ['standard_attr_id', 'binding:profile', 'binding:host_id', 'binding:vif_type', 'binding:vif_details'] {{(pid=110672) _exclude_attributes_by_policy /opt/stack/neutron/neutron/pecan_wsgi/hooks/policy_enforcement.py:255}}
Mar 10 09:01:55.199130 chdv-832929-1 neutron-server[110672]: INFO neutron.wsgi [req-11a9bd18-f30a-4382-87c8-8c78055f51b5 req-0ad9a360-040a-4806-acfe-63d67477af25 tempest-DeleteServersAdminTestJSON-1863026345 tempest-DeleteServersAdminTestJSON-1863026345-project] 10.222.0.44 "GET /v2.0/ports?device_id=139d6503-e49d-4ce2-a3e4-723a90574f1f HTTP/1.1" status: 200 len: 934 time: 0.1701329
Mar 10 09:01:55.282840 chdv-832929-1 neutron-server[110672]: INFO neutron.wsgi [req-11a9bd18-f30a-4382-87c8-8c78055f51b5 req-35430eaf-4cca-45a0-9656-97680871c320 tempest-DeleteServersAdminTestJSON-1863026345 tempest-DeleteServersAdminTestJSON-1863026345-project] 10.222.0.44 "GET /v2.0/security-groups?id=a9a5146e-6c53-4aee-b23b-620e28ee8a3d&fields=id&fields=name HTTP/1.1" status: 200 len: 286 time: 0.0823560
Mar 10 09:01:55.284636 chdv-832929-1 neutron-server[110672]: DEBUG neutron.pecan_wsgi.hooks.quota_enforcement [None req-e09298d4-7e92-438b-af71-627a777f29a7 admin admin] Made reservation on behalf of 036fae94b8eb412e88db0da709ce8a9f for: {'subnet': 1} {{(pid=110672) before /opt/stack/neutron/neutron/pecan_wsgi/hooks/quota_enforcement.py:53}}
Mar 10 09:01:55.289024 chdv-832929-1 neutron-server[110672]: DEBUG neutron_lib.callbacks.manager [None req-e09298d4-7e92-438b-af71-627a777f29a7 admin admin] Publish callbacks [] for subnet (None), before_create {{(pid=110672) _notify_loop /usr/local/lib/python3.8/dist-packages/neutron_lib/callbacks/manager.py:176}}
Mar 10 09:01:55.432769 chdv-832929-1 neutron-server[110671]: DEBUG neutron.wsgi [-] (110671) accepted ('10.222.0.44', 34786) {{(pid=110671) server /usr/local/lib/python3.8/dist-packages/eventlet/wsgi.py:1004}}
Mar 10 09:01:55.653696 chdv-832929-1 neutron-server[110671]: DEBUG neutron.api.v2.base [None req-47964082-7b15-407f-ba9c-4fd2be1d6bf3 admin admin] Request body: {'network': {'name': 'tempest-ServersWithSpecificFlavorTestJSON-47602232-network', 'tenant_id': 'ff7bd3d30b914235af3f1ed96ebe0192'}} {{(pid=110671) prepare_request_body /opt/stack/neutron/neutron/api/v2/base.py:729}}
Mar 10 09:01:55.778327 chdv-832929-1 neutron-server[110672]: DEBUG neutron_lib.callbacks.manager [None req-e09298d4-7e92-438b-af71-627a777f29a7 admin admin] Publish callbacks ['neutron.plugins.ml2.ovo_rpc._ObjectChangeHandler.handle_event-45084', 'neutron.api.rpc.agentnotifiers.dhcp_rpc_agent_api.DhcpAgentNotifyAPI._native_event_send_dhcp_notification-3794056'] for subnet (e8253139-e1fd-4e47-a814-bf33fa88bad5), after_create {{(pid=110672) _notify_loop /usr/local/lib/python3.8/dist-packages/neutron_lib/callbacks/manager.py:176}}
Mar 10 09:01:55.815484 chdv-832929-1 neutron-server[110671]: DEBUG neutron.pecan_wsgi.hooks.quota_enforcement [None req-47964082-7b15-407f-ba9c-4fd2be1d6bf3 admin admin] Made reservation on behalf of ff7bd3d30b914235af3f1ed96ebe0192 for: {'network': 1} {{(pid=110671) before /opt/stack/neutron/neutron/pecan_wsgi/hooks/quota_enforcement.py:53}}
Mar 10 09:01:55.818900 chdv-832929-1 neutron-server[110671]: DEBUG neutron_lib.callbacks.manager [None req-47964082-7b15-407f-ba9c-4fd2be1d6bf3 admin admin] Publish callbacks ['neutron.plugins.ml2.plugin.SecurityGroupDbMixin._ensure_default_security_group_handler-1387609'] for network (None), before_create {{(pid=110671) _notify_loop /usr/local/lib/python3.8/dist-packages/neutron_lib/callbacks/manager.py:176}}
Mar 10 09:01:55.833136 chdv-832929-1 neutron-server[110671]: DEBUG neutron_lib.callbacks.manager [None req-47964082-7b15-407f-ba9c-4fd2be1d6bf3 admin admin] Publish callbacks [] for security_group (None), before_create {{(pid=110671) _notify_loop /usr/local/lib/python3.8/dist-packages/neutron_lib/callbacks/manager.py:176}}
Mar 10 09:01:55.968325 chdv-832929-1 neutron-server[110671]: DEBUG neutron.api.v2.base [req-1a6f1b23-3a6c-434e-94bb-f8856f37beb8 req-bf095b6d-7305-43a7-ae10-c41cfe353fe8 service neutron] Request body: {'port': {'device_id': '139d6503-e49d-4ce2-a3e4-723a90574f1f', 'device_owner': 'compute:nova', 'binding:host_id': 'chh1-832929-1'}} {{(pid=110671) prepare_request_body /opt/stack/neutron/neutron/api/v2/base.py:729}}
Mar 10 09:01:56.088064 chdv-832929-1 neutron-server[110672]: DEBUG neutron.api.rpc.handlers.resources_rpc [None req-e09298d4-7e92-438b-af71-627a777f29a7 admin admin] Pushing event updated for resources: {'Subnet': ['ID=e8253139-e1fd-4e47-a814-bf33fa88bad5,revision_number=0']} {{(pid=110672) push /opt/stack/neutron/neutron/api/rpc/handlers/resources_rpc.py:237}}
Mar 10 09:01:56.135903 chdv-832929-1 neutron-server[110672]: INFO neutron.wsgi [req-65c796a2-97f8-42e7-a255-355553ef5778 req-b5ef619a-c2da-47a1-a176-342a4c19adcf tempest-AggregatesAdminTestJSON-926068204 tempest-AggregatesAdminTestJSON-926068204-project] 10.222.0.44 "GET /v2.0/ports?device_id=9736596e-c51d-4239-8aed-f333c4bd8c5c HTTP/1.1" status: 200 len: 210 time: 0.0629687
Mar 10 09:01:56.190104 chdv-832929-1 neutron-server[110672]: DEBUG neutron.plugins.ml2.drivers.mech_agent [None req-e09298d4-7e92-438b-af71-627a777f29a7 admin admin] Checking segment: {'id': 'ee312a61-810c-4d11-926e-1d8e2a00357f', 'network_type': 'vlan', 'physical_network': 'physnet1', 'segmentation_id': 285, 'network_id': '2dd3363b-cbb6-4d9f-9f3b-cafff4b374bb'} for mappings: {'physnet1': 'br-data'} with network types: ['local', 'flat', 'vlan'] {{(pid=110672) check_segment_for_agent /opt/stack/neutron/neutron/plugins/ml2/drivers/mech_agent.py:373}}
Mar 10 09:01:56.191589 chdv-832929-1 neutron-server[110672]: DEBUG neutron.scheduler.dhcp_agent_scheduler [None req-e09298d4-7e92-438b-af71-627a777f29a7 admin admin] Network hostable DHCP agents. Network: 2dd3363b-cbb6-4d9f-9f3b-cafff4b374bb, hostable agents: ['525736bf-39eb-4007-aa2f-9017754a308e'], hosted agents: [] {{(pid=110672) _get_network_hostable_dhcp_agents /opt/stack/neutron/neutron/scheduler/dhcp_agent_scheduler.py:329}}
Mar 10 09:01:56.192858 chdv-832929-1 neutron-server[110671]: DEBUG neutron_lib.callbacks.manager [req-1a6f1b23-3a6c-434e-94bb-f8856f37beb8 req-bf095b6d-7305-43a7-ae10-c41cfe353fe8 service neutron] Publish callbacks ['neutron.plugins.ml2.plugin.SecurityGroupDbMixin._ensure_default_security_group_handler-1387609'] for port (3b268177-8877-42cd-99b7-3697018afee6), before_update {{(pid=110671) _notify_loop /usr/local/lib/python3.8/dist-packages/neutron_lib/callbacks/manager.py:176}}
Mar 10 09:01:56.223413 chdv-832929-1 neutron-server[110671]: DEBUG neutron_lib.callbacks.manager [None req-47964082-7b15-407f-ba9c-4fd2be1d6bf3 admin admin] Publish callbacks [] for security_group (c07b38c1-4535-4211-83ed-8b59eb8f36d0), precommit_create {{(pid=110671) _notify_loop /usr/local/lib/python3.8/dist-packages/neutron_lib/callbacks/manager.py:176}}
Mar 10 09:01:56.351971 chdv-832929-1 neutron-server[110672]: DEBUG neutron.scheduler.dhcp_agent_scheduler [None req-e09298d4-7e92-438b-af71-627a777f29a7 admin admin] Network 2dd3363b-cbb6-4d9f-9f3b-cafff4b374bb is scheduled to be hosted by DHCP agent 525736bf-39eb-4007-aa2f-9017754a308e with binding_index 1 {{(pid=110672) bind /opt/stack/neutron/neutron/scheduler/dhcp_agent_scheduler.py:227}}
