Mar 10 09:08:42.692399 chdv-832929-1 devstack@placement-api.service[111154]: DEBUG placement.objects.research_context [req-8d416824-6f6a-4114-9b0b-f292077ee1e2 req-c7f8e491-e205-40d3-99cd-ba79b99b9962 service placement] getting providers with 1024 MEMORY_MB {{(pid=111154) __init__ /opt/stack/placement/placement/objects/research_context.py:136}}
Mar 10 09:08:42.698652 chdv-832929-1 devstack@placement-api.service[111154]: DEBUG placement.objects.research_context [req-8d416824-6f6a-4114-9b0b-f292077ee1e2 req-c7f8e491-e205-40d3-99cd-ba79b99b9962 service placement] getting providers with 1 VCPU {{(pid=111154) __init__ /opt/stack/placement/placement/objects/research_context.py:136}}
Mar 10 09:08:42.706774 chdv-832929-1 devstack@placement-api.service[111154]: DEBUG placement.objects.research_context [req-8d416824-6f6a-4114-9b0b-f292077ee1e2 req-c7f8e491-e205-40d3-99cd-ba79b99b9962 service placement] found 2 providers with available 1 DISK_GB {{(pid=111154) get_provider_ids_matching /opt/stack/placement/placement/objects/research_context.py:559}}
Mar 10 09:08:42.707304 chdv-832929-1 devstack@placement-api.service[111154]: DEBUG placement.objects.research_context [req-8d416824-6f6a-4114-9b0b-f292077ee1e2 req-c7f8e491-e205-40d3-99cd-ba79b99b9962 service placement] found 2 providers with available 1024 MEMORY_MB {{(pid=111154) get_provider_ids_matching /opt/stack/placement/placement/objects/research_context.py:559}}
Mar 10 09:08:42.707848 chdv-832929-1 devstack@placement-api.service[111154]: DEBUG placement.objects.research_context [req-8d416824-6f6a-4114-9b0b-f292077ee1e2 req-c7f8e491-e205-40d3-99cd-ba79b99b9962 service placement] found 2 providers after filtering by previous result {{(pid=111154) get_provider_ids_matching /opt/stack/placement/placement/objects/research_context.py:590}}
Mar 10 09:08:42.708330 chdv-832929-1 devstack@placement-api.service[111154]: DEBUG placement.objects.research_context [req-8d416824-6f6a-4114-9b0b-f292077ee1e2 req-c7f8e491-e205-40d3-99cd-ba79b99b9962 service placement] found 2 providers with available 1 VCPU {{(pid=111154) get_provider_ids_matching /opt/stack/placement/placement/objects/research_context.py:559}}
Mar 10 09:08:42.708826 chdv-832929-1 devstack@placement-api.service[111154]: DEBUG placement.objects.research_context [req-8d416824-6f6a-4114-9b0b-f292077ee1e2 req-c7f8e491-e205-40d3-99cd-ba79b99b9962 service placement] found 2 providers after filtering by previous result {{(pid=111154) get_provider_ids_matching /opt/stack/placement/placement/objects/research_context.py:590}}
Mar 10 09:08:42.721417 chdv-832929-1 devstack@placement-api.service[111154]: DEBUG placement.objects.allocation_candidate [req-8d416824-6f6a-4114-9b0b-f292077ee1e2 req-c7f8e491-e205-40d3-99cd-ba79b99b9962 service placement] RequestGroup(use_same_provider=False, resources={DISK_GB:1, MEMORY_MB:1024, VCPU:1}, traits=(), aggregates=[]) (suffix '') returned 2 matches {{(pid=111154) _get_by_requests /opt/stack/placement/placement/objects/allocation_candidate.py:156}}
Mar 10 09:08:42.722454 chdv-832929-1 devstack@placement-api.service[111154]: DEBUG placement.objects.allocation_candidate [req-8d416824-6f6a-4114-9b0b-f292077ee1e2 req-c7f8e491-e205-40d3-99cd-ba79b99b9962 service placement] Merging candidates yields 2 allocation requests and 2 provider summaries {{(pid=111154) _merge_candidates /opt/stack/placement/placement/objects/allocation_candidate.py:809}}
Mar 10 09:08:42.724365 chdv-832929-1 devstack@placement-api.service[111154]: INFO placement.requestlog [req-8d416824-6f6a-4114-9b0b-f292077ee1e2 req-c7f8e491-e205-40d3-99cd-ba79b99b9962 service placement] 10.222.0.44 "GET /placement/allocation_candidates?resources=DISK_GB%3A1%2CMEMORY_MB%3A1024%2CVCPU%3A1&root_required=%21COMPUTE_STATUS_DISABLED" status: 200 len: 1309 microversion: 1.36
Mar 10 09:08:42.725354 chdv-832929-1 devstack@placement-api.service[111154]: [pid: 111154|app: 0|req: 165/327] 10.222.0.44 () {60 vars in 1484 bytes} [Thu Mar 10 09:08:42 2022] GET /placement/allocation_candidates?resources=DISK_GB%3A1%2CMEMORY_MB%3A1024%2CVCPU%3A1&root_required=%21COMPUTE_STATUS_DISABLED => generated 1309 bytes in 151 msecs (HTTP/1.1 200) 8 headers in 297 bytes (1 switches on core 0)
Mar 10 09:08:42.783205 chdv-832929-1 devstack@placement-api.service[111153]: DEBUG placement.requestlog [req-8cbb136b-a387-44b9-bcbd-4cf15fc7b84d req-58ebffed-b26e-408c-a493-3860ad47df83 None None] Starting request: 10.222.0.15 "DELETE /placement/allocations/743f104c-d941-490f-9ce9-582606dbfead" {{(pid=111153) __call__ /opt/stack/placement/placement/requestlog.py:55}}
Mar 10 09:08:42.865331 chdv-832929-1 devstack@placement-api.service[111154]: DEBUG placement.requestlog [req-8d416824-6f6a-4114-9b0b-f292077ee1e2 req-5f186e0f-9c7c-4042-b742-4696ef74a6e5 None None] Starting request: 10.222.0.44 "GET /placement/allocations/7d112e38-1d4d-43bc-8dd3-e6d2a4069ddb" {{(pid=111154) __call__ /opt/stack/placement/placement/requestlog.py:55}}
Mar 10 09:08:42.887425 chdv-832929-1 devstack@placement-api.service[111154]: INFO placement.requestlog [req-8d416824-6f6a-4114-9b0b-f292077ee1e2 req-5f186e0f-9c7c-4042-b742-4696ef74a6e5 service placement] 10.222.0.44 "GET /placement/allocations/7d112e38-1d4d-43bc-8dd3-e6d2a4069ddb" status: 200 len: 19 microversion: 1.28
Mar 10 09:08:42.896606 chdv-832929-1 devstack@placement-api.service[111154]: [pid: 111154|app: 0|req: 166/328] 10.222.0.44 () {60 vars in 1380 bytes} [Thu Mar 10 09:08:42 2022] GET /placement/allocations/7d112e38-1d4d-43bc-8dd3-e6d2a4069ddb => generated 19 bytes in 32 msecs (HTTP/1.1 200) 8 headers in 295 bytes (2 switches on core 0)
Mar 10 09:08:42.904087 chdv-832929-1 devstack@placement-api.service[111154]: DEBUG placement.requestlog [req-8d416824-6f6a-4114-9b0b-f292077ee1e2 req-c5ac2739-5c85-4ce8-be97-d9361494b5dc None None] Starting request: 10.222.0.44 "PUT /placement/allocations/7d112e38-1d4d-43bc-8dd3-e6d2a4069ddb" {{(pid=111154) __call__ /opt/stack/placement/placement/requestlog.py:55}}
Mar 10 09:08:43.034168 chdv-832929-1 devstack@placement-api.service[111153]: DEBUG placement.handlers.allocation [req-8cbb136b-a387-44b9-bcbd-4cf15fc7b84d req-58ebffed-b26e-408c-a493-3860ad47df83 service placement] Successfully deleted allocations [, , ] {{(pid=111153) delete_allocations /opt/stack/placement/placement/handlers/allocation.py:627}}
Mar 10 09:08:43.034666 chdv-832929-1 devstack@placement-api.service[111153]: INFO placement.requestlog [req-8cbb136b-a387-44b9-bcbd-4cf15fc7b84d req-58ebffed-b26e-408c-a493-3860ad47df83 service placement] 10.222.0.15 "DELETE /placement/allocations/743f104c-d941-490f-9ce9-582606dbfead" status: 204 len: 0 microversion: 1.0
Mar 10 09:08:43.035319 chdv-832929-1 devstack@placement-api.service[111153]: [pid: 111153|app: 0|req: 163/329] 10.222.0.15 () {60 vars in 1355 bytes} [Thu Mar 10 09:08:42 2022] DELETE /placement/allocations/743f104c-d941-490f-9ce9-582606dbfead => generated 0 bytes in 253 msecs (HTTP/1.1 204) 5 headers in 198 bytes (1 switches on core 0)
Mar 10 09:08:43.134236 chdv-832929-1 devstack@placement-api.service[111154]: DEBUG placement.handlers.allocation [req-8d416824-6f6a-4114-9b0b-f292077ee1e2 req-c5ac2739-5c85-4ce8-be97-d9361494b5dc service placement] Successfully wrote allocations [, , ] {{(pid=111154) _update_consumers_and_create_allocations /opt/stack/placement/placement/handlers/allocation.py:462}}
Mar 10 09:08:43.216480 chdv-832929-1 devstack@placement-api.service[111154]: INFO placement.requestlog [req-8d416824-6f6a-4114-9b0b-f292077ee1e2 req-c5ac2739-5c85-4ce8-be97-d9361494b5dc service placement] 10.222.0.44 "PUT /placement/allocations/7d112e38-1d4d-43bc-8dd3-e6d2a4069ddb" status: 204 len: 0 microversion: 1.36
Mar 10 09:08:43.222683 chdv-832929-1 devstack@placement-api.service[111154]: [pid: 111154|app: 0|req: 167/330] 10.222.0.44 () {64 vars in 1433 bytes} [Thu Mar 10 09:08:42 2022] PUT /placement/allocations/7d112e38-1d4d-43bc-8dd3-e6d2a4069ddb => generated 0 bytes in 313 msecs (HTTP/1.1 204) 5 headers in 199 bytes (2 switches on core 0)
Mar 10 09:08:44.655715 chdv-832929-1 devstack@placement-api.service[111153]: DEBUG placement.requestlog [req-8d416824-6f6a-4114-9b0b-f292077ee1e2 req-1398d3c6-adf3-4ae9-9f29-45105a05965f None None] Starting request: 10.222.0.35 "GET /placement/allocations/7d112e38-1d4d-43bc-8dd3-e6d2a4069ddb" {{(pid=111153) __call__ /opt/stack/placement/placement/requestlog.py:55}}
Mar 10 09:08:44.678273 chdv-832929-1 devstack@placement-api.service[111153]: INFO placement.requestlog [req-8d416824-6f6a-4114-9b0b-f292077ee1e2 req-1398d3c6-adf3-4ae9-9f29-45105a05965f service placement] 10.222.0.35 "GET /placement/allocations/7d112e38-1d4d-43bc-8dd3-e6d2a4069ddb" status: 200 len: 259 microversion: 1.28
Mar 10 09:08:44.680472 chdv-832929-1 devstack@placement-api.service[111153]: [pid: 111153|app: 0|req: 164/331] 10.222.0.35 () {60 vars in 1377 bytes} [Thu Mar 10 09:08:44 2022] GET /placement/allocations/7d112e38-1d4d-43bc-8dd3-e6d2a4069ddb => generated 259 bytes in 27 msecs (HTTP/1.1 200) 8 headers in 296 bytes (1 switches on core 0)
Mar 10 09:08:45.045154 chdv-832929-1 devstack@placement-api.service[111154]: DEBUG placement.requestlog [req-0dafe0d6-8ba5-4d6e-97c2-bb93c3643044 req-caeabae5-7b23-443d-9efc-e413e56bc8bc None None] Starting request: 10.222.0.35 "GET /placement/allocations/365892ad-9fad-4565-8b94-12481e670ac9" {{(pid=111154) __call__ /opt/stack/placement/placement/requestlog.py:55}}
Mar 10 09:08:45.079729 chdv-832929-1 devstack@placement-api.service[111154]: INFO placement.requestlog [req-0dafe0d6-8ba5-4d6e-97c2-bb93c3643044 req-caeabae5-7b23-443d-9efc-e413e56bc8bc service placement] 10.222.0.35 "GET /placement/allocations/365892ad-9fad-4565-8b94-12481e670ac9" status: 200 len: 245 microversion: 1.28
Mar 10 09:08:45.080761 chdv-832929-1 devstack@placement-api.service[111154]: [pid: 111154|app: 0|req: 168/332] 10.222.0.35 () {60 vars in 1377 bytes} [Thu Mar 10 09:08:45 2022] GET /placement/allocations/365892ad-9fad-4565-8b94-12481e670ac9 => generated 245 bytes in 36 msecs (HTTP/1.1 200) 8 headers in 296 bytes (2 switches on core 0)
Mar 10 09:08:45.088886 chdv-832929-1 devstack@placement-api.service[111153]: DEBUG placement.requestlog [req-0dafe0d6-8ba5-4d6e-97c2-bb93c3643044 req-8d69f560-7cb2-4f6a-9702-9ae495d5b259 None None] Starting request: 10.222.0.35 "GET /placement/allocations/365892ad-9fad-4565-8b94-12481e670ac9" {{(pid=111153) __call__ /opt/stack/placement/placement/requestlog.py:55}}
Mar 10 09:08:45.117672 chdv-832929-1 devstack@placement-api.service[111153]: INFO placement.requestlog [req-0dafe0d6-8ba5-4d6e-97c2-bb93c3643044 req-8d69f560-7cb2-4f6a-9702-9ae495d5b259 service placement] 10.222.0.35 "GET /placement/allocations/365892ad-9fad-4565-8b94-12481e670ac9" status: 200 len: 245 microversion: 1.28
Mar 10 09:08:45.118545 chdv-832929-1 devstack@placement-api.service[111153]: [pid: 111153|app: 0|req: 165/333] 10.222.0.35 () {60 vars in 1377 bytes} [Thu Mar 10 09:08:45 2022] GET /placement/allocations/365892ad-9fad-4565-8b94-12481e670ac9 => generated 245 bytes in 30 msecs (HTTP/1.1 200) 8 headers in 296 bytes (1 switches on core 0)
Mar 10 09:08:45.138725 chdv-832929-1 devstack@placement-api.service[111154]: DEBUG placement.requestlog [req-0dafe0d6-8ba5-4d6e-97c2-bb93c3643044 req-dce4978c-cabe-4f97-8027-56953d67df2a None None] Starting request: 10.222.0.35 "GET /placement/allocations/7efac1b4-b23a-4b07-b262-146db49ce13f" {{(pid=111154) __call__ /opt/stack/placement/placement/requestlog.py:55}}
Mar 10 09:08:45.161233 chdv-832929-1 devstack@placement-api.service[111154]: INFO placement.requestlog [req-0dafe0d6-8ba5-4d6e-97c2-bb93c3643044 req-dce4978c-cabe-4f97-8027-56953d67df2a service placement] 10.222.0.35 "GET /placement/allocations/7efac1b4-b23a-4b07-b262-146db49ce13f" status: 200 len: 245 microversion: 1.28
Mar 10 09:08:45.164084 chdv-832929-1 devstack@placement-api.service[111154]: [pid: 111154|app: 0|req: 169/334] 10.222.0.35 () {60 vars in 1377 bytes} [Thu Mar 10 09:08:45 2022] GET /placement/allocations/7efac1b4-b23a-4b07-b262-146db49ce13f => generated 245 bytes in 24 msecs (HTTP/1.1 200) 8 headers in 296 bytes (1 switches on core 0)
Mar 10 09:08:45.170022 chdv-832929-1 devstack@placement-api.service[111153]: DEBUG placement.requestlog [req-0dafe0d6-8ba5-4d6e-97c2-bb93c3643044 req-a0ad752a-71b6-43f3-8ae5-5c9b30d77b81 None None] Starting request: 10.222.0.35 "POST /placement/allocations" {{(pid=111153) __call__ /opt/stack/placement/placement/requestlog.py:55}}
Mar 10 09:08:45.325789 chdv-832929-1 devstack@placement-api.service[111153]: DEBUG placement.handlers.allocation [req-0dafe0d6-8ba5-4d6e-97c2-bb93c3643044 req-a0ad752a-71b6-43f3-8ae5-5c9b30d77b81 service placement] Successfully wrote allocations [, , , ] {{(pid=111153) _update_consumers_and_create_allocations /opt/stack/placement/placement/handlers/allocation.py:572}}
Mar 10 09:08:45.444320 chdv-832929-1 devstack@placement-api.service[111153]: INFO placement.requestlog [req-0dafe0d6-8ba5-4d6e-97c2-bb93c3643044 req-a0ad752a-71b6-43f3-8ae5-5c9b30d77b81 service placement] 10.222.0.35 "POST /placement/allocations" status: 204 len: 0 microversion: 1.28
Mar 10 09:08:45.445310 chdv-832929-1 devstack@placement-api.service[111153]: [pid: 111153|app: 0|req: 166/335] 10.222.0.35 () {64 vars in 1320 bytes} [Thu Mar 10 09:08:45 2022] POST /placement/allocations => generated 0 bytes in 276 msecs (HTTP/1.1 204) 5 headers in 199 bytes (2 switches on core 0)
Mar 10 09:08:53.945565 chdv-832929-1 devstack@placement-api.service[111154]: DEBUG placement.requestlog [req-604c1aa9-1266-434d-bc4c-a9ed577454f4 req-1d5938a1-4867-4c90-8901-9c8d2c52a949 None None] Starting request: 10.222.0.44 "GET /placement/allocation_candidates?limit=1000&resources=DISK_GB%3A1%2CMEMORY_MB%3A1024%2CVCPU%3A1&root_required=%21COMPUTE_STATUS_DISABLED" {{(pid=111154) __call__ /opt/stack/placement/placement/requestlog.py:55}}
Mar 10 09:08:54.042001 chdv-832929-1 devstack@placement-api.service[111154]: DEBUG placement.objects.research_context [req-604c1aa9-1266-434d-bc4c-a9ed577454f4 req-1d5938a1-4867-4c90-8901-9c8d2c52a949 service placement] getting providers with 1 DISK_GB {{(pid=111154) __init__ /opt/stack/placement/placement/objects/research_context.py:136}}
Mar 10 09:08:54.042692 chdv-832929-1 devstack@placement-api.service[111154]: DEBUG placement.objects.research_context [req-604c1aa9-1266-434d-bc4c-a9ed577454f4 req-1d5938a1-4867-4c90-8901-9c8d2c52a949 service placement] getting providers with 1024 MEMORY_MB {{(pid=111154) __init__ /opt/stack/placement/placement/objects/research_context.py:136}}
Mar 10 09:08:54.056653 chdv-832929-1 devstack@placement-api.service[111154]: DEBUG placement.objects.research_context [req-604c1aa9-1266-434d-bc4c-a9ed577454f4 req-1d5938a1-4867-4c90-8901-9c8d2c52a949 service placement] getting providers with 1 VCPU {{(pid=111154) __init__ /opt/stack/placement/placement/objects/research_context.py:136}}
Mar 10 09:08:54.074353 chdv-832929-1 devstack@placement-api.service[111154]: DEBUG placement.objects.research_context [req-604c1aa9-1266-434d-bc4c-a9ed577454f4 req-1d5938a1-4867-4c90-8901-9c8d2c52a949 service placement] found 2 providers with available 1 DISK_GB {{(pid=111154) get_provider_ids_matching /opt/stack/placement/placement/objects/research_context.py:559}}
Mar 10 09:08:54.075822 chdv-832929-1 devstack@placement-api.service[111154]: DEBUG placement.objects.research_context [req-604c1aa9-1266-434d-bc4c-a9ed577454f4 req-1d5938a1-4867-4c90-8901-9c8d2c52a949 service placement] found 2 providers with available 1024 MEMORY_MB {{(pid=111154) get_provider_ids_matching /opt/stack/placement/placement/objects/research_context.py:559}}
Mar 10 09:08:54.078578 chdv-832929-1 devstack@placement-api.service[111154]: DEBUG placement.objects.research_context [req-604c1aa9-1266-434d-bc4c-a9ed577454f4 req-1d5938a1-4867-4c90-8901-9c8d2c52a949 service placement] found 2 providers after filtering by previous result {{(pid=111154) get_provider_ids_matching /opt/stack/placement/placement/objects/research_context.py:590}}
Mar 10 09:08:54.079165 chdv-832929-1 devstack@placement-api.service[111154]: DEBUG placement.objects.research_context [req-604c1aa9-1266-434d-bc4c-a9ed577454f4 req-1d5938a1-4867-4c90-8901-9c8d2c52a949 service placement] found 2 providers with available 1 VCPU {{(pid=111154) get_provider_ids_matching /opt/stack/placement/placement/objects/research_context.py:559}}
Mar 10 09:08:54.080857 chdv-832929-1 devstack@placement-api.service[111154]: DEBUG placement.objects.research_context [req-604c1aa9-1266-434d-bc4c-a9ed577454f4 req-1d5938a1-4867-4c90-8901-9c8d2c52a949 service placement] found 2 providers after filtering by previous result {{(pid=111154) get_provider_ids_matching /opt/stack/placement/placement/objects/research_context.py:590}}
Mar 10 09:08:54.110715 chdv-832929-1 devstack@placement-api.service[111154]: DEBUG placement.objects.allocation_candidate [req-604c1aa9-1266-434d-bc4c-a9ed577454f4 req-1d5938a1-4867-4c90-8901-9c8d2c52a949 service placement] RequestGroup(use_same_provider=False, resources={DISK_GB:1, MEMORY_MB:1024, VCPU:1}, traits=(), aggregates=[]) (suffix '') returned 2 matches {{(pid=111154) _get_by_requests /opt/stack/placement/placement/objects/allocation_candidate.py:156}}
Mar 10 09:08:54.111311 chdv-832929-1 devstack@placement-api.service[111154]: DEBUG placement.objects.allocation_candidate [req-604c1aa9-1266-434d-bc4c-a9ed577454f4 req-1d5938a1-4867-4c90-8901-9c8d2c52a949 service placement] Merging candidates yields 2 allocation requests and 2 provider summaries {{(pid=111154) _merge_candidates /opt/stack/placement/placement/objects/allocation_candidate.py:809}}
Mar 10 09:08:54.113345 chdv-832929-1 devstack@placement-api.service[111154]: INFO placement.requestlog [req-604c1aa9-1266-434d-bc4c-a9ed577454f4 req-1d5938a1-4867-4c90-8901-9c8d2c52a949 service placement] 10.222.0.44 "GET /placement/allocation_candidates?limit=1000&resources=DISK_GB%3A1%2CMEMORY_MB%3A1024%2CVCPU%3A1&root_required=%21COMPUTE_STATUS_DISABLED" status: 200 len: 1309 microversion: 1.36
Mar 10 09:08:54.114421 chdv-832929-1 devstack@placement-api.service[111154]: [pid: 111154|app: 0|req: 170/336] 10.222.0.44 () {60 vars in 1506 bytes} [Thu Mar 10 09:08:53 2022] GET /placement/allocation_candidates?limit=1000&resources=DISK_GB%3A1%2CMEMORY_MB%3A1024%2CVCPU%3A1&root_required=%21COMPUTE_STATUS_DISABLED => generated 1309 bytes in 169 msecs (HTTP/1.1 200) 8 headers in 297 bytes (1 switches on core 0)
Mar 10 09:08:54.293815 chdv-832929-1 devstack@placement-api.service[111153]: DEBUG placement.requestlog [req-604c1aa9-1266-434d-bc4c-a9ed577454f4 req-05abf23c-f65b-4688-9285-6323cb8d3311 None None] Starting request: 10.222.0.44 "GET /placement/allocations/6e70bbdf-d643-4070-b128-eccce0f18de5" {{(pid=111153) __call__ /opt/stack/placement/placement/requestlog.py:55}}
Mar 10 09:08:54.310921 chdv-832929-1 devstack@placement-api.service[111153]: INFO placement.requestlog [req-604c1aa9-1266-434d-bc4c-a9ed577454f4 req-05abf23c-f65b-4688-9285-6323cb8d3311 service placement] 10.222.0.44 "GET /placement/allocations/6e70bbdf-d643-4070-b128-eccce0f18de5" status: 200 len: 19 microversion: 1.28
Mar 10 09:08:54.318515 chdv-832929-1 devstack@placement-api.service[111153]: [pid: 111153|app: 0|req: 167/337] 10.222.0.44 () {60 vars in 1380 bytes} [Thu Mar 10 09:08:54 2022] GET /placement/allocations/6e70bbdf-d643-4070-b128-eccce0f18de5 => generated 19 bytes in 25 msecs (HTTP/1.1 200) 8 headers in 295 bytes (1 switches on core 0)
Mar 10 09:08:54.320719 chdv-832929-1 devstack@placement-api.service[111154]: DEBUG placement.requestlog [req-604c1aa9-1266-434d-bc4c-a9ed577454f4 req-9c7aaa6b-0c36-4152-af97-fa376bce32d6 None None] Starting request: 10.222.0.44 "PUT /placement/allocations/6e70bbdf-d643-4070-b128-eccce0f18de5" {{(pid=111154) __call__ /opt/stack/placement/placement/requestlog.py:55}}
Mar 10 09:08:54.722491 chdv-832929-1 devstack@placement-api.service[111154]: DEBUG placement.handlers.allocation [req-604c1aa9-1266-434d-bc4c-a9ed577454f4 req-9c7aaa6b-0c36-4152-af97-fa376bce32d6 service placement] Successfully wrote allocations [, , ] {{(pid=111154) _update_consumers_and_create_allocations /opt/stack/placement/placement/handlers/allocation.py:462}}
Mar 10 09:08:54.816569 chdv-832929-1 devstack@placement-api.service[111154]: INFO placement.requestlog [req-604c1aa9-1266-434d-bc4c-a9ed577454f4 req-9c7aaa6b-0c36-4152-af97-fa376bce32d6 service placement] 10.222.0.44 "PUT /placement/allocations/6e70bbdf-d643-4070-b128-eccce0f18de5" status: 204 len: 0 microversion: 1.36
Mar 10 09:08:54.817503 chdv-832929-1 devstack@placement-api.service[111154]: [pid: 111154|app: 0|req: 171/338] 10.222.0.44 () {64 vars in 1433 bytes} [Thu Mar 10 09:08:54 2022] PUT /placement/allocations/6e70bbdf-d643-4070-b128-eccce0f18de5 => generated 0 bytes in 497 msecs (HTTP/1.1 204) 5 headers in 199 bytes (1 switches on core 0)
Mar 10 09:08:56.646534 chdv-832929-1 devstack@placement-api.service[111153]: DEBUG placement.requestlog [req-604c1aa9-1266-434d-bc4c-a9ed577454f4 req-b0efef98-5db6-4b61-9330-d4a7fe61c8b6 None None] Starting request: 10.222.0.15 "GET /placement/allocations/6e70bbdf-d643-4070-b128-eccce0f18de5" {{(pid=111153) __call__ /opt/stack/placement/placement/requestlog.py:55}}
Mar 10 09:08:56.671042 chdv-832929-1 devstack@placement-api.service[111153]: INFO placement.requestlog [req-604c1aa9-1266-434d-bc4c-a9ed577454f4 req-b0efef98-5db6-4b61-9330-d4a7fe61c8b6 service placement] 10.222.0.15 "GET /placement/allocations/6e70bbdf-d643-4070-b128-eccce0f18de5" status: 200 len: 259 microversion: 1.28
Mar 10 09:08:56.672091 chdv-832929-1 devstack@placement-api.service[111153]: [pid: 111153|app: 0|req: 168/339] 10.222.0.15 () {60 vars in 1377 bytes} [Thu Mar 10 09:08:56 2022] GET /placement/allocations/6e70bbdf-d643-4070-b128-eccce0f18de5 => generated 259 bytes in 26 msecs (HTTP/1.1 200) 8 headers in 296 bytes (1 switches on core 0)
Mar 10 09:09:06.209373 chdv-832929-1 devstack@placement-api.service[111154]: DEBUG placement.requestlog [req-4d1be30d-c4ea-44a6-82dd-a9c00a7ea29b req-846f28e0-27ab-4938-b89b-719d87a1366d None None] Starting request: 10.222.0.44 "GET /placement/allocation_candidates?limit=1000&resources=DISK_GB%3A1%2CMEMORY_MB%3A1024%2CVCPU%3A1&root_required=%21COMPUTE_STATUS_DISABLED" {{(pid=111154) __call__ /opt/stack/placement/placement/requestlog.py:55}}
Mar 10 09:09:06.278269 chdv-832929-1 devstack@placement-api.service[111154]: DEBUG placement.objects.research_context [req-4d1be30d-c4ea-44a6-82dd-a9c00a7ea29b req-846f28e0-27ab-4938-b89b-719d87a1366d service placement] getting providers with 1 DISK_GB {{(pid=111154) __init__ /opt/stack/placement/placement/objects/research_context.py:136}}
Mar 10 09:09:06.288575 chdv-832929-1 devstack@placement-api.service[111154]: DEBUG placement.objects.research_context [req-4d1be30d-c4ea-44a6-82dd-a9c00a7ea29b req-846f28e0-27ab-4938-b89b-719d87a1366d service placement] getting providers with 1024 MEMORY_MB {{(pid=111154) __init__ /opt/stack/placement/placement/objects/research_context.py:136}}
Mar 10 09:09:06.300642 chdv-832929-1 devstack@placement-api.service[111154]: DEBUG placement.objects.research_context [req-4d1be30d-c4ea-44a6-82dd-a9c00a7ea29b req-846f28e0-27ab-4938-b89b-719d87a1366d service placement] getting providers with 1 VCPU {{(pid=111154) __init__ /opt/stack/placement/placement/objects/research_context.py:136}}
Mar 10 09:09:06.319103 chdv-832929-1 devstack@placement-api.service[111154]: DEBUG placement.objects.research_context [req-4d1be30d-c4ea-44a6-82dd-a9c00a7ea29b req-846f28e0-27ab-4938-b89b-719d87a1366d service placement] found 2 providers with available 1 DISK_GB {{(pid=111154) get_provider_ids_matching /opt/stack/placement/placement/objects/research_context.py:559}}
Mar 10 09:09:06.319664 chdv-832929-1 devstack@placement-api.service[111154]: DEBUG placement.objects.research_context [req-4d1be30d-c4ea-44a6-82dd-a9c00a7ea29b req-846f28e0-27ab-4938-b89b-719d87a1366d service placement] found 2 providers with available 1024 MEMORY_MB {{(pid=111154) get_provider_ids_matching /opt/stack/placement/placement/objects/research_context.py:559}}
Mar 10 09:09:06.320179 chdv-832929-1 devstack@placement-api.service[111154]: DEBUG placement.objects.research_context [req-4d1be30d-c4ea-44a6-82dd-a9c00a7ea29b req-846f28e0-27ab-4938-b89b-719d87a1366d service placement] found 2 providers after filtering by previous result {{(pid=111154) get_provider_ids_matching /opt/stack/placement/placement/objects/research_context.py:590}}
Mar 10 09:09:06.320696 chdv-832929-1 devstack@placement-api.service[111154]: DEBUG placement.objects.research_context [req-4d1be30d-c4ea-44a6-82dd-a9c00a7ea29b req-846f28e0-27ab-4938-b89b-719d87a1366d service placement] found 2 providers with available 1 VCPU {{(pid=111154) get_provider_ids_matching /opt/stack/placement/placement/objects/research_context.py:559}}
Mar 10 09:09:06.321186 chdv-832929-1 devstack@placement-api.service[111154]: DEBUG placement.objects.research_context [req-4d1be30d-c4ea-44a6-82dd-a9c00a7ea29b req-846f28e0-27ab-4938-b89b-719d87a1366d service placement] found 2 providers after filtering by previous result {{(pid=111154) get_provider_ids_matching /opt/stack/placement/placement/objects/research_context.py:590}}
Mar 10 09:09:06.343689 chdv-832929-1 devstack@placement-api.service[111154]: DEBUG placement.objects.allocation_candidate [req-4d1be30d-c4ea-44a6-82dd-a9c00a7ea29b req-846f28e0-27ab-4938-b89b-719d87a1366d service placement] RequestGroup(use_same_provider=False, resources={DISK_GB:1, MEMORY_MB:1024, VCPU:1}, traits=(), aggregates=[]) (suffix '') returned 2 matches {{(pid=111154) _get_by_requests /opt/stack/placement/placement/objects/allocation_candidate.py:156}}
Mar 10 09:09:06.344308 chdv-832929-1 devstack@placement-api.service[111154]: DEBUG placement.objects.allocation_candidate [req-4d1be30d-c4ea-44a6-82dd-a9c00a7ea29b req-846f28e0-27ab-4938-b89b-719d87a1366d service placement] Merging candidates yields 2 allocation requests and 2 provider summaries {{(pid=111154) _merge_candidates /opt/stack/placement/placement/objects/allocation_candidate.py:809}}
Mar 10 09:09:06.352260 chdv-832929-1 devstack@placement-api.service[111154]: INFO placement.requestlog [req-4d1be30d-c4ea-44a6-82dd-a9c00a7ea29b req-846f28e0-27ab-4938-b89b-719d87a1366d service placement] 10.222.0.44 "GET /placement/allocation_candidates?limit=1000&resources=DISK_GB%3A1%2CMEMORY_MB%3A1024%2CVCPU%3A1&root_required=%21COMPUTE_STATUS_DISABLED" status: 200 len: 1309 microversion: 1.36
Mar 10 09:09:06.353325 chdv-832929-1 devstack@placement-api.service[111154]: [pid: 111154|app: 0|req: 172/340] 10.222.0.44 () {60 vars in 1506 bytes} [Thu Mar 10 09:09:06 2022] GET /placement/allocation_candidates?limit=1000&resources=DISK_GB%3A1%2CMEMORY_MB%3A1024%2CVCPU%3A1&root_required=%21COMPUTE_STATUS_DISABLED => generated 1309 bytes in 144 msecs (HTTP/1.1 200) 8 headers in 297 bytes (1 switches on core 0)
Mar 10 09:09:06.544493 chdv-832929-1 devstack@placement-api.service[111153]: DEBUG placement.requestlog [req-4d1be30d-c4ea-44a6-82dd-a9c00a7ea29b req-297621fc-e15e-4ee1-855e-ccfa4a50a5b4 None None] Starting request: 10.222.0.44 "GET /placement/allocations/985dea9a-8cbc-4c60-a026-e40b9b557ba7" {{(pid=111153) __call__ /opt/stack/placement/placement/requestlog.py:55}}
Mar 10 09:09:06.585731 chdv-832929-1 devstack@placement-api.service[111153]: INFO placement.requestlog [req-4d1be30d-c4ea-44a6-82dd-a9c00a7ea29b req-297621fc-e15e-4ee1-855e-ccfa4a50a5b4 service placement] 10.222.0.44 "GET /placement/allocations/985dea9a-8cbc-4c60-a026-e40b9b557ba7" status: 200 len: 19 microversion: 1.28
Mar 10 09:09:06.598331 chdv-832929-1 devstack@placement-api.service[111154]: DEBUG placement.requestlog [req-4d1be30d-c4ea-44a6-82dd-a9c00a7ea29b req-3b970949-38df-4598-98cd-cbc47a0e537d None None] Starting request: 10.222.0.44 "PUT /placement/allocations/985dea9a-8cbc-4c60-a026-e40b9b557ba7" {{(pid=111154) __call__ /opt/stack/placement/placement/requestlog.py:55}}
Mar 10 09:09:06.603385 chdv-832929-1 devstack@placement-api.service[111153]: [pid: 111153|app: 0|req: 169/341] 10.222.0.44 () {60 vars in 1380 bytes} [Thu Mar 10 09:09:06 2022] GET /placement/allocations/985dea9a-8cbc-4c60-a026-e40b9b557ba7 => generated 19 bytes in 61 msecs (HTTP/1.1 200) 8 headers in 295 bytes (1 switches on core 0)
Mar 10 09:09:06.963953 chdv-832929-1 devstack@placement-api.service[111154]: DEBUG placement.handlers.allocation [req-4d1be30d-c4ea-44a6-82dd-a9c00a7ea29b req-3b970949-38df-4598-98cd-cbc47a0e537d service placement] Successfully wrote allocations [, , ] {{(pid=111154) _update_consumers_and_create_allocations /opt/stack/placement/placement/handlers/allocation.py:462}}
Mar 10 09:09:07.032438 chdv-832929-1 devstack@placement-api.service[111154]: INFO placement.requestlog [req-4d1be30d-c4ea-44a6-82dd-a9c00a7ea29b req-3b970949-38df-4598-98cd-cbc47a0e537d service placement] 10.222.0.44 "PUT /placement/allocations/985dea9a-8cbc-4c60-a026-e40b9b557ba7" status: 204 len: 0 microversion: 1.36
Mar 10 09:09:07.033450 chdv-832929-1 devstack@placement-api.service[111154]: [pid: 111154|app: 0|req: 173/342] 10.222.0.44 () {64 vars in 1433 bytes} [Thu Mar 10 09:09:06 2022] PUT /placement/allocations/985dea9a-8cbc-4c60-a026-e40b9b557ba7 => generated 0 bytes in 435 msecs (HTTP/1.1 204) 5 headers in 199 bytes (2 switches on core 0)
Mar 10 09:09:08.251653 chdv-832929-1 devstack@placement-api.service[111153]: DEBUG placement.requestlog [req-4d1be30d-c4ea-44a6-82dd-a9c00a7ea29b req-aa448abb-eabf-438e-9933-8f3a1d2d9b87 None None] Starting request: 10.222.0.15 "GET /placement/allocations/985dea9a-8cbc-4c60-a026-e40b9b557ba7" {{(pid=111153) __call__ /opt/stack/placement/placement/requestlog.py:55}}
Mar 10 09:09:08.275617 chdv-832929-1 devstack@placement-api.service[111153]: INFO placement.requestlog [req-4d1be30d-c4ea-44a6-82dd-a9c00a7ea29b req-aa448abb-eabf-438e-9933-8f3a1d2d9b87 service placement] 10.222.0.15 "GET /placement/allocations/985dea9a-8cbc-4c60-a026-e40b9b557ba7" status: 200 len: 259 microversion: 1.28
Mar 10 09:09:08.276404 chdv-832929-1 devstack@placement-api.service[111153]: [pid: 111153|app: 0|req: 170/343] 10.222.0.15 () {60 vars in 1377 bytes} [Thu Mar 10 09:09:08 2022] GET /placement/allocations/985dea9a-8cbc-4c60-a026-e40b9b557ba7 => generated 259 bytes in 25 msecs (HTTP/1.1 200) 8 headers in 296 bytes (1 switches on core 0)
Mar 10 09:09:12.461510 chdv-832929-1 devstack@placement-api.service[111154]: DEBUG placement.requestlog [req-6852763d-678a-499d-abb3-e9dc9964816b req-3ea29625-89a9-4013-a4ca-e6cf7e0127bc None None] Starting request: 10.222.0.44 "GET /placement/allocation_candidates?resources=DISK_GB%3A1%2CMEMORY_MB%3A1024%2CVCPU%3A1&root_required=%21COMPUTE_STATUS_DISABLED" {{(pid=111154) __call__ /opt/stack/placement/placement/requestlog.py:55}}
Mar 10 09:09:12.533877 chdv-832929-1 devstack@placement-api.service[111154]: DEBUG placement.objects.research_context [req-6852763d-678a-499d-abb3-e9dc9964816b req-3ea29625-89a9-4013-a4ca-e6cf7e0127bc service placement] getting providers with 1 DISK_GB {{(pid=111154) __init__ /opt/stack/placement/placement/objects/research_context.py:136}}
Mar 10 09:09:12.547208 chdv-832929-1 devstack@placement-api.service[111154]: DEBUG placement.objects.research_context [req-6852763d-678a-499d-abb3-e9dc9964816b req-3ea29625-89a9-4013-a4ca-e6cf7e0127bc service placement] getting providers with 1024 MEMORY_MB {{(pid=111154) __init__ /opt/stack/placement/placement/objects/research_context.py:136}}
Mar 10 09:09:12.555403 chdv-832929-1 devstack@placement-api.service[111154]: DEBUG placement.objects.research_context [req-6852763d-678a-499d-abb3-e9dc9964816b req-3ea29625-89a9-4013-a4ca-e6cf7e0127bc service placement] getting providers with 1 VCPU {{(pid=111154) __init__ /opt/stack/placement/placement/objects/research_context.py:136}}
Mar 10 09:09:12.568418 chdv-832929-1 devstack@placement-api.service[111154]: DEBUG placement.objects.research_context [req-6852763d-678a-499d-abb3-e9dc9964816b req-3ea29625-89a9-4013-a4ca-e6cf7e0127bc service placement] found 2 providers with available 1 DISK_GB {{(pid=111154) get_provider_ids_matching /opt/stack/placement/placement/objects/research_context.py:559}}
Mar 10 09:09:12.571839 chdv-832929-1 devstack@placement-api.service[111154]: DEBUG placement.objects.research_context [req-6852763d-678a-499d-abb3-e9dc9964816b req-3ea29625-89a9-4013-a4ca-e6cf7e0127bc service placement] found 2 providers with available 1024 MEMORY_MB {{(pid=111154) get_provider_ids_matching /opt/stack/placement/placement/objects/research_context.py:559}}
Mar 10 09:09:12.571839 chdv-832929-1 devstack@placement-api.service[111154]: DEBUG placement.objects.research_context [req-6852763d-678a-499d-abb3-e9dc9964816b req-3ea29625-89a9-4013-a4ca-e6cf7e0127bc service placement] found 2 providers after filtering by previous result {{(pid=111154) get_provider_ids_matching /opt/stack/placement/placement/objects/research_context.py:590}}
Mar 10 09:09:12.571839 chdv-832929-1 devstack@placement-api.service[111154]: DEBUG placement.objects.research_context [req-6852763d-678a-499d-abb3-e9dc9964816b req-3ea29625-89a9-4013-a4ca-e6cf7e0127bc service placement] found 2 providers with available 1 VCPU {{(pid=111154) get_provider_ids_matching /opt/stack/placement/placement/objects/research_context.py:559}}
Mar 10 09:09:12.571839 chdv-832929-1 devstack@placement-api.service[111154]: DEBUG placement.objects.research_context [req-6852763d-678a-499d-abb3-e9dc9964816b req-3ea29625-89a9-4013-a4ca-e6cf7e0127bc service placement] found 2 providers after filtering by previous result {{(pid=111154) get_provider_ids_matching /opt/stack/placement/placement/objects/research_context.py:590}}
Mar 10 09:09:12.584568 chdv-832929-1 devstack@placement-api.service[111154]: DEBUG placement.objects.allocation_candidate [req-6852763d-678a-499d-abb3-e9dc9964816b req-3ea29625-89a9-4013-a4ca-e6cf7e0127bc service placement] RequestGroup(use_same_provider=False, resources={DISK_GB:1, MEMORY_MB:1024, VCPU:1}, traits=(), aggregates=[]) (suffix '') returned 2 matches {{(pid=111154) _get_by_requests /opt/stack/placement/placement/objects/allocation_candidate.py:156}}
Mar 10 09:09:12.585110 chdv-832929-1 devstack@placement-api.service[111154]: DEBUG placement.objects.allocation_candidate [req-6852763d-678a-499d-abb3-e9dc9964816b req-3ea29625-89a9-4013-a4ca-e6cf7e0127bc service placement] Merging candidates yields 2 allocation requests and 2 provider summaries {{(pid=111154) _merge_candidates /opt/stack/placement/placement/objects/allocation_candidate.py:809}}
Mar 10 09:09:12.587227 chdv-832929-1 devstack@placement-api.service[111154]: INFO placement.requestlog [req-6852763d-678a-499d-abb3-e9dc9964816b req-3ea29625-89a9-4013-a4ca-e6cf7e0127bc service placement] 10.222.0.44 "GET /placement/allocation_candidates?resources=DISK_GB%3A1%2CMEMORY_MB%3A1024%2CVCPU%3A1&root_required=%21COMPUTE_STATUS_DISABLED" status: 200 len: 1309 microversion: 1.36
Mar 10 09:09:12.592662 chdv-832929-1 devstack@placement-api.service[111154]: [pid: 111154|app: 0|req: 174/344] 10.222.0.44 () {60 vars in 1484 bytes} [Thu Mar 10 09:09:12 2022] GET /placement/allocation_candidates?resources=DISK_GB%3A1%2CMEMORY_MB%3A1024%2CVCPU%3A1&root_required=%21COMPUTE_STATUS_DISABLED => generated 1309 bytes in 131 msecs (HTTP/1.1 200) 8 headers in 297 bytes (1 switches on core 0)
Mar 10 09:09:12.660921 chdv-832929-1 devstack@placement-api.service[111153]: DEBUG placement.requestlog [req-6852763d-678a-499d-abb3-e9dc9964816b req-757f8d5a-7b56-4205-80f3-e016e3ab3347 None None] Starting request: 10.222.0.44 "GET /placement/allocations/b783c27c-af5a-46f0-9ce4-1f15e21ce8ae" {{(pid=111153) __call__ /opt/stack/placement/placement/requestlog.py:55}}
Mar 10 09:09:12.685882 chdv-832929-1 devstack@placement-api.service[111153]: INFO placement.requestlog [req-6852763d-678a-499d-abb3-e9dc9964816b req-757f8d5a-7b56-4205-80f3-e016e3ab3347 service placement] 10.222.0.44 "GET /placement/allocations/b783c27c-af5a-46f0-9ce4-1f15e21ce8ae" status: 200 len: 19 microversion: 1.28
Mar 10 09:09:12.690236 chdv-832929-1 devstack@placement-api.service[111153]: [pid: 111153|app: 0|req: 171/345] 10.222.0.44 () {60 vars in 1380 bytes} [Thu Mar 10 09:09:12 2022] GET /placement/allocations/b783c27c-af5a-46f0-9ce4-1f15e21ce8ae => generated 19 bytes in 30 msecs (HTTP/1.1 200) 8 headers in 295 bytes (1 switches on core 0)
Mar 10 09:09:12.693974 chdv-832929-1 devstack@placement-api.service[111154]: DEBUG placement.requestlog [req-6852763d-678a-499d-abb3-e9dc9964816b req-c3a7f97b-dbc0-49f9-b6b1-0f5cce511e80 None None] Starting request: 10.222.0.44 "PUT /placement/allocations/b783c27c-af5a-46f0-9ce4-1f15e21ce8ae" {{(pid=111154) __call__ /opt/stack/placement/placement/requestlog.py:55}}
Mar 10 09:09:12.880383 chdv-832929-1 devstack@placement-api.service[111154]: DEBUG placement.handlers.allocation [req-6852763d-678a-499d-abb3-e9dc9964816b req-c3a7f97b-dbc0-49f9-b6b1-0f5cce511e80 service placement] Successfully wrote allocations [, , ] {{(pid=111154) _update_consumers_and_create_allocations /opt/stack/placement/placement/handlers/allocation.py:462}}
Mar 10 09:09:12.969541 chdv-832929-1 devstack@placement-api.service[111154]: INFO placement.requestlog [req-6852763d-678a-499d-abb3-e9dc9964816b req-c3a7f97b-dbc0-49f9-b6b1-0f5cce511e80 service placement] 10.222.0.44 "PUT /placement/allocations/b783c27c-af5a-46f0-9ce4-1f15e21ce8ae" status: 204 len: 0 microversion: 1.36
Mar 10 09:09:12.970151 chdv-832929-1 devstack@placement-api.service[111154]: [pid: 111154|app: 0|req: 175/346] 10.222.0.44 () {64 vars in 1433 bytes} [Thu Mar 10 09:09:12 2022] PUT /placement/allocations/b783c27c-af5a-46f0-9ce4-1f15e21ce8ae => generated 0 bytes in 277 msecs (HTTP/1.1 204) 5 headers in 199 bytes (1 switches on core 0)
Mar 10 09:09:14.089659 chdv-832929-1 devstack@placement-api.service[111153]: DEBUG placement.requestlog [req-dafa9772-648b-4e6d-a814-a33ad9aaf39d req-8c8f5fe7-814f-43d3-9f15-21eaadc41350 None None] Starting request: 10.222.0.44 "GET /placement/allocation_candidates?limit=1000&resources=MEMORY_MB%3A1024%2CVCPU%3A1&root_required=%21COMPUTE_STATUS_DISABLED" {{(pid=111153) __call__ /opt/stack/placement/placement/requestlog.py:55}}
Mar 10 09:09:14.120704 chdv-832929-1 devstack@placement-api.service[111154]: DEBUG placement.requestlog [req-6852763d-678a-499d-abb3-e9dc9964816b req-93f84371-9db8-4d0a-8b53-930da737ea3a None None] Starting request: 10.222.0.35 "GET /placement/allocations/b783c27c-af5a-46f0-9ce4-1f15e21ce8ae" {{(pid=111154) __call__ /opt/stack/placement/placement/requestlog.py:55}}
Mar 10 09:09:14.158192 chdv-832929-1 devstack@placement-api.service[111154]: INFO placement.requestlog [req-6852763d-678a-499d-abb3-e9dc9964816b req-93f84371-9db8-4d0a-8b53-930da737ea3a service placement] 10.222.0.35 "GET /placement/allocations/b783c27c-af5a-46f0-9ce4-1f15e21ce8ae" status: 200 len: 259 microversion: 1.28
Mar 10 09:09:14.158952 chdv-832929-1 devstack@placement-api.service[111154]: [pid: 111154|app: 0|req: 176/347] 10.222.0.35 () {60 vars in 1377 bytes} [Thu Mar 10 09:09:14 2022] GET /placement/allocations/b783c27c-af5a-46f0-9ce4-1f15e21ce8ae => generated 259 bytes in 38 msecs (HTTP/1.1 200) 8 headers in 296 bytes (1 switches on core 0)
Mar 10 09:09:14.165626 chdv-832929-1 devstack@placement-api.service[111153]: DEBUG placement.objects.research_context [req-dafa9772-648b-4e6d-a814-a33ad9aaf39d req-8c8f5fe7-814f-43d3-9f15-21eaadc41350 service placement] getting providers with 1024 MEMORY_MB {{(pid=111153) __init__ /opt/stack/placement/placement/objects/research_context.py:136}}
Mar 10 09:09:14.182756 chdv-832929-1 devstack@placement-api.service[111153]: DEBUG placement.objects.research_context [req-dafa9772-648b-4e6d-a814-a33ad9aaf39d req-8c8f5fe7-814f-43d3-9f15-21eaadc41350 service placement] getting providers with 1 VCPU {{(pid=111153) __init__ /opt/stack/placement/placement/objects/research_context.py:136}}
Mar 10 09:09:14.190966 chdv-832929-1 devstack@placement-api.service[111153]: DEBUG placement.objects.research_context [req-dafa9772-648b-4e6d-a814-a33ad9aaf39d req-8c8f5fe7-814f-43d3-9f15-21eaadc41350 service placement] found 2 providers with available 1024 MEMORY_MB {{(pid=111153) get_provider_ids_matching /opt/stack/placement/placement/objects/research_context.py:559}}
Mar 10 09:09:14.191497 chdv-832929-1 devstack@placement-api.service[111153]: DEBUG placement.objects.research_context [req-dafa9772-648b-4e6d-a814-a33ad9aaf39d req-8c8f5fe7-814f-43d3-9f15-21eaadc41350 service placement] found 2 providers with available 1 VCPU {{(pid=111153) get_provider_ids_matching /opt/stack/placement/placement/objects/research_context.py:559}}
Mar 10 09:09:14.191971 chdv-832929-1 devstack@placement-api.service[111153]: DEBUG placement.objects.research_context [req-dafa9772-648b-4e6d-a814-a33ad9aaf39d req-8c8f5fe7-814f-43d3-9f15-21eaadc41350 service placement] found 2 providers after filtering by previous result {{(pid=111153) get_provider_ids_matching /opt/stack/placement/placement/objects/research_context.py:590}}
Mar 10 09:09:14.207924 chdv-832929-1 devstack@placement-api.service[111153]: DEBUG placement.objects.allocation_candidate [req-dafa9772-648b-4e6d-a814-a33ad9aaf39d req-8c8f5fe7-814f-43d3-9f15-21eaadc41350 service placement] RequestGroup(use_same_provider=False, resources={MEMORY_MB:1024, VCPU:1}, traits=(), aggregates=[]) (suffix '') returned 2 matches {{(pid=111153) _get_by_requests /opt/stack/placement/placement/objects/allocation_candidate.py:156}}
Mar 10 09:09:14.208790 chdv-832929-1 devstack@placement-api.service[111153]: DEBUG placement.objects.allocation_candidate [req-dafa9772-648b-4e6d-a814-a33ad9aaf39d req-8c8f5fe7-814f-43d3-9f15-21eaadc41350 service placement] Merging candidates yields 2 allocation requests and 2 provider summaries {{(pid=111153) _merge_candidates /opt/stack/placement/placement/objects/allocation_candidate.py:809}}
Mar 10 09:09:14.210942 chdv-832929-1 devstack@placement-api.service[111153]: INFO placement.requestlog [req-dafa9772-648b-4e6d-a814-a33ad9aaf39d req-8c8f5fe7-814f-43d3-9f15-21eaadc41350 service placement] 10.222.0.44 "GET /placement/allocation_candidates?limit=1000&resources=MEMORY_MB%3A1024%2CVCPU%3A1&root_required=%21COMPUTE_STATUS_DISABLED" status: 200 len: 1283 microversion: 1.36
Mar 10 09:09:14.224028 chdv-832929-1 devstack@placement-api.service[111153]: [pid: 111153|app: 0|req: 172/348] 10.222.0.44 () {60 vars in 1478 bytes} [Thu Mar 10 09:09:14 2022] GET /placement/allocation_candidates?limit=1000&resources=MEMORY_MB%3A1024%2CVCPU%3A1&root_required=%21COMPUTE_STATUS_DISABLED => generated 1283 bytes in 134 msecs (HTTP/1.1 200) 8 headers in 297 bytes (1 switches on core 0)
Mar 10 09:09:14.315163 chdv-832929-1 devstack@placement-api.service[111154]: DEBUG placement.requestlog [req-dafa9772-648b-4e6d-a814-a33ad9aaf39d req-1ddffc9c-3531-45c1-af0e-94ebf8af3f3c None None] Starting request: 10.222.0.44 "GET /placement/allocations/b2b0949f-5d15-4641-b92d-ba8ca57d90d8" {{(pid=111154) __call__ /opt/stack/placement/placement/requestlog.py:55}}
Mar 10 09:09:14.329317 chdv-832929-1 devstack@placement-api.service[111154]: INFO placement.requestlog [req-dafa9772-648b-4e6d-a814-a33ad9aaf39d req-1ddffc9c-3531-45c1-af0e-94ebf8af3f3c service placement] 10.222.0.44 "GET /placement/allocations/b2b0949f-5d15-4641-b92d-ba8ca57d90d8" status: 200 len: 19 microversion: 1.28
Mar 10 09:09:14.332299 chdv-832929-1 devstack@placement-api.service[111154]: [pid: 111154|app: 0|req: 177/349] 10.222.0.44 () {60 vars in 1380 bytes} [Thu Mar 10 09:09:14 2022] GET /placement/allocations/b2b0949f-5d15-4641-b92d-ba8ca57d90d8 => generated 19 bytes in 17 msecs (HTTP/1.1 200) 8 headers in 295 bytes (1 switches on core 0)
Mar 10 09:09:14.338848 chdv-832929-1 devstack@placement-api.service[111153]: DEBUG placement.requestlog [req-dafa9772-648b-4e6d-a814-a33ad9aaf39d req-a4aecf50-348e-4b30-9fe2-a35791dcdbc1 None None] Starting request: 10.222.0.44 "PUT /placement/allocations/b2b0949f-5d15-4641-b92d-ba8ca57d90d8" {{(pid=111153) __call__ /opt/stack/placement/placement/requestlog.py:55}}
Mar 10 09:09:14.843671 chdv-832929-1 devstack@placement-api.service[111153]: DEBUG placement.handlers.allocation [req-dafa9772-648b-4e6d-a814-a33ad9aaf39d req-a4aecf50-348e-4b30-9fe2-a35791dcdbc1 service placement] Successfully wrote allocations [, ] {{(pid=111153) _update_consumers_and_create_allocations /opt/stack/placement/placement/handlers/allocation.py:462}}
Mar 10 09:09:14.917678 chdv-832929-1 devstack@placement-api.service[111153]: INFO placement.requestlog [req-dafa9772-648b-4e6d-a814-a33ad9aaf39d req-a4aecf50-348e-4b30-9fe2-a35791dcdbc1 service placement] 10.222.0.44 "PUT /placement/allocations/b2b0949f-5d15-4641-b92d-ba8ca57d90d8" status: 204 len: 0 microversion: 1.36
Mar 10 09:09:14.922137 chdv-832929-1 devstack@placement-api.service[111153]: [pid: 111153|app: 0|req: 173/350] 10.222.0.44 () {64 vars in 1433 bytes} [Thu Mar 10 09:09:14 2022] PUT /placement/allocations/b2b0949f-5d15-4641-b92d-ba8ca57d90d8 => generated 0 bytes in 581 msecs (HTTP/1.1 204) 5 headers in 199 bytes (1 switches on core 0)
Mar 10 09:09:17.515263 chdv-832929-1 devstack@placement-api.service[111154]: DEBUG placement.requestlog [req-dafa9772-648b-4e6d-a814-a33ad9aaf39d req-b43ce238-19a0-4189-b801-51f10783aebc None None] Starting request: 10.222.0.15 "GET /placement/allocations/b2b0949f-5d15-4641-b92d-ba8ca57d90d8" {{(pid=111154) __call__ /opt/stack/placement/placement/requestlog.py:55}}
Mar 10 09:09:17.536333 chdv-832929-1 devstack@placement-api.service[111154]: INFO placement.requestlog [req-dafa9772-648b-4e6d-a814-a33ad9aaf39d req-b43ce238-19a0-4189-b801-51f10783aebc service placement] 10.222.0.15 "GET /placement/allocations/b2b0949f-5d15-4641-b92d-ba8ca57d90d8" status: 200 len: 245 microversion: 1.28
Mar 10 09:09:17.537470 chdv-832929-1 devstack@placement-api.service[111154]: [pid: 111154|app: 0|req: 178/351] 10.222.0.15 () {60 vars in 1377 bytes} [Thu Mar 10 09:09:17 2022] GET /placement/allocations/b2b0949f-5d15-4641-b92d-ba8ca57d90d8 => generated 245 bytes in 22 msecs (HTTP/1.1 200) 8 headers in 296 bytes (1 switches on core 0)
Mar 10 09:09:18.371994 chdv-832929-1 devstack@placement-api.service[111153]: DEBUG placement.requestlog [req-4fbfa6a2-d072-4b3b-91df-e18b60ea0d81 req-cc8f47d7-ca7c-454a-acca-8b4defc7cf61 None None] Starting request: 10.222.0.35 "DELETE /placement/allocations/7efac1b4-b23a-4b07-b262-146db49ce13f" {{(pid=111153) __call__ /opt/stack/placement/placement/requestlog.py:55}}
Mar 10 09:09:18.575299 chdv-832929-1 devstack@placement-api.service[111153]: DEBUG placement.handlers.allocation [req-4fbfa6a2-d072-4b3b-91df-e18b60ea0d81 req-cc8f47d7-ca7c-454a-acca-8b4defc7cf61 service placement] Successfully deleted allocations [, ] {{(pid=111153) delete_allocations /opt/stack/placement/placement/handlers/allocation.py:627}}
Mar 10 09:09:18.576168 chdv-832929-1 devstack@placement-api.service[111153]: INFO placement.requestlog [req-4fbfa6a2-d072-4b3b-91df-e18b60ea0d81 req-cc8f47d7-ca7c-454a-acca-8b4defc7cf61 service placement] 10.222.0.35 "DELETE /placement/allocations/7efac1b4-b23a-4b07-b262-146db49ce13f" status: 204 len: 0 microversion: 1.0
Mar 10 09:09:18.576713 chdv-832929-1 devstack@placement-api.service[111153]: [pid: 111153|app: 0|req: 174/352] 10.222.0.35 () {60 vars in 1355 bytes} [Thu Mar 10 09:09:18 2022] DELETE /placement/allocations/7efac1b4-b23a-4b07-b262-146db49ce13f => generated 0 bytes in 206 msecs (HTTP/1.1 204) 5 headers in 198 bytes (1 switches on core 0)
Mar 10 09:09:27.581999 chdv-832929-1 devstack@placement-api.service[111154]: DEBUG placement.requestlog [req-16a89434-262d-488d-9910-0882e4f10677 req-fbdf104f-b632-40df-bf74-42ce486b796c None None] Starting request: 10.222.0.15 "DELETE /placement/allocations/098ef360-1d9a-4eb6-94cb-d517a061ae21" {{(pid=111154) __call__ /opt/stack/placement/placement/requestlog.py:55}}
Mar 10 09:09:27.854261 chdv-832929-1 devstack@placement-api.service[111154]: DEBUG placement.handlers.allocation [req-16a89434-262d-488d-9910-0882e4f10677 req-fbdf104f-b632-40df-bf74-42ce486b796c service placement] Successfully deleted allocations [, , ] {{(pid=111154) delete_allocations /opt/stack/placement/placement/handlers/allocation.py:627}}
Mar 10 09:09:27.855587 chdv-832929-1 devstack@placement-api.service[111154]: INFO placement.requestlog [req-16a89434-262d-488d-9910-0882e4f10677 req-fbdf104f-b632-40df-bf74-42ce486b796c service placement] 10.222.0.15 "DELETE /placement/allocations/098ef360-1d9a-4eb6-94cb-d517a061ae21" status: 204 len: 0 microversion: 1.0
Mar 10 09:09:27.856753 chdv-832929-1 devstack@placement-api.service[111154]: [pid: 111154|app: 0|req: 179/353] 10.222.0.15 () {60 vars in 1355 bytes} [Thu Mar 10 09:09:27 2022] DELETE /placement/allocations/098ef360-1d9a-4eb6-94cb-d517a061ae21 => generated 0 bytes in 275 msecs (HTTP/1.1 204) 5 headers in 198 bytes (1 switches on core 0)
Mar 10 09:09:31.062748 chdv-832929-1 devstack@placement-api.service[111153]: DEBUG placement.requestlog [req-5ceec4f9-d940-4473-8a47-3292383b9534 req-5e003057-61fc-4be5-8be8-5f3634b05132 None None] Starting request: 10.222.0.15 "GET /placement/resource_providers/24e906c8-68db-432a-b8bf-a54f875e8c7c/allocations" {{(pid=111153) __call__ /opt/stack/placement/placement/requestlog.py:55}}
Mar 10 09:09:31.191548 chdv-832929-1 devstack@placement-api.service[111154]: DEBUG placement.requestlog [req-f75be7c9-2bca-49e5-9272-af01523f61a2 req-8b0bd909-6290-497b-87a5-e2997e4054ce None None] Starting request: 10.222.0.35 "GET /placement/resource_providers/25f923d7-1f77-430e-9d3e-c63d676db027/allocations" {{(pid=111154) __call__ /opt/stack/placement/placement/requestlog.py:55}}
Mar 10 09:09:31.542513 chdv-832929-1 devstack@placement-api.service[111153]: INFO placement.requestlog [req-5ceec4f9-d940-4473-8a47-3292383b9534 req-5e003057-61fc-4be5-8be8-5f3634b05132 service placement] 10.222.0.15 "GET /placement/resource_providers/24e906c8-68db-432a-b8bf-a54f875e8c7c/allocations" status: 200 len: 645 microversion: 1.0
