Mar 10 09:35:59.552403 chdv-832929-1 devstack@placement-api.service[111153]: [pid: 111153|app: 0|req: 486/979] 10.222.0.35 () {60 vars in 1377 bytes} [Thu Mar 10 09:35:59 2022] GET /placement/allocations/0b200f43-fe21-49bd-ba1d-8a5309bab4ff => generated 260 bytes in 26 msecs (HTTP/1.1 200) 8 headers in 296 bytes (1 switches on core 0)
Mar 10 09:36:00.129261 chdv-832929-1 devstack@placement-api.service[111154]: DEBUG placement.requestlog [req-a926dbe9-9bfa-4e7a-859c-2322d1cacb98 req-ad7657f0-45a3-4d9e-a94d-79e95157ea3e None None] Starting request: 10.222.0.15 "GET /placement/resource_providers/24e906c8-68db-432a-b8bf-a54f875e8c7c/allocations" {{(pid=111154) __call__ /opt/stack/placement/placement/requestlog.py:55}}
Mar 10 09:36:00.307443 chdv-832929-1 devstack@placement-api.service[111153]: DEBUG placement.requestlog [req-9bdd90f5-bdfd-4935-a82e-774662200990 req-7984a335-eb65-4db9-9011-ab2298e3c016 None None] Starting request: 10.222.0.35 "GET /placement/allocations/3c00ea78-468e-426f-a910-542da32dfbc4" {{(pid=111153) __call__ /opt/stack/placement/placement/requestlog.py:55}}
Mar 10 09:36:00.346362 chdv-832929-1 devstack@placement-api.service[111153]: INFO placement.requestlog [req-9bdd90f5-bdfd-4935-a82e-774662200990 req-7984a335-eb65-4db9-9011-ab2298e3c016 service placement] 10.222.0.35 "GET /placement/allocations/3c00ea78-468e-426f-a910-542da32dfbc4" status: 200 len: 260 microversion: 1.28
Mar 10 09:36:00.347809 chdv-832929-1 devstack@placement-api.service[111153]: [pid: 111153|app: 0|req: 487/980] 10.222.0.35 () {60 vars in 1377 bytes} [Thu Mar 10 09:36:00 2022] GET /placement/allocations/3c00ea78-468e-426f-a910-542da32dfbc4 => generated 260 bytes in 40 msecs (HTTP/1.1 200) 8 headers in 296 bytes (1 switches on core 0)
Mar 10 09:36:00.442817 chdv-832929-1 devstack@placement-api.service[111154]: INFO placement.requestlog [req-a926dbe9-9bfa-4e7a-859c-2322d1cacb98 req-ad7657f0-45a3-4d9e-a94d-79e95157ea3e service placement] 10.222.0.15 "GET /placement/resource_providers/24e906c8-68db-432a-b8bf-a54f875e8c7c/allocations" status: 200 len: 255 microversion: 1.0
Mar 10 09:36:00.443832 chdv-832929-1 devstack@placement-api.service[111154]: [pid: 111154|app: 0|req: 494/981] 10.222.0.15 () {58 vars in 1390 bytes} [Thu Mar 10 09:36:00 2022] GET /placement/resource_providers/24e906c8-68db-432a-b8bf-a54f875e8c7c/allocations => generated 255 bytes in 315 msecs (HTTP/1.1 200) 6 headers in 224 bytes (1 switches on core 0)
Mar 10 09:36:00.580655 chdv-832929-1 devstack@placement-api.service[111153]: DEBUG placement.requestlog [req-a926dbe9-9bfa-4e7a-859c-2322d1cacb98 req-02e72e87-fccf-485f-b938-3c14a86f51c1 None None] Starting request: 10.222.0.15 "GET /placement/resource_providers?in_tree=24e906c8-68db-432a-b8bf-a54f875e8c7c" {{(pid=111153) __call__ /opt/stack/placement/placement/requestlog.py:55}}
Mar 10 09:36:00.596005 chdv-832929-1 devstack@placement-api.service[111153]: INFO placement.requestlog [req-a926dbe9-9bfa-4e7a-859c-2322d1cacb98 req-02e72e87-fccf-485f-b938-3c14a86f51c1 service placement] 10.222.0.15 "GET /placement/resource_providers?in_tree=24e906c8-68db-432a-b8bf-a54f875e8c7c" status: 200 len: 863 microversion: 1.14
Mar 10 09:36:00.596615 chdv-832929-1 devstack@placement-api.service[111153]: [pid: 111153|app: 0|req: 488/982] 10.222.0.15 () {60 vars in 1376 bytes} [Thu Mar 10 09:36:00 2022] GET /placement/resource_providers?in_tree=24e906c8-68db-432a-b8bf-a54f875e8c7c => generated 863 bytes in 16 msecs (HTTP/1.1 200) 6 headers in 225 bytes (1 switches on core 0)
Mar 10 09:36:00.620117 chdv-832929-1 devstack@placement-api.service[111154]: DEBUG placement.requestlog [req-a926dbe9-9bfa-4e7a-859c-2322d1cacb98 req-9ca1d382-63de-418f-bf39-161086ff74e7 None None] Starting request: 10.222.0.15 "GET /placement/resource_providers/24e906c8-68db-432a-b8bf-a54f875e8c7c/inventories" {{(pid=111154) __call__ /opt/stack/placement/placement/requestlog.py:55}}
Mar 10 09:36:00.731284 chdv-832929-1 devstack@placement-api.service[111154]: INFO placement.requestlog [req-a926dbe9-9bfa-4e7a-859c-2322d1cacb98 req-9ca1d382-63de-418f-bf39-161086ff74e7 service placement] 10.222.0.15 "GET /placement/resource_providers/24e906c8-68db-432a-b8bf-a54f875e8c7c/inventories" status: 200 len: 398 microversion: 1.0
Mar 10 09:36:00.732963 chdv-832929-1 devstack@placement-api.service[111154]: [pid: 111154|app: 0|req: 495/983] 10.222.0.15 () {58 vars in 1390 bytes} [Thu Mar 10 09:36:00 2022] GET /placement/resource_providers/24e906c8-68db-432a-b8bf-a54f875e8c7c/inventories => generated 398 bytes in 113 msecs (HTTP/1.1 200) 6 headers in 224 bytes (1 switches on core 0)
Mar 10 09:36:00.756854 chdv-832929-1 devstack@placement-api.service[111153]: DEBUG placement.requestlog [req-a926dbe9-9bfa-4e7a-859c-2322d1cacb98 req-f50a183d-702c-4bb5-9217-5345c8261fae None None] Starting request: 10.222.0.15 "GET /placement/resource_providers/24e906c8-68db-432a-b8bf-a54f875e8c7c/aggregates" {{(pid=111153) __call__ /opt/stack/placement/placement/requestlog.py:55}}
Mar 10 09:36:00.793211 chdv-832929-1 devstack@placement-api.service[111153]: INFO placement.requestlog [req-a926dbe9-9bfa-4e7a-859c-2322d1cacb98 req-f50a183d-702c-4bb5-9217-5345c8261fae service placement] 10.222.0.15 "GET /placement/resource_providers/24e906c8-68db-432a-b8bf-a54f875e8c7c/aggregates" status: 200 len: 54 microversion: 1.19
Mar 10 09:36:00.793742 chdv-832929-1 devstack@placement-api.service[111153]: [pid: 111153|app: 0|req: 489/984] 10.222.0.15 () {60 vars in 1431 bytes} [Thu Mar 10 09:36:00 2022] GET /placement/resource_providers/24e906c8-68db-432a-b8bf-a54f875e8c7c/aggregates => generated 54 bytes in 37 msecs (HTTP/1.1 200) 8 headers in 295 bytes (1 switches on core 0)
Mar 10 09:36:00.807418 chdv-832929-1 devstack@placement-api.service[111154]: DEBUG placement.requestlog [req-a926dbe9-9bfa-4e7a-859c-2322d1cacb98 req-9485f91b-15d6-4ee6-aa58-43041f89395b None None] Starting request: 10.222.0.15 "GET /placement/resource_providers/24e906c8-68db-432a-b8bf-a54f875e8c7c/traits" {{(pid=111154) __call__ /opt/stack/placement/placement/requestlog.py:55}}
Mar 10 09:36:00.865199 chdv-832929-1 devstack@placement-api.service[111154]: INFO placement.requestlog [req-a926dbe9-9bfa-4e7a-859c-2322d1cacb98 req-9485f91b-15d6-4ee6-aa58-43041f89395b service placement] 10.222.0.15 "GET /placement/resource_providers/24e906c8-68db-432a-b8bf-a54f875e8c7c/traits" status: 200 len: 212 microversion: 1.6
Mar 10 09:36:00.876030 chdv-832929-1 devstack@placement-api.service[111154]: [pid: 111154|app: 0|req: 496/985] 10.222.0.15 () {60 vars in 1418 bytes} [Thu Mar 10 09:36:00 2022] GET /placement/resource_providers/24e906c8-68db-432a-b8bf-a54f875e8c7c/traits => generated 212 bytes in 69 msecs (HTTP/1.1 200) 6 headers in 224 bytes (1 switches on core 0)
Mar 10 09:36:21.657093 chdv-832929-1 devstack@placement-api.service[111153]: DEBUG placement.requestlog [req-b435518c-6c1b-46ca-915e-8e3e5a82ccf3 req-2918f769-d0b6-4804-a9ab-ce75e747d6b5 None None] Starting request: 10.222.0.44 "GET /placement/allocation_candidates?limit=1000&resources=DISK_GB%3A1%2CMEMORY_MB%3A1024%2CVCPU%3A1&root_required=%21COMPUTE_STATUS_DISABLED" {{(pid=111153) __call__ /opt/stack/placement/placement/requestlog.py:55}}
Mar 10 09:36:21.750198 chdv-832929-1 devstack@placement-api.service[111153]: DEBUG placement.objects.research_context [req-b435518c-6c1b-46ca-915e-8e3e5a82ccf3 req-2918f769-d0b6-4804-a9ab-ce75e747d6b5 service placement] getting providers with 1 DISK_GB {{(pid=111153) __init__ /opt/stack/placement/placement/objects/research_context.py:136}}
Mar 10 09:36:21.765840 chdv-832929-1 devstack@placement-api.service[111153]: DEBUG placement.objects.research_context [req-b435518c-6c1b-46ca-915e-8e3e5a82ccf3 req-2918f769-d0b6-4804-a9ab-ce75e747d6b5 service placement] getting providers with 1024 MEMORY_MB {{(pid=111153) __init__ /opt/stack/placement/placement/objects/research_context.py:136}}
Mar 10 09:36:21.782964 chdv-832929-1 devstack@placement-api.service[111153]: DEBUG placement.objects.research_context [req-b435518c-6c1b-46ca-915e-8e3e5a82ccf3 req-2918f769-d0b6-4804-a9ab-ce75e747d6b5 service placement] getting providers with 1 VCPU {{(pid=111153) __init__ /opt/stack/placement/placement/objects/research_context.py:136}}
Mar 10 09:36:21.793730 chdv-832929-1 devstack@placement-api.service[111153]: DEBUG placement.objects.research_context [req-b435518c-6c1b-46ca-915e-8e3e5a82ccf3 req-2918f769-d0b6-4804-a9ab-ce75e747d6b5 service placement] found 2 providers with available 1 DISK_GB {{(pid=111153) get_provider_ids_matching /opt/stack/placement/placement/objects/research_context.py:559}}
Mar 10 09:36:21.794266 chdv-832929-1 devstack@placement-api.service[111153]: DEBUG placement.objects.research_context [req-b435518c-6c1b-46ca-915e-8e3e5a82ccf3 req-2918f769-d0b6-4804-a9ab-ce75e747d6b5 service placement] found 2 providers with available 1024 MEMORY_MB {{(pid=111153) get_provider_ids_matching /opt/stack/placement/placement/objects/research_context.py:559}}
Mar 10 09:36:21.794692 chdv-832929-1 devstack@placement-api.service[111153]: DEBUG placement.objects.research_context [req-b435518c-6c1b-46ca-915e-8e3e5a82ccf3 req-2918f769-d0b6-4804-a9ab-ce75e747d6b5 service placement] found 2 providers after filtering by previous result {{(pid=111153) get_provider_ids_matching /opt/stack/placement/placement/objects/research_context.py:590}}
Mar 10 09:36:21.795103 chdv-832929-1 devstack@placement-api.service[111153]: DEBUG placement.objects.research_context [req-b435518c-6c1b-46ca-915e-8e3e5a82ccf3 req-2918f769-d0b6-4804-a9ab-ce75e747d6b5 service placement] found 2 providers with available 1 VCPU {{(pid=111153) get_provider_ids_matching /opt/stack/placement/placement/objects/research_context.py:559}}
Mar 10 09:36:21.796226 chdv-832929-1 devstack@placement-api.service[111153]: DEBUG placement.objects.research_context [req-b435518c-6c1b-46ca-915e-8e3e5a82ccf3 req-2918f769-d0b6-4804-a9ab-ce75e747d6b5 service placement] found 2 providers after filtering by previous result {{(pid=111153) get_provider_ids_matching /opt/stack/placement/placement/objects/research_context.py:590}}
Mar 10 09:36:21.819351 chdv-832929-1 devstack@placement-api.service[111153]: DEBUG placement.objects.allocation_candidate [req-b435518c-6c1b-46ca-915e-8e3e5a82ccf3 req-2918f769-d0b6-4804-a9ab-ce75e747d6b5 service placement] RequestGroup(use_same_provider=False, resources={DISK_GB:1, MEMORY_MB:1024, VCPU:1}, traits=(), aggregates=[]) (suffix '') returned 2 matches {{(pid=111153) _get_by_requests /opt/stack/placement/placement/objects/allocation_candidate.py:156}}
Mar 10 09:36:21.820006 chdv-832929-1 devstack@placement-api.service[111153]: DEBUG placement.objects.allocation_candidate [req-b435518c-6c1b-46ca-915e-8e3e5a82ccf3 req-2918f769-d0b6-4804-a9ab-ce75e747d6b5 service placement] Merging candidates yields 2 allocation requests and 2 provider summaries {{(pid=111153) _merge_candidates /opt/stack/placement/placement/objects/allocation_candidate.py:809}}
Mar 10 09:36:21.825994 chdv-832929-1 devstack@placement-api.service[111153]: INFO placement.requestlog [req-b435518c-6c1b-46ca-915e-8e3e5a82ccf3 req-2918f769-d0b6-4804-a9ab-ce75e747d6b5 service placement] 10.222.0.44 "GET /placement/allocation_candidates?limit=1000&resources=DISK_GB%3A1%2CMEMORY_MB%3A1024%2CVCPU%3A1&root_required=%21COMPUTE_STATUS_DISABLED" status: 200 len: 1309 microversion: 1.36
Mar 10 09:36:21.827912 chdv-832929-1 devstack@placement-api.service[111153]: [pid: 111153|app: 0|req: 490/986] 10.222.0.44 () {60 vars in 1506 bytes} [Thu Mar 10 09:36:21 2022] GET /placement/allocation_candidates?limit=1000&resources=DISK_GB%3A1%2CMEMORY_MB%3A1024%2CVCPU%3A1&root_required=%21COMPUTE_STATUS_DISABLED => generated 1309 bytes in 170 msecs (HTTP/1.1 200) 8 headers in 297 bytes (1 switches on core 0)
Mar 10 09:36:22.011400 chdv-832929-1 devstack@placement-api.service[111154]: DEBUG placement.requestlog [req-b435518c-6c1b-46ca-915e-8e3e5a82ccf3 req-22e3981c-a83d-4c3a-9e4a-8e859ce05af8 None None] Starting request: 10.222.0.44 "GET /placement/allocations/fa8963ff-6c7f-440d-b02f-8f64c08f7997" {{(pid=111154) __call__ /opt/stack/placement/placement/requestlog.py:55}}
Mar 10 09:36:22.035300 chdv-832929-1 devstack@placement-api.service[111154]: INFO placement.requestlog [req-b435518c-6c1b-46ca-915e-8e3e5a82ccf3 req-22e3981c-a83d-4c3a-9e4a-8e859ce05af8 service placement] 10.222.0.44 "GET /placement/allocations/fa8963ff-6c7f-440d-b02f-8f64c08f7997" status: 200 len: 19 microversion: 1.28
Mar 10 09:36:22.035300 chdv-832929-1 devstack@placement-api.service[111154]: [pid: 111154|app: 0|req: 497/987] 10.222.0.44 () {60 vars in 1380 bytes} [Thu Mar 10 09:36:22 2022] GET /placement/allocations/fa8963ff-6c7f-440d-b02f-8f64c08f7997 => generated 19 bytes in 21 msecs (HTTP/1.1 200) 8 headers in 295 bytes (1 switches on core 0)
Mar 10 09:36:22.038244 chdv-832929-1 devstack@placement-api.service[111153]: DEBUG placement.requestlog [req-b435518c-6c1b-46ca-915e-8e3e5a82ccf3 req-5feec6a7-5400-474a-8a87-c02b970fa6f1 None None] Starting request: 10.222.0.44 "PUT /placement/allocations/fa8963ff-6c7f-440d-b02f-8f64c08f7997" {{(pid=111153) __call__ /opt/stack/placement/placement/requestlog.py:55}}
Mar 10 09:36:22.426443 chdv-832929-1 devstack@placement-api.service[111153]: DEBUG placement.handlers.allocation [req-b435518c-6c1b-46ca-915e-8e3e5a82ccf3 req-5feec6a7-5400-474a-8a87-c02b970fa6f1 service placement] Successfully wrote allocations [, , ] {{(pid=111153) _update_consumers_and_create_allocations /opt/stack/placement/placement/handlers/allocation.py:462}}
Mar 10 09:36:22.502529 chdv-832929-1 devstack@placement-api.service[111153]: INFO placement.requestlog [req-b435518c-6c1b-46ca-915e-8e3e5a82ccf3 req-5feec6a7-5400-474a-8a87-c02b970fa6f1 service placement] 10.222.0.44 "PUT /placement/allocations/fa8963ff-6c7f-440d-b02f-8f64c08f7997" status: 204 len: 0 microversion: 1.36
Mar 10 09:36:22.502973 chdv-832929-1 devstack@placement-api.service[111153]: [pid: 111153|app: 0|req: 491/988] 10.222.0.44 () {64 vars in 1433 bytes} [Thu Mar 10 09:36:22 2022] PUT /placement/allocations/fa8963ff-6c7f-440d-b02f-8f64c08f7997 => generated 0 bytes in 465 msecs (HTTP/1.1 204) 5 headers in 199 bytes (1 switches on core 0)
Mar 10 09:36:23.637495 chdv-832929-1 devstack@placement-api.service[111154]: DEBUG placement.requestlog [req-debda27d-aa48-40ea-8400-2a01c0125248 req-5ebe18a1-cf45-4c0a-b78a-a41f6e89bc6c None None] Starting request: 10.222.0.35 "DELETE /placement/allocations/0b200f43-fe21-49bd-ba1d-8a5309bab4ff" {{(pid=111154) __call__ /opt/stack/placement/placement/requestlog.py:55}}
Mar 10 09:36:23.912007 chdv-832929-1 devstack@placement-api.service[111154]: DEBUG placement.handlers.allocation [req-debda27d-aa48-40ea-8400-2a01c0125248 req-5ebe18a1-cf45-4c0a-b78a-a41f6e89bc6c service placement] Successfully deleted allocations [, , ] {{(pid=111154) delete_allocations /opt/stack/placement/placement/handlers/allocation.py:627}}
Mar 10 09:36:23.912702 chdv-832929-1 devstack@placement-api.service[111154]: INFO placement.requestlog [req-debda27d-aa48-40ea-8400-2a01c0125248 req-5ebe18a1-cf45-4c0a-b78a-a41f6e89bc6c service placement] 10.222.0.35 "DELETE /placement/allocations/0b200f43-fe21-49bd-ba1d-8a5309bab4ff" status: 204 len: 0 microversion: 1.0
Mar 10 09:36:23.913496 chdv-832929-1 devstack@placement-api.service[111154]: [pid: 111154|app: 0|req: 498/989] 10.222.0.35 () {60 vars in 1355 bytes} [Thu Mar 10 09:36:23 2022] DELETE /placement/allocations/0b200f43-fe21-49bd-ba1d-8a5309bab4ff => generated 0 bytes in 276 msecs (HTTP/1.1 204) 5 headers in 198 bytes (1 switches on core 0)
Mar 10 09:36:24.462899 chdv-832929-1 devstack@placement-api.service[111153]: DEBUG placement.requestlog [req-b435518c-6c1b-46ca-915e-8e3e5a82ccf3 req-1db3ea89-a6d0-4899-a834-5a06a61dae4e None None] Starting request: 10.222.0.15 "GET /placement/allocations/fa8963ff-6c7f-440d-b02f-8f64c08f7997" {{(pid=111153) __call__ /opt/stack/placement/placement/requestlog.py:55}}
Mar 10 09:36:24.494882 chdv-832929-1 devstack@placement-api.service[111153]: INFO placement.requestlog [req-b435518c-6c1b-46ca-915e-8e3e5a82ccf3 req-1db3ea89-a6d0-4899-a834-5a06a61dae4e service placement] 10.222.0.15 "GET /placement/allocations/fa8963ff-6c7f-440d-b02f-8f64c08f7997" status: 200 len: 259 microversion: 1.28
Mar 10 09:36:24.495556 chdv-832929-1 devstack@placement-api.service[111153]: [pid: 111153|app: 0|req: 492/990] 10.222.0.15 () {60 vars in 1377 bytes} [Thu Mar 10 09:36:24 2022] GET /placement/allocations/fa8963ff-6c7f-440d-b02f-8f64c08f7997 => generated 259 bytes in 33 msecs (HTTP/1.1 200) 8 headers in 296 bytes (1 switches on core 0)
Mar 10 09:36:31.891730 chdv-832929-1 devstack@placement-api.service[111154]: DEBUG placement.requestlog [req-f5a8e5e3-58ce-44cc-bf68-8e45e4280165 req-a7ffc13c-0688-4e40-afd6-53ce8c8895a7 None None] Starting request: 10.222.0.15 "DELETE /placement/allocations/774cc275-4b67-4315-be42-5cdebd2ce999" {{(pid=111154) __call__ /opt/stack/placement/placement/requestlog.py:55}}
Mar 10 09:36:32.089306 chdv-832929-1 devstack@placement-api.service[111154]: DEBUG placement.handlers.allocation [req-f5a8e5e3-58ce-44cc-bf68-8e45e4280165 req-a7ffc13c-0688-4e40-afd6-53ce8c8895a7 service placement] Successfully deleted allocations [, , ] {{(pid=111154) delete_allocations /opt/stack/placement/placement/handlers/allocation.py:627}}
Mar 10 09:36:32.089895 chdv-832929-1 devstack@placement-api.service[111154]: INFO placement.requestlog [req-f5a8e5e3-58ce-44cc-bf68-8e45e4280165 req-a7ffc13c-0688-4e40-afd6-53ce8c8895a7 service placement] 10.222.0.15 "DELETE /placement/allocations/774cc275-4b67-4315-be42-5cdebd2ce999" status: 204 len: 0 microversion: 1.0
Mar 10 09:36:32.090334 chdv-832929-1 devstack@placement-api.service[111154]: [pid: 111154|app: 0|req: 499/991] 10.222.0.15 () {60 vars in 1355 bytes} [Thu Mar 10 09:36:31 2022] DELETE /placement/allocations/774cc275-4b67-4315-be42-5cdebd2ce999 => generated 0 bytes in 199 msecs (HTTP/1.1 204) 5 headers in 198 bytes (1 switches on core 0)
Mar 10 09:36:36.546357 chdv-832929-1 devstack@placement-api.service[111153]: DEBUG placement.requestlog [req-a42a5e91-afbb-4fb7-84b0-ff2de429d685 req-d6857279-89d3-4126-98e6-afc0b1933899 None None] Starting request: 10.222.0.35 "DELETE /placement/allocations/91310a88-e46a-4f2b-9787-dd0438100d20" {{(pid=111153) __call__ /opt/stack/placement/placement/requestlog.py:55}}
Mar 10 09:36:36.741334 chdv-832929-1 devstack@placement-api.service[111153]: DEBUG placement.handlers.allocation [req-a42a5e91-afbb-4fb7-84b0-ff2de429d685 req-d6857279-89d3-4126-98e6-afc0b1933899 service placement] Successfully deleted allocations [, , ] {{(pid=111153) delete_allocations /opt/stack/placement/placement/handlers/allocation.py:627}}
Mar 10 09:36:36.741981 chdv-832929-1 devstack@placement-api.service[111153]: INFO placement.requestlog [req-a42a5e91-afbb-4fb7-84b0-ff2de429d685 req-d6857279-89d3-4126-98e6-afc0b1933899 service placement] 10.222.0.35 "DELETE /placement/allocations/91310a88-e46a-4f2b-9787-dd0438100d20" status: 204 len: 0 microversion: 1.0
Mar 10 09:36:36.742903 chdv-832929-1 devstack@placement-api.service[111153]: [pid: 111153|app: 0|req: 493/992] 10.222.0.35 () {60 vars in 1355 bytes} [Thu Mar 10 09:36:36 2022] DELETE /placement/allocations/91310a88-e46a-4f2b-9787-dd0438100d20 => generated 0 bytes in 197 msecs (HTTP/1.1 204) 5 headers in 198 bytes (1 switches on core 0)
Mar 10 09:36:39.924211 chdv-832929-1 devstack@placement-api.service[111154]: DEBUG placement.requestlog [req-89fb63c8-9163-45d0-8342-1f2e514fe572 req-88aaf2f6-f364-40b8-a157-bea07910512e None None] Starting request: 10.222.0.15 "DELETE /placement/allocations/668a117b-a55f-4bf7-a6bd-31a2c99200a2" {{(pid=111154) __call__ /opt/stack/placement/placement/requestlog.py:55}}
Mar 10 09:36:40.186447 chdv-832929-1 devstack@placement-api.service[111154]: DEBUG placement.handlers.allocation [req-89fb63c8-9163-45d0-8342-1f2e514fe572 req-88aaf2f6-f364-40b8-a157-bea07910512e service placement] Successfully deleted allocations [, , ] {{(pid=111154) delete_allocations /opt/stack/placement/placement/handlers/allocation.py:627}}
Mar 10 09:36:40.187307 chdv-832929-1 devstack@placement-api.service[111154]: INFO placement.requestlog [req-89fb63c8-9163-45d0-8342-1f2e514fe572 req-88aaf2f6-f364-40b8-a157-bea07910512e service placement] 10.222.0.15 "DELETE /placement/allocations/668a117b-a55f-4bf7-a6bd-31a2c99200a2" status: 204 len: 0 microversion: 1.0
Mar 10 09:36:40.188301 chdv-832929-1 devstack@placement-api.service[111154]: [pid: 111154|app: 0|req: 500/993] 10.222.0.15 () {60 vars in 1355 bytes} [Thu Mar 10 09:36:39 2022] DELETE /placement/allocations/668a117b-a55f-4bf7-a6bd-31a2c99200a2 => generated 0 bytes in 264 msecs (HTTP/1.1 204) 5 headers in 198 bytes (1 switches on core 0)
Mar 10 09:36:50.237896 chdv-832929-1 devstack@placement-api.service[111153]: DEBUG placement.requestlog [req-5cf8f52f-c1db-4f59-a14b-040b8891676a req-a79d08a5-5f75-40a1-9865-4712974daea7 None None] Starting request: 10.222.0.15 "DELETE /placement/allocations/fa8963ff-6c7f-440d-b02f-8f64c08f7997" {{(pid=111153) __call__ /opt/stack/placement/placement/requestlog.py:55}}
Mar 10 09:36:50.403199 chdv-832929-1 devstack@placement-api.service[111153]: DEBUG placement.handlers.allocation [req-5cf8f52f-c1db-4f59-a14b-040b8891676a req-a79d08a5-5f75-40a1-9865-4712974daea7 service placement] Successfully deleted allocations [, , ] {{(pid=111153) delete_allocations /opt/stack/placement/placement/handlers/allocation.py:627}}
Mar 10 09:36:50.403911 chdv-832929-1 devstack@placement-api.service[111153]: INFO placement.requestlog [req-5cf8f52f-c1db-4f59-a14b-040b8891676a req-a79d08a5-5f75-40a1-9865-4712974daea7 service placement] 10.222.0.15 "DELETE /placement/allocations/fa8963ff-6c7f-440d-b02f-8f64c08f7997" status: 204 len: 0 microversion: 1.0
Mar 10 09:36:50.404670 chdv-832929-1 devstack@placement-api.service[111153]: [pid: 111153|app: 0|req: 494/994] 10.222.0.15 () {60 vars in 1355 bytes} [Thu Mar 10 09:36:50 2022] DELETE /placement/allocations/fa8963ff-6c7f-440d-b02f-8f64c08f7997 => generated 0 bytes in 167 msecs (HTTP/1.1 204) 5 headers in 198 bytes (2 switches on core 0)
Mar 10 09:36:51.508895 chdv-832929-1 devstack@placement-api.service[111154]: DEBUG placement.requestlog [req-a488ba01-b0d6-4ddf-8618-19d7c19ffee0 req-17ffb315-9592-4ab3-ae1b-8dae2d18c669 None None] Starting request: 10.222.0.35 "GET /placement/resource_providers/25f923d7-1f77-430e-9d3e-c63d676db027/allocations" {{(pid=111154) __call__ /opt/stack/placement/placement/requestlog.py:55}}
Mar 10 09:36:51.553301 chdv-832929-1 devstack@placement-api.service[111154]: INFO placement.requestlog [req-a488ba01-b0d6-4ddf-8618-19d7c19ffee0 req-17ffb315-9592-4ab3-ae1b-8dae2d18c669 service placement] 10.222.0.35 "GET /placement/resource_providers/25f923d7-1f77-430e-9d3e-c63d676db027/allocations" status: 200 len: 155 microversion: 1.0
Mar 10 09:36:51.565189 chdv-832929-1 devstack@placement-api.service[111154]: [pid: 111154|app: 0|req: 501/995] 10.222.0.35 () {58 vars in 1390 bytes} [Thu Mar 10 09:36:51 2022] GET /placement/resource_providers/25f923d7-1f77-430e-9d3e-c63d676db027/allocations => generated 155 bytes in 50 msecs (HTTP/1.1 200) 6 headers in 224 bytes (1 switches on core 0)
Mar 10 09:36:58.228272 chdv-832929-1 devstack@placement-api.service[111153]: DEBUG placement.requestlog [req-279151ac-8e3f-4061-88ab-a609f66f10b1 req-bd42ca6e-0378-4bba-ac5c-6ce07b81587e None None] Starting request: 10.222.0.44 "GET /placement/allocation_candidates?limit=1000&resources=MEMORY_MB%3A1024%2CVCPU%3A1&root_required=%21COMPUTE_STATUS_DISABLED" {{(pid=111153) __call__ /opt/stack/placement/placement/requestlog.py:55}}
Mar 10 09:36:58.334956 chdv-832929-1 devstack@placement-api.service[111153]: DEBUG placement.objects.research_context [req-279151ac-8e3f-4061-88ab-a609f66f10b1 req-bd42ca6e-0378-4bba-ac5c-6ce07b81587e service placement] getting providers with 1024 MEMORY_MB {{(pid=111153) __init__ /opt/stack/placement/placement/objects/research_context.py:136}}
Mar 10 09:36:58.362204 chdv-832929-1 devstack@placement-api.service[111153]: DEBUG placement.objects.research_context [req-279151ac-8e3f-4061-88ab-a609f66f10b1 req-bd42ca6e-0378-4bba-ac5c-6ce07b81587e service placement] getting providers with 1 VCPU {{(pid=111153) __init__ /opt/stack/placement/placement/objects/research_context.py:136}}
Mar 10 09:36:58.381223 chdv-832929-1 devstack@placement-api.service[111153]: DEBUG placement.objects.research_context [req-279151ac-8e3f-4061-88ab-a609f66f10b1 req-bd42ca6e-0378-4bba-ac5c-6ce07b81587e service placement] found 2 providers with available 1024 MEMORY_MB {{(pid=111153) get_provider_ids_matching /opt/stack/placement/placement/objects/research_context.py:559}}
Mar 10 09:36:58.385202 chdv-832929-1 devstack@placement-api.service[111153]: DEBUG placement.objects.research_context [req-279151ac-8e3f-4061-88ab-a609f66f10b1 req-bd42ca6e-0378-4bba-ac5c-6ce07b81587e service placement] found 2 providers with available 1 VCPU {{(pid=111153) get_provider_ids_matching /opt/stack/placement/placement/objects/research_context.py:559}}
Mar 10 09:36:58.385202 chdv-832929-1 devstack@placement-api.service[111153]: DEBUG placement.objects.research_context [req-279151ac-8e3f-4061-88ab-a609f66f10b1 req-bd42ca6e-0378-4bba-ac5c-6ce07b81587e service placement] found 2 providers after filtering by previous result {{(pid=111153) get_provider_ids_matching /opt/stack/placement/placement/objects/research_context.py:590}}
Mar 10 09:36:58.416123 chdv-832929-1 devstack@placement-api.service[111153]: DEBUG placement.objects.allocation_candidate [req-279151ac-8e3f-4061-88ab-a609f66f10b1 req-bd42ca6e-0378-4bba-ac5c-6ce07b81587e service placement] RequestGroup(use_same_provider=False, resources={MEMORY_MB:1024, VCPU:1}, traits=(), aggregates=[]) (suffix '') returned 2 matches {{(pid=111153) _get_by_requests /opt/stack/placement/placement/objects/allocation_candidate.py:156}}
Mar 10 09:36:58.418034 chdv-832929-1 devstack@placement-api.service[111153]: DEBUG placement.objects.allocation_candidate [req-279151ac-8e3f-4061-88ab-a609f66f10b1 req-bd42ca6e-0378-4bba-ac5c-6ce07b81587e service placement] Merging candidates yields 2 allocation requests and 2 provider summaries {{(pid=111153) _merge_candidates /opt/stack/placement/placement/objects/allocation_candidate.py:809}}
Mar 10 09:36:58.426465 chdv-832929-1 devstack@placement-api.service[111153]: INFO placement.requestlog [req-279151ac-8e3f-4061-88ab-a609f66f10b1 req-bd42ca6e-0378-4bba-ac5c-6ce07b81587e service placement] 10.222.0.44 "GET /placement/allocation_candidates?limit=1000&resources=MEMORY_MB%3A1024%2CVCPU%3A1&root_required=%21COMPUTE_STATUS_DISABLED" status: 200 len: 1278 microversion: 1.36
Mar 10 09:36:58.427442 chdv-832929-1 devstack@placement-api.service[111153]: [pid: 111153|app: 0|req: 495/996] 10.222.0.44 () {60 vars in 1478 bytes} [Thu Mar 10 09:36:58 2022] GET /placement/allocation_candidates?limit=1000&resources=MEMORY_MB%3A1024%2CVCPU%3A1&root_required=%21COMPUTE_STATUS_DISABLED => generated 1278 bytes in 199 msecs (HTTP/1.1 200) 8 headers in 297 bytes (1 switches on core 0)
Mar 10 09:36:58.546737 chdv-832929-1 devstack@placement-api.service[111154]: DEBUG placement.requestlog [req-279151ac-8e3f-4061-88ab-a609f66f10b1 req-984aa5e4-b9b6-4f2b-a67d-a144653a7b61 None None] Starting request: 10.222.0.44 "GET /placement/allocations/b4be72ff-915d-49b5-98fa-6aee7c9713af" {{(pid=111154) __call__ /opt/stack/placement/placement/requestlog.py:55}}
Mar 10 09:36:58.571478 chdv-832929-1 devstack@placement-api.service[111154]: INFO placement.requestlog [req-279151ac-8e3f-4061-88ab-a609f66f10b1 req-984aa5e4-b9b6-4f2b-a67d-a144653a7b61 service placement] 10.222.0.44 "GET /placement/allocations/b4be72ff-915d-49b5-98fa-6aee7c9713af" status: 200 len: 19 microversion: 1.28
Mar 10 09:36:58.572801 chdv-832929-1 devstack@placement-api.service[111154]: [pid: 111154|app: 0|req: 502/997] 10.222.0.44 () {60 vars in 1380 bytes} [Thu Mar 10 09:36:58 2022] GET /placement/allocations/b4be72ff-915d-49b5-98fa-6aee7c9713af => generated 19 bytes in 26 msecs (HTTP/1.1 200) 8 headers in 295 bytes (1 switches on core 0)
Mar 10 09:36:58.578647 chdv-832929-1 devstack@placement-api.service[111153]: DEBUG placement.requestlog [req-279151ac-8e3f-4061-88ab-a609f66f10b1 req-6f1c4dfb-b40d-41ef-a052-0693cd7be157 None None] Starting request: 10.222.0.44 "PUT /placement/allocations/b4be72ff-915d-49b5-98fa-6aee7c9713af" {{(pid=111153) __call__ /opt/stack/placement/placement/requestlog.py:55}}
Mar 10 09:36:58.918182 chdv-832929-1 devstack@placement-api.service[111153]: DEBUG placement.handlers.allocation [req-279151ac-8e3f-4061-88ab-a609f66f10b1 req-6f1c4dfb-b40d-41ef-a052-0693cd7be157 service placement] Successfully wrote allocations [, ] {{(pid=111153) _update_consumers_and_create_allocations /opt/stack/placement/placement/handlers/allocation.py:462}}
Mar 10 09:36:59.036996 chdv-832929-1 devstack@placement-api.service[111153]: INFO placement.requestlog [req-279151ac-8e3f-4061-88ab-a609f66f10b1 req-6f1c4dfb-b40d-41ef-a052-0693cd7be157 service placement] 10.222.0.44 "PUT /placement/allocations/b4be72ff-915d-49b5-98fa-6aee7c9713af" status: 204 len: 0 microversion: 1.36
Mar 10 09:36:59.037496 chdv-832929-1 devstack@placement-api.service[111153]: [pid: 111153|app: 0|req: 496/998] 10.222.0.44 () {64 vars in 1433 bytes} [Thu Mar 10 09:36:58 2022] PUT /placement/allocations/b4be72ff-915d-49b5-98fa-6aee7c9713af => generated 0 bytes in 459 msecs (HTTP/1.1 204) 5 headers in 199 bytes (1 switches on core 0)
Mar 10 09:36:59.397620 chdv-832929-1 devstack@placement-api.service[111154]: DEBUG placement.requestlog [req-16db6553-be40-4e42-bdfa-39f7268d5450 req-5c36bb83-6416-4659-bd0c-0c934d03f0ac None None] Starting request: 10.222.0.15 "GET /placement/resource_providers/24e906c8-68db-432a-b8bf-a54f875e8c7c/allocations" {{(pid=111154) __call__ /opt/stack/placement/placement/requestlog.py:55}}
Mar 10 09:36:59.460015 chdv-832929-1 devstack@placement-api.service[111154]: INFO placement.requestlog [req-16db6553-be40-4e42-bdfa-39f7268d5450 req-5c36bb83-6416-4659-bd0c-0c934d03f0ac service placement] 10.222.0.15 "GET /placement/resource_providers/24e906c8-68db-432a-b8bf-a54f875e8c7c/allocations" status: 200 len: 140 microversion: 1.0
Mar 10 09:36:59.463708 chdv-832929-1 devstack@placement-api.service[111154]: [pid: 111154|app: 0|req: 503/999] 10.222.0.15 () {58 vars in 1390 bytes} [Thu Mar 10 09:36:59 2022] GET /placement/resource_providers/24e906c8-68db-432a-b8bf-a54f875e8c7c/allocations => generated 140 bytes in 66 msecs (HTTP/1.1 200) 6 headers in 224 bytes (1 switches on core 0)
Mar 10 09:37:00.549559 chdv-832929-1 devstack@placement-api.service[111153]: DEBUG placement.requestlog [req-279151ac-8e3f-4061-88ab-a609f66f10b1 req-44666bb8-861f-4962-a46a-d5e688b73b6a None None] Starting request: 10.222.0.15 "GET /placement/allocations/b4be72ff-915d-49b5-98fa-6aee7c9713af" {{(pid=111153) __call__ /opt/stack/placement/placement/requestlog.py:55}}
Mar 10 09:37:00.569280 chdv-832929-1 devstack@placement-api.service[111153]: INFO placement.requestlog [req-279151ac-8e3f-4061-88ab-a609f66f10b1 req-44666bb8-861f-4962-a46a-d5e688b73b6a service placement] 10.222.0.15 "GET /placement/allocations/b4be72ff-915d-49b5-98fa-6aee7c9713af" status: 200 len: 245 microversion: 1.28
Mar 10 09:37:00.570230 chdv-832929-1 devstack@placement-api.service[111153]: [pid: 111153|app: 0|req: 497/1000] 10.222.0.15 () {60 vars in 1377 bytes} [Thu Mar 10 09:37:00 2022] GET /placement/allocations/b4be72ff-915d-49b5-98fa-6aee7c9713af => generated 245 bytes in 21 msecs (HTTP/1.1 200) 8 headers in 296 bytes (1 switches on core 0)
Mar 10 09:37:02.509053 chdv-832929-1 devstack@placement-api.service[111154]: DEBUG placement.requestlog [req-da3eaf66-2f9d-4e0f-a86b-29c0b47e0541 req-ca127e14-4092-4f0b-8e59-0ec63c5f3b1f None None] Starting request: 10.222.0.44 "GET /placement/allocation_candidates?limit=1000&resources=DISK_GB%3A1%2CMEMORY_MB%3A1024%2CVCPU%3A1&root_required=%21COMPUTE_STATUS_DISABLED" {{(pid=111154) __call__ /opt/stack/placement/placement/requestlog.py:55}}
Mar 10 09:37:02.582864 chdv-832929-1 devstack@placement-api.service[111154]: DEBUG placement.objects.research_context [req-da3eaf66-2f9d-4e0f-a86b-29c0b47e0541 req-ca127e14-4092-4f0b-8e59-0ec63c5f3b1f service placement] getting providers with 1 DISK_GB {{(pid=111154) __init__ /opt/stack/placement/placement/objects/research_context.py:136}}
Mar 10 09:37:02.595849 chdv-832929-1 devstack@placement-api.service[111154]: DEBUG placement.objects.research_context [req-da3eaf66-2f9d-4e0f-a86b-29c0b47e0541 req-ca127e14-4092-4f0b-8e59-0ec63c5f3b1f service placement] getting providers with 1024 MEMORY_MB {{(pid=111154) __init__ /opt/stack/placement/placement/objects/research_context.py:136}}
Mar 10 09:37:02.613175 chdv-832929-1 devstack@placement-api.service[111154]: DEBUG placement.objects.research_context [req-da3eaf66-2f9d-4e0f-a86b-29c0b47e0541 req-ca127e14-4092-4f0b-8e59-0ec63c5f3b1f service placement] getting providers with 1 VCPU {{(pid=111154) __init__ /opt/stack/placement/placement/objects/research_context.py:136}}
Mar 10 09:37:02.626443 chdv-832929-1 devstack@placement-api.service[111154]: DEBUG placement.objects.research_context [req-da3eaf66-2f9d-4e0f-a86b-29c0b47e0541 req-ca127e14-4092-4f0b-8e59-0ec63c5f3b1f service placement] found 2 providers with available 1 DISK_GB {{(pid=111154) get_provider_ids_matching /opt/stack/placement/placement/objects/research_context.py:559}}
Mar 10 09:37:02.628862 chdv-832929-1 devstack@placement-api.service[111154]: DEBUG placement.objects.research_context [req-da3eaf66-2f9d-4e0f-a86b-29c0b47e0541 req-ca127e14-4092-4f0b-8e59-0ec63c5f3b1f service placement] found 2 providers with available 1024 MEMORY_MB {{(pid=111154) get_provider_ids_matching /opt/stack/placement/placement/objects/research_context.py:559}}
Mar 10 09:37:02.629647 chdv-832929-1 devstack@placement-api.service[111154]: DEBUG placement.objects.research_context [req-da3eaf66-2f9d-4e0f-a86b-29c0b47e0541 req-ca127e14-4092-4f0b-8e59-0ec63c5f3b1f service placement] found 2 providers after filtering by previous result {{(pid=111154) get_provider_ids_matching /opt/stack/placement/placement/objects/research_context.py:590}}
Mar 10 09:37:02.630288 chdv-832929-1 devstack@placement-api.service[111154]: DEBUG placement.objects.research_context [req-da3eaf66-2f9d-4e0f-a86b-29c0b47e0541 req-ca127e14-4092-4f0b-8e59-0ec63c5f3b1f service placement] found 2 providers with available 1 VCPU {{(pid=111154) get_provider_ids_matching /opt/stack/placement/placement/objects/research_context.py:559}}
Mar 10 09:37:02.635640 chdv-832929-1 devstack@placement-api.service[111154]: DEBUG placement.objects.research_context [req-da3eaf66-2f9d-4e0f-a86b-29c0b47e0541 req-ca127e14-4092-4f0b-8e59-0ec63c5f3b1f service placement] found 2 providers after filtering by previous result {{(pid=111154) get_provider_ids_matching /opt/stack/placement/placement/objects/research_context.py:590}}
Mar 10 09:37:02.659242 chdv-832929-1 devstack@placement-api.service[111154]: DEBUG placement.objects.allocation_candidate [req-da3eaf66-2f9d-4e0f-a86b-29c0b47e0541 req-ca127e14-4092-4f0b-8e59-0ec63c5f3b1f service placement] RequestGroup(use_same_provider=False, resources={DISK_GB:1, MEMORY_MB:1024, VCPU:1}, traits=(), aggregates=[]) (suffix '') returned 2 matches {{(pid=111154) _get_by_requests /opt/stack/placement/placement/objects/allocation_candidate.py:156}}
Mar 10 09:37:02.666967 chdv-832929-1 devstack@placement-api.service[111154]: DEBUG placement.objects.allocation_candidate [req-da3eaf66-2f9d-4e0f-a86b-29c0b47e0541 req-ca127e14-4092-4f0b-8e59-0ec63c5f3b1f service placement] Merging candidates yields 2 allocation requests and 2 provider summaries {{(pid=111154) _merge_candidates /opt/stack/placement/placement/objects/allocation_candidate.py:809}}
Mar 10 09:37:02.678073 chdv-832929-1 devstack@placement-api.service[111154]: INFO placement.requestlog [req-da3eaf66-2f9d-4e0f-a86b-29c0b47e0541 req-ca127e14-4092-4f0b-8e59-0ec63c5f3b1f service placement] 10.222.0.44 "GET /placement/allocation_candidates?limit=1000&resources=DISK_GB%3A1%2CMEMORY_MB%3A1024%2CVCPU%3A1&root_required=%21COMPUTE_STATUS_DISABLED" status: 200 len: 1309 microversion: 1.36
Mar 10 09:37:02.678557 chdv-832929-1 devstack@placement-api.service[111154]: [pid: 111154|app: 0|req: 504/1001] 10.222.0.44 () {60 vars in 1506 bytes} [Thu Mar 10 09:37:02 2022] GET /placement/allocation_candidates?limit=1000&resources=DISK_GB%3A1%2CMEMORY_MB%3A1024%2CVCPU%3A1&root_required=%21COMPUTE_STATUS_DISABLED => generated 1309 bytes in 170 msecs (HTTP/1.1 200) 8 headers in 297 bytes (1 switches on core 0)
Mar 10 09:37:02.798655 chdv-832929-1 devstack@placement-api.service[111153]: DEBUG placement.requestlog [req-da3eaf66-2f9d-4e0f-a86b-29c0b47e0541 req-74d60615-e4ca-4875-a7e5-af09e7bc49db None None] Starting request: 10.222.0.44 "GET /placement/allocations/316d1497-7246-4770-bbf5-56ebacfc04b3" {{(pid=111153) __call__ /opt/stack/placement/placement/requestlog.py:55}}
Mar 10 09:37:02.817521 chdv-832929-1 devstack@placement-api.service[111153]: INFO placement.requestlog [req-da3eaf66-2f9d-4e0f-a86b-29c0b47e0541 req-74d60615-e4ca-4875-a7e5-af09e7bc49db service placement] 10.222.0.44 "GET /placement/allocations/316d1497-7246-4770-bbf5-56ebacfc04b3" status: 200 len: 19 microversion: 1.28
Mar 10 09:37:02.818218 chdv-832929-1 devstack@placement-api.service[111153]: [pid: 111153|app: 0|req: 498/1002] 10.222.0.44 () {60 vars in 1380 bytes} [Thu Mar 10 09:37:02 2022] GET /placement/allocations/316d1497-7246-4770-bbf5-56ebacfc04b3 => generated 19 bytes in 20 msecs (HTTP/1.1 200) 8 headers in 295 bytes (1 switches on core 0)
Mar 10 09:37:02.825723 chdv-832929-1 devstack@placement-api.service[111154]: DEBUG placement.requestlog [req-da3eaf66-2f9d-4e0f-a86b-29c0b47e0541 req-cc79f90a-0d80-4f63-9367-ccb427b2a0bd None None] Starting request: 10.222.0.44 "PUT /placement/allocations/316d1497-7246-4770-bbf5-56ebacfc04b3" {{(pid=111154) __call__ /opt/stack/placement/placement/requestlog.py:55}}
Mar 10 09:37:03.254621 chdv-832929-1 devstack@placement-api.service[111154]: DEBUG placement.handlers.allocation [req-da3eaf66-2f9d-4e0f-a86b-29c0b47e0541 req-cc79f90a-0d80-4f63-9367-ccb427b2a0bd service placement] Successfully wrote allocations [, , ] {{(pid=111154) _update_consumers_and_create_allocations /opt/stack/placement/placement/handlers/allocation.py:462}}
Mar 10 09:37:03.322341 chdv-832929-1 devstack@placement-api.service[111154]: INFO placement.requestlog [req-da3eaf66-2f9d-4e0f-a86b-29c0b47e0541 req-cc79f90a-0d80-4f63-9367-ccb427b2a0bd service placement] 10.222.0.44 "PUT /placement/allocations/316d1497-7246-4770-bbf5-56ebacfc04b3" status: 204 len: 0 microversion: 1.36
Mar 10 09:37:03.322869 chdv-832929-1 devstack@placement-api.service[111154]: [pid: 111154|app: 0|req: 505/1003] 10.222.0.44 () {64 vars in 1433 bytes} [Thu Mar 10 09:37:02 2022] PUT /placement/allocations/316d1497-7246-4770-bbf5-56ebacfc04b3 => generated 0 bytes in 497 msecs (HTTP/1.1 204) 5 headers in 199 bytes (1 switches on core 0)
Mar 10 09:37:04.777410 chdv-832929-1 devstack@placement-api.service[111153]: DEBUG placement.requestlog [req-da3eaf66-2f9d-4e0f-a86b-29c0b47e0541 req-8ac1692e-4e42-40ae-865d-beb73c25f64d None None] Starting request: 10.222.0.35 "GET /placement/allocations/316d1497-7246-4770-bbf5-56ebacfc04b3" {{(pid=111153) __call__ /opt/stack/placement/placement/requestlog.py:55}}
Mar 10 09:37:04.827049 chdv-832929-1 devstack@placement-api.service[111153]: INFO placement.requestlog [req-da3eaf66-2f9d-4e0f-a86b-29c0b47e0541 req-8ac1692e-4e42-40ae-865d-beb73c25f64d service placement] 10.222.0.35 "GET /placement/allocations/316d1497-7246-4770-bbf5-56ebacfc04b3" status: 200 len: 260 microversion: 1.28
Mar 10 09:37:04.829294 chdv-832929-1 devstack@placement-api.service[111153]: [pid: 111153|app: 0|req: 499/1004] 10.222.0.35 () {60 vars in 1377 bytes} [Thu Mar 10 09:37:04 2022] GET /placement/allocations/316d1497-7246-4770-bbf5-56ebacfc04b3 => generated 260 bytes in 52 msecs (HTTP/1.1 200) 8 headers in 296 bytes (1 switches on core 0)
Mar 10 09:37:04.979088 chdv-832929-1 devstack@placement-api.service[111154]: DEBUG placement.requestlog [req-9635f69b-e9bd-4693-baa2-f9697d587713 req-cbf71173-1e07-4f9c-b436-06950559d79a None None] Starting request: 10.222.0.44 "GET /placement/allocation_candidates?limit=1000&resources=DISK_GB%3A1%2CMEMORY_MB%3A1024%2CVCPU%3A1&root_required=%21COMPUTE_STATUS_DISABLED" {{(pid=111154) __call__ /opt/stack/placement/placement/requestlog.py:55}}
Mar 10 09:37:05.090059 chdv-832929-1 devstack@placement-api.service[111154]: DEBUG placement.objects.research_context [req-9635f69b-e9bd-4693-baa2-f9697d587713 req-cbf71173-1e07-4f9c-b436-06950559d79a service placement] getting providers with 1 DISK_GB {{(pid=111154) __init__ /opt/stack/placement/placement/objects/research_context.py:136}}
Mar 10 09:37:05.103622 chdv-832929-1 devstack@placement-api.service[111154]: DEBUG placement.objects.research_context [req-9635f69b-e9bd-4693-baa2-f9697d587713 req-cbf71173-1e07-4f9c-b436-06950559d79a service placement] getting providers with 1024 MEMORY_MB {{(pid=111154) __init__ /opt/stack/placement/placement/objects/research_context.py:136}}
Mar 10 09:37:05.119122 chdv-832929-1 devstack@placement-api.service[111154]: DEBUG placement.objects.research_context [req-9635f69b-e9bd-4693-baa2-f9697d587713 req-cbf71173-1e07-4f9c-b436-06950559d79a service placement] getting providers with 1 VCPU {{(pid=111154) __init__ /opt/stack/placement/placement/objects/research_context.py:136}}
Mar 10 09:37:05.131475 chdv-832929-1 devstack@placement-api.service[111154]: DEBUG placement.objects.research_context [req-9635f69b-e9bd-4693-baa2-f9697d587713 req-cbf71173-1e07-4f9c-b436-06950559d79a service placement] found 2 providers with available 1 DISK_GB {{(pid=111154) get_provider_ids_matching /opt/stack/placement/placement/objects/research_context.py:559}}
Mar 10 09:37:05.132064 chdv-832929-1 devstack@placement-api.service[111154]: DEBUG placement.objects.research_context [req-9635f69b-e9bd-4693-baa2-f9697d587713 req-cbf71173-1e07-4f9c-b436-06950559d79a service placement] found 2 providers with available 1024 MEMORY_MB {{(pid=111154) get_provider_ids_matching /opt/stack/placement/placement/objects/research_context.py:559}}
Mar 10 09:37:05.132632 chdv-832929-1 devstack@placement-api.service[111154]: DEBUG placement.objects.research_context [req-9635f69b-e9bd-4693-baa2-f9697d587713 req-cbf71173-1e07-4f9c-b436-06950559d79a service placement] found 2 providers after filtering by previous result {{(pid=111154) get_provider_ids_matching /opt/stack/placement/placement/objects/research_context.py:590}}
Mar 10 09:37:05.132872 chdv-832929-1 devstack@placement-api.service[111154]: DEBUG placement.objects.research_context [req-9635f69b-e9bd-4693-baa2-f9697d587713 req-cbf71173-1e07-4f9c-b436-06950559d79a service placement] found 2 providers with available 1 VCPU {{(pid=111154) get_provider_ids_matching /opt/stack/placement/placement/objects/research_context.py:559}}
Mar 10 09:37:05.133137 chdv-832929-1 devstack@placement-api.service[111154]: DEBUG placement.objects.research_context [req-9635f69b-e9bd-4693-baa2-f9697d587713 req-cbf71173-1e07-4f9c-b436-06950559d79a service placement] found 2 providers after filtering by previous result {{(pid=111154) get_provider_ids_matching /opt/stack/placement/placement/objects/research_context.py:590}}
Mar 10 09:37:05.159813 chdv-832929-1 devstack@placement-api.service[111154]: DEBUG placement.objects.allocation_candidate [req-9635f69b-e9bd-4693-baa2-f9697d587713 req-cbf71173-1e07-4f9c-b436-06950559d79a service placement] RequestGroup(use_same_provider=False, resources={DISK_GB:1, MEMORY_MB:1024, VCPU:1}, traits=(), aggregates=[]) (suffix '') returned 2 matches {{(pid=111154) _get_by_requests /opt/stack/placement/placement/objects/allocation_candidate.py:156}}
Mar 10 09:37:05.160190 chdv-832929-1 devstack@placement-api.service[111154]: DEBUG placement.objects.allocation_candidate [req-9635f69b-e9bd-4693-baa2-f9697d587713 req-cbf71173-1e07-4f9c-b436-06950559d79a service placement] Merging candidates yields 2 allocation requests and 2 provider summaries {{(pid=111154) _merge_candidates /opt/stack/placement/placement/objects/allocation_candidate.py:809}}
Mar 10 09:37:05.167954 chdv-832929-1 devstack@placement-api.service[111154]: INFO placement.requestlog [req-9635f69b-e9bd-4693-baa2-f9697d587713 req-cbf71173-1e07-4f9c-b436-06950559d79a service placement] 10.222.0.44 "GET /placement/allocation_candidates?limit=1000&resources=DISK_GB%3A1%2CMEMORY_MB%3A1024%2CVCPU%3A1&root_required=%21COMPUTE_STATUS_DISABLED" status: 200 len: 1309 microversion: 1.36
Mar 10 09:37:05.168641 chdv-832929-1 devstack@placement-api.service[111154]: [pid: 111154|app: 0|req: 506/1005] 10.222.0.44 () {60 vars in 1506 bytes} [Thu Mar 10 09:37:04 2022] GET /placement/allocation_candidates?limit=1000&resources=DISK_GB%3A1%2CMEMORY_MB%3A1024%2CVCPU%3A1&root_required=%21COMPUTE_STATUS_DISABLED => generated 1309 bytes in 190 msecs (HTTP/1.1 200) 8 headers in 297 bytes (1 switches on core 0)
Mar 10 09:37:05.364511 chdv-832929-1 devstack@placement-api.service[111153]: DEBUG placement.requestlog [req-9635f69b-e9bd-4693-baa2-f9697d587713 req-5d261c32-f901-4eb6-83d0-9ac5662372d3 None None] Starting request: 10.222.0.44 "GET /placement/allocations/0987312b-6adb-40fa-bb8c-4867f7888558" {{(pid=111153) __call__ /opt/stack/placement/placement/requestlog.py:55}}
Mar 10 09:37:05.380244 chdv-832929-1 devstack@placement-api.service[111153]: INFO placement.requestlog [req-9635f69b-e9bd-4693-baa2-f9697d587713 req-5d261c32-f901-4eb6-83d0-9ac5662372d3 service placement] 10.222.0.44 "GET /placement/allocations/0987312b-6adb-40fa-bb8c-4867f7888558" status: 200 len: 19 microversion: 1.28
Mar 10 09:37:05.385561 chdv-832929-1 devstack@placement-api.service[111153]: [pid: 111153|app: 0|req: 500/1006] 10.222.0.44 () {60 vars in 1380 bytes} [Thu Mar 10 09:37:05 2022] GET /placement/allocations/0987312b-6adb-40fa-bb8c-4867f7888558 => generated 19 bytes in 21 msecs (HTTP/1.1 200) 8 headers in 295 bytes (1 switches on core 0)
Mar 10 09:37:05.390882 chdv-832929-1 devstack@placement-api.service[111154]: DEBUG placement.requestlog [req-9635f69b-e9bd-4693-baa2-f9697d587713 req-850fc9de-d268-463e-84ad-b50036c30615 None None] Starting request: 10.222.0.44 "PUT /placement/allocations/0987312b-6adb-40fa-bb8c-4867f7888558" {{(pid=111154) __call__ /opt/stack/placement/placement/requestlog.py:55}}
Mar 10 09:37:05.561534 chdv-832929-1 devstack@placement-api.service[111154]: DEBUG placement.handlers.allocation [req-9635f69b-e9bd-4693-baa2-f9697d587713 req-850fc9de-d268-463e-84ad-b50036c30615 service placement] Successfully wrote allocations [, , ] {{(pid=111154) _update_consumers_and_create_allocations /opt/stack/placement/placement/handlers/allocation.py:462}}
Mar 10 09:37:05.654000 chdv-832929-1 devstack@placement-api.service[111154]: INFO placement.requestlog [req-9635f69b-e9bd-4693-baa2-f9697d587713 req-850fc9de-d268-463e-84ad-b50036c30615 service placement] 10.222.0.44 "PUT /placement/allocations/0987312b-6adb-40fa-bb8c-4867f7888558" status: 204 len: 0 microversion: 1.36
Mar 10 09:37:05.654722 chdv-832929-1 devstack@placement-api.service[111154]: [pid: 111154|app: 0|req: 507/1007] 10.222.0.44 () {64 vars in 1433 bytes} [Thu Mar 10 09:37:05 2022] PUT /placement/allocations/0987312b-6adb-40fa-bb8c-4867f7888558 => generated 0 bytes in 264 msecs (HTTP/1.1 204) 5 headers in 199 bytes (2 switches on core 0)
Mar 10 09:37:06.827831 chdv-832929-1 devstack@placement-api.service[111153]: DEBUG placement.requestlog [req-9635f69b-e9bd-4693-baa2-f9697d587713 req-46d24774-983b-4f54-bbdb-1bf749ec5942 None None] Starting request: 10.222.0.35 "GET /placement/allocations/0987312b-6adb-40fa-bb8c-4867f7888558" {{(pid=111153) __call__ /opt/stack/placement/placement/requestlog.py:55}}
Mar 10 09:37:06.857035 chdv-832929-1 devstack@placement-api.service[111153]: INFO placement.requestlog [req-9635f69b-e9bd-4693-baa2-f9697d587713 req-46d24774-983b-4f54-bbdb-1bf749ec5942 service placement] 10.222.0.35 "GET /placement/allocations/0987312b-6adb-40fa-bb8c-4867f7888558" status: 200 len: 260 microversion: 1.28
Mar 10 09:37:06.863469 chdv-832929-1 devstack@placement-api.service[111153]: [pid: 111153|app: 0|req: 501/1008] 10.222.0.35 () {60 vars in 1377 bytes} [Thu Mar 10 09:37:06 2022] GET /placement/allocations/0987312b-6adb-40fa-bb8c-4867f7888558 => generated 260 bytes in 30 msecs (HTTP/1.1 200) 8 headers in 296 bytes (1 switches on core 0)
Mar 10 09:37:30.449255 chdv-832929-1 devstack@placement-api.service[111154]: DEBUG placement.requestlog [req-f21666ad-8aeb-417e-85fd-13279ea06171 req-ed084a7a-bba4-4c41-becd-ec7b4b2c084b None None] Starting request: 10.222.0.35 "DELETE /placement/allocations/316d1497-7246-4770-bbf5-56ebacfc04b3" {{(pid=111154) __call__ /opt/stack/placement/placement/requestlog.py:55}}
Mar 10 09:37:30.714830 chdv-832929-1 devstack@placement-api.service[111154]: DEBUG placement.handlers.allocation [req-f21666ad-8aeb-417e-85fd-13279ea06171 req-ed084a7a-bba4-4c41-becd-ec7b4b2c084b service placement] Successfully deleted allocations [, , ] {{(pid=111154) delete_allocations /opt/stack/placement/placement/handlers/allocation.py:627}}
Mar 10 09:37:30.715322 chdv-832929-1 devstack@placement-api.service[111154]: INFO placement.requestlog [req-f21666ad-8aeb-417e-85fd-13279ea06171 req-ed084a7a-bba4-4c41-becd-ec7b4b2c084b service placement] 10.222.0.35 "DELETE /placement/allocations/316d1497-7246-4770-bbf5-56ebacfc04b3" status: 204 len: 0 microversion: 1.0
Mar 10 09:37:30.715740 chdv-832929-1 devstack@placement-api.service[111154]: [pid: 111154|app: 0|req: 508/1009] 10.222.0.35 () {60 vars in 1355 bytes} [Thu Mar 10 09:37:30 2022] DELETE /placement/allocations/316d1497-7246-4770-bbf5-56ebacfc04b3 => generated 0 bytes in 267 msecs (HTTP/1.1 204) 5 headers in 198 bytes (1 switches on core 0)
