Mar 10 09:02:25.544023 chdv-832929-1 devstack@n-api.service[125517]: DEBUG nova.policy [None req-76730450-3f53-42ac-b8f3-bbcb317ff6f1 tempest-DeleteServersAdminTestJSON-1863026345 tempest-DeleteServersAdminTestJSON-1863026345-project] Policy check for os_compute_api:os-extended-server-attributes failed with credentials {'is_admin': False, 'user_id': '6780517d5d8a4d199ec41885235d7959', 'user_domain_id': 'default', 'system_scope': None, 'domain_id': None, 'project_id': '83405d8e8a13456290244262484cecbf', 'project_domain_id': 'default', 'roles': ['member', 'reader'], 'is_admin_project': True, 'service_user_id': None, 'service_user_domain_id': None, 'service_project_id': None, 'service_project_domain_id': None, 'service_roles': []} {{(pid=125517) authorize /opt/stack/nova/nova/policy.py:199}}
Mar 10 09:02:25.552252 chdv-832929-1 devstack@n-api.service[125517]: INFO nova.api.openstack.requestlog [None req-76730450-3f53-42ac-b8f3-bbcb317ff6f1 tempest-DeleteServersAdminTestJSON-1863026345 tempest-DeleteServersAdminTestJSON-1863026345-project] 10.222.0.44 "GET /compute/v2.1/servers/dabf7595-0686-45ae-9b64-dd0a04975d2d" status: 200 len: 1277 microversion: 2.1 time: 0.255845
Mar 10 09:02:25.562724 chdv-832929-1 devstack@n-api.service[125517]: [pid: 125517|app: 0|req: 120/228] 10.222.0.44 () {58 vars in 1235 bytes} [Thu Mar 10 09:02:25 2022] GET /compute/v2.1/servers/dabf7595-0686-45ae-9b64-dd0a04975d2d => generated 1277 bytes in 267 msecs (HTTP/1.1 200) 9 headers in 358 bytes (1 switches on core 0)
Mar 10 09:02:25.695583 chdv-832929-1 devstack@n-api.service[125517]: DEBUG nova.api.openstack.wsgi [None req-23a2028e-a04c-4e55-8e6b-d914422b66d2 tempest-LiveAutoBlockMigrationV225Test-1553360865 tempest-LiveAutoBlockMigrationV225Test-1553360865-project] Calling method '>' {{(pid=125517) _process_stack /opt/stack/nova/nova/api/openstack/wsgi.py:513}}
Mar 10 09:02:25.698475 chdv-832929-1 devstack@n-api.service[125517]: DEBUG nova.compute.api [None req-23a2028e-a04c-4e55-8e6b-d914422b66d2 tempest-LiveAutoBlockMigrationV225Test-1553360865 tempest-LiveAutoBlockMigrationV225Test-1553360865-project] [instance: f92f689c-31c0-42ec-9125-58dcaefd6ee5] Fetching instance by UUID {{(pid=125517) get /opt/stack/nova/nova/compute/api.py:2918}}
Mar 10 09:02:25.709267 chdv-832929-1 devstack@n-api.service[125517]: DEBUG oslo_concurrency.lockutils [None req-23a2028e-a04c-4e55-8e6b-d914422b66d2 tempest-LiveAutoBlockMigrationV225Test-1553360865 tempest-LiveAutoBlockMigrationV225Test-1553360865-project] Lock "02b9be29-9557-4e88-ac46-5eb8f00ca583" acquired by "nova.context.set_target_cell..get_or_set_cached_cell_and_set_connections" :: waited 0.000s {{(pid=125517) inner /usr/local/lib/python3.8/dist-packages/oslo_concurrency/lockutils.py:386}}
Mar 10 09:02:25.710001 chdv-832929-1 devstack@n-api.service[125517]: DEBUG oslo_concurrency.lockutils [None req-23a2028e-a04c-4e55-8e6b-d914422b66d2 tempest-LiveAutoBlockMigrationV225Test-1553360865 tempest-LiveAutoBlockMigrationV225Test-1553360865-project] Lock "02b9be29-9557-4e88-ac46-5eb8f00ca583" "released" by "nova.context.set_target_cell..get_or_set_cached_cell_and_set_connections" :: held 0.001s {{(pid=125517) inner /usr/local/lib/python3.8/dist-packages/oslo_concurrency/lockutils.py:400}}
Mar 10 09:02:25.711228 chdv-832929-1 devstack@n-api.service[125517]: DEBUG oslo_concurrency.lockutils [None req-23a2028e-a04c-4e55-8e6b-d914422b66d2 tempest-LiveAutoBlockMigrationV225Test-1553360865 tempest-LiveAutoBlockMigrationV225Test-1553360865-project] Lock "02b9be29-9557-4e88-ac46-5eb8f00ca583" acquired by "nova.context.set_target_cell..get_or_set_cached_cell_and_set_connections" :: waited 0.000s {{(pid=125517) inner /usr/local/lib/python3.8/dist-packages/oslo_concurrency/lockutils.py:386}}
Mar 10 09:02:25.711926 chdv-832929-1 devstack@n-api.service[125517]: DEBUG oslo_concurrency.lockutils [None req-23a2028e-a04c-4e55-8e6b-d914422b66d2 tempest-LiveAutoBlockMigrationV225Test-1553360865 tempest-LiveAutoBlockMigrationV225Test-1553360865-project] Lock "02b9be29-9557-4e88-ac46-5eb8f00ca583" "released" by "nova.context.set_target_cell..get_or_set_cached_cell_and_set_connections" :: held 0.001s {{(pid=125517) inner /usr/local/lib/python3.8/dist-packages/oslo_concurrency/lockutils.py:400}}
Mar 10 09:02:25.734337 chdv-832929-1 devstack@n-api.service[125516]: INFO nova.api.openstack.requestlog [None req-3e0125a6-b80e-4645-830a-35465119c8b9 tempest-AggregatesAdminTestJSON-2126530853 tempest-AggregatesAdminTestJSON-2126530853-project-admin] 10.222.0.44 "POST /compute/v2.1/os-aggregates/3/action" status: 200 len: 227 microversion: 2.1 time: 0.469597
Mar 10 09:02:25.739549 chdv-832929-1 devstack@n-api.service[125516]: [pid: 125516|app: 0|req: 109/229] 10.222.0.44 () {60 vars in 1190 bytes} [Thu Mar 10 09:02:25 2022] POST /compute/v2.1/os-aggregates/3/action => generated 227 bytes in 475 msecs (HTTP/1.1 200) 9 headers in 357 bytes (1 switches on core 0)
Mar 10 09:02:25.754582 chdv-832929-1 devstack@n-api.service[125516]: DEBUG nova.api.openstack.wsgi [None req-22e221da-4acd-4676-9c54-690e35a9c307 tempest-AggregatesAdminTestJSON-2126530853 tempest-AggregatesAdminTestJSON-2126530853-project-admin] Calling method '>' {{(pid=125516) _process_stack /opt/stack/nova/nova/api/openstack/wsgi.py:513}}
Mar 10 09:02:25.755421 chdv-832929-1 devstack@n-api.service[125516]: /usr/local/lib/python3.8/dist-packages/oslo_policy/policy.py:1119: UserWarning: Policy "os_compute_api:os-aggregates:delete": "rule:context_is_admin" failed scope check. The token used to make the request was project scoped but the policy requires ['system'] scope. This behavior may change in the future where using the intended scope is required
Mar 10 09:02:25.755421 chdv-832929-1 devstack@n-api.service[125516]: warnings.warn(msg)
Mar 10 09:02:25.910249 chdv-832929-1 devstack@n-api.service[125516]: INFO nova.api.openstack.requestlog [None req-22e221da-4acd-4676-9c54-690e35a9c307 tempest-AggregatesAdminTestJSON-2126530853 tempest-AggregatesAdminTestJSON-2126530853-project-admin] 10.222.0.44 "DELETE /compute/v2.1/os-aggregates/3" status: 200 len: 0 microversion: 2.1 time: 0.164225
Mar 10 09:02:25.916675 chdv-832929-1 devstack@n-api.service[125516]: [pid: 125516|app: 0|req: 110/230] 10.222.0.44 () {58 vars in 1151 bytes} [Thu Mar 10 09:02:25 2022] DELETE /compute/v2.1/os-aggregates/3 => generated 0 bytes in 171 msecs (HTTP/1.1 200) 9 headers in 355 bytes (1 switches on core 0)
Mar 10 09:02:25.924731 chdv-832929-1 devstack@n-api.service[125516]: DEBUG nova.api.openstack.wsgi [None req-006d3474-8f5c-4f7b-8d70-86ed038e66bb tempest-AggregatesAdminTestJSON-2126530853 tempest-AggregatesAdminTestJSON-2126530853-project-admin] Action: 'create', calling method: >, body: {"aggregate": {"name": "tempest-test_aggregate-186120337"}} {{(pid=125516) _process_stack /opt/stack/nova/nova/api/openstack/wsgi.py:511}}
Mar 10 09:02:25.926394 chdv-832929-1 devstack@n-api.service[125516]: /usr/local/lib/python3.8/dist-packages/oslo_policy/policy.py:1119: UserWarning: Policy "os_compute_api:os-aggregates:create": "rule:context_is_admin" failed scope check. The token used to make the request was project scoped but the policy requires ['system'] scope. This behavior may change in the future where using the intended scope is required
Mar 10 09:02:25.926394 chdv-832929-1 devstack@n-api.service[125516]: warnings.warn(msg)
Mar 10 09:02:25.927513 chdv-832929-1 devstack@n-api.service[125516]: DEBUG nova.objects.aggregate [None req-006d3474-8f5c-4f7b-8d70-86ed038e66bb tempest-AggregatesAdminTestJSON-2126530853 tempest-AggregatesAdminTestJSON-2126530853-project-admin] Generated uuid 2f4eed3b-f125-47f3-8076-795a173de71a for aggregate {{(pid=125516) create /opt/stack/nova/nova/objects/aggregate.py:298}}
Mar 10 09:02:25.949207 chdv-832929-1 devstack@n-api.service[125517]: DEBUG nova.policy [None req-23a2028e-a04c-4e55-8e6b-d914422b66d2 tempest-LiveAutoBlockMigrationV225Test-1553360865 tempest-LiveAutoBlockMigrationV225Test-1553360865-project] Policy check for os_compute_api:os-extended-server-attributes failed with credentials {'is_admin': False, 'user_id': '3ac8fe53c1184e3cb74a1b05bd30f5dd', 'user_domain_id': 'default', 'system_scope': None, 'domain_id': None, 'project_id': '036fae94b8eb412e88db0da709ce8a9f', 'project_domain_id': 'default', 'roles': ['member', 'reader'], 'is_admin_project': True, 'service_user_id': None, 'service_user_domain_id': None, 'service_project_id': None, 'service_project_domain_id': None, 'service_roles': []} {{(pid=125517) authorize /opt/stack/nova/nova/policy.py:199}}
Mar 10 09:02:25.959275 chdv-832929-1 devstack@n-api.service[125517]: DEBUG nova.policy [None req-23a2028e-a04c-4e55-8e6b-d914422b66d2 tempest-LiveAutoBlockMigrationV225Test-1553360865 tempest-LiveAutoBlockMigrationV225Test-1553360865-project] Policy check for os_compute_api:servers:show:host_status failed with credentials {'is_admin': False, 'user_id': '3ac8fe53c1184e3cb74a1b05bd30f5dd', 'user_domain_id': 'default', 'system_scope': None, 'domain_id': None, 'project_id': '036fae94b8eb412e88db0da709ce8a9f', 'project_domain_id': 'default', 'roles': ['member', 'reader'], 'is_admin_project': True, 'service_user_id': None, 'service_user_domain_id': None, 'service_project_id': None, 'service_project_domain_id': None, 'service_roles': []} {{(pid=125517) authorize /opt/stack/nova/nova/policy.py:199}}
Mar 10 09:02:25.961452 chdv-832929-1 devstack@n-api.service[125517]: DEBUG nova.policy [None req-23a2028e-a04c-4e55-8e6b-d914422b66d2 tempest-LiveAutoBlockMigrationV225Test-1553360865 tempest-LiveAutoBlockMigrationV225Test-1553360865-project] Policy check for os_compute_api:servers:show:host_status:unknown-only failed with credentials {'is_admin': False, 'user_id': '3ac8fe53c1184e3cb74a1b05bd30f5dd', 'user_domain_id': 'default', 'system_scope': None, 'domain_id': None, 'project_id': '036fae94b8eb412e88db0da709ce8a9f', 'project_domain_id': 'default', 'roles': ['member', 'reader'], 'is_admin_project': True, 'service_user_id': None, 'service_user_domain_id': None, 'service_project_id': None, 'service_project_domain_id': None, 'service_roles': []} {{(pid=125517) authorize /opt/stack/nova/nova/policy.py:199}}
Mar 10 09:02:25.962635 chdv-832929-1 devstack@n-api.service[125517]: INFO nova.api.openstack.requestlog [None req-23a2028e-a04c-4e55-8e6b-d914422b66d2 tempest-LiveAutoBlockMigrationV225Test-1553360865 tempest-LiveAutoBlockMigrationV225Test-1553360865-project] 10.222.0.44 "GET /compute/v2.1/servers/f92f689c-31c0-42ec-9125-58dcaefd6ee5" status: 200 len: 1362 microversion: 2.25 time: 0.272920
Mar 10 09:02:25.963216 chdv-832929-1 devstack@n-api.service[125517]: [pid: 125517|app: 0|req: 121/231] 10.222.0.44 () {60 vars in 1276 bytes} [Thu Mar 10 09:02:25 2022] GET /compute/v2.1/servers/f92f689c-31c0-42ec-9125-58dcaefd6ee5 => generated 1362 bytes in 275 msecs (HTTP/1.1 200) 9 headers in 360 bytes (1 switches on core 0)
Mar 10 09:02:26.116262 chdv-832929-1 devstack@n-api.service[125516]: INFO nova.api.openstack.requestlog [None req-006d3474-8f5c-4f7b-8d70-86ed038e66bb tempest-AggregatesAdminTestJSON-2126530853 tempest-AggregatesAdminTestJSON-2126530853-project-admin] 10.222.0.44 "POST /compute/v2.1/os-aggregates" status: 200 len: 197 microversion: 2.1 time: 0.198123
Mar 10 09:02:26.122620 chdv-832929-1 devstack@n-api.service[125516]: [pid: 125516|app: 0|req: 111/232] 10.222.0.44 () {60 vars in 1163 bytes} [Thu Mar 10 09:02:25 2022] POST /compute/v2.1/os-aggregates => generated 197 bytes in 205 msecs (HTTP/1.1 200) 9 headers in 357 bytes (1 switches on core 0)
Mar 10 09:02:26.127239 chdv-832929-1 devstack@n-api.service[125517]: DEBUG nova.api.openstack.wsgi [None req-8adbf640-d37d-4215-b6b4-f5f7ed4d0d6b tempest-AggregatesAdminTestJSON-2126530853 tempest-AggregatesAdminTestJSON-2126530853-project-admin] Action: 'action', calling method: >, body: {"add_host": {"host": "chh1-832929-1"}} {{(pid=125517) _process_stack /opt/stack/nova/nova/api/openstack/wsgi.py:511}}
Mar 10 09:02:26.129142 chdv-832929-1 devstack@n-api.service[125517]: /usr/local/lib/python3.8/dist-packages/oslo_policy/policy.py:1119: UserWarning: Policy "os_compute_api:os-aggregates:add_host": "rule:context_is_admin" failed scope check. The token used to make the request was project scoped but the policy requires ['system'] scope. This behavior may change in the future where using the intended scope is required
Mar 10 09:02:26.129142 chdv-832929-1 devstack@n-api.service[125517]: warnings.warn(msg)
Mar 10 09:02:26.151013 chdv-832929-1 devstack@n-api.service[125517]: DEBUG oslo_concurrency.lockutils [None req-8adbf640-d37d-4215-b6b4-f5f7ed4d0d6b tempest-AggregatesAdminTestJSON-2126530853 tempest-AggregatesAdminTestJSON-2126530853-project-admin] Lock "02b9be29-9557-4e88-ac46-5eb8f00ca583" acquired by "nova.context.set_target_cell..get_or_set_cached_cell_and_set_connections" :: waited 0.000s {{(pid=125517) inner /usr/local/lib/python3.8/dist-packages/oslo_concurrency/lockutils.py:386}}
Mar 10 09:02:26.151013 chdv-832929-1 devstack@n-api.service[125517]: DEBUG oslo_concurrency.lockutils [None req-8adbf640-d37d-4215-b6b4-f5f7ed4d0d6b tempest-AggregatesAdminTestJSON-2126530853 tempest-AggregatesAdminTestJSON-2126530853-project-admin] Lock "02b9be29-9557-4e88-ac46-5eb8f00ca583" "released" by "nova.context.set_target_cell..get_or_set_cached_cell_and_set_connections" :: held 0.001s {{(pid=125517) inner /usr/local/lib/python3.8/dist-packages/oslo_concurrency/lockutils.py:400}}
Mar 10 09:02:26.499499 chdv-832929-1 devstack@n-api.service[125517]: INFO nova.api.openstack.requestlog [None req-8adbf640-d37d-4215-b6b4-f5f7ed4d0d6b tempest-AggregatesAdminTestJSON-2126530853 tempest-AggregatesAdminTestJSON-2126530853-project-admin] 10.222.0.44 "POST /compute/v2.1/os-aggregates/4/action" status: 200 len: 241 microversion: 2.1 time: 0.376168
Mar 10 09:02:26.500516 chdv-832929-1 devstack@n-api.service[125517]: [pid: 125517|app: 0|req: 122/233] 10.222.0.44 () {60 vars in 1190 bytes} [Thu Mar 10 09:02:26 2022] POST /compute/v2.1/os-aggregates/4/action => generated 241 bytes in 378 msecs (HTTP/1.1 200) 9 headers in 357 bytes (2 switches on core 0)
Mar 10 09:02:26.511347 chdv-832929-1 devstack@n-api.service[125516]: DEBUG nova.api.openstack.wsgi [None req-31188e93-e328-4055-a776-1d322c4131b9 tempest-AggregatesAdminTestJSON-2126530853 tempest-AggregatesAdminTestJSON-2126530853-project-admin] Calling method '>' {{(pid=125516) _process_stack /opt/stack/nova/nova/api/openstack/wsgi.py:513}}
Mar 10 09:02:26.512344 chdv-832929-1 devstack@n-api.service[125516]: /usr/local/lib/python3.8/dist-packages/oslo_policy/policy.py:1119: UserWarning: Policy "os_compute_api:os-aggregates:index": "rule:context_is_admin" failed scope check. The token used to make the request was project scoped but the policy requires ['system'] scope. This behavior may change in the future where using the intended scope is required
Mar 10 09:02:26.512344 chdv-832929-1 devstack@n-api.service[125516]: warnings.warn(msg)
Mar 10 09:02:26.523226 chdv-832929-1 devstack@n-api.service[125516]: INFO nova.api.openstack.requestlog [None req-31188e93-e328-4055-a776-1d322c4131b9 tempest-AggregatesAdminTestJSON-2126530853 tempest-AggregatesAdminTestJSON-2126530853-project-admin] 10.222.0.44 "GET /compute/v2.1/os-aggregates" status: 200 len: 244 microversion: 2.1 time: 0.016641
Mar 10 09:02:26.524070 chdv-832929-1 devstack@n-api.service[125516]: [pid: 125516|app: 0|req: 112/234] 10.222.0.44 () {58 vars in 1142 bytes} [Thu Mar 10 09:02:26 2022] GET /compute/v2.1/os-aggregates => generated 244 bytes in 18 msecs (HTTP/1.1 200) 9 headers in 357 bytes (1 switches on core 0)
Mar 10 09:02:26.536183 chdv-832929-1 devstack@n-api.service[125517]: DEBUG nova.api.openstack.wsgi [None req-67e6e7b8-8a09-47d8-ab49-89bc21103d96 tempest-AggregatesAdminTestJSON-2126530853 tempest-AggregatesAdminTestJSON-2126530853-project-admin] Action: 'action', calling method: >, body: {"remove_host": {"host": "chh1-832929-1"}} {{(pid=125517) _process_stack /opt/stack/nova/nova/api/openstack/wsgi.py:511}}
Mar 10 09:02:26.537582 chdv-832929-1 devstack@n-api.service[125517]: /usr/local/lib/python3.8/dist-packages/oslo_policy/policy.py:1119: UserWarning: Policy "os_compute_api:os-aggregates:remove_host": "rule:context_is_admin" failed scope check. The token used to make the request was project scoped but the policy requires ['system'] scope. This behavior may change in the future where using the intended scope is required
Mar 10 09:02:26.537582 chdv-832929-1 devstack@n-api.service[125517]: warnings.warn(msg)
Mar 10 09:02:26.546570 chdv-832929-1 devstack@n-api.service[125517]: DEBUG oslo_concurrency.lockutils [None req-67e6e7b8-8a09-47d8-ab49-89bc21103d96 tempest-AggregatesAdminTestJSON-2126530853 tempest-AggregatesAdminTestJSON-2126530853-project-admin] Lock "02b9be29-9557-4e88-ac46-5eb8f00ca583" acquired by "nova.context.set_target_cell..get_or_set_cached_cell_and_set_connections" :: waited 0.000s {{(pid=125517) inner /usr/local/lib/python3.8/dist-packages/oslo_concurrency/lockutils.py:386}}
Mar 10 09:02:26.547686 chdv-832929-1 devstack@n-api.service[125517]: DEBUG oslo_concurrency.lockutils [None req-67e6e7b8-8a09-47d8-ab49-89bc21103d96 tempest-AggregatesAdminTestJSON-2126530853 tempest-AggregatesAdminTestJSON-2126530853-project-admin] Lock "02b9be29-9557-4e88-ac46-5eb8f00ca583" "released" by "nova.context.set_target_cell..get_or_set_cached_cell_and_set_connections" :: held 0.001s {{(pid=125517) inner /usr/local/lib/python3.8/dist-packages/oslo_concurrency/lockutils.py:400}}
Mar 10 09:02:26.569464 chdv-832929-1 devstack@n-api.service[125516]: DEBUG nova.api.openstack.wsgi [None req-d8fe124f-f2e0-41e6-8636-37050f71bb2a tempest-DeleteServersAdminTestJSON-1863026345 tempest-DeleteServersAdminTestJSON-1863026345-project] Calling method '>' {{(pid=125516) _process_stack /opt/stack/nova/nova/api/openstack/wsgi.py:513}}
Mar 10 09:02:26.571024 chdv-832929-1 devstack@n-api.service[125516]: DEBUG nova.compute.api [None req-d8fe124f-f2e0-41e6-8636-37050f71bb2a tempest-DeleteServersAdminTestJSON-1863026345 tempest-DeleteServersAdminTestJSON-1863026345-project] [instance: dabf7595-0686-45ae-9b64-dd0a04975d2d] Fetching instance by UUID {{(pid=125516) get /opt/stack/nova/nova/compute/api.py:2918}}
Mar 10 09:02:26.583669 chdv-832929-1 devstack@n-api.service[125516]: DEBUG oslo_concurrency.lockutils [None req-d8fe124f-f2e0-41e6-8636-37050f71bb2a tempest-DeleteServersAdminTestJSON-1863026345 tempest-DeleteServersAdminTestJSON-1863026345-project] Lock "02b9be29-9557-4e88-ac46-5eb8f00ca583" acquired by "nova.context.set_target_cell..get_or_set_cached_cell_and_set_connections" :: waited 0.000s {{(pid=125516) inner /usr/local/lib/python3.8/dist-packages/oslo_concurrency/lockutils.py:386}}
Mar 10 09:02:26.584552 chdv-832929-1 devstack@n-api.service[125516]: DEBUG oslo_concurrency.lockutils [None req-d8fe124f-f2e0-41e6-8636-37050f71bb2a tempest-DeleteServersAdminTestJSON-1863026345 tempest-DeleteServersAdminTestJSON-1863026345-project] Lock "02b9be29-9557-4e88-ac46-5eb8f00ca583" "released" by "nova.context.set_target_cell..get_or_set_cached_cell_and_set_connections" :: held 0.002s {{(pid=125516) inner /usr/local/lib/python3.8/dist-packages/oslo_concurrency/lockutils.py:400}}
Mar 10 09:02:26.587326 chdv-832929-1 devstack@n-api.service[125516]: DEBUG oslo_concurrency.lockutils [None req-d8fe124f-f2e0-41e6-8636-37050f71bb2a tempest-DeleteServersAdminTestJSON-1863026345 tempest-DeleteServersAdminTestJSON-1863026345-project] Lock "02b9be29-9557-4e88-ac46-5eb8f00ca583" acquired by "nova.context.set_target_cell..get_or_set_cached_cell_and_set_connections" :: waited 0.000s {{(pid=125516) inner /usr/local/lib/python3.8/dist-packages/oslo_concurrency/lockutils.py:386}}
Mar 10 09:02:26.592541 chdv-832929-1 devstack@n-api.service[125516]: DEBUG oslo_concurrency.lockutils [None req-d8fe124f-f2e0-41e6-8636-37050f71bb2a tempest-DeleteServersAdminTestJSON-1863026345 tempest-DeleteServersAdminTestJSON-1863026345-project] Lock "02b9be29-9557-4e88-ac46-5eb8f00ca583" "released" by "nova.context.set_target_cell..get_or_set_cached_cell_and_set_connections" :: held 0.001s {{(pid=125516) inner /usr/local/lib/python3.8/dist-packages/oslo_concurrency/lockutils.py:400}}
Mar 10 09:02:26.717705 chdv-832929-1 devstack@n-api.service[125516]: DEBUG nova.policy [None req-d8fe124f-f2e0-41e6-8636-37050f71bb2a tempest-DeleteServersAdminTestJSON-1863026345 tempest-DeleteServersAdminTestJSON-1863026345-project] Policy check for os_compute_api:os-extended-server-attributes failed with credentials {'is_admin': False, 'user_id': '6780517d5d8a4d199ec41885235d7959', 'user_domain_id': 'default', 'system_scope': None, 'domain_id': None, 'project_id': '83405d8e8a13456290244262484cecbf', 'project_domain_id': 'default', 'roles': ['member', 'reader'], 'is_admin_project': True, 'service_user_id': None, 'service_user_domain_id': None, 'service_project_id': None, 'service_project_domain_id': None, 'service_roles': []} {{(pid=125516) authorize /opt/stack/nova/nova/policy.py:199}}
Mar 10 09:02:26.728248 chdv-832929-1 devstack@n-api.service[125516]: INFO nova.api.openstack.requestlog [None req-d8fe124f-f2e0-41e6-8636-37050f71bb2a tempest-DeleteServersAdminTestJSON-1863026345 tempest-DeleteServersAdminTestJSON-1863026345-project] 10.222.0.44 "GET /compute/v2.1/servers/dabf7595-0686-45ae-9b64-dd0a04975d2d" status: 200 len: 1275 microversion: 2.1 time: 0.163151
Mar 10 09:02:26.741410 chdv-832929-1 devstack@n-api.service[125516]: [pid: 125516|app: 0|req: 113/235] 10.222.0.44 () {58 vars in 1235 bytes} [Thu Mar 10 09:02:26 2022] GET /compute/v2.1/servers/dabf7595-0686-45ae-9b64-dd0a04975d2d => generated 1275 bytes in 177 msecs (HTTP/1.1 200) 9 headers in 358 bytes (2 switches on core 0)
Mar 10 09:02:26.970531 chdv-832929-1 devstack@n-api.service[125517]: INFO nova.api.openstack.requestlog [None req-67e6e7b8-8a09-47d8-ab49-89bc21103d96 tempest-AggregatesAdminTestJSON-2126530853 tempest-AggregatesAdminTestJSON-2126530853-project-admin] 10.222.0.44 "POST /compute/v2.1/os-aggregates/4/action" status: 200 len: 226 microversion: 2.1 time: 0.438712
Mar 10 09:02:26.972358 chdv-832929-1 devstack@n-api.service[125517]: [pid: 125517|app: 0|req: 123/236] 10.222.0.44 () {60 vars in 1190 bytes} [Thu Mar 10 09:02:26 2022] POST /compute/v2.1/os-aggregates/4/action => generated 226 bytes in 441 msecs (HTTP/1.1 200) 9 headers in 357 bytes (1 switches on core 0)
Mar 10 09:02:26.985486 chdv-832929-1 devstack@n-api.service[125517]: DEBUG nova.api.openstack.wsgi [None req-3ced6230-634a-45fd-9c4a-a9f71c94e577 tempest-AggregatesAdminTestJSON-2126530853 tempest-AggregatesAdminTestJSON-2126530853-project-admin] Calling method '>' {{(pid=125517) _process_stack /opt/stack/nova/nova/api/openstack/wsgi.py:513}}
Mar 10 09:02:26.987523 chdv-832929-1 devstack@n-api.service[125516]: DEBUG nova.api.openstack.wsgi [None req-7ccad1d1-5e75-4a5b-8e01-64f25822f491 tempest-LiveAutoBlockMigrationV225Test-1553360865 tempest-LiveAutoBlockMigrationV225Test-1553360865-project] Calling method '>' {{(pid=125516) _process_stack /opt/stack/nova/nova/api/openstack/wsgi.py:513}}
Mar 10 09:02:26.988054 chdv-832929-1 devstack@n-api.service[125517]: /usr/local/lib/python3.8/dist-packages/oslo_policy/policy.py:1119: UserWarning: Policy "os_compute_api:os-aggregates:delete": "rule:context_is_admin" failed scope check. The token used to make the request was project scoped but the policy requires ['system'] scope. This behavior may change in the future where using the intended scope is required
Mar 10 09:02:26.988054 chdv-832929-1 devstack@n-api.service[125517]: warnings.warn(msg)
Mar 10 09:02:26.989086 chdv-832929-1 devstack@n-api.service[125516]: DEBUG nova.compute.api [None req-7ccad1d1-5e75-4a5b-8e01-64f25822f491 tempest-LiveAutoBlockMigrationV225Test-1553360865 tempest-LiveAutoBlockMigrationV225Test-1553360865-project] [instance: f92f689c-31c0-42ec-9125-58dcaefd6ee5] Fetching instance by UUID {{(pid=125516) get /opt/stack/nova/nova/compute/api.py:2918}}
Mar 10 09:02:26.996793 chdv-832929-1 devstack@n-api.service[125516]: DEBUG oslo_concurrency.lockutils [None req-7ccad1d1-5e75-4a5b-8e01-64f25822f491 tempest-LiveAutoBlockMigrationV225Test-1553360865 tempest-LiveAutoBlockMigrationV225Test-1553360865-project] Lock "02b9be29-9557-4e88-ac46-5eb8f00ca583" acquired by "nova.context.set_target_cell..get_or_set_cached_cell_and_set_connections" :: waited 0.000s {{(pid=125516) inner /usr/local/lib/python3.8/dist-packages/oslo_concurrency/lockutils.py:386}}
Mar 10 09:02:26.997478 chdv-832929-1 devstack@n-api.service[125516]: DEBUG oslo_concurrency.lockutils [None req-7ccad1d1-5e75-4a5b-8e01-64f25822f491 tempest-LiveAutoBlockMigrationV225Test-1553360865 tempest-LiveAutoBlockMigrationV225Test-1553360865-project] Lock "02b9be29-9557-4e88-ac46-5eb8f00ca583" "released" by "nova.context.set_target_cell..get_or_set_cached_cell_and_set_connections" :: held 0.001s {{(pid=125516) inner /usr/local/lib/python3.8/dist-packages/oslo_concurrency/lockutils.py:400}}
Mar 10 09:02:26.998443 chdv-832929-1 devstack@n-api.service[125516]: DEBUG oslo_concurrency.lockutils [None req-7ccad1d1-5e75-4a5b-8e01-64f25822f491 tempest-LiveAutoBlockMigrationV225Test-1553360865 tempest-LiveAutoBlockMigrationV225Test-1553360865-project] Lock "02b9be29-9557-4e88-ac46-5eb8f00ca583" acquired by "nova.context.set_target_cell..get_or_set_cached_cell_and_set_connections" :: waited 0.000s {{(pid=125516) inner /usr/local/lib/python3.8/dist-packages/oslo_concurrency/lockutils.py:386}}
Mar 10 09:02:27.000738 chdv-832929-1 devstack@n-api.service[125516]: DEBUG oslo_concurrency.lockutils [None req-7ccad1d1-5e75-4a5b-8e01-64f25822f491 tempest-LiveAutoBlockMigrationV225Test-1553360865 tempest-LiveAutoBlockMigrationV225Test-1553360865-project] Lock "02b9be29-9557-4e88-ac46-5eb8f00ca583" "released" by "nova.context.set_target_cell..get_or_set_cached_cell_and_set_connections" :: held 0.001s {{(pid=125516) inner /usr/local/lib/python3.8/dist-packages/oslo_concurrency/lockutils.py:400}}
Mar 10 09:02:27.178662 chdv-832929-1 devstack@n-api.service[125517]: INFO nova.api.openstack.requestlog [None req-3ced6230-634a-45fd-9c4a-a9f71c94e577 tempest-AggregatesAdminTestJSON-2126530853 tempest-AggregatesAdminTestJSON-2126530853-project-admin] 10.222.0.44 "DELETE /compute/v2.1/os-aggregates/4" status: 200 len: 0 microversion: 2.1 time: 0.200285
Mar 10 09:02:27.179449 chdv-832929-1 devstack@n-api.service[125517]: [pid: 125517|app: 0|req: 124/237] 10.222.0.44 () {58 vars in 1151 bytes} [Thu Mar 10 09:02:26 2022] DELETE /compute/v2.1/os-aggregates/4 => generated 0 bytes in 202 msecs (HTTP/1.1 200) 9 headers in 355 bytes (2 switches on core 0)
Mar 10 09:02:27.200115 chdv-832929-1 devstack@n-api.service[125517]: DEBUG nova.api.openstack.wsgi [None req-84bb886c-37ba-47be-96de-a2ca40633548 tempest-AggregatesAdminTestJSON-2126530853 tempest-AggregatesAdminTestJSON-2126530853-project-admin] Action: 'create', calling method: >, body: {"aggregate": {"name": "tempest-test_aggregate-1784555339"}} {{(pid=125517) _process_stack /opt/stack/nova/nova/api/openstack/wsgi.py:511}}
Mar 10 09:02:27.205240 chdv-832929-1 devstack@n-api.service[125517]: /usr/local/lib/python3.8/dist-packages/oslo_policy/policy.py:1119: UserWarning: Policy "os_compute_api:os-aggregates:create": "rule:context_is_admin" failed scope check. The token used to make the request was project scoped but the policy requires ['system'] scope. This behavior may change in the future where using the intended scope is required
Mar 10 09:02:27.205240 chdv-832929-1 devstack@n-api.service[125517]: warnings.warn(msg)
Mar 10 09:02:27.207445 chdv-832929-1 devstack@n-api.service[125517]: DEBUG nova.objects.aggregate [None req-84bb886c-37ba-47be-96de-a2ca40633548 tempest-AggregatesAdminTestJSON-2126530853 tempest-AggregatesAdminTestJSON-2126530853-project-admin] Generated uuid 6c3fad69-cc87-4489-b21b-91d501d2b62b for aggregate {{(pid=125517) create /opt/stack/nova/nova/objects/aggregate.py:298}}
Mar 10 09:02:27.385346 chdv-832929-1 devstack@n-api.service[125517]: INFO nova.api.openstack.requestlog [None req-84bb886c-37ba-47be-96de-a2ca40633548 tempest-AggregatesAdminTestJSON-2126530853 tempest-AggregatesAdminTestJSON-2126530853-project-admin] 10.222.0.44 "POST /compute/v2.1/os-aggregates" status: 200 len: 198 microversion: 2.1 time: 0.197765
Mar 10 09:02:27.386733 chdv-832929-1 devstack@n-api.service[125517]: [pid: 125517|app: 0|req: 125/238] 10.222.0.44 () {60 vars in 1163 bytes} [Thu Mar 10 09:02:27 2022] POST /compute/v2.1/os-aggregates => generated 198 bytes in 201 msecs (HTTP/1.1 200) 9 headers in 357 bytes (1 switches on core 0)
Mar 10 09:02:27.407024 chdv-832929-1 devstack@n-api.service[125516]: DEBUG nova.policy [None req-7ccad1d1-5e75-4a5b-8e01-64f25822f491 tempest-LiveAutoBlockMigrationV225Test-1553360865 tempest-LiveAutoBlockMigrationV225Test-1553360865-project] Policy check for os_compute_api:os-extended-server-attributes failed with credentials {'is_admin': False, 'user_id': '3ac8fe53c1184e3cb74a1b05bd30f5dd', 'user_domain_id': 'default', 'system_scope': None, 'domain_id': None, 'project_id': '036fae94b8eb412e88db0da709ce8a9f', 'project_domain_id': 'default', 'roles': ['member', 'reader'], 'is_admin_project': True, 'service_user_id': None, 'service_user_domain_id': None, 'service_project_id': None, 'service_project_domain_id': None, 'service_roles': []} {{(pid=125516) authorize /opt/stack/nova/nova/policy.py:199}}
Mar 10 09:02:27.418130 chdv-832929-1 devstack@n-api.service[125517]: DEBUG nova.api.openstack.wsgi [None req-0949479b-c08c-42c3-8564-00f1c5d0ea99 tempest-AggregatesAdminTestJSON-2126530853 tempest-AggregatesAdminTestJSON-2126530853-project-admin] Action: 'action', calling method: >, body: {"add_host": {"host": "chh1-832929-1"}} {{(pid=125517) _process_stack /opt/stack/nova/nova/api/openstack/wsgi.py:511}}
Mar 10 09:02:27.420141 chdv-832929-1 devstack@n-api.service[125517]: /usr/local/lib/python3.8/dist-packages/oslo_policy/policy.py:1119: UserWarning: Policy "os_compute_api:os-aggregates:add_host": "rule:context_is_admin" failed scope check. The token used to make the request was project scoped but the policy requires ['system'] scope. This behavior may change in the future where using the intended scope is required
Mar 10 09:02:27.420141 chdv-832929-1 devstack@n-api.service[125517]: warnings.warn(msg)
Mar 10 09:02:27.421065 chdv-832929-1 devstack@n-api.service[125516]: DEBUG nova.policy [None req-7ccad1d1-5e75-4a5b-8e01-64f25822f491 tempest-LiveAutoBlockMigrationV225Test-1553360865 tempest-LiveAutoBlockMigrationV225Test-1553360865-project] Policy check for os_compute_api:servers:show:host_status failed with credentials {'is_admin': False, 'user_id': '3ac8fe53c1184e3cb74a1b05bd30f5dd', 'user_domain_id': 'default', 'system_scope': None, 'domain_id': None, 'project_id': '036fae94b8eb412e88db0da709ce8a9f', 'project_domain_id': 'default', 'roles': ['member', 'reader'], 'is_admin_project': True, 'service_user_id': None, 'service_user_domain_id': None, 'service_project_id': None, 'service_project_domain_id': None, 'service_roles': []} {{(pid=125516) authorize /opt/stack/nova/nova/policy.py:199}}
Mar 10 09:02:27.425156 chdv-832929-1 devstack@n-api.service[125516]: DEBUG nova.policy [None req-7ccad1d1-5e75-4a5b-8e01-64f25822f491 tempest-LiveAutoBlockMigrationV225Test-1553360865 tempest-LiveAutoBlockMigrationV225Test-1553360865-project] Policy check for os_compute_api:servers:show:host_status:unknown-only failed with credentials {'is_admin': False, 'user_id': '3ac8fe53c1184e3cb74a1b05bd30f5dd', 'user_domain_id': 'default', 'system_scope': None, 'domain_id': None, 'project_id': '036fae94b8eb412e88db0da709ce8a9f', 'project_domain_id': 'default', 'roles': ['member', 'reader'], 'is_admin_project': True, 'service_user_id': None, 'service_user_domain_id': None, 'service_project_id': None, 'service_project_domain_id': None, 'service_roles': []} {{(pid=125516) authorize /opt/stack/nova/nova/policy.py:199}}
Mar 10 09:02:27.426332 chdv-832929-1 devstack@n-api.service[125516]: INFO nova.api.openstack.requestlog [None req-7ccad1d1-5e75-4a5b-8e01-64f25822f491 tempest-LiveAutoBlockMigrationV225Test-1553360865 tempest-LiveAutoBlockMigrationV225Test-1553360865-project] 10.222.0.44 "GET /compute/v2.1/servers/f92f689c-31c0-42ec-9125-58dcaefd6ee5" status: 200 len: 1362 microversion: 2.25 time: 0.449054
Mar 10 09:02:27.444468 chdv-832929-1 devstack@n-api.service[125516]: [pid: 125516|app: 0|req: 114/239] 10.222.0.44 () {60 vars in 1276 bytes} [Thu Mar 10 09:02:26 2022] GET /compute/v2.1/servers/f92f689c-31c0-42ec-9125-58dcaefd6ee5 => generated 1362 bytes in 468 msecs (HTTP/1.1 200) 9 headers in 360 bytes (1 switches on core 0)
Mar 10 09:02:27.476095 chdv-832929-1 devstack@n-api.service[125517]: DEBUG oslo_concurrency.lockutils [None req-0949479b-c08c-42c3-8564-00f1c5d0ea99 tempest-AggregatesAdminTestJSON-2126530853 tempest-AggregatesAdminTestJSON-2126530853-project-admin] Lock "02b9be29-9557-4e88-ac46-5eb8f00ca583" acquired by "nova.context.set_target_cell..get_or_set_cached_cell_and_set_connections" :: waited 0.000s {{(pid=125517) inner /usr/local/lib/python3.8/dist-packages/oslo_concurrency/lockutils.py:386}}
Mar 10 09:02:27.476095 chdv-832929-1 devstack@n-api.service[125517]: DEBUG oslo_concurrency.lockutils [None req-0949479b-c08c-42c3-8564-00f1c5d0ea99 tempest-AggregatesAdminTestJSON-2126530853 tempest-AggregatesAdminTestJSON-2126530853-project-admin] Lock "02b9be29-9557-4e88-ac46-5eb8f00ca583" "released" by "nova.context.set_target_cell..get_or_set_cached_cell_and_set_connections" :: held 0.001s {{(pid=125517) inner /usr/local/lib/python3.8/dist-packages/oslo_concurrency/lockutils.py:400}}
Mar 10 09:02:27.753790 chdv-832929-1 devstack@n-api.service[125516]: DEBUG nova.api.openstack.wsgi [None req-6a56dea6-1998-4224-87a7-271d9aed3aa5 tempest-DeleteServersAdminTestJSON-1863026345 tempest-DeleteServersAdminTestJSON-1863026345-project] Calling method '>' {{(pid=125516) _process_stack /opt/stack/nova/nova/api/openstack/wsgi.py:513}}
Mar 10 09:02:27.754508 chdv-832929-1 devstack@n-api.service[125516]: DEBUG nova.compute.api [None req-6a56dea6-1998-4224-87a7-271d9aed3aa5 tempest-DeleteServersAdminTestJSON-1863026345 tempest-DeleteServersAdminTestJSON-1863026345-project] [instance: dabf7595-0686-45ae-9b64-dd0a04975d2d] Fetching instance by UUID {{(pid=125516) get /opt/stack/nova/nova/compute/api.py:2918}}
Mar 10 09:02:27.768959 chdv-832929-1 devstack@n-api.service[125516]: DEBUG oslo_concurrency.lockutils [None req-6a56dea6-1998-4224-87a7-271d9aed3aa5 tempest-DeleteServersAdminTestJSON-1863026345 tempest-DeleteServersAdminTestJSON-1863026345-project] Lock "02b9be29-9557-4e88-ac46-5eb8f00ca583" acquired by "nova.context.set_target_cell..get_or_set_cached_cell_and_set_connections" :: waited 0.000s {{(pid=125516) inner /usr/local/lib/python3.8/dist-packages/oslo_concurrency/lockutils.py:386}}
Mar 10 09:02:27.771051 chdv-832929-1 devstack@n-api.service[125516]: DEBUG oslo_concurrency.lockutils [None req-6a56dea6-1998-4224-87a7-271d9aed3aa5 tempest-DeleteServersAdminTestJSON-1863026345 tempest-DeleteServersAdminTestJSON-1863026345-project] Lock "02b9be29-9557-4e88-ac46-5eb8f00ca583" "released" by "nova.context.set_target_cell..get_or_set_cached_cell_and_set_connections" :: held 0.005s {{(pid=125516) inner /usr/local/lib/python3.8/dist-packages/oslo_concurrency/lockutils.py:400}}
Mar 10 09:02:27.778272 chdv-832929-1 devstack@n-api.service[125516]: DEBUG oslo_concurrency.lockutils [None req-6a56dea6-1998-4224-87a7-271d9aed3aa5 tempest-DeleteServersAdminTestJSON-1863026345 tempest-DeleteServersAdminTestJSON-1863026345-project] Lock "02b9be29-9557-4e88-ac46-5eb8f00ca583" acquired by "nova.context.set_target_cell..get_or_set_cached_cell_and_set_connections" :: waited 0.000s {{(pid=125516) inner /usr/local/lib/python3.8/dist-packages/oslo_concurrency/lockutils.py:386}}
Mar 10 09:02:27.778794 chdv-832929-1 devstack@n-api.service[125516]: DEBUG oslo_concurrency.lockutils [None req-6a56dea6-1998-4224-87a7-271d9aed3aa5 tempest-DeleteServersAdminTestJSON-1863026345 tempest-DeleteServersAdminTestJSON-1863026345-project] Lock "02b9be29-9557-4e88-ac46-5eb8f00ca583" "released" by "nova.context.set_target_cell..get_or_set_cached_cell_and_set_connections" :: held 0.007s {{(pid=125516) inner /usr/local/lib/python3.8/dist-packages/oslo_concurrency/lockutils.py:400}}
Mar 10 09:02:27.861500 chdv-832929-1 devstack@n-api.service[125517]: INFO nova.api.openstack.requestlog [None req-0949479b-c08c-42c3-8564-00f1c5d0ea99 tempest-AggregatesAdminTestJSON-2126530853 tempest-AggregatesAdminTestJSON-2126530853-project-admin] 10.222.0.44 "POST /compute/v2.1/os-aggregates/5/action" status: 200 len: 242 microversion: 2.1 time: 0.446603
Mar 10 09:02:27.862630 chdv-832929-1 devstack@n-api.service[125517]: [pid: 125517|app: 0|req: 126/240] 10.222.0.44 () {60 vars in 1190 bytes} [Thu Mar 10 09:02:27 2022] POST /compute/v2.1/os-aggregates/5/action => generated 242 bytes in 449 msecs (HTTP/1.1 200) 9 headers in 357 bytes (1 switches on core 0)
Mar 10 09:02:27.875062 chdv-832929-1 devstack@n-api.service[125517]: DEBUG nova.api.openstack.wsgi [None req-7c038791-a99e-43bf-a103-9efa764c6601 tempest-AggregatesAdminTestJSON-2126530853 tempest-AggregatesAdminTestJSON-2126530853-project-admin] Action: 'action', calling method: >, body: {"remove_host": {"host": "chh1-832929-1"}} {{(pid=125517) _process_stack /opt/stack/nova/nova/api/openstack/wsgi.py:511}}
Mar 10 09:02:27.878581 chdv-832929-1 devstack@n-api.service[125517]: /usr/local/lib/python3.8/dist-packages/oslo_policy/policy.py:1119: UserWarning: Policy "os_compute_api:os-aggregates:remove_host": "rule:context_is_admin" failed scope check. The token used to make the request was project scoped but the policy requires ['system'] scope. This behavior may change in the future where using the intended scope is required
Mar 10 09:02:27.878581 chdv-832929-1 devstack@n-api.service[125517]: warnings.warn(msg)
Mar 10 09:02:27.897276 chdv-832929-1 devstack@n-api.service[125517]: DEBUG oslo_concurrency.lockutils [None req-7c038791-a99e-43bf-a103-9efa764c6601 tempest-AggregatesAdminTestJSON-2126530853 tempest-AggregatesAdminTestJSON-2126530853-project-admin] Lock "02b9be29-9557-4e88-ac46-5eb8f00ca583" acquired by "nova.context.set_target_cell..get_or_set_cached_cell_and_set_connections" :: waited 0.000s {{(pid=125517) inner /usr/local/lib/python3.8/dist-packages/oslo_concurrency/lockutils.py:386}}
Mar 10 09:02:27.898416 chdv-832929-1 devstack@n-api.service[125517]: DEBUG oslo_concurrency.lockutils [None req-7c038791-a99e-43bf-a103-9efa764c6601 tempest-AggregatesAdminTestJSON-2126530853 tempest-AggregatesAdminTestJSON-2126530853-project-admin] Lock "02b9be29-9557-4e88-ac46-5eb8f00ca583" "released" by "nova.context.set_target_cell..get_or_set_cached_cell_and_set_connections" :: held 0.001s {{(pid=125517) inner /usr/local/lib/python3.8/dist-packages/oslo_concurrency/lockutils.py:400}}
Mar 10 09:02:28.046271 chdv-832929-1 devstack@n-api.service[125516]: DEBUG nova.policy [None req-6a56dea6-1998-4224-87a7-271d9aed3aa5 tempest-DeleteServersAdminTestJSON-1863026345 tempest-DeleteServersAdminTestJSON-1863026345-project] Policy check for os_compute_api:os-extended-server-attributes failed with credentials {'is_admin': False, 'user_id': '6780517d5d8a4d199ec41885235d7959', 'user_domain_id': 'default', 'system_scope': None, 'domain_id': None, 'project_id': '83405d8e8a13456290244262484cecbf', 'project_domain_id': 'default', 'roles': ['member', 'reader'], 'is_admin_project': True, 'service_user_id': None, 'service_user_domain_id': None, 'service_project_id': None, 'service_project_domain_id': None, 'service_roles': []} {{(pid=125516) authorize /opt/stack/nova/nova/policy.py:199}}
Mar 10 09:02:28.054191 chdv-832929-1 devstack@n-api.service[125516]: INFO nova.api.openstack.requestlog [None req-6a56dea6-1998-4224-87a7-271d9aed3aa5 tempest-DeleteServersAdminTestJSON-1863026345 tempest-DeleteServersAdminTestJSON-1863026345-project] 10.222.0.44 "GET /compute/v2.1/servers/dabf7595-0686-45ae-9b64-dd0a04975d2d" status: 200 len: 1317 microversion: 2.1 time: 0.308993
Mar 10 09:02:28.054753 chdv-832929-1 devstack@n-api.service[125516]: [pid: 125516|app: 0|req: 115/241] 10.222.0.44 () {58 vars in 1235 bytes} [Thu Mar 10 09:02:27 2022] GET /compute/v2.1/servers/dabf7595-0686-45ae-9b64-dd0a04975d2d => generated 1317 bytes in 311 msecs (HTTP/1.1 200) 9 headers in 358 bytes (2 switches on core 0)
Mar 10 09:02:28.257454 chdv-832929-1 devstack@n-api.service[125517]: INFO nova.api.openstack.requestlog [None req-7c038791-a99e-43bf-a103-9efa764c6601 tempest-AggregatesAdminTestJSON-2126530853 tempest-AggregatesAdminTestJSON-2126530853-project-admin] 10.222.0.44 "POST /compute/v2.1/os-aggregates/5/action" status: 200 len: 227 microversion: 2.1 time: 0.387736
Mar 10 09:02:28.258615 chdv-832929-1 devstack@n-api.service[125517]: [pid: 125517|app: 0|req: 127/242] 10.222.0.44 () {60 vars in 1190 bytes} [Thu Mar 10 09:02:27 2022] POST /compute/v2.1/os-aggregates/5/action => generated 227 bytes in 390 msecs (HTTP/1.1 200) 9 headers in 357 bytes (1 switches on core 0)
Mar 10 09:02:28.269877 chdv-832929-1 devstack@n-api.service[125516]: DEBUG nova.api.openstack.wsgi [None req-799a112b-c342-41e0-891b-e4dbaabcbe12 tempest-AggregatesAdminTestJSON-2126530853 tempest-AggregatesAdminTestJSON-2126530853-project-admin] Calling method '>' {{(pid=125516) _process_stack /opt/stack/nova/nova/api/openstack/wsgi.py:513}}
Mar 10 09:02:28.270684 chdv-832929-1 devstack@n-api.service[125516]: /usr/local/lib/python3.8/dist-packages/oslo_policy/policy.py:1119: UserWarning: Policy "os_compute_api:os-aggregates:delete": "rule:context_is_admin" failed scope check. The token used to make the request was project scoped but the policy requires ['system'] scope. This behavior may change in the future where using the intended scope is required
Mar 10 09:02:28.270684 chdv-832929-1 devstack@n-api.service[125516]: warnings.warn(msg)
Mar 10 09:02:28.415081 chdv-832929-1 devstack@n-api.service[125516]: INFO nova.api.openstack.requestlog [None req-799a112b-c342-41e0-891b-e4dbaabcbe12 tempest-AggregatesAdminTestJSON-2126530853 tempest-AggregatesAdminTestJSON-2126530853-project-admin] 10.222.0.44 "DELETE /compute/v2.1/os-aggregates/5" status: 200 len: 0 microversion: 2.1 time: 0.150382
Mar 10 09:02:28.420887 chdv-832929-1 devstack@n-api.service[125516]: [pid: 125516|app: 0|req: 116/243] 10.222.0.44 () {58 vars in 1151 bytes} [Thu Mar 10 09:02:28 2022] DELETE /compute/v2.1/os-aggregates/5 => generated 0 bytes in 157 msecs (HTTP/1.1 200) 9 headers in 355 bytes (1 switches on core 0)
Mar 10 09:02:28.430669 chdv-832929-1 devstack@n-api.service[125517]: DEBUG nova.api.openstack.wsgi [None req-6ba14413-1352-4658-9e8f-1617896dd1fa tempest-AggregatesAdminTestJSON-2126530853 tempest-AggregatesAdminTestJSON-2126530853-project-admin] Action: 'create', calling method: >, body: {"aggregate": {"name": "tempest-test_aggregate-1863865524"}} {{(pid=125517) _process_stack /opt/stack/nova/nova/api/openstack/wsgi.py:511}}
Mar 10 09:02:28.432366 chdv-832929-1 devstack@n-api.service[125517]: /usr/local/lib/python3.8/dist-packages/oslo_policy/policy.py:1119: UserWarning: Policy "os_compute_api:os-aggregates:create": "rule:context_is_admin" failed scope check. The token used to make the request was project scoped but the policy requires ['system'] scope. This behavior may change in the future where using the intended scope is required
Mar 10 09:02:28.432366 chdv-832929-1 devstack@n-api.service[125517]: warnings.warn(msg)
Mar 10 09:02:28.433226 chdv-832929-1 devstack@n-api.service[125517]: DEBUG nova.objects.aggregate [None req-6ba14413-1352-4658-9e8f-1617896dd1fa tempest-AggregatesAdminTestJSON-2126530853 tempest-AggregatesAdminTestJSON-2126530853-project-admin] Generated uuid 38b596ca-3195-4927-9f10-07662a17e6bb for aggregate {{(pid=125517) create /opt/stack/nova/nova/objects/aggregate.py:298}}
Mar 10 09:02:28.457122 chdv-832929-1 devstack@n-api.service[125516]: DEBUG nova.api.openstack.wsgi [None req-20c4ae77-bb90-45e9-b346-9a2885789afd tempest-LiveAutoBlockMigrationV225Test-1553360865 tempest-LiveAutoBlockMigrationV225Test-1553360865-project] Calling method '>' {{(pid=125516) _process_stack /opt/stack/nova/nova/api/openstack/wsgi.py:513}}
Mar 10 09:02:28.457122 chdv-832929-1 devstack@n-api.service[125516]: DEBUG nova.compute.api [None req-20c4ae77-bb90-45e9-b346-9a2885789afd tempest-LiveAutoBlockMigrationV225Test-1553360865 tempest-LiveAutoBlockMigrationV225Test-1553360865-project] [instance: f92f689c-31c0-42ec-9125-58dcaefd6ee5] Fetching instance by UUID {{(pid=125516) get /opt/stack/nova/nova/compute/api.py:2918}}
Mar 10 09:02:28.464174 chdv-832929-1 devstack@n-api.service[125516]: DEBUG oslo_concurrency.lockutils [None req-20c4ae77-bb90-45e9-b346-9a2885789afd tempest-LiveAutoBlockMigrationV225Test-1553360865 tempest-LiveAutoBlockMigrationV225Test-1553360865-project] Lock "02b9be29-9557-4e88-ac46-5eb8f00ca583" acquired by "nova.context.set_target_cell..get_or_set_cached_cell_and_set_connections" :: waited 0.000s {{(pid=125516) inner /usr/local/lib/python3.8/dist-packages/oslo_concurrency/lockutils.py:386}}
Mar 10 09:02:28.464718 chdv-832929-1 devstack@n-api.service[125516]: DEBUG oslo_concurrency.lockutils [None req-20c4ae77-bb90-45e9-b346-9a2885789afd tempest-LiveAutoBlockMigrationV225Test-1553360865 tempest-LiveAutoBlockMigrationV225Test-1553360865-project] Lock "02b9be29-9557-4e88-ac46-5eb8f00ca583" "released" by "nova.context.set_target_cell..get_or_set_cached_cell_and_set_connections" :: held 0.001s {{(pid=125516) inner /usr/local/lib/python3.8/dist-packages/oslo_concurrency/lockutils.py:400}}
Mar 10 09:02:28.466529 chdv-832929-1 devstack@n-api.service[125516]: DEBUG oslo_concurrency.lockutils [None req-20c4ae77-bb90-45e9-b346-9a2885789afd tempest-LiveAutoBlockMigrationV225Test-1553360865 tempest-LiveAutoBlockMigrationV225Test-1553360865-project] Lock "02b9be29-9557-4e88-ac46-5eb8f00ca583" acquired by "nova.context.set_target_cell..get_or_set_cached_cell_and_set_connections" :: waited 0.000s {{(pid=125516) inner /usr/local/lib/python3.8/dist-packages/oslo_concurrency/lockutils.py:386}}
Mar 10 09:02:28.468154 chdv-832929-1 devstack@n-api.service[125516]: DEBUG oslo_concurrency.lockutils [None req-20c4ae77-bb90-45e9-b346-9a2885789afd tempest-LiveAutoBlockMigrationV225Test-1553360865 tempest-LiveAutoBlockMigrationV225Test-1553360865-project] Lock "02b9be29-9557-4e88-ac46-5eb8f00ca583" "released" by "nova.context.set_target_cell..get_or_set_cached_cell_and_set_connections" :: held 0.002s {{(pid=125516) inner /usr/local/lib/python3.8/dist-packages/oslo_concurrency/lockutils.py:400}}
Mar 10 09:02:28.561148 chdv-832929-1 devstack@n-api.service[125517]: INFO nova.api.openstack.requestlog [None req-6ba14413-1352-4658-9e8f-1617896dd1fa tempest-AggregatesAdminTestJSON-2126530853 tempest-AggregatesAdminTestJSON-2126530853-project-admin] 10.222.0.44 "POST /compute/v2.1/os-aggregates" status: 200 len: 198 microversion: 2.1 time: 0.134243
Mar 10 09:02:28.566551 chdv-832929-1 devstack@n-api.service[125517]: [pid: 125517|app: 0|req: 128/244] 10.222.0.44 () {60 vars in 1163 bytes} [Thu Mar 10 09:02:28 2022] POST /compute/v2.1/os-aggregates => generated 198 bytes in 136 msecs (HTTP/1.1 200) 9 headers in 357 bytes (1 switches on core 0)
Mar 10 09:02:28.575726 chdv-832929-1 devstack@n-api.service[125517]: DEBUG nova.api.openstack.wsgi [None req-11f0449d-29c2-4ac5-91f0-3a9585e0b3da tempest-AggregatesAdminNegativeTestJSON-571018880 tempest-AggregatesAdminNegativeTestJSON-571018880-project-admin] Action: 'create', calling method: >, body: {"aggregate": {"name": "tempest-test_aggregate-598122578"}} {{(pid=125517) _process_stack /opt/stack/nova/nova/api/openstack/wsgi.py:511}}
Mar 10 09:02:28.583387 chdv-832929-1 devstack@n-api.service[125517]: /usr/local/lib/python3.8/dist-packages/oslo_policy/policy.py:1119: UserWarning: Policy "os_compute_api:os-aggregates:create": "rule:context_is_admin" failed scope check. The token used to make the request was project scoped but the policy requires ['system'] scope. This behavior may change in the future where using the intended scope is required
Mar 10 09:02:28.583387 chdv-832929-1 devstack@n-api.service[125517]: warnings.warn(msg)
Mar 10 09:02:28.589057 chdv-832929-1 devstack@n-api.service[125517]: DEBUG nova.objects.aggregate [None req-11f0449d-29c2-4ac5-91f0-3a9585e0b3da tempest-AggregatesAdminNegativeTestJSON-571018880 tempest-AggregatesAdminNegativeTestJSON-571018880-project-admin] Generated uuid 35d9897d-6567-48b9-b4a4-c29ca8ae30e0 for aggregate {{(pid=125517) create /opt/stack/nova/nova/objects/aggregate.py:298}}
Mar 10 09:02:28.721478 chdv-832929-1 devstack@n-api.service[125517]: INFO nova.api.openstack.requestlog [None req-11f0449d-29c2-4ac5-91f0-3a9585e0b3da tempest-AggregatesAdminNegativeTestJSON-571018880 tempest-AggregatesAdminNegativeTestJSON-571018880-project-admin] 10.222.0.44 "POST /compute/v2.1/os-aggregates" status: 200 len: 197 microversion: 2.1 time: 0.157804
Mar 10 09:02:28.722081 chdv-832929-1 devstack@n-api.service[125517]: [pid: 125517|app: 0|req: 129/245] 10.222.0.44 () {60 vars in 1163 bytes} [Thu Mar 10 09:02:28 2022] POST /compute/v2.1/os-aggregates => generated 197 bytes in 159 msecs (HTTP/1.1 200) 9 headers in 357 bytes (1 switches on core 0)
Mar 10 09:02:28.731149 chdv-832929-1 devstack@n-api.service[125517]: DEBUG nova.api.openstack.wsgi [req-d727b26b-c6ba-4790-bda7-e2794716739a req-632c7a07-e96f-463e-b19d-debece14f87f service nova] Action: 'create', calling method: >, body: {"events": [{"name": "network-changed", "server_uuid": "dabf7595-0686-45ae-9b64-dd0a04975d2d", "tag": "ba852f88-4620-49fd-a096-cc86e110b89b"}]} {{(pid=125517) _process_stack /opt/stack/nova/nova/api/openstack/wsgi.py:511}}
