Jan 26 15:13:46.504749 chdv-826473-1 neutron-server[103388]: DEBUG neutron.api.rpc.handlers.resources_rpc [None req-268650e5-0a70-4de4-b17a-9f5520b0c423 None None] Pushing event updated for resources: {'Port': ['ID=76cd7ca7-e0b2-466e-b52c-3319a2c88283,revision_number=1']} {{(pid=103388) push /opt/stack/neutron/neutron/api/rpc/handlers/resources_rpc.py:237}}
Jan 26 15:13:46.507968 chdv-826473-1 neutron-server[103388]: DEBUG neutron.notifiers.nova [-] Sending events: [{'server_uuid': '7becd248-2005-4453-9b13-1de87487905f', 'name': 'network-vif-plugged', 'status': 'completed', 'tag': 'e9c7e8c2-13ca-45cc-a712-89aef1859b66'}] {{(pid=103388) send_events /opt/stack/neutron/neutron/notifiers/nova.py:262}}
Jan 26 15:13:46.510472 chdv-826473-1 neutron-server[103388]: DEBUG novaclient.v2.client [-] REQ: curl -g -i --cacert "/opt/stack/data/ca-bundle.pem" -X POST http://10.222.0.11/compute/v2.1/os-server-external-events -H "Accept: application/json" -H "Content-Type: application/json" -H "User-Agent: python-novaclient" -H "X-Auth-Token: {SHA256}79a5a613c208bfc529c02a854e5637c4570afa15d72b038b8c48ae963ac85278" -H "X-OpenStack-Nova-API-Version: 2.1" -H "X-OpenStack-Request-ID: req-b35304a2-b8e7-493c-8a8e-e736c1da3e03" -d '{"events": [{"server_uuid": "7becd248-2005-4453-9b13-1de87487905f", "name": "network-vif-plugged", "status": "completed", "tag": "e9c7e8c2-13ca-45cc-a712-89aef1859b66"}]}' {{(pid=103388) _http_log_request /usr/local/lib/python3.8/dist-packages/keystoneauth1/session.py:519}}
Jan 26 15:13:46.598509 chdv-826473-1 neutron-server[103386]: DEBUG neutron.db.db_base_plugin_common [None req-edd49966-d7b8-478d-a7c5-ad610160b88e admin admin] Allocated IP 172.33.1.18 (b9f28a3b-7716-4e7b-82da-5ec14fabe31e/dc2d3e63-6d04-46a8-8d79-829ccdaae760/fcc7293b-b062-4b21-a5a8-e4d149229580) {{(pid=103386) _store_ip_allocation /opt/stack/neutron/neutron/db/db_base_plugin_common.py:131}}
Jan 26 15:13:46.622456 chdv-826473-1 neutron-server[103388]: DEBUG neutron.plugins.ml2.managers [None req-268650e5-0a70-4de4-b17a-9f5520b0c423 None None] Attempting to bind port 76cd7ca7-e0b2-466e-b52c-3319a2c88283 on host chdv-826473-1 for vnic_type normal with profile {{(pid=103388) bind_port /opt/stack/neutron/neutron/plugins/ml2/managers.py:795}}
Jan 26 15:13:46.622948 chdv-826473-1 neutron-server[103388]: DEBUG neutron.plugins.ml2.managers [None req-268650e5-0a70-4de4-b17a-9f5520b0c423 None None] Attempting to bind port 76cd7ca7-e0b2-466e-b52c-3319a2c88283 by drivers openvswitch,hyperv on host chdv-826473-1 at level 0 using segments [{'id': 'b2f4838e-6aec-4314-91d2-3be55115aa56', 'network_type': 'vlan', 'physical_network': 'physnet1', 'segmentation_id': 235, 'network_id': '8b71e149-24cb-4bf9-ba34-7fe9cf67c6f9'}] {{(pid=103388) _bind_port_level /opt/stack/neutron/neutron/plugins/ml2/managers.py:820}}
Jan 26 15:13:46.623173 chdv-826473-1 neutron-server[103388]: DEBUG neutron.plugins.ml2.drivers.mech_agent [None req-268650e5-0a70-4de4-b17a-9f5520b0c423 None None] Attempting to bind port 76cd7ca7-e0b2-466e-b52c-3319a2c88283 on network 8b71e149-24cb-4bf9-ba34-7fe9cf67c6f9 {{(pid=103388) bind_port /opt/stack/neutron/neutron/plugins/ml2/drivers/mech_agent.py:91}}
Jan 26 15:13:46.626629 chdv-826473-1 neutron-server[103388]: DEBUG neutron.api.rpc.handlers.resources_rpc [None req-a33cf0f3-d4e0-48a3-ab2f-27a3783a57ab None None] Pushing event updated for resources: {'Port': ['ID=19240c00-56bc-49b6-bf94-1e4429d45c2a,revision_number=4']} {{(pid=103388) push /opt/stack/neutron/neutron/api/rpc/handlers/resources_rpc.py:237}}
Jan 26 15:13:46.668947 chdv-826473-1 neutron-server[103388]: DEBUG neutron.plugins.ml2.drivers.mech_agent [None req-268650e5-0a70-4de4-b17a-9f5520b0c423 None None] Checking agent: {'id': '6597b42b-594d-4f6b-8ea9-2e386816a05d', 'agent_type': 'Open vSwitch agent', 'binary': 'neutron-openvswitch-agent', 'topic': 'N/A', 'host': 'chdv-826473-1', 'admin_state_up': True, 'created_at': datetime.datetime(2022, 1, 26, 15, 3, 5), 'started_at': datetime.datetime(2022, 1, 26, 15, 3, 35), 'heartbeat_timestamp': datetime.datetime(2022, 1, 26, 15, 13, 35), 'description': None, 'resources_synced': None, 'availability_zone': None, 'alive': True, 'configurations': {'arp_responder_enabled': False, 'baremetal_smartnic': False, 'bridge_mappings': {'physnet1': 'br-data'}, 'datapath_type': 'system', 'devices': 0, 'enable_distributed_routing': False, 'extensions': [], 'in_distributed_mode': False, 'integration_bridge': 'br-int', 'l2_population': False, 'log_agent_heartbeats': False, 'ovs_capabilities': {'datapath_types': ['netdev', 'system'], 'iface_types': ['erspan', 'geneve', 'gre', 'internal', 'ip6erspan', 'ip6gre', 'lisp', 'patch', 'stt', 'system', 'tap', 'vxlan']}, 'ovs_hybrid_plug': False, 'resource_provider_bandwidths': {}, 'resource_provider_hypervisors': {'br-data': 'chdv-826473-1'}, 'resource_provider_inventory_defaults': {'allocation_ratio': 1.0, 'min_unit': 1, 'step_size': 1, 'reserved': 0}, 'resource_provider_packet_processing_inventory_defaults': {'allocation_ratio': 1.0, 'min_unit': 1, 'step_size': 1, 'reserved': 0}, 'resource_provider_packet_processing_with_direction': {}, 'resource_provider_packet_processing_without_direction': {}, 'tunnel_types': [], 'tunneling_ip': None, 'vhostuser_socket_dir': '/var/run/openvswitch'}, 'resource_versions': {'AddressGroup': '1.2', 'ConntrackHelper': '1.0', 'LocalIPAssociation': '1.0', 'Log': '1.0', 'Network': '1.1', 'Port': '1.7', 'PortForwarding': '1.2', 'QosPolicy': '1.10', 'SecurityGroup': '1.5', 'SecurityGroupRule': '1.2', 'SubPort': '1.0', 'Subnet': '1.1', 'Trunk': '1.1'}} {{(pid=103388) bind_port /opt/stack/neutron/neutron/plugins/ml2/drivers/mech_agent.py:110}}
Jan 26 15:13:46.669367 chdv-826473-1 neutron-server[103388]: DEBUG neutron.plugins.ml2.drivers.mech_agent [None req-268650e5-0a70-4de4-b17a-9f5520b0c423 None None] Checking segment: {'id': 'b2f4838e-6aec-4314-91d2-3be55115aa56', 'network_type': 'vlan', 'physical_network': 'physnet1', 'segmentation_id': 235, 'network_id': '8b71e149-24cb-4bf9-ba34-7fe9cf67c6f9'} for mappings: {'physnet1': 'br-data'} with network types: ['local', 'flat', 'vlan'] {{(pid=103388) check_segment_for_agent /opt/stack/neutron/neutron/plugins/ml2/drivers/mech_agent.py:373}}
Jan 26 15:13:46.670217 chdv-826473-1 neutron-server[103388]: DEBUG neutron_lib.callbacks.manager [None req-268650e5-0a70-4de4-b17a-9f5520b0c423 None None] Publish callbacks [] for ovs_bridge_name (None), before_read {{(pid=103388) _notify_loop /usr/local/lib/python3.8/dist-packages/neutron_lib/callbacks/manager.py:176}}
Jan 26 15:13:46.670903 chdv-826473-1 neutron-server[103388]: DEBUG neutron.plugins.ml2.drivers.mech_agent [None req-268650e5-0a70-4de4-b17a-9f5520b0c423 None None] Bound using segment: {'id': 'b2f4838e-6aec-4314-91d2-3be55115aa56', 'network_type': 'vlan', 'physical_network': 'physnet1', 'segmentation_id': 235, 'network_id': '8b71e149-24cb-4bf9-ba34-7fe9cf67c6f9'} {{(pid=103388) bind_port /opt/stack/neutron/neutron/plugins/ml2/drivers/mech_agent.py:120}}
Jan 26 15:13:46.671087 chdv-826473-1 neutron-server[103388]: DEBUG neutron.plugins.ml2.managers [None req-268650e5-0a70-4de4-b17a-9f5520b0c423 None None] Bound port: 76cd7ca7-e0b2-466e-b52c-3319a2c88283, host: chdv-826473-1, vif_type: ovs, vif_details: {"connectivity": "l2", "port_filter": true, "ovs_hybrid_plug": false, "datapath_type": "system", "bridge_name": "br-int"}, binding_levels: [{'bound_driver': 'openvswitch', 'bound_segment': {'id': 'b2f4838e-6aec-4314-91d2-3be55115aa56', 'network_type': 'vlan', 'physical_network': 'physnet1', 'segmentation_id': 235, 'network_id': '8b71e149-24cb-4bf9-ba34-7fe9cf67c6f9'}}] {{(pid=103388) _bind_port_level /opt/stack/neutron/neutron/plugins/ml2/managers.py:932}}
Jan 26 15:13:46.671679 chdv-826473-1 neutron-server[103388]: DEBUG neutron_lib.callbacks.manager [None req-268650e5-0a70-4de4-b17a-9f5520b0c423 None None] Publish callbacks ['neutron.plugins.ml2.plugin.SecurityGroupDbMixin._ensure_default_security_group_handler-782235'] for port (76cd7ca7-e0b2-466e-b52c-3319a2c88283), before_update {{(pid=103388) _notify_loop /usr/local/lib/python3.8/dist-packages/neutron_lib/callbacks/manager.py:176}}
Jan 26 15:13:46.720414 chdv-826473-1 neutron-server[103386]: DEBUG neutron.pecan_wsgi.hooks.policy_enforcement [req-8b1d075f-27c0-40e3-8101-1b2ad48f1d26 req-f7988f0f-8b53-45eb-a370-3daf73f74209 tempest-ServersWithSpecificFlavorTestJSON-1333194413 tempest-ServersWithSpecificFlavorTestJSON-1333194413-project] Attributes excluded by policy engine: ['standard_attr_id', 'binding:profile', 'binding:host_id', 'binding:vif_type', 'binding:vif_details'] {{(pid=103386) _exclude_attributes_by_policy /opt/stack/neutron/neutron/pecan_wsgi/hooks/policy_enforcement.py:255}}
Jan 26 15:13:46.727586 chdv-826473-1 neutron-server[103386]: INFO neutron.wsgi [req-8b1d075f-27c0-40e3-8101-1b2ad48f1d26 req-f7988f0f-8b53-45eb-a370-3daf73f74209 tempest-ServersWithSpecificFlavorTestJSON-1333194413 tempest-ServersWithSpecificFlavorTestJSON-1333194413-project] 10.222.0.11 "GET /v2.0/ports?device_id=b0642ac2-da31-4fb4-b73b-b9723ab7a43d HTTP/1.1" status: 200 len: 945 time: 0.1194835
Jan 26 15:13:46.739415 chdv-826473-1 neutron-server[103388]: DEBUG neutron.api.rpc.handlers.resources_rpc [None req-a33cf0f3-d4e0-48a3-ab2f-27a3783a57ab None None] Pushing event updated for resources: {'Port': ['ID=e9c7e8c2-13ca-45cc-a712-89aef1859b66,revision_number=5']} {{(pid=103388) push /opt/stack/neutron/neutron/api/rpc/handlers/resources_rpc.py:237}}
Jan 26 15:13:46.782072 chdv-826473-1 neutron-server[103388]: DEBUG neutron.plugins.ml2.db [None req-268650e5-0a70-4de4-b17a-9f5520b0c423 None None] For port 76cd7ca7-e0b2-466e-b52c-3319a2c88283, host chdv-826473-1, cleared binding levels {{(pid=103388) clear_binding_levels /opt/stack/neutron/neutron/plugins/ml2/db.py:87}}
Jan 26 15:13:46.788916 chdv-826473-1 neutron-server[103388]: DEBUG neutron.plugins.ml2.db [None req-268650e5-0a70-4de4-b17a-9f5520b0c423 None None] For port 76cd7ca7-e0b2-466e-b52c-3319a2c88283, host chdv-826473-1, set binding levels [PortBindingLevel(driver='openvswitch',host='chdv-826473-1',level=0,port_id=76cd7ca7-e0b2-466e-b52c-3319a2c88283,segment=NetworkSegment(b2f4838e-6aec-4314-91d2-3be55115aa56),segment_id=b2f4838e-6aec-4314-91d2-3be55115aa56)] {{(pid=103388) set_binding_levels /opt/stack/neutron/neutron/plugins/ml2/db.py:59}}
Jan 26 15:13:46.797558 chdv-826473-1 neutron-server[103388]: DEBUG neutron_lib.callbacks.manager [None req-268650e5-0a70-4de4-b17a-9f5520b0c423 None None] Publish callbacks ['neutron.plugins.ml2.plugin.SecurityGroupServerNotifierRpcMixin._notify_sg_on_port_change-780612', 'neutron.plugins.ml2.ovo_rpc._ObjectChangeHandler.handle_event-7492', 'neutron.api.rpc.agentnotifiers.dhcp_rpc_agent_api.DhcpAgentNotifyAPI._native_event_send_dhcp_notification-16496677', 'neutron.db.l3_db.L3RpcNotifierMixin._notify_gateway_port_ip_changed-8736760428234', 'neutron.db.l3_dvrscheduler_db._notify_l3_agent_port_update-8736760011057', 'neutron.db.l3_hascheduler_db._notify_l3_agent_ha_port_update-8736760011075'] for port (76cd7ca7-e0b2-466e-b52c-3319a2c88283), after_update {{(pid=103388) _notify_loop /usr/local/lib/python3.8/dist-packages/neutron_lib/callbacks/manager.py:176}}
Jan 26 15:13:46.824938 chdv-826473-1 neutron-server[103386]: INFO neutron.wsgi [req-8b1d075f-27c0-40e3-8101-1b2ad48f1d26 req-b9a6b28c-e4c9-463d-9f31-b1ff9d4484c2 tempest-ServersWithSpecificFlavorTestJSON-1333194413 tempest-ServersWithSpecificFlavorTestJSON-1333194413-project] 10.222.0.11 "GET /v2.0/security-groups?id=789c36cc-62be-4ea4-b81c-699501cc951d&fields=id&fields=name HTTP/1.1" status: 200 len: 313 time: 0.0964489
Jan 26 15:13:46.836254 chdv-826473-1 neutron-server[103388]: DEBUG neutron.plugins.ml2.db [None req-a33cf0f3-d4e0-48a3-ab2f-27a3783a57ab None None] get_ports_and_sgs() called for port_ids ['19240c00-56bc-49b6-bf94-1e4429d45c2a'] {{(pid=103388) get_ports_and_sgs /opt/stack/neutron/neutron/plugins/ml2/db.py:156}}
Jan 26 15:13:46.847281 chdv-826473-1 neutron-server[103386]: DEBUG neutron_lib.callbacks.manager [None req-edd49966-d7b8-478d-a7c5-ad610160b88e admin admin] Publish callbacks [] for port (fcc7293b-b062-4b21-a5a8-e4d149229580), precommit_create {{(pid=103386) _notify_loop /usr/local/lib/python3.8/dist-packages/neutron_lib/callbacks/manager.py:176}}
Jan 26 15:13:46.895534 chdv-826473-1 neutron-server[103386]: DEBUG neutron_lib.callbacks.manager [None req-edd49966-d7b8-478d-a7c5-ad610160b88e admin admin] Publish callbacks ['neutron.plugins.ml2.plugin.SecurityGroupServerNotifierRpcMixin._notify_sg_on_port_change-780612', 'neutron.plugins.ml2.ovo_rpc._ObjectChangeHandler.handle_event-7492', 'neutron.api.rpc.agentnotifiers.dhcp_rpc_agent_api.DhcpAgentNotifyAPI._native_event_send_dhcp_notification-16496677', 'neutron.db.l3_dvrscheduler_db._notify_l3_agent_new_port-8736760011039'] for port (fcc7293b-b062-4b21-a5a8-e4d149229580), after_create {{(pid=103386) _notify_loop /usr/local/lib/python3.8/dist-packages/neutron_lib/callbacks/manager.py:176}}
Jan 26 15:13:46.925561 chdv-826473-1 neutron-server[103388]: DEBUG neutron.api.rpc.handlers.resources_rpc [None req-268650e5-0a70-4de4-b17a-9f5520b0c423 None None] Pushing event updated for resources: {'Port': ['ID=76cd7ca7-e0b2-466e-b52c-3319a2c88283,revision_number=2']} {{(pid=103388) push /opt/stack/neutron/neutron/api/rpc/handlers/resources_rpc.py:237}}
Jan 26 15:13:46.967872 chdv-826473-1 neutron-server[103386]: DEBUG neutron.scheduler.dhcp_agent_scheduler [None req-edd49966-d7b8-478d-a7c5-ad610160b88e admin admin] Network b9f28a3b-7716-4e7b-82da-5ec14fabe31e is already hosted by enough agents. {{(pid=103386) _get_dhcp_agents_hosting_network /opt/stack/neutron/neutron/scheduler/dhcp_agent_scheduler.py:275}}
Jan 26 15:13:46.971223 chdv-826473-1 neutron-server[103386]: DEBUG neutron.scheduler.base_scheduler [None req-edd49966-d7b8-478d-a7c5-ad610160b88e admin admin] Resources bound (agent type, host, resource id): {{(pid=103386) schedule /opt/stack/neutron/neutron/scheduler/base_scheduler.py:57}}
Jan 26 15:13:46.974107 chdv-826473-1 neutron-server[103386]: DEBUG neutron.db.l3_dvrscheduler_db [None req-edd49966-d7b8-478d-a7c5-ad610160b88e admin admin] Received port after_create {{(pid=103386) _notify_l3_agent_new_port /opt/stack/neutron/neutron/db/l3_dvrscheduler_db.py:536}}
Jan 26 15:13:47.022430 chdv-826473-1 neutron-server[103386]: DEBUG neutron.api.rpc.handlers.resources_rpc [None req-edd49966-d7b8-478d-a7c5-ad610160b88e admin admin] Pushing event updated for resources: {'Port': ['ID=fcc7293b-b062-4b21-a5a8-e4d149229580,revision_number=1']} {{(pid=103386) push /opt/stack/neutron/neutron/api/rpc/handlers/resources_rpc.py:237}}
Jan 26 15:13:47.103348 chdv-826473-1 neutron-server[103387]: DEBUG neutron.wsgi [req-14efbf6f-1b58-4d3c-84d9-d2585e804fde req-d458a2d0-5a26-49b7-b9f0-7024cca453b1 tempest-LiveMigrationTest-1870415530 tempest-LiveMigrationTest-1870415530-project-admin] http://10.222.0.11:9696/v2.0/extensions returned with HTTP 200 {{(pid=103387) __call__ /opt/stack/neutron/neutron/wsgi.py:730}}
Jan 26 15:13:47.115640 chdv-826473-1 neutron-server[103387]: INFO neutron.wsgi [req-14efbf6f-1b58-4d3c-84d9-d2585e804fde req-d458a2d0-5a26-49b7-b9f0-7024cca453b1 tempest-LiveMigrationTest-1870415530 tempest-LiveMigrationTest-1870415530-project-admin] 10.222.0.11 "GET /v2.0/extensions HTTP/1.1" status: 200 len: 14082 time: 0.3483281
Jan 26 15:13:47.171221 chdv-826473-1 neutron-server[103387]: DEBUG neutron.pecan_wsgi.hooks.policy_enforcement [req-14efbf6f-1b58-4d3c-84d9-d2585e804fde req-1288a9ee-2b89-49a6-b4b9-2f95b659ddaf service neutron] Attributes excluded by policy engine: ['standard_attr_id'] {{(pid=103387) _exclude_attributes_by_policy /opt/stack/neutron/neutron/pecan_wsgi/hooks/policy_enforcement.py:255}}
Jan 26 15:13:47.178366 chdv-826473-1 neutron-server[103387]: INFO neutron.wsgi [req-14efbf6f-1b58-4d3c-84d9-d2585e804fde req-1288a9ee-2b89-49a6-b4b9-2f95b659ddaf service neutron] 10.222.0.11 "GET /v2.0/ports/7d3da349-358d-4c5c-a0e3-cac8e1a12ba4 HTTP/1.1" status: 200 len: 1093 time: 0.0609889
Jan 26 15:13:47.183299 chdv-826473-1 neutron-server[103387]: DEBUG neutron.api.v2.base [req-14efbf6f-1b58-4d3c-84d9-d2585e804fde req-0fccd72b-ec68-423e-a479-c78d55b463ac service neutron] Request body: {'binding': {'host': 'chh1-826473-1', 'vnic_type': 'normal', 'profile': {}}} {{(pid=103387) prepare_request_body /opt/stack/neutron/neutron/api/v2/base.py:729}}
Jan 26 15:13:47.184283 chdv-826473-1 neutron-server[103387]: DEBUG neutron.api.v2.base [req-14efbf6f-1b58-4d3c-84d9-d2585e804fde req-0fccd72b-ec68-423e-a479-c78d55b463ac service neutron] Unknown quota resources ['binding']. {{(pid=103387) _create /opt/stack/neutron/neutron/api/v2/base.py:496}}
Jan 26 15:13:47.276070 chdv-826473-1 neutron-server[103388]: DEBUG novaclient.v2.client [-] RESP: [200] Connection: close Content-Length: 183 Content-Type: application/json Date: Wed, 26 Jan 2022 15:13:46 GMT OpenStack-API-Version: compute 2.1 Server: Apache/2.4.41 (Ubuntu) Vary: OpenStack-API-Version,X-OpenStack-Nova-API-Version X-OpenStack-Nova-API-Version: 2.1 x-compute-request-id: req-a77d2f24-b4c0-41f6-beac-971bf1cb6799 x-openstack-request-id: req-a77d2f24-b4c0-41f6-beac-971bf1cb6799 {{(pid=103388) _http_log_response /usr/local/lib/python3.8/dist-packages/keystoneauth1/session.py:550}}
Jan 26 15:13:47.276070 chdv-826473-1 neutron-server[103388]: DEBUG novaclient.v2.client [-] RESP BODY: {"events": [{"server_uuid": "7becd248-2005-4453-9b13-1de87487905f", "name": "network-vif-plugged", "status": "completed", "tag": "e9c7e8c2-13ca-45cc-a712-89aef1859b66", "code": 200}]} {{(pid=103388) _http_log_response /usr/local/lib/python3.8/dist-packages/keystoneauth1/session.py:582}}
Jan 26 15:13:47.276070 chdv-826473-1 neutron-server[103388]: DEBUG novaclient.v2.client [-] POST call to compute for http://10.222.0.11/compute/v2.1/os-server-external-events used request id req-a77d2f24-b4c0-41f6-beac-971bf1cb6799 {{(pid=103388) request /usr/local/lib/python3.8/dist-packages/keystoneauth1/session.py:954}}
Jan 26 15:13:47.276070 chdv-826473-1 neutron-server[103388]: INFO neutron.notifiers.nova [-] Nova event response: {'server_uuid': '7becd248-2005-4453-9b13-1de87487905f', 'name': 'network-vif-plugged', 'status': 'completed', 'tag': 'e9c7e8c2-13ca-45cc-a712-89aef1859b66', 'code': 200}
Jan 26 15:13:47.422742 chdv-826473-1 neutron-server[103387]: DEBUG neutron.pecan_wsgi.hooks.policy_enforcement [req-befc6290-db8b-45d1-b2e4-78ab422e4ca7 req-f934ee18-2c16-4209-b958-243fd5240342 service neutron] Attributes excluded by policy engine: ['standard_attr_id'] {{(pid=103387) _exclude_attributes_by_policy /opt/stack/neutron/neutron/pecan_wsgi/hooks/policy_enforcement.py:255}}
Jan 26 15:13:47.425608 chdv-826473-1 neutron-server[103387]: INFO neutron.wsgi [req-befc6290-db8b-45d1-b2e4-78ab422e4ca7 req-f934ee18-2c16-4209-b958-243fd5240342 service neutron] 10.222.0.37 "GET /v2.0/ports?device_id=7becd248-2005-4453-9b13-1de87487905f HTTP/1.1" status: 200 len: 1101 time: 0.0761819
Jan 26 15:13:47.462956 chdv-826473-1 neutron-server[103387]: DEBUG neutron.plugins.ml2.managers [req-14efbf6f-1b58-4d3c-84d9-d2585e804fde req-0fccd72b-ec68-423e-a479-c78d55b463ac service neutron] Attempting to bind port 7d3da349-358d-4c5c-a0e3-cac8e1a12ba4 on host chh1-826473-1 for vnic_type normal with profile None {{(pid=103387) bind_port /opt/stack/neutron/neutron/plugins/ml2/managers.py:795}}
Jan 26 15:13:47.463296 chdv-826473-1 neutron-server[103387]: DEBUG neutron.plugins.ml2.managers [req-14efbf6f-1b58-4d3c-84d9-d2585e804fde req-0fccd72b-ec68-423e-a479-c78d55b463ac service neutron] Attempting to bind port 7d3da349-358d-4c5c-a0e3-cac8e1a12ba4 by drivers openvswitch,hyperv on host chh1-826473-1 at level 0 using segments [{'id': '2744f28c-cb28-4dd3-bbc4-145cf9114a0c', 'network_type': 'vlan', 'physical_network': 'physnet1', 'segmentation_id': 238, 'network_id': '9aba7516-311b-4e96-91bd-54aa635049b3'}] {{(pid=103387) _bind_port_level /opt/stack/neutron/neutron/plugins/ml2/managers.py:820}}
Jan 26 15:13:47.463624 chdv-826473-1 neutron-server[103387]: DEBUG neutron.plugins.ml2.drivers.mech_agent [req-14efbf6f-1b58-4d3c-84d9-d2585e804fde req-0fccd72b-ec68-423e-a479-c78d55b463ac service neutron] Attempting to bind port 7d3da349-358d-4c5c-a0e3-cac8e1a12ba4 on network 9aba7516-311b-4e96-91bd-54aa635049b3 {{(pid=103387) bind_port /opt/stack/neutron/neutron/plugins/ml2/drivers/mech_agent.py:91}}
Jan 26 15:13:47.476573 chdv-826473-1 neutron-server[103387]: DEBUG neutron.plugins.ml2.drivers.mech_agent [req-14efbf6f-1b58-4d3c-84d9-d2585e804fde req-0fccd72b-ec68-423e-a479-c78d55b463ac service neutron] Port 7d3da349-358d-4c5c-a0e3-cac8e1a12ba4 on network 9aba7516-311b-4e96-91bd-54aa635049b3 not bound, no agent of type Open vSwitch agent registered on host chh1-826473-1 {{(pid=103387) bind_port /opt/stack/neutron/neutron/plugins/ml2/drivers/mech_agent.py:103}}
Jan 26 15:13:47.476819 chdv-826473-1 neutron-server[103387]: DEBUG neutron.plugins.ml2.drivers.mech_agent [req-14efbf6f-1b58-4d3c-84d9-d2585e804fde req-0fccd72b-ec68-423e-a479-c78d55b463ac service neutron] Attempting to bind port 7d3da349-358d-4c5c-a0e3-cac8e1a12ba4 on network 9aba7516-311b-4e96-91bd-54aa635049b3 {{(pid=103387) bind_port /opt/stack/neutron/neutron/plugins/ml2/drivers/mech_agent.py:91}}
Jan 26 15:13:47.488721 chdv-826473-1 neutron-server[103387]: DEBUG neutron.plugins.ml2.drivers.mech_agent [req-14efbf6f-1b58-4d3c-84d9-d2585e804fde req-0fccd72b-ec68-423e-a479-c78d55b463ac service neutron] Checking agent: {'id': '7c0c3817-efeb-4465-8364-003660200079', 'agent_type': 'HyperV agent', 'binary': 'neutron-hyperv-agent', 'topic': 'N/A', 'host': 'chh1-826473-1', 'admin_state_up': True, 'created_at': datetime.datetime(2022, 1, 26, 15, 10, 37), 'started_at': datetime.datetime(2022, 1, 26, 15, 10, 37), 'heartbeat_timestamp': datetime.datetime(2022, 1, 26, 15, 13, 37), 'description': None, 'resources_synced': None, 'availability_zone': None, 'alive': True, 'configurations': {'vswitch_mappings': {'physnet1$': 'br-data'}}, 'resource_versions': {}} {{(pid=103387) bind_port /opt/stack/neutron/neutron/plugins/ml2/drivers/mech_agent.py:110}}
Jan 26 15:13:47.489057 chdv-826473-1 neutron-server[103387]: DEBUG neutron.plugins.ml2.drivers.mech_agent [req-14efbf6f-1b58-4d3c-84d9-d2585e804fde req-0fccd72b-ec68-423e-a479-c78d55b463ac service neutron] Checking segment: {'id': '2744f28c-cb28-4dd3-bbc4-145cf9114a0c', 'network_type': 'vlan', 'physical_network': 'physnet1', 'segmentation_id': 238, 'network_id': '9aba7516-311b-4e96-91bd-54aa635049b3'} for mappings: {'physnet1$': 'br-data'} with network types: ['local', 'flat', 'vlan'] {{(pid=103387) check_segment_for_agent /opt/stack/neutron/neutron/plugins/ml2/drivers/mech_agent.py:373}}
Jan 26 15:13:47.489439 chdv-826473-1 neutron-server[103387]: DEBUG neutron.plugins.ml2.drivers.mech_agent [req-14efbf6f-1b58-4d3c-84d9-d2585e804fde req-0fccd72b-ec68-423e-a479-c78d55b463ac service neutron] Bound using segment: {'id': '2744f28c-cb28-4dd3-bbc4-145cf9114a0c', 'network_type': 'vlan', 'physical_network': 'physnet1', 'segmentation_id': 238, 'network_id': '9aba7516-311b-4e96-91bd-54aa635049b3'} {{(pid=103387) bind_port /opt/stack/neutron/neutron/plugins/ml2/drivers/mech_agent.py:120}}
Jan 26 15:13:47.489878 chdv-826473-1 neutron-server[103387]: DEBUG neutron.plugins.ml2.managers [req-14efbf6f-1b58-4d3c-84d9-d2585e804fde req-0fccd72b-ec68-423e-a479-c78d55b463ac service neutron] Bound port: 7d3da349-358d-4c5c-a0e3-cac8e1a12ba4, host: chh1-826473-1, vif_type: hyperv, vif_details: {"connectivity": "legacy", "port_filter": false}, binding_levels: [{'bound_driver': 'hyperv', 'bound_segment': {'id': '2744f28c-cb28-4dd3-bbc4-145cf9114a0c', 'network_type': 'vlan', 'physical_network': 'physnet1', 'segmentation_id': 238, 'network_id': '9aba7516-311b-4e96-91bd-54aa635049b3'}}] {{(pid=103387) _bind_port_level /opt/stack/neutron/neutron/plugins/ml2/managers.py:932}}
Jan 26 15:13:47.515748 chdv-826473-1 neutron-server[103387]: INFO neutron.wsgi [req-befc6290-db8b-45d1-b2e4-78ab422e4ca7 req-8ac0fb66-aacf-4d45-8853-4e3d256c215c service neutron] 10.222.0.37 "GET /v2.0/security-groups?id=092b06b5-0f4f-41cd-a52b-8577ea28003c&fields=id&fields=name HTTP/1.1" status: 200 len: 286 time: 0.0778112
Jan 26 15:13:47.548072 chdv-826473-1 neutron-server[103386]: DEBUG neutron_lib.callbacks.manager [None req-edd49966-d7b8-478d-a7c5-ad610160b88e admin admin] Publish callbacks [] for router_gateway (1d7ed90f-0cec-4e97-9300-f8f297633f85), after_create {{(pid=103386) _notify_loop /usr/local/lib/python3.8/dist-packages/neutron_lib/callbacks/manager.py:176}}
Jan 26 15:13:47.578530 chdv-826473-1 neutron-server[103387]: DEBUG neutron.plugins.ml2.db [req-14efbf6f-1b58-4d3c-84d9-d2585e804fde req-0fccd72b-ec68-423e-a479-c78d55b463ac service neutron] For port 7d3da349-358d-4c5c-a0e3-cac8e1a12ba4, host chh1-826473-1, set binding levels [PortBindingLevel(driver='hyperv',host='chh1-826473-1',level=0,port_id=7d3da349-358d-4c5c-a0e3-cac8e1a12ba4,segment=NetworkSegment(2744f28c-cb28-4dd3-bbc4-145cf9114a0c),segment_id=2744f28c-cb28-4dd3-bbc4-145cf9114a0c)] {{(pid=103387) set_binding_levels /opt/stack/neutron/neutron/plugins/ml2/db.py:59}}
Jan 26 15:13:47.584903 chdv-826473-1 neutron-server[103387]: DEBUG neutron_lib.callbacks.manager [req-14efbf6f-1b58-4d3c-84d9-d2585e804fde req-0fccd72b-ec68-423e-a479-c78d55b463ac service neutron] Publish callbacks [] for binding (None), before_response {{(pid=103387) _notify_loop /usr/local/lib/python3.8/dist-packages/neutron_lib/callbacks/manager.py:176}}
Jan 26 15:13:47.586076 chdv-826473-1 neutron-server[103387]: INFO neutron.wsgi [req-14efbf6f-1b58-4d3c-84d9-d2585e804fde req-0fccd72b-ec68-423e-a479-c78d55b463ac service neutron] 10.222.0.11 "POST /v2.0/ports/7d3da349-358d-4c5c-a0e3-cac8e1a12ba4/bindings HTTP/1.1" status: 201 len: 389 time: 0.4067574
Jan 26 15:13:47.592790 chdv-826473-1 neutron-server[103386]: DEBUG neutron.pecan_wsgi.hooks.policy_enforcement [req-5bd1de44-ab37-4935-9c0f-cddf178fe865 req-88450a6f-0644-46c5-a706-02d2746993ef tempest-ServersWithSpecificFlavorTestJSON-1333194413 tempest-ServersWithSpecificFlavorTestJSON-1333194413-project] Attributes excluded by policy engine: ['standard_attr_id', 'binding:profile', 'binding:host_id', 'binding:vif_type', 'binding:vif_details'] {{(pid=103386) _exclude_attributes_by_policy /opt/stack/neutron/neutron/pecan_wsgi/hooks/policy_enforcement.py:255}}
Jan 26 15:13:47.594303 chdv-826473-1 neutron-server[103386]: INFO neutron.wsgi [req-5bd1de44-ab37-4935-9c0f-cddf178fe865 req-88450a6f-0644-46c5-a706-02d2746993ef tempest-ServersWithSpecificFlavorTestJSON-1333194413 tempest-ServersWithSpecificFlavorTestJSON-1333194413-project] 10.222.0.11 "GET /v2.0/ports?device_id=b0642ac2-da31-4fb4-b73b-b9723ab7a43d HTTP/1.1" status: 200 len: 945 time: 0.0929687
Jan 26 15:13:47.604069 chdv-826473-1 neutron-server[103386]: DEBUG neutron.wsgi [-] (103386) accepted ('10.222.0.11', 49940) {{(pid=103386) server /usr/local/lib/python3.8/dist-packages/eventlet/wsgi.py:1004}}
Jan 26 15:13:47.610558 chdv-826473-1 neutron-server[103386]: DEBUG neutron.api.v2.base [None req-89f06419-a63d-43c4-b646-96db2819e1e1 tempest-ServersWithSpecificFlavorTestJSON-1333194413 tempest-ServersWithSpecificFlavorTestJSON-1333194413-project] Request body: {'floatingip': {'port_id': 'e0ea108d-9a8e-49c8-b6ca-524f83999178'}} {{(pid=103386) prepare_request_body /opt/stack/neutron/neutron/api/v2/base.py:729}}
Jan 26 15:13:47.728260 chdv-826473-1 neutron-server[103386]: DEBUG neutron_lib.callbacks.manager [None req-89f06419-a63d-43c4-b646-96db2819e1e1 tempest-ServersWithSpecificFlavorTestJSON-1333194413 tempest-ServersWithSpecificFlavorTestJSON-1333194413-project] Publish callbacks [] for floatingip (07bed171-e114-422d-85cf-f3217bbe0565), before_update {{(pid=103386) _notify_loop /usr/local/lib/python3.8/dist-packages/neutron_lib/callbacks/manager.py:176}}
Jan 26 15:13:47.740680 chdv-826473-1 neutron-server[103388]: DEBUG neutron.plugins.ml2.rpc [None req-a33cf0f3-d4e0-48a3-ab2f-27a3783a57ab None None] Device 19240c00-56bc-49b6-bf94-1e4429d45c2a up at agent hyperv_chh1-826473-1 {{(pid=103388) update_device_up /opt/stack/neutron/neutron/plugins/ml2/rpc.py:296}}
Jan 26 15:13:47.813888 chdv-826473-1 neutron-server[103388]: DEBUG neutron.db.provisioning_blocks [None req-a33cf0f3-d4e0-48a3-ab2f-27a3783a57ab None None] Provisioning for port 19240c00-56bc-49b6-bf94-1e4429d45c2a completed by entity L2. {{(pid=103388) provisioning_complete /opt/stack/neutron/neutron/db/provisioning_blocks.py:133}}
Jan 26 15:13:47.819752 chdv-826473-1 neutron-server[103388]: DEBUG neutron.db.provisioning_blocks [None req-a33cf0f3-d4e0-48a3-ab2f-27a3783a57ab None None] Provisioning complete for port 19240c00-56bc-49b6-bf94-1e4429d45c2a triggered by entity L2. {{(pid=103388) provisioning_complete /opt/stack/neutron/neutron/db/provisioning_blocks.py:139}}
Jan 26 15:13:47.820428 chdv-826473-1 neutron-server[103388]: DEBUG neutron_lib.callbacks.manager [None req-a33cf0f3-d4e0-48a3-ab2f-27a3783a57ab None None] Publish callbacks ['neutron.plugins.ml2.plugin.Ml2Plugin._port_provisioned-698023'] for port (19240c00-56bc-49b6-bf94-1e4429d45c2a), provisioning_complete {{(pid=103388) _notify_loop /usr/local/lib/python3.8/dist-packages/neutron_lib/callbacks/manager.py:176}}
Jan 26 15:13:47.888029 chdv-826473-1 neutron-server[103386]: DEBUG neutron.pecan_wsgi.hooks.policy_enforcement [req-1afa886c-ff1f-454b-90ce-5dcde94b0967 req-6b453e32-4eb3-46ca-97f4-c263eafbf9d4 tempest-ServersAdminTestJSON-1869059836 tempest-ServersAdminTestJSON-1869059836-project] Attributes excluded by policy engine: ['standard_attr_id', 'binding:profile', 'binding:host_id', 'binding:vif_type', 'binding:vif_details'] {{(pid=103386) _exclude_attributes_by_policy /opt/stack/neutron/neutron/pecan_wsgi/hooks/policy_enforcement.py:255}}
Jan 26 15:13:47.889611 chdv-826473-1 neutron-server[103386]: INFO neutron.wsgi [req-1afa886c-ff1f-454b-90ce-5dcde94b0967 req-6b453e32-4eb3-46ca-97f4-c263eafbf9d4 tempest-ServersAdminTestJSON-1869059836 tempest-ServersAdminTestJSON-1869059836-project] 10.222.0.11 "GET /v2.0/ports?device_id=e6a102ed-c692-4821-a9a2-ab7fa6f220c9 HTTP/1.1" status: 200 len: 948 time: 0.2076631
Jan 26 15:13:47.901541 chdv-826473-1 neutron-server[103387]: INFO neutron.wsgi [req-8eeacdbb-23a6-438d-a1e3-de9d1cb98097 req-e8cf6083-650d-42b5-86ab-a6a183e10d19 tempest-DeleteServersAdminTestJSON-1822572464 tempest-DeleteServersAdminTestJSON-1822572464-project] 10.222.0.11 "GET /v2.0/networks?tenant_id=ca971d8dc8464cca840a4130ce38a1f4&shared=False HTTP/1.1" status: 200 len: 213 time: 0.0525293
Jan 26 15:13:47.935310 chdv-826473-1 neutron-server[103388]: DEBUG neutron.plugins.ml2.plugin [None req-a33cf0f3-d4e0-48a3-ab2f-27a3783a57ab None None] Current status of the port 19240c00-56bc-49b6-bf94-1e4429d45c2a is: BUILD; New status is: ACTIVE {{(pid=103388) _update_individual_port_db_status /opt/stack/neutron/neutron/plugins/ml2/plugin.py:2219}}
Jan 26 15:13:47.936163 chdv-826473-1 neutron-server[103388]: DEBUG neutron_lib.callbacks.manager [None req-a33cf0f3-d4e0-48a3-ab2f-27a3783a57ab None None] Publish callbacks ['neutron.plugins.ml2.plugin.SecurityGroupDbMixin._ensure_default_security_group_handler-782235'] for port (19240c00-56bc-49b6-bf94-1e4429d45c2a), before_update {{(pid=103388) _notify_loop /usr/local/lib/python3.8/dist-packages/neutron_lib/callbacks/manager.py:176}}
Jan 26 15:13:47.974327 chdv-826473-1 neutron-server[103388]: DEBUG neutron.plugins.ml2.db [None req-a33cf0f3-d4e0-48a3-ab2f-27a3783a57ab None None] For port 19240c00-56bc-49b6-bf94-1e4429d45c2a, host chh1-826473-1, got binding levels [PortBindingLevel(driver='hyperv',host='chh1-826473-1',level=0,port_id=19240c00-56bc-49b6-bf94-1e4429d45c2a,segment=NetworkSegment(c1f985dc-1e7e-4adb-98c8-4bd7a3c1f824),segment_id=c1f985dc-1e7e-4adb-98c8-4bd7a3c1f824)] {{(pid=103388) get_binding_level_objs /opt/stack/neutron/neutron/plugins/ml2/db.py:74}}
Jan 26 15:13:47.981583 chdv-826473-1 neutron-server[103388]: DEBUG neutron_lib.callbacks.manager [None req-a33cf0f3-d4e0-48a3-ab2f-27a3783a57ab None None] Publish callbacks ['neutron.plugins.ml2.plugin.SecurityGroupServerNotifierRpcMixin._notify_sg_on_port_change-780612', 'neutron.plugins.ml2.ovo_rpc._ObjectChangeHandler.handle_event-7492', 'neutron.api.rpc.agentnotifiers.dhcp_rpc_agent_api.DhcpAgentNotifyAPI._native_event_send_dhcp_notification-16496677', 'neutron.db.l3_db.L3RpcNotifierMixin._notify_gateway_port_ip_changed-8736760428234', 'neutron.db.l3_dvrscheduler_db._notify_l3_agent_port_update-8736760011057', 'neutron.db.l3_hascheduler_db._notify_l3_agent_ha_port_update-8736760011075'] for port (19240c00-56bc-49b6-bf94-1e4429d45c2a), after_update {{(pid=103388) _notify_loop /usr/local/lib/python3.8/dist-packages/neutron_lib/callbacks/manager.py:176}}
Jan 26 15:13:48.039904 chdv-826473-1 neutron-server[103388]: DEBUG neutron.api.rpc.handlers.resources_rpc [None req-a33cf0f3-d4e0-48a3-ab2f-27a3783a57ab None None] Pushing event updated for resources: {'Port': ['ID=19240c00-56bc-49b6-bf94-1e4429d45c2a,revision_number=5']} {{(pid=103388) push /opt/stack/neutron/neutron/api/rpc/handlers/resources_rpc.py:237}}
Jan 26 15:13:48.160308 chdv-826473-1 neutron-server[103386]: INFO neutron.wsgi [req-1afa886c-ff1f-454b-90ce-5dcde94b0967 req-f5c248b9-1728-40d9-b56b-c06419cb2ef4 tempest-ServersAdminTestJSON-1869059836 tempest-ServersAdminTestJSON-1869059836-project] 10.222.0.11 "GET /v2.0/security-groups?id=092b06b5-0f4f-41cd-a52b-8577ea28003c&fields=id&fields=name HTTP/1.1" status: 200 len: 286 time: 0.2017305
Jan 26 15:13:48.165695 chdv-826473-1 neutron-server[103386]: DEBUG neutron_lib.callbacks.manager [None req-edd49966-d7b8-478d-a7c5-ad610160b88e admin admin] Publish callbacks ['neutron.services.l3_router.l3_router_plugin.L3_HA_NAT_db_mixin._after_router_create-16343335', 'neutron.services.l3_router.l3_router_plugin.DVRResourceOperationHandler._create_snat_interfaces_after_change-16358565'] for router (1d7ed90f-0cec-4e97-9300-f8f297633f85), after_create {{(pid=103386) _notify_loop /usr/local/lib/python3.8/dist-packages/neutron_lib/callbacks/manager.py:176}}
Jan 26 15:13:48.264810 chdv-826473-1 neutron-server[103388]: DEBUG neutron.api.rpc.handlers.dhcp_rpc [None req-59d93e09-5439-4dd1-8d3c-934f50236ec4 None None] Network 8b71e149-24cb-4bf9-ba34-7fe9cf67c6f9 requested from chdv-826473-1 {{(pid=103388) get_network_info /opt/stack/neutron/neutron/api/rpc/handlers/dhcp_rpc.py:191}}
Jan 26 15:13:48.274767 chdv-826473-1 neutron-server[103387]: DEBUG neutron.pecan_wsgi.hooks.policy_enforcement [req-14efbf6f-1b58-4d3c-84d9-d2585e804fde req-277c1822-5bde-4586-bfa7-9103461177f4 service neutron] Attributes excluded by policy engine: ['standard_attr_id'] {{(pid=103387) _exclude_attributes_by_policy /opt/stack/neutron/neutron/pecan_wsgi/hooks/policy_enforcement.py:255}}
Jan 26 15:13:48.276031 chdv-826473-1 neutron-server[103387]: INFO neutron.wsgi [req-14efbf6f-1b58-4d3c-84d9-d2585e804fde req-277c1822-5bde-4586-bfa7-9103461177f4 service neutron] 10.222.0.37 "GET /v2.0/ports?tenant_id=7a147691221b4b6ead79fda520a2f141&device_id=251e1a90-4047-4602-8ace-7b0fb7458d51 HTTP/1.1" status: 200 len: 1096 time: 0.0761163
Jan 26 15:13:48.282191 chdv-826473-1 neutron-server[103387]: DEBUG neutron.pecan_wsgi.hooks.policy_enforcement [req-8eeacdbb-23a6-438d-a1e3-de9d1cb98097 req-8aa5c9b1-b069-4fc7-b242-77dbafe4a9ba tempest-DeleteServersAdminTestJSON-1822572464 tempest-DeleteServersAdminTestJSON-1822572464-project] Attributes excluded by policy engine: ['standard_attr_id', 'vlan_transparent', 'provider:network_type', 'provider:physical_network', 'provider:segmentation_id'] {{(pid=103387) _exclude_attributes_by_policy /opt/stack/neutron/neutron/pecan_wsgi/hooks/policy_enforcement.py:255}}
Jan 26 15:13:48.283839 chdv-826473-1 neutron-server[103387]: INFO neutron.wsgi [req-8eeacdbb-23a6-438d-a1e3-de9d1cb98097 req-8aa5c9b1-b069-4fc7-b242-77dbafe4a9ba tempest-DeleteServersAdminTestJSON-1822572464 tempest-DeleteServersAdminTestJSON-1822572464-project] 10.222.0.11 "GET /v2.0/networks?shared=True HTTP/1.1" status: 200 len: 769 time: 0.3814898
Jan 26 15:13:48.317265 chdv-826473-1 neutron-server[103388]: DEBUG neutron.plugins.ml2.rpc [None req-4dcc2ea6-4274-4305-bbad-abf5243c9fee None None] Device 76cd7ca7-e0b2-466e-b52c-3319a2c88283 up at agent ovs-agent-chdv-826473-1 {{(pid=103388) update_device_up /opt/stack/neutron/neutron/plugins/ml2/rpc.py:296}}
Jan 26 15:13:48.340505 chdv-826473-1 neutron-server[103387]: INFO neutron.wsgi [req-8eeacdbb-23a6-438d-a1e3-de9d1cb98097 req-a6dd6e86-e409-4317-831f-666913639a71 tempest-DeleteServersAdminTestJSON-1822572464 tempest-DeleteServersAdminTestJSON-1822572464-project] 10.222.0.11 "GET /v2.0/quotas/ca971d8dc8464cca840a4130ce38a1f4 HTTP/1.1" status: 200 len: 375 time: 0.0477920
Jan 26 15:13:48.378905 chdv-826473-1 neutron-server[103387]: INFO neutron.wsgi [req-8eeacdbb-23a6-438d-a1e3-de9d1cb98097 req-b12c31b9-c6ee-46b0-997f-3d8f9287a927 tempest-DeleteServersAdminTestJSON-1822572464 tempest-DeleteServersAdminTestJSON-1822572464-project] 10.222.0.11 "GET /v2.0/ports?tenant_id=ca971d8dc8464cca840a4130ce38a1f4&fields=id HTTP/1.1" status: 200 len: 210 time: 0.0309391
Jan 26 15:13:48.388982 chdv-826473-1 neutron-server[103388]: DEBUG neutron.db.provisioning_blocks [None req-58484815-2a11-429f-a616-5eb1c40b93dd None None] Provisioning complete for port 76cd7ca7-e0b2-466e-b52c-3319a2c88283 triggered by entity DHCP. {{(pid=103388) provisioning_complete /opt/stack/neutron/neutron/db/provisioning_blocks.py:139}}
Jan 26 15:13:48.389359 chdv-826473-1 neutron-server[103388]: DEBUG neutron_lib.callbacks.manager [None req-58484815-2a11-429f-a616-5eb1c40b93dd None None] Publish callbacks ['neutron.plugins.ml2.plugin.Ml2Plugin._port_provisioned-698023'] for port (76cd7ca7-e0b2-466e-b52c-3319a2c88283), provisioning_complete {{(pid=103388) _notify_loop /usr/local/lib/python3.8/dist-packages/neutron_lib/callbacks/manager.py:176}}
Jan 26 15:13:48.416486 chdv-826473-1 neutron-server[103387]: DEBUG neutron.pecan_wsgi.hooks.policy_enforcement [req-14efbf6f-1b58-4d3c-84d9-d2585e804fde req-b61820a0-4920-40f1-b7cb-9d50f27e417c service neutron] Attributes excluded by policy engine: ['standard_attr_id', 'vlan_transparent'] {{(pid=103387) _exclude_attributes_by_policy /opt/stack/neutron/neutron/pecan_wsgi/hooks/policy_enforcement.py:255}}
Jan 26 15:13:48.418409 chdv-826473-1 neutron-server[103387]: INFO neutron.wsgi [req-14efbf6f-1b58-4d3c-84d9-d2585e804fde req-b61820a0-4920-40f1-b7cb-9d50f27e417c service neutron] 10.222.0.37 "GET /v2.0/networks?id=9aba7516-311b-4e96-91bd-54aa635049b3 HTTP/1.1" status: 200 len: 909 time: 0.1330993
Jan 26 15:13:48.470369 chdv-826473-1 neutron-server[103388]: DEBUG neutron.db.provisioning_blocks [None req-4dcc2ea6-4274-4305-bbad-abf5243c9fee None None] Provisioning complete for port 76cd7ca7-e0b2-466e-b52c-3319a2c88283 triggered by entity L2. {{(pid=103388) provisioning_complete /opt/stack/neutron/neutron/db/provisioning_blocks.py:139}}
Jan 26 15:13:48.470740 chdv-826473-1 neutron-server[103388]: DEBUG neutron_lib.callbacks.manager [None req-4dcc2ea6-4274-4305-bbad-abf5243c9fee None None] Publish callbacks ['neutron.plugins.ml2.plugin.Ml2Plugin._port_provisioned-698023'] for port (76cd7ca7-e0b2-466e-b52c-3319a2c88283), provisioning_complete {{(pid=103388) _notify_loop /usr/local/lib/python3.8/dist-packages/neutron_lib/callbacks/manager.py:176}}
Jan 26 15:13:48.471221 chdv-826473-1 neutron-server[103387]: INFO neutron.wsgi [req-14efbf6f-1b58-4d3c-84d9-d2585e804fde req-2799ea92-3fc5-4141-a6e1-0878191f1f9f service neutron] 10.222.0.37 "GET /v2.0/floatingips?fixed_ip_address=172.20.0.2&port_id=7d3da349-358d-4c5c-a0e3-cac8e1a12ba4 HTTP/1.1" status: 200 len: 217 time: 0.0455394
Jan 26 15:13:48.542643 chdv-826473-1 neutron-server[103387]: DEBUG neutron.pecan_wsgi.hooks.policy_enforcement [req-14efbf6f-1b58-4d3c-84d9-d2585e804fde req-d4dd53ca-dc14-41aa-bf43-b9aa1902078c service neutron] Attributes excluded by policy engine: ['standard_attr_id', 'shared'] {{(pid=103387) _exclude_attributes_by_policy /opt/stack/neutron/neutron/pecan_wsgi/hooks/policy_enforcement.py:255}}
Jan 26 15:13:48.544372 chdv-826473-1 neutron-server[103387]: INFO neutron.wsgi [req-14efbf6f-1b58-4d3c-84d9-d2585e804fde req-d4dd53ca-dc14-41aa-bf43-b9aa1902078c service neutron] 10.222.0.37 "GET /v2.0/subnets?id=86e081a5-59f6-4254-87fe-91a38034694c HTTP/1.1" status: 200 len: 848 time: 0.0672071
Jan 26 15:13:48.589879 chdv-826473-1 neutron-server[103386]: DEBUG neutron.pecan_wsgi.hooks.policy_enforcement [req-60a4a79b-fd40-48c0-bc42-a5e61c5d0bf2 req-a46459a0-41ae-422e-9a65-1e048e521e95 tempest-MigrationsAdminTest-295925117 tempest-MigrationsAdminTest-295925117-project] Attributes excluded by policy engine: ['standard_attr_id', 'binding:profile', 'binding:host_id', 'binding:vif_type', 'binding:vif_details'] {{(pid=103386) _exclude_attributes_by_policy /opt/stack/neutron/neutron/pecan_wsgi/hooks/policy_enforcement.py:255}}
Jan 26 15:13:48.591467 chdv-826473-1 neutron-server[103386]: INFO neutron.wsgi [req-60a4a79b-fd40-48c0-bc42-a5e61c5d0bf2 req-a46459a0-41ae-422e-9a65-1e048e521e95 tempest-MigrationsAdminTest-295925117 tempest-MigrationsAdminTest-295925117-project] 10.222.0.11 "GET /v2.0/ports?device_id=823418bb-a4d1-40d3-8b27-8bd435fa03cd HTTP/1.1" status: 200 len: 972 time: 0.3135550
Jan 26 15:13:48.612894 chdv-826473-1 neutron-server[103387]: INFO neutron.wsgi [req-14efbf6f-1b58-4d3c-84d9-d2585e804fde req-2c42094f-d776-4978-8ef5-8940385196e4 service neutron] 10.222.0.37 "GET /v2.0/ports?network_id=9aba7516-311b-4e96-91bd-54aa635049b3&device_owner=network%3Adhcp HTTP/1.1" status: 200 len: 210 time: 0.0585551
Jan 26 15:13:48.774519 chdv-826473-1 neutron-server[103388]: DEBUG neutron.plugins.ml2.plugin [None req-58484815-2a11-429f-a616-5eb1c40b93dd None None] Current status of the port 76cd7ca7-e0b2-466e-b52c-3319a2c88283 is: DOWN; New status is: ACTIVE {{(pid=103388) _update_individual_port_db_status /opt/stack/neutron/neutron/plugins/ml2/plugin.py:2219}}
Jan 26 15:13:48.775237 chdv-826473-1 neutron-server[103388]: DEBUG neutron_lib.callbacks.manager [None req-58484815-2a11-429f-a616-5eb1c40b93dd None None] Publish callbacks ['neutron.plugins.ml2.plugin.SecurityGroupDbMixin._ensure_default_security_group_handler-782235'] for port (76cd7ca7-e0b2-466e-b52c-3319a2c88283), before_update {{(pid=103388) _notify_loop /usr/local/lib/python3.8/dist-packages/neutron_lib/callbacks/manager.py:176}}
Jan 26 15:13:48.784853 chdv-826473-1 neutron-server[103387]: DEBUG neutron.pecan_wsgi.hooks.policy_enforcement [req-9f39cba1-ab8f-4c52-b2f9-fbd4a841878e req-a5f4eb63-1b73-4b9b-a374-83728dbd976a tempest-LiveMigrationTest-269127441 tempest-LiveMigrationTest-269127441-project] Attributes excluded by policy engine: ['standard_attr_id', 'binding:profile', 'binding:host_id', 'binding:vif_type', 'binding:vif_details'] {{(pid=103387) _exclude_attributes_by_policy /opt/stack/neutron/neutron/pecan_wsgi/hooks/policy_enforcement.py:255}}
Jan 26 15:13:48.795655 chdv-826473-1 neutron-server[103387]: INFO neutron.wsgi [req-9f39cba1-ab8f-4c52-b2f9-fbd4a841878e req-a5f4eb63-1b73-4b9b-a374-83728dbd976a tempest-LiveMigrationTest-269127441 tempest-LiveMigrationTest-269127441-project] 10.222.0.11 "GET /v2.0/ports?device_id=251e1a90-4047-4602-8ace-7b0fb7458d51 HTTP/1.1" status: 200 len: 945 time: 0.1820190
Jan 26 15:13:48.839038 chdv-826473-1 neutron-server[103386]: DEBUG neutron_lib.db.resource_extend [None req-89f06419-a63d-43c4-b646-96db2819e1e1 tempest-ServersWithSpecificFlavorTestJSON-1333194413 tempest-ServersWithSpecificFlavorTestJSON-1333194413-project] It took 0.12 seconds to run function 'neutron_lib.db.resource_extend.apply_funcs' {{(pid=103386) wrapper /usr/local/lib/python3.8/dist-packages/oslo_utils/timeutils.py:386}}
Jan 26 15:13:48.839296 chdv-826473-1 neutron-server[103388]: DEBUG neutron.plugins.ml2.db [None req-58484815-2a11-429f-a616-5eb1c40b93dd None None] For port 76cd7ca7-e0b2-466e-b52c-3319a2c88283, host chdv-826473-1, got binding levels [PortBindingLevel(driver='openvswitch',host='chdv-826473-1',level=0,port_id=76cd7ca7-e0b2-466e-b52c-3319a2c88283,segment=NetworkSegment(b2f4838e-6aec-4314-91d2-3be55115aa56),segment_id=b2f4838e-6aec-4314-91d2-3be55115aa56)] {{(pid=103388) get_binding_level_objs /opt/stack/neutron/neutron/plugins/ml2/db.py:74}}
Jan 26 15:13:48.840065 chdv-826473-1 neutron-server[103387]: INFO neutron.wsgi [req-14efbf6f-1b58-4d3c-84d9-d2585e804fde req-c1006553-5652-44f4-8feb-fd66c14c3342 service neutron] 10.222.0.37 "GET /v2.0/networks/9aba7516-311b-4e96-91bd-54aa635049b3?fields=segments HTTP/1.1" status: 200 len: 212 time: 0.2145822
Jan 26 15:13:48.840577 chdv-826473-1 neutron-server[103388]: DEBUG neutron.plugins.ml2.plugin [None req-4dcc2ea6-4274-4305-bbad-abf5243c9fee None None] Current status of the port 76cd7ca7-e0b2-466e-b52c-3319a2c88283 is: DOWN; New status is: ACTIVE {{(pid=103388) _update_individual_port_db_status /opt/stack/neutron/neutron/plugins/ml2/plugin.py:2219}}
Jan 26 15:13:48.841018 chdv-826473-1 neutron-server[103388]: DEBUG neutron_lib.callbacks.manager [None req-4dcc2ea6-4274-4305-bbad-abf5243c9fee None None] Publish callbacks ['neutron.plugins.ml2.plugin.SecurityGroupDbMixin._ensure_default_security_group_handler-782235'] for port (76cd7ca7-e0b2-466e-b52c-3319a2c88283), before_update {{(pid=103388) _notify_loop /usr/local/lib/python3.8/dist-packages/neutron_lib/callbacks/manager.py:176}}
Jan 26 15:13:48.850216 chdv-826473-1 neutron-server[103388]: DEBUG neutron_lib.callbacks.manager [None req-58484815-2a11-429f-a616-5eb1c40b93dd None None] Publish callbacks ['neutron.plugins.ml2.plugin.SecurityGroupServerNotifierRpcMixin._notify_sg_on_port_change-780612', 'neutron.plugins.ml2.ovo_rpc._ObjectChangeHandler.handle_event-7492', 'neutron.api.rpc.agentnotifiers.dhcp_rpc_agent_api.DhcpAgentNotifyAPI._native_event_send_dhcp_notification-16496677', 'neutron.db.l3_db.L3RpcNotifierMixin._notify_gateway_port_ip_changed-8736760428234', 'neutron.db.l3_dvrscheduler_db._notify_l3_agent_port_update-8736760011057', 'neutron.db.l3_hascheduler_db._notify_l3_agent_ha_port_update-8736760011075'] for port (76cd7ca7-e0b2-466e-b52c-3319a2c88283), after_update {{(pid=103388) _notify_loop /usr/local/lib/python3.8/dist-packages/neutron_lib/callbacks/manager.py:176}}
Jan 26 15:13:48.945572 chdv-826473-1 neutron-server[103388]: DEBUG neutron.api.rpc.handlers.resources_rpc [None req-58484815-2a11-429f-a616-5eb1c40b93dd None None] Pushing event updated for resources: {'Port': ['ID=76cd7ca7-e0b2-466e-b52c-3319a2c88283,revision_number=3']} {{(pid=103388) push /opt/stack/neutron/neutron/api/rpc/handlers/resources_rpc.py:237}}
Jan 26 15:13:48.946890 chdv-826473-1 neutron-server[103387]: INFO neutron.wsgi [req-9f39cba1-ab8f-4c52-b2f9-fbd4a841878e req-2b7bc0a8-f104-47da-ab45-af776c37a965 tempest-LiveMigrationTest-269127441 tempest-LiveMigrationTest-269127441-project] 10.222.0.11 "GET /v2.0/security-groups?id=878a228b-dbc8-4ada-9365-315632400f32&fields=id&fields=name HTTP/1.1" status: 200 len: 286 time: 0.1502116
Jan 26 15:13:48.952170 chdv-826473-1 neutron-server[103388]: DEBUG neutron_lib.db.api [None req-4dcc2ea6-4274-4305-bbad-abf5243c9fee None None] Retry wrapper got retriable exception: UPDATE statement on table 'standardattributes' expected to update 1 row(s); 0 were matched. {{(pid=103388) wrapped /usr/local/lib/python3.8/dist-packages/neutron_lib/db/api.py:183}}
Jan 26 15:13:48.952632 chdv-826473-1 neutron-server[103388]: DEBUG oslo_db.api [None req-4dcc2ea6-4274-4305-bbad-abf5243c9fee None None] Performing DB retry for function neutron.plugins.ml2.plugin.Ml2Plugin.update_port_statuses {{(pid=103388) wrapper /usr/local/lib/python3.8/dist-packages/oslo_db/api.py:155}}
Jan 26 15:13:48.958387 chdv-826473-1 neutron-server[103386]: INFO neutron.wsgi [req-60a4a79b-fd40-48c0-bc42-a5e61c5d0bf2 req-6db09e87-1f7b-4f2a-8459-a521b3f0f698 tempest-MigrationsAdminTest-295925117 tempest-MigrationsAdminTest-295925117-project] 10.222.0.11 "GET /v2.0/security-groups?id=c3cf1066-50cf-4cb9-a624-7a6f7cbe1afe&fields=id&fields=name HTTP/1.1" status: 200 len: 286 time: 0.3433905
Jan 26 15:13:48.989080 chdv-826473-1 neutron-server[103386]: DEBUG neutron_lib.callbacks.manager [None req-89f06419-a63d-43c4-b646-96db2819e1e1 tempest-ServersWithSpecificFlavorTestJSON-1333194413 tempest-ServersWithSpecificFlavorTestJSON-1333194413-project] Publish callbacks [] for floatingip (None), precommit_update {{(pid=103386) _notify_loop /usr/local/lib/python3.8/dist-packages/neutron_lib/callbacks/manager.py:176}}
Jan 26 15:13:49.004195 chdv-826473-1 neutron-server[103386]: DEBUG neutron_lib.callbacks.manager [None req-89f06419-a63d-43c4-b646-96db2819e1e1 tempest-ServersWithSpecificFlavorTestJSON-1333194413 tempest-ServersWithSpecificFlavorTestJSON-1333194413-project] Publish callbacks ['neutron.services.l3_router.l3_router_plugin.DVRResourceOperationHandler._create_dvr_floating_gw_port-16359291'] for floatingip (07bed171-e114-422d-85cf-f3217bbe0565), after_update {{(pid=103386) _notify_loop /usr/local/lib/python3.8/dist-packages/neutron_lib/callbacks/manager.py:176}}
Jan 26 15:13:49.005002 chdv-826473-1 neutron-server[103388]: DEBUG neutron.db.provisioning_blocks [None req-cdd9ae0a-a0c9-4485-981c-43df4775b7f9 None None] Provisioning complete for port 76cd7ca7-e0b2-466e-b52c-3319a2c88283 triggered by entity DHCP. {{(pid=103388) provisioning_complete /opt/stack/neutron/neutron/db/provisioning_blocks.py:139}}
Jan 26 15:13:49.006977 chdv-826473-1 neutron-server[103388]: DEBUG neutron_lib.callbacks.manager [None req-cdd9ae0a-a0c9-4485-981c-43df4775b7f9 None None] Publish callbacks ['neutron.plugins.ml2.plugin.Ml2Plugin._port_provisioned-698023'] for port (76cd7ca7-e0b2-466e-b52c-3319a2c88283), provisioning_complete {{(pid=103388) _notify_loop /usr/local/lib/python3.8/dist-packages/neutron_lib/callbacks/manager.py:176}}
