Jan 26 15:21:42.498759 chdv-826473-1 devstack@placement-api.service[103870]: DEBUG placement.objects.research_context [req-0404ee9b-5a1f-4622-8afc-25e876f3aa0d req-7070ce7d-55e1-4501-9ef0-1c907d2e7f44 service placement] found 2 providers after filtering by previous result {{(pid=103870) get_provider_ids_matching /opt/stack/placement/placement/objects/research_context.py:580}}
Jan 26 15:21:42.499192 chdv-826473-1 devstack@placement-api.service[103870]: DEBUG placement.objects.research_context [req-0404ee9b-5a1f-4622-8afc-25e876f3aa0d req-7070ce7d-55e1-4501-9ef0-1c907d2e7f44 service placement] found 2 providers with available 1 VCPU {{(pid=103870) get_provider_ids_matching /opt/stack/placement/placement/objects/research_context.py:549}}
Jan 26 15:21:42.499647 chdv-826473-1 devstack@placement-api.service[103870]: DEBUG placement.objects.research_context [req-0404ee9b-5a1f-4622-8afc-25e876f3aa0d req-7070ce7d-55e1-4501-9ef0-1c907d2e7f44 service placement] found 2 providers after filtering by previous result {{(pid=103870) get_provider_ids_matching /opt/stack/placement/placement/objects/research_context.py:580}}
Jan 26 15:21:42.512535 chdv-826473-1 devstack@placement-api.service[103870]: DEBUG placement.objects.allocation_candidate [req-0404ee9b-5a1f-4622-8afc-25e876f3aa0d req-7070ce7d-55e1-4501-9ef0-1c907d2e7f44 service placement] RequestGroup(use_same_provider=False, resources={DISK_GB:1, MEMORY_MB:1024, VCPU:1}, traits=[], aggregates=[]) (suffix '') returned 2 matches {{(pid=103870) _get_by_requests /opt/stack/placement/placement/objects/allocation_candidate.py:145}}
Jan 26 15:21:42.513392 chdv-826473-1 devstack@placement-api.service[103870]: DEBUG placement.objects.allocation_candidate [req-0404ee9b-5a1f-4622-8afc-25e876f3aa0d req-7070ce7d-55e1-4501-9ef0-1c907d2e7f44 service placement] Merging candidates yields 2 allocation requests and 2 provider summaries {{(pid=103870) _merge_candidates /opt/stack/placement/placement/objects/allocation_candidate.py:783}}
Jan 26 15:21:42.515338 chdv-826473-1 devstack@placement-api.service[103870]: INFO placement.requestlog [req-0404ee9b-5a1f-4622-8afc-25e876f3aa0d req-7070ce7d-55e1-4501-9ef0-1c907d2e7f44 service placement] 10.222.0.11 "GET /placement/allocation_candidates?limit=1000&resources=DISK_GB%3A1%2CMEMORY_MB%3A1024%2CVCPU%3A1&root_required=%21COMPUTE_STATUS_DISABLED" status: 200 len: 1309 microversion: 1.36
Jan 26 15:21:42.518167 chdv-826473-1 devstack@placement-api.service[103870]: [pid: 103870|app: 0|req: 244/486] 10.222.0.11 () {60 vars in 1506 bytes} [Wed Jan 26 15:21:42 2022] GET /placement/allocation_candidates?limit=1000&resources=DISK_GB%3A1%2CMEMORY_MB%3A1024%2CVCPU%3A1&root_required=%21COMPUTE_STATUS_DISABLED => generated 1309 bytes in 144 msecs (HTTP/1.1 200) 8 headers in 297 bytes (1 switches on core 0)
Jan 26 15:21:42.616485 chdv-826473-1 devstack@placement-api.service[103869]: DEBUG placement.requestlog [req-0404ee9b-5a1f-4622-8afc-25e876f3aa0d req-78e9db34-c949-46ae-b0c4-e67ea7978bc2 None None] Starting request: 10.222.0.11 "GET /placement/allocations/a478f8f8-f23c-4da7-8358-eec46614e583" {{(pid=103869) __call__ /opt/stack/placement/placement/requestlog.py:55}}
Jan 26 15:21:42.641248 chdv-826473-1 devstack@placement-api.service[103869]: INFO placement.requestlog [req-0404ee9b-5a1f-4622-8afc-25e876f3aa0d req-78e9db34-c949-46ae-b0c4-e67ea7978bc2 service placement] 10.222.0.11 "GET /placement/allocations/a478f8f8-f23c-4da7-8358-eec46614e583" status: 200 len: 19 microversion: 1.28
Jan 26 15:21:42.649218 chdv-826473-1 devstack@placement-api.service[103870]: DEBUG placement.requestlog [req-0404ee9b-5a1f-4622-8afc-25e876f3aa0d req-e82e26ab-86a2-41a1-8e5f-1a31adc5ba01 None None] Starting request: 10.222.0.11 "PUT /placement/allocations/a478f8f8-f23c-4da7-8358-eec46614e583" {{(pid=103870) __call__ /opt/stack/placement/placement/requestlog.py:55}}
Jan 26 15:21:42.649877 chdv-826473-1 devstack@placement-api.service[103869]: [pid: 103869|app: 0|req: 243/487] 10.222.0.11 () {60 vars in 1380 bytes} [Wed Jan 26 15:21:42 2022] GET /placement/allocations/a478f8f8-f23c-4da7-8358-eec46614e583 => generated 19 bytes in 33 msecs (HTTP/1.1 200) 8 headers in 295 bytes (1 switches on core 0)
Jan 26 15:21:42.724692 chdv-826473-1 devstack@placement-api.service[103870]: DEBUG placement.handlers.allocation [req-0404ee9b-5a1f-4622-8afc-25e876f3aa0d req-e82e26ab-86a2-41a1-8e5f-1a31adc5ba01 service placement] Successfully wrote allocations [, , ] {{(pid=103870) _update_consumers_and_create_allocations /opt/stack/placement/placement/handlers/allocation.py:462}}
Jan 26 15:21:42.729395 chdv-826473-1 devstack@placement-api.service[103870]: INFO placement.requestlog [req-0404ee9b-5a1f-4622-8afc-25e876f3aa0d req-e82e26ab-86a2-41a1-8e5f-1a31adc5ba01 service placement] 10.222.0.11 "PUT /placement/allocations/a478f8f8-f23c-4da7-8358-eec46614e583" status: 204 len: 0 microversion: 1.36
Jan 26 15:21:42.742367 chdv-826473-1 devstack@placement-api.service[103870]: [pid: 103870|app: 0|req: 245/488] 10.222.0.11 () {64 vars in 1433 bytes} [Wed Jan 26 15:21:42 2022] PUT /placement/allocations/a478f8f8-f23c-4da7-8358-eec46614e583 => generated 0 bytes in 81 msecs (HTTP/1.1 204) 5 headers in 199 bytes (2 switches on core 0)
Jan 26 15:21:43.222138 chdv-826473-1 devstack@placement-api.service[103869]: DEBUG placement.requestlog [req-0404ee9b-5a1f-4622-8afc-25e876f3aa0d req-05faf07c-2351-400d-994b-983979b6341b None None] Starting request: 10.222.0.35 "GET /placement/allocations/a478f8f8-f23c-4da7-8358-eec46614e583" {{(pid=103869) __call__ /opt/stack/placement/placement/requestlog.py:55}}
Jan 26 15:21:43.262050 chdv-826473-1 devstack@placement-api.service[103869]: INFO placement.requestlog [req-0404ee9b-5a1f-4622-8afc-25e876f3aa0d req-05faf07c-2351-400d-994b-983979b6341b service placement] 10.222.0.35 "GET /placement/allocations/a478f8f8-f23c-4da7-8358-eec46614e583" status: 200 len: 259 microversion: 1.28
Jan 26 15:21:43.263982 chdv-826473-1 devstack@placement-api.service[103869]: [pid: 103869|app: 0|req: 244/489] 10.222.0.35 () {60 vars in 1377 bytes} [Wed Jan 26 15:21:43 2022] GET /placement/allocations/a478f8f8-f23c-4da7-8358-eec46614e583 => generated 259 bytes in 43 msecs (HTTP/1.1 200) 8 headers in 296 bytes (1 switches on core 0)
Jan 26 15:21:47.221258 chdv-826473-1 devstack@placement-api.service[103870]: DEBUG placement.requestlog [req-5bf6df09-1f37-4707-86e7-3581f0460af2 req-66bf54b2-a85e-4394-9a21-32b3d3432328 None None] Starting request: 10.222.0.35 "DELETE /placement/allocations/91960e36-425e-4ece-8b85-9db96ded0ade" {{(pid=103870) __call__ /opt/stack/placement/placement/requestlog.py:55}}
Jan 26 15:21:47.279994 chdv-826473-1 devstack@placement-api.service[103870]: DEBUG placement.handlers.allocation [req-5bf6df09-1f37-4707-86e7-3581f0460af2 req-66bf54b2-a85e-4394-9a21-32b3d3432328 service placement] Successfully deleted allocations [, , ] {{(pid=103870) delete_allocations /opt/stack/placement/placement/handlers/allocation.py:627}}
Jan 26 15:21:47.281669 chdv-826473-1 devstack@placement-api.service[103870]: INFO placement.requestlog [req-5bf6df09-1f37-4707-86e7-3581f0460af2 req-66bf54b2-a85e-4394-9a21-32b3d3432328 service placement] 10.222.0.35 "DELETE /placement/allocations/91960e36-425e-4ece-8b85-9db96ded0ade" status: 204 len: 0 microversion: 1.0
Jan 26 15:21:47.283141 chdv-826473-1 devstack@placement-api.service[103870]: [pid: 103870|app: 0|req: 246/490] 10.222.0.35 () {60 vars in 1355 bytes} [Wed Jan 26 15:21:47 2022] DELETE /placement/allocations/91960e36-425e-4ece-8b85-9db96ded0ade => generated 0 bytes in 62 msecs (HTTP/1.1 204) 5 headers in 198 bytes (1 switches on core 0)
Jan 26 15:21:48.991033 chdv-826473-1 devstack@placement-api.service[103869]: DEBUG placement.requestlog [req-a88e6514-bccf-44b1-9a39-8cfa0ba64f66 req-40847708-9474-4c72-96b5-ac532eb0a546 None None] Starting request: 10.222.0.37 "GET /placement/resource_providers/e50e1083-e2ba-4395-a1dd-70114620787d/allocations" {{(pid=103869) __call__ /opt/stack/placement/placement/requestlog.py:55}}
Jan 26 15:21:49.030765 chdv-826473-1 devstack@placement-api.service[103869]: INFO placement.requestlog [req-a88e6514-bccf-44b1-9a39-8cfa0ba64f66 req-40847708-9474-4c72-96b5-ac532eb0a546 service placement] 10.222.0.37 "GET /placement/resource_providers/e50e1083-e2ba-4395-a1dd-70114620787d/allocations" status: 200 len: 544 microversion: 1.0
Jan 26 15:21:49.031725 chdv-826473-1 devstack@placement-api.service[103869]: [pid: 103869|app: 0|req: 245/491] 10.222.0.37 () {58 vars in 1390 bytes} [Wed Jan 26 15:21:48 2022] GET /placement/resource_providers/e50e1083-e2ba-4395-a1dd-70114620787d/allocations => generated 544 bytes in 41 msecs (HTTP/1.1 200) 6 headers in 224 bytes (1 switches on core 0)
Jan 26 15:21:51.816480 chdv-826473-1 devstack@placement-api.service[103870]: DEBUG placement.requestlog [req-d33a4df2-4d33-4480-9459-b13f3e393c82 req-80a91b89-9d92-475e-988c-d9a221b5b97f None None] Starting request: 10.222.0.35 "DELETE /placement/allocations/545bfc4e-3683-4750-9784-6874aeb4bc93" {{(pid=103870) __call__ /opt/stack/placement/placement/requestlog.py:55}}
Jan 26 15:21:51.869456 chdv-826473-1 devstack@placement-api.service[103870]: DEBUG placement.handlers.allocation [req-d33a4df2-4d33-4480-9459-b13f3e393c82 req-80a91b89-9d92-475e-988c-d9a221b5b97f service placement] Successfully deleted allocations [, , ] {{(pid=103870) delete_allocations /opt/stack/placement/placement/handlers/allocation.py:627}}
Jan 26 15:21:51.870534 chdv-826473-1 devstack@placement-api.service[103870]: INFO placement.requestlog [req-d33a4df2-4d33-4480-9459-b13f3e393c82 req-80a91b89-9d92-475e-988c-d9a221b5b97f service placement] 10.222.0.35 "DELETE /placement/allocations/545bfc4e-3683-4750-9784-6874aeb4bc93" status: 204 len: 0 microversion: 1.0
Jan 26 15:21:51.871505 chdv-826473-1 devstack@placement-api.service[103870]: [pid: 103870|app: 0|req: 247/492] 10.222.0.35 () {60 vars in 1355 bytes} [Wed Jan 26 15:21:51 2022] DELETE /placement/allocations/545bfc4e-3683-4750-9784-6874aeb4bc93 => generated 0 bytes in 56 msecs (HTTP/1.1 204) 5 headers in 198 bytes (1 switches on core 0)
Jan 26 15:21:57.317074 chdv-826473-1 devstack@placement-api.service[103869]: DEBUG placement.requestlog [req-725ffbb4-2ef6-4c36-a97b-b96b678b8b3d req-21b8a48a-9eb7-4a6c-a2a4-619f888e64c4 None None] Starting request: 10.222.0.37 "DELETE /placement/allocations/0e90470b-0cc2-438a-b132-958270853fa7" {{(pid=103869) __call__ /opt/stack/placement/placement/requestlog.py:55}}
Jan 26 15:21:57.354832 chdv-826473-1 devstack@placement-api.service[103869]: DEBUG placement.handlers.allocation [req-725ffbb4-2ef6-4c36-a97b-b96b678b8b3d req-21b8a48a-9eb7-4a6c-a2a4-619f888e64c4 service placement] Successfully deleted allocations [, , ] {{(pid=103869) delete_allocations /opt/stack/placement/placement/handlers/allocation.py:627}}
Jan 26 15:21:57.355343 chdv-826473-1 devstack@placement-api.service[103869]: INFO placement.requestlog [req-725ffbb4-2ef6-4c36-a97b-b96b678b8b3d req-21b8a48a-9eb7-4a6c-a2a4-619f888e64c4 service placement] 10.222.0.37 "DELETE /placement/allocations/0e90470b-0cc2-438a-b132-958270853fa7" status: 204 len: 0 microversion: 1.0
Jan 26 15:21:57.357026 chdv-826473-1 devstack@placement-api.service[103869]: [pid: 103869|app: 0|req: 246/493] 10.222.0.37 () {60 vars in 1355 bytes} [Wed Jan 26 15:21:57 2022] DELETE /placement/allocations/0e90470b-0cc2-438a-b132-958270853fa7 => generated 0 bytes in 40 msecs (HTTP/1.1 204) 5 headers in 198 bytes (1 switches on core 0)
Jan 26 15:22:02.754806 chdv-826473-1 devstack@placement-api.service[103870]: DEBUG placement.requestlog [req-3a94b1ed-7068-4cd4-8cc9-07ea5d831735 req-69ec79a0-01b2-4b09-abf2-58d93fe11f3a None None] Starting request: 10.222.0.11 "GET /placement/allocation_candidates?limit=1000&resources=DISK_GB%3A1%2CMEMORY_MB%3A1024%2CVCPU%3A1&root_required=%21COMPUTE_STATUS_DISABLED" {{(pid=103870) __call__ /opt/stack/placement/placement/requestlog.py:55}}
Jan 26 15:22:02.887118 chdv-826473-1 devstack@placement-api.service[103870]: DEBUG placement.objects.research_context [req-3a94b1ed-7068-4cd4-8cc9-07ea5d831735 req-69ec79a0-01b2-4b09-abf2-58d93fe11f3a service placement] getting providers with 1 DISK_GB {{(pid=103870) __init__ /opt/stack/placement/placement/objects/research_context.py:126}}
Jan 26 15:22:02.912126 chdv-826473-1 devstack@placement-api.service[103870]: DEBUG placement.objects.research_context [req-3a94b1ed-7068-4cd4-8cc9-07ea5d831735 req-69ec79a0-01b2-4b09-abf2-58d93fe11f3a service placement] getting providers with 1024 MEMORY_MB {{(pid=103870) __init__ /opt/stack/placement/placement/objects/research_context.py:126}}
Jan 26 15:22:02.929950 chdv-826473-1 devstack@placement-api.service[103870]: DEBUG placement.objects.research_context [req-3a94b1ed-7068-4cd4-8cc9-07ea5d831735 req-69ec79a0-01b2-4b09-abf2-58d93fe11f3a service placement] getting providers with 1 VCPU {{(pid=103870) __init__ /opt/stack/placement/placement/objects/research_context.py:126}}
Jan 26 15:22:02.940879 chdv-826473-1 devstack@placement-api.service[103870]: DEBUG placement.objects.research_context [req-3a94b1ed-7068-4cd4-8cc9-07ea5d831735 req-69ec79a0-01b2-4b09-abf2-58d93fe11f3a service placement] found 2 providers with available 1 DISK_GB {{(pid=103870) get_provider_ids_matching /opt/stack/placement/placement/objects/research_context.py:549}}
Jan 26 15:22:02.951873 chdv-826473-1 devstack@placement-api.service[103870]: DEBUG placement.objects.research_context [req-3a94b1ed-7068-4cd4-8cc9-07ea5d831735 req-69ec79a0-01b2-4b09-abf2-58d93fe11f3a service placement] found 2 providers with available 1024 MEMORY_MB {{(pid=103870) get_provider_ids_matching /opt/stack/placement/placement/objects/research_context.py:549}}
Jan 26 15:22:02.952443 chdv-826473-1 devstack@placement-api.service[103870]: DEBUG placement.objects.research_context [req-3a94b1ed-7068-4cd4-8cc9-07ea5d831735 req-69ec79a0-01b2-4b09-abf2-58d93fe11f3a service placement] found 2 providers after filtering by previous result {{(pid=103870) get_provider_ids_matching /opt/stack/placement/placement/objects/research_context.py:580}}
Jan 26 15:22:02.955353 chdv-826473-1 devstack@placement-api.service[103870]: DEBUG placement.objects.research_context [req-3a94b1ed-7068-4cd4-8cc9-07ea5d831735 req-69ec79a0-01b2-4b09-abf2-58d93fe11f3a service placement] found 2 providers with available 1 VCPU {{(pid=103870) get_provider_ids_matching /opt/stack/placement/placement/objects/research_context.py:549}}
Jan 26 15:22:02.955745 chdv-826473-1 devstack@placement-api.service[103870]: DEBUG placement.objects.research_context [req-3a94b1ed-7068-4cd4-8cc9-07ea5d831735 req-69ec79a0-01b2-4b09-abf2-58d93fe11f3a service placement] found 2 providers after filtering by previous result {{(pid=103870) get_provider_ids_matching /opt/stack/placement/placement/objects/research_context.py:580}}
Jan 26 15:22:02.983322 chdv-826473-1 devstack@placement-api.service[103870]: DEBUG placement.objects.allocation_candidate [req-3a94b1ed-7068-4cd4-8cc9-07ea5d831735 req-69ec79a0-01b2-4b09-abf2-58d93fe11f3a service placement] RequestGroup(use_same_provider=False, resources={DISK_GB:1, MEMORY_MB:1024, VCPU:1}, traits=[], aggregates=[]) (suffix '') returned 2 matches {{(pid=103870) _get_by_requests /opt/stack/placement/placement/objects/allocation_candidate.py:145}}
Jan 26 15:22:02.985794 chdv-826473-1 devstack@placement-api.service[103870]: DEBUG placement.objects.allocation_candidate [req-3a94b1ed-7068-4cd4-8cc9-07ea5d831735 req-69ec79a0-01b2-4b09-abf2-58d93fe11f3a service placement] Merging candidates yields 2 allocation requests and 2 provider summaries {{(pid=103870) _merge_candidates /opt/stack/placement/placement/objects/allocation_candidate.py:783}}
Jan 26 15:22:02.987568 chdv-826473-1 devstack@placement-api.service[103870]: INFO placement.requestlog [req-3a94b1ed-7068-4cd4-8cc9-07ea5d831735 req-69ec79a0-01b2-4b09-abf2-58d93fe11f3a service placement] 10.222.0.11 "GET /placement/allocation_candidates?limit=1000&resources=DISK_GB%3A1%2CMEMORY_MB%3A1024%2CVCPU%3A1&root_required=%21COMPUTE_STATUS_DISABLED" status: 200 len: 1309 microversion: 1.36
Jan 26 15:22:02.990007 chdv-826473-1 devstack@placement-api.service[103870]: [pid: 103870|app: 0|req: 248/494] 10.222.0.11 () {60 vars in 1506 bytes} [Wed Jan 26 15:22:02 2022] GET /placement/allocation_candidates?limit=1000&resources=DISK_GB%3A1%2CMEMORY_MB%3A1024%2CVCPU%3A1&root_required=%21COMPUTE_STATUS_DISABLED => generated 1309 bytes in 235 msecs (HTTP/1.1 200) 8 headers in 297 bytes (1 switches on core 0)
Jan 26 15:22:03.126522 chdv-826473-1 devstack@placement-api.service[103869]: DEBUG placement.requestlog [req-3a94b1ed-7068-4cd4-8cc9-07ea5d831735 req-34115aa1-f3e0-4586-ba02-aca3b2210a2b None None] Starting request: 10.222.0.11 "GET /placement/allocations/5b200d20-34a0-40ed-9f02-7ce55bf3b1a9" {{(pid=103869) __call__ /opt/stack/placement/placement/requestlog.py:55}}
Jan 26 15:22:03.146478 chdv-826473-1 devstack@placement-api.service[103869]: INFO placement.requestlog [req-3a94b1ed-7068-4cd4-8cc9-07ea5d831735 req-34115aa1-f3e0-4586-ba02-aca3b2210a2b service placement] 10.222.0.11 "GET /placement/allocations/5b200d20-34a0-40ed-9f02-7ce55bf3b1a9" status: 200 len: 19 microversion: 1.28
Jan 26 15:22:03.146875 chdv-826473-1 devstack@placement-api.service[103869]: [pid: 103869|app: 0|req: 247/495] 10.222.0.11 () {60 vars in 1380 bytes} [Wed Jan 26 15:22:03 2022] GET /placement/allocations/5b200d20-34a0-40ed-9f02-7ce55bf3b1a9 => generated 19 bytes in 21 msecs (HTTP/1.1 200) 8 headers in 295 bytes (1 switches on core 0)
Jan 26 15:22:03.153569 chdv-826473-1 devstack@placement-api.service[103870]: DEBUG placement.requestlog [req-3a94b1ed-7068-4cd4-8cc9-07ea5d831735 req-e5953755-e96f-4877-8e5d-dd5dd3bdd47b None None] Starting request: 10.222.0.11 "PUT /placement/allocations/5b200d20-34a0-40ed-9f02-7ce55bf3b1a9" {{(pid=103870) __call__ /opt/stack/placement/placement/requestlog.py:55}}
Jan 26 15:22:03.263762 chdv-826473-1 devstack@placement-api.service[103870]: DEBUG placement.handlers.allocation [req-3a94b1ed-7068-4cd4-8cc9-07ea5d831735 req-e5953755-e96f-4877-8e5d-dd5dd3bdd47b service placement] Successfully wrote allocations [, , ] {{(pid=103870) _update_consumers_and_create_allocations /opt/stack/placement/placement/handlers/allocation.py:462}}
Jan 26 15:22:03.279490 chdv-826473-1 devstack@placement-api.service[103870]: INFO placement.requestlog [req-3a94b1ed-7068-4cd4-8cc9-07ea5d831735 req-e5953755-e96f-4877-8e5d-dd5dd3bdd47b service placement] 10.222.0.11 "PUT /placement/allocations/5b200d20-34a0-40ed-9f02-7ce55bf3b1a9" status: 204 len: 0 microversion: 1.36
Jan 26 15:22:03.279871 chdv-826473-1 devstack@placement-api.service[103870]: [pid: 103870|app: 0|req: 249/496] 10.222.0.11 () {64 vars in 1433 bytes} [Wed Jan 26 15:22:03 2022] PUT /placement/allocations/5b200d20-34a0-40ed-9f02-7ce55bf3b1a9 => generated 0 bytes in 127 msecs (HTTP/1.1 204) 5 headers in 199 bytes (1 switches on core 0)
Jan 26 15:22:03.295555 chdv-826473-1 devstack@placement-api.service[103869]: DEBUG placement.requestlog [req-3a94b1ed-7068-4cd4-8cc9-07ea5d831735 req-7a79e623-a1f6-4a8c-9a82-f7a4e54007c8 None None] Starting request: 10.222.0.11 "GET /placement/allocations/805c1026-a749-4fe6-96f3-0ac05d9cdd8d" {{(pid=103869) __call__ /opt/stack/placement/placement/requestlog.py:55}}
Jan 26 15:22:03.311934 chdv-826473-1 devstack@placement-api.service[103869]: INFO placement.requestlog [req-3a94b1ed-7068-4cd4-8cc9-07ea5d831735 req-7a79e623-a1f6-4a8c-9a82-f7a4e54007c8 service placement] 10.222.0.11 "GET /placement/allocations/805c1026-a749-4fe6-96f3-0ac05d9cdd8d" status: 200 len: 19 microversion: 1.28
Jan 26 15:22:03.312698 chdv-826473-1 devstack@placement-api.service[103869]: [pid: 103869|app: 0|req: 248/497] 10.222.0.11 () {60 vars in 1380 bytes} [Wed Jan 26 15:22:03 2022] GET /placement/allocations/805c1026-a749-4fe6-96f3-0ac05d9cdd8d => generated 19 bytes in 17 msecs (HTTP/1.1 200) 8 headers in 295 bytes (1 switches on core 0)
Jan 26 15:22:03.318981 chdv-826473-1 devstack@placement-api.service[103870]: DEBUG placement.requestlog [req-3a94b1ed-7068-4cd4-8cc9-07ea5d831735 req-7702e5fb-83cc-4cf1-afdc-f09a9307850a None None] Starting request: 10.222.0.11 "PUT /placement/allocations/805c1026-a749-4fe6-96f3-0ac05d9cdd8d" {{(pid=103870) __call__ /opt/stack/placement/placement/requestlog.py:55}}
Jan 26 15:22:03.427346 chdv-826473-1 devstack@placement-api.service[103870]: DEBUG placement.handlers.allocation [req-3a94b1ed-7068-4cd4-8cc9-07ea5d831735 req-7702e5fb-83cc-4cf1-afdc-f09a9307850a service placement] Successfully wrote allocations [, , ] {{(pid=103870) _update_consumers_and_create_allocations /opt/stack/placement/placement/handlers/allocation.py:462}}
Jan 26 15:22:03.435318 chdv-826473-1 devstack@placement-api.service[103870]: INFO placement.requestlog [req-3a94b1ed-7068-4cd4-8cc9-07ea5d831735 req-7702e5fb-83cc-4cf1-afdc-f09a9307850a service placement] 10.222.0.11 "PUT /placement/allocations/805c1026-a749-4fe6-96f3-0ac05d9cdd8d" status: 204 len: 0 microversion: 1.36
Jan 26 15:22:03.436077 chdv-826473-1 devstack@placement-api.service[103870]: [pid: 103870|app: 0|req: 250/498] 10.222.0.11 () {64 vars in 1433 bytes} [Wed Jan 26 15:22:03 2022] PUT /placement/allocations/805c1026-a749-4fe6-96f3-0ac05d9cdd8d => generated 0 bytes in 118 msecs (HTTP/1.1 204) 5 headers in 199 bytes (2 switches on core 0)
Jan 26 15:22:04.040313 chdv-826473-1 devstack@placement-api.service[103869]: DEBUG placement.requestlog [req-3a94b1ed-7068-4cd4-8cc9-07ea5d831735 req-32305bc4-4e78-4530-bf44-4f142f03461e None None] Starting request: 10.222.0.37 "GET /placement/allocations/5b200d20-34a0-40ed-9f02-7ce55bf3b1a9" {{(pid=103869) __call__ /opt/stack/placement/placement/requestlog.py:55}}
Jan 26 15:22:04.098791 chdv-826473-1 devstack@placement-api.service[103869]: INFO placement.requestlog [req-3a94b1ed-7068-4cd4-8cc9-07ea5d831735 req-32305bc4-4e78-4530-bf44-4f142f03461e service placement] 10.222.0.37 "GET /placement/allocations/5b200d20-34a0-40ed-9f02-7ce55bf3b1a9" status: 200 len: 259 microversion: 1.28
Jan 26 15:22:04.099234 chdv-826473-1 devstack@placement-api.service[103869]: [pid: 103869|app: 0|req: 249/499] 10.222.0.37 () {60 vars in 1377 bytes} [Wed Jan 26 15:22:04 2022] GET /placement/allocations/5b200d20-34a0-40ed-9f02-7ce55bf3b1a9 => generated 259 bytes in 59 msecs (HTTP/1.1 200) 8 headers in 296 bytes (1 switches on core 0)
Jan 26 15:22:04.137592 chdv-826473-1 devstack@placement-api.service[103870]: DEBUG placement.requestlog [req-3a94b1ed-7068-4cd4-8cc9-07ea5d831735 req-1f9ad33e-3be6-45c0-8f61-46a4d35dd4f5 None None] Starting request: 10.222.0.37 "GET /placement/allocations/805c1026-a749-4fe6-96f3-0ac05d9cdd8d" {{(pid=103870) __call__ /opt/stack/placement/placement/requestlog.py:55}}
Jan 26 15:22:04.175070 chdv-826473-1 devstack@placement-api.service[103870]: INFO placement.requestlog [req-3a94b1ed-7068-4cd4-8cc9-07ea5d831735 req-1f9ad33e-3be6-45c0-8f61-46a4d35dd4f5 service placement] 10.222.0.37 "GET /placement/allocations/805c1026-a749-4fe6-96f3-0ac05d9cdd8d" status: 200 len: 259 microversion: 1.28
Jan 26 15:22:04.175964 chdv-826473-1 devstack@placement-api.service[103870]: [pid: 103870|app: 0|req: 251/500] 10.222.0.37 () {60 vars in 1377 bytes} [Wed Jan 26 15:22:04 2022] GET /placement/allocations/805c1026-a749-4fe6-96f3-0ac05d9cdd8d => generated 259 bytes in 39 msecs (HTTP/1.1 200) 8 headers in 296 bytes (1 switches on core 0)
Jan 26 15:22:06.297630 chdv-826473-1 devstack@placement-api.service[103869]: DEBUG placement.requestlog [req-0cbbf4bb-7cb1-41e5-b367-4d11844e2f2a req-601e5f2e-f30d-4baf-9d6f-9ebe65b882a1 None None] Starting request: 10.222.0.37 "DELETE /placement/allocations/99acd76f-f929-4a04-acdc-3e88e5e3e897" {{(pid=103869) __call__ /opt/stack/placement/placement/requestlog.py:55}}
Jan 26 15:22:06.380266 chdv-826473-1 devstack@placement-api.service[103869]: DEBUG placement.handlers.allocation [req-0cbbf4bb-7cb1-41e5-b367-4d11844e2f2a req-601e5f2e-f30d-4baf-9d6f-9ebe65b882a1 service placement] Successfully deleted allocations [, , ] {{(pid=103869) delete_allocations /opt/stack/placement/placement/handlers/allocation.py:627}}
Jan 26 15:22:06.381020 chdv-826473-1 devstack@placement-api.service[103869]: INFO placement.requestlog [req-0cbbf4bb-7cb1-41e5-b367-4d11844e2f2a req-601e5f2e-f30d-4baf-9d6f-9ebe65b882a1 service placement] 10.222.0.37 "DELETE /placement/allocations/99acd76f-f929-4a04-acdc-3e88e5e3e897" status: 204 len: 0 microversion: 1.0
Jan 26 15:22:06.381961 chdv-826473-1 devstack@placement-api.service[103869]: [pid: 103869|app: 0|req: 250/501] 10.222.0.37 () {60 vars in 1355 bytes} [Wed Jan 26 15:22:06 2022] DELETE /placement/allocations/99acd76f-f929-4a04-acdc-3e88e5e3e897 => generated 0 bytes in 84 msecs (HTTP/1.1 204) 5 headers in 198 bytes (1 switches on core 0)
Jan 26 15:22:06.874859 chdv-826473-1 devstack@placement-api.service[103870]: DEBUG placement.requestlog [req-39b6dc15-f040-484f-bbc0-4769fdb079c5 req-ead4f4b5-4bbb-4d4a-9dba-821a7d4cd34b None None] Starting request: 10.222.0.35 "DELETE /placement/allocations/be1cc6bb-0006-410e-8514-370bb360c066" {{(pid=103870) __call__ /opt/stack/placement/placement/requestlog.py:55}}
Jan 26 15:22:06.927448 chdv-826473-1 devstack@placement-api.service[103870]: DEBUG placement.handlers.allocation [req-39b6dc15-f040-484f-bbc0-4769fdb079c5 req-ead4f4b5-4bbb-4d4a-9dba-821a7d4cd34b service placement] Successfully deleted allocations [, , ] {{(pid=103870) delete_allocations /opt/stack/placement/placement/handlers/allocation.py:627}}
Jan 26 15:22:06.928307 chdv-826473-1 devstack@placement-api.service[103870]: INFO placement.requestlog [req-39b6dc15-f040-484f-bbc0-4769fdb079c5 req-ead4f4b5-4bbb-4d4a-9dba-821a7d4cd34b service placement] 10.222.0.35 "DELETE /placement/allocations/be1cc6bb-0006-410e-8514-370bb360c066" status: 204 len: 0 microversion: 1.0
Jan 26 15:22:06.929179 chdv-826473-1 devstack@placement-api.service[103870]: [pid: 103870|app: 0|req: 252/502] 10.222.0.35 () {60 vars in 1355 bytes} [Wed Jan 26 15:22:06 2022] DELETE /placement/allocations/be1cc6bb-0006-410e-8514-370bb360c066 => generated 0 bytes in 54 msecs (HTTP/1.1 204) 5 headers in 198 bytes (1 switches on core 0)
Jan 26 15:22:13.272328 chdv-826473-1 devstack@placement-api.service[103869]: DEBUG placement.requestlog [req-a05ebf84-8149-4b6a-97db-1b771fda1b78 req-70b52f3a-1fde-43fc-883b-f7905301b3b1 None None] Starting request: 10.222.0.11 "GET /placement/allocation_candidates?limit=1000&resources=DISK_GB%3A1%2CMEMORY_MB%3A1024%2CVCPU%3A1&root_required=%21COMPUTE_STATUS_DISABLED" {{(pid=103869) __call__ /opt/stack/placement/placement/requestlog.py:55}}
Jan 26 15:22:13.350599 chdv-826473-1 devstack@placement-api.service[103869]: DEBUG placement.objects.research_context [req-a05ebf84-8149-4b6a-97db-1b771fda1b78 req-70b52f3a-1fde-43fc-883b-f7905301b3b1 service placement] getting providers with 1 DISK_GB {{(pid=103869) __init__ /opt/stack/placement/placement/objects/research_context.py:126}}
Jan 26 15:22:13.361139 chdv-826473-1 devstack@placement-api.service[103869]: DEBUG placement.objects.research_context [req-a05ebf84-8149-4b6a-97db-1b771fda1b78 req-70b52f3a-1fde-43fc-883b-f7905301b3b1 service placement] getting providers with 1024 MEMORY_MB {{(pid=103869) __init__ /opt/stack/placement/placement/objects/research_context.py:126}}
Jan 26 15:22:13.368824 chdv-826473-1 devstack@placement-api.service[103869]: DEBUG placement.objects.research_context [req-a05ebf84-8149-4b6a-97db-1b771fda1b78 req-70b52f3a-1fde-43fc-883b-f7905301b3b1 service placement] getting providers with 1 VCPU {{(pid=103869) __init__ /opt/stack/placement/placement/objects/research_context.py:126}}
Jan 26 15:22:13.375673 chdv-826473-1 devstack@placement-api.service[103869]: DEBUG placement.objects.research_context [req-a05ebf84-8149-4b6a-97db-1b771fda1b78 req-70b52f3a-1fde-43fc-883b-f7905301b3b1 service placement] found 2 providers with available 1 DISK_GB {{(pid=103869) get_provider_ids_matching /opt/stack/placement/placement/objects/research_context.py:549}}
Jan 26 15:22:13.376206 chdv-826473-1 devstack@placement-api.service[103869]: DEBUG placement.objects.research_context [req-a05ebf84-8149-4b6a-97db-1b771fda1b78 req-70b52f3a-1fde-43fc-883b-f7905301b3b1 service placement] found 2 providers with available 1024 MEMORY_MB {{(pid=103869) get_provider_ids_matching /opt/stack/placement/placement/objects/research_context.py:549}}
Jan 26 15:22:13.376681 chdv-826473-1 devstack@placement-api.service[103869]: DEBUG placement.objects.research_context [req-a05ebf84-8149-4b6a-97db-1b771fda1b78 req-70b52f3a-1fde-43fc-883b-f7905301b3b1 service placement] found 2 providers after filtering by previous result {{(pid=103869) get_provider_ids_matching /opt/stack/placement/placement/objects/research_context.py:580}}
Jan 26 15:22:13.377103 chdv-826473-1 devstack@placement-api.service[103869]: DEBUG placement.objects.research_context [req-a05ebf84-8149-4b6a-97db-1b771fda1b78 req-70b52f3a-1fde-43fc-883b-f7905301b3b1 service placement] found 2 providers with available 1 VCPU {{(pid=103869) get_provider_ids_matching /opt/stack/placement/placement/objects/research_context.py:549}}
Jan 26 15:22:13.377531 chdv-826473-1 devstack@placement-api.service[103869]: DEBUG placement.objects.research_context [req-a05ebf84-8149-4b6a-97db-1b771fda1b78 req-70b52f3a-1fde-43fc-883b-f7905301b3b1 service placement] found 2 providers after filtering by previous result {{(pid=103869) get_provider_ids_matching /opt/stack/placement/placement/objects/research_context.py:580}}
Jan 26 15:22:13.390670 chdv-826473-1 devstack@placement-api.service[103869]: DEBUG placement.objects.allocation_candidate [req-a05ebf84-8149-4b6a-97db-1b771fda1b78 req-70b52f3a-1fde-43fc-883b-f7905301b3b1 service placement] RequestGroup(use_same_provider=False, resources={DISK_GB:1, MEMORY_MB:1024, VCPU:1}, traits=[], aggregates=[]) (suffix '') returned 2 matches {{(pid=103869) _get_by_requests /opt/stack/placement/placement/objects/allocation_candidate.py:145}}
Jan 26 15:22:13.391290 chdv-826473-1 devstack@placement-api.service[103869]: DEBUG placement.objects.allocation_candidate [req-a05ebf84-8149-4b6a-97db-1b771fda1b78 req-70b52f3a-1fde-43fc-883b-f7905301b3b1 service placement] Merging candidates yields 2 allocation requests and 2 provider summaries {{(pid=103869) _merge_candidates /opt/stack/placement/placement/objects/allocation_candidate.py:783}}
Jan 26 15:22:13.393301 chdv-826473-1 devstack@placement-api.service[103869]: INFO placement.requestlog [req-a05ebf84-8149-4b6a-97db-1b771fda1b78 req-70b52f3a-1fde-43fc-883b-f7905301b3b1 service placement] 10.222.0.11 "GET /placement/allocation_candidates?limit=1000&resources=DISK_GB%3A1%2CMEMORY_MB%3A1024%2CVCPU%3A1&root_required=%21COMPUTE_STATUS_DISABLED" status: 200 len: 1309 microversion: 1.36
Jan 26 15:22:13.394198 chdv-826473-1 devstack@placement-api.service[103869]: [pid: 103869|app: 0|req: 251/503] 10.222.0.11 () {60 vars in 1506 bytes} [Wed Jan 26 15:22:13 2022] GET /placement/allocation_candidates?limit=1000&resources=DISK_GB%3A1%2CMEMORY_MB%3A1024%2CVCPU%3A1&root_required=%21COMPUTE_STATUS_DISABLED => generated 1309 bytes in 122 msecs (HTTP/1.1 200) 8 headers in 297 bytes (1 switches on core 0)
Jan 26 15:22:13.489129 chdv-826473-1 devstack@placement-api.service[103870]: DEBUG placement.requestlog [req-a05ebf84-8149-4b6a-97db-1b771fda1b78 req-0c83844c-098c-4e80-ad2a-ab510868e6c7 None None] Starting request: 10.222.0.11 "GET /placement/allocations/a12b1026-ffd2-4922-bfc2-9919e9fd9ac4" {{(pid=103870) __call__ /opt/stack/placement/placement/requestlog.py:55}}
Jan 26 15:22:13.533174 chdv-826473-1 devstack@placement-api.service[103870]: INFO placement.requestlog [req-a05ebf84-8149-4b6a-97db-1b771fda1b78 req-0c83844c-098c-4e80-ad2a-ab510868e6c7 service placement] 10.222.0.11 "GET /placement/allocations/a12b1026-ffd2-4922-bfc2-9919e9fd9ac4" status: 200 len: 19 microversion: 1.28
Jan 26 15:22:13.534264 chdv-826473-1 devstack@placement-api.service[103870]: [pid: 103870|app: 0|req: 253/504] 10.222.0.11 () {60 vars in 1380 bytes} [Wed Jan 26 15:22:13 2022] GET /placement/allocations/a12b1026-ffd2-4922-bfc2-9919e9fd9ac4 => generated 19 bytes in 45 msecs (HTTP/1.1 200) 8 headers in 295 bytes (1 switches on core 0)
Jan 26 15:22:13.543496 chdv-826473-1 devstack@placement-api.service[103869]: DEBUG placement.requestlog [req-a05ebf84-8149-4b6a-97db-1b771fda1b78 req-ed89d3f7-eb30-4d28-ac07-1c61fcfc828c None None] Starting request: 10.222.0.11 "PUT /placement/allocations/a12b1026-ffd2-4922-bfc2-9919e9fd9ac4" {{(pid=103869) __call__ /opt/stack/placement/placement/requestlog.py:55}}
Jan 26 15:22:13.720391 chdv-826473-1 devstack@placement-api.service[103869]: DEBUG placement.handlers.allocation [req-a05ebf84-8149-4b6a-97db-1b771fda1b78 req-ed89d3f7-eb30-4d28-ac07-1c61fcfc828c service placement] Successfully wrote allocations [, , ] {{(pid=103869) _update_consumers_and_create_allocations /opt/stack/placement/placement/handlers/allocation.py:462}}
Jan 26 15:22:13.728866 chdv-826473-1 devstack@placement-api.service[103869]: INFO placement.requestlog [req-a05ebf84-8149-4b6a-97db-1b771fda1b78 req-ed89d3f7-eb30-4d28-ac07-1c61fcfc828c service placement] 10.222.0.11 "PUT /placement/allocations/a12b1026-ffd2-4922-bfc2-9919e9fd9ac4" status: 204 len: 0 microversion: 1.36
Jan 26 15:22:13.730851 chdv-826473-1 devstack@placement-api.service[103869]: [pid: 103869|app: 0|req: 252/505] 10.222.0.11 () {64 vars in 1433 bytes} [Wed Jan 26 15:22:13 2022] PUT /placement/allocations/a12b1026-ffd2-4922-bfc2-9919e9fd9ac4 => generated 0 bytes in 188 msecs (HTTP/1.1 204) 5 headers in 199 bytes (1 switches on core 0)
Jan 26 15:22:14.284013 chdv-826473-1 devstack@placement-api.service[103870]: DEBUG placement.requestlog [req-9826d2ac-237a-41aa-9026-fa96cd70432e req-c87c02cb-fd5e-444e-8cdd-9b651adc00a0 None None] Starting request: 10.222.0.11 "GET /placement/allocation_candidates?limit=1000&resources=DISK_GB%3A1%2CMEMORY_MB%3A1024%2CVCPU%3A1&root_required=%21COMPUTE_STATUS_DISABLED" {{(pid=103870) __call__ /opt/stack/placement/placement/requestlog.py:55}}
Jan 26 15:22:14.295515 chdv-826473-1 devstack@placement-api.service[103869]: DEBUG placement.requestlog [req-a05ebf84-8149-4b6a-97db-1b771fda1b78 req-7fb32823-b8f9-4ede-af45-1803ec0fce8e None None] Starting request: 10.222.0.35 "GET /placement/allocations/a12b1026-ffd2-4922-bfc2-9919e9fd9ac4" {{(pid=103869) __call__ /opt/stack/placement/placement/requestlog.py:55}}
Jan 26 15:22:14.332018 chdv-826473-1 devstack@placement-api.service[103869]: INFO placement.requestlog [req-a05ebf84-8149-4b6a-97db-1b771fda1b78 req-7fb32823-b8f9-4ede-af45-1803ec0fce8e service placement] 10.222.0.35 "GET /placement/allocations/a12b1026-ffd2-4922-bfc2-9919e9fd9ac4" status: 200 len: 259 microversion: 1.28
Jan 26 15:22:14.332426 chdv-826473-1 devstack@placement-api.service[103869]: [pid: 103869|app: 0|req: 253/506] 10.222.0.35 () {60 vars in 1377 bytes} [Wed Jan 26 15:22:14 2022] GET /placement/allocations/a12b1026-ffd2-4922-bfc2-9919e9fd9ac4 => generated 259 bytes in 37 msecs (HTTP/1.1 200) 8 headers in 296 bytes (1 switches on core 0)
Jan 26 15:22:14.381735 chdv-826473-1 devstack@placement-api.service[103870]: DEBUG placement.objects.research_context [req-9826d2ac-237a-41aa-9026-fa96cd70432e req-c87c02cb-fd5e-444e-8cdd-9b651adc00a0 service placement] getting providers with 1 DISK_GB {{(pid=103870) __init__ /opt/stack/placement/placement/objects/research_context.py:126}}
Jan 26 15:22:14.389419 chdv-826473-1 devstack@placement-api.service[103870]: DEBUG placement.objects.research_context [req-9826d2ac-237a-41aa-9026-fa96cd70432e req-c87c02cb-fd5e-444e-8cdd-9b651adc00a0 service placement] getting providers with 1024 MEMORY_MB {{(pid=103870) __init__ /opt/stack/placement/placement/objects/research_context.py:126}}
Jan 26 15:22:14.396182 chdv-826473-1 devstack@placement-api.service[103870]: DEBUG placement.objects.research_context [req-9826d2ac-237a-41aa-9026-fa96cd70432e req-c87c02cb-fd5e-444e-8cdd-9b651adc00a0 service placement] getting providers with 1 VCPU {{(pid=103870) __init__ /opt/stack/placement/placement/objects/research_context.py:126}}
Jan 26 15:22:14.402884 chdv-826473-1 devstack@placement-api.service[103870]: DEBUG placement.objects.research_context [req-9826d2ac-237a-41aa-9026-fa96cd70432e req-c87c02cb-fd5e-444e-8cdd-9b651adc00a0 service placement] found 2 providers with available 1 DISK_GB {{(pid=103870) get_provider_ids_matching /opt/stack/placement/placement/objects/research_context.py:549}}
Jan 26 15:22:14.403474 chdv-826473-1 devstack@placement-api.service[103870]: DEBUG placement.objects.research_context [req-9826d2ac-237a-41aa-9026-fa96cd70432e req-c87c02cb-fd5e-444e-8cdd-9b651adc00a0 service placement] found 2 providers with available 1024 MEMORY_MB {{(pid=103870) get_provider_ids_matching /opt/stack/placement/placement/objects/research_context.py:549}}
Jan 26 15:22:14.404415 chdv-826473-1 devstack@placement-api.service[103870]: DEBUG placement.objects.research_context [req-9826d2ac-237a-41aa-9026-fa96cd70432e req-c87c02cb-fd5e-444e-8cdd-9b651adc00a0 service placement] found 2 providers after filtering by previous result {{(pid=103870) get_provider_ids_matching /opt/stack/placement/placement/objects/research_context.py:580}}
Jan 26 15:22:14.405663 chdv-826473-1 devstack@placement-api.service[103870]: DEBUG placement.objects.research_context [req-9826d2ac-237a-41aa-9026-fa96cd70432e req-c87c02cb-fd5e-444e-8cdd-9b651adc00a0 service placement] found 2 providers with available 1 VCPU {{(pid=103870) get_provider_ids_matching /opt/stack/placement/placement/objects/research_context.py:549}}
Jan 26 15:22:14.406320 chdv-826473-1 devstack@placement-api.service[103870]: DEBUG placement.objects.research_context [req-9826d2ac-237a-41aa-9026-fa96cd70432e req-c87c02cb-fd5e-444e-8cdd-9b651adc00a0 service placement] found 2 providers after filtering by previous result {{(pid=103870) get_provider_ids_matching /opt/stack/placement/placement/objects/research_context.py:580}}
Jan 26 15:22:14.419573 chdv-826473-1 devstack@placement-api.service[103870]: DEBUG placement.objects.allocation_candidate [req-9826d2ac-237a-41aa-9026-fa96cd70432e req-c87c02cb-fd5e-444e-8cdd-9b651adc00a0 service placement] RequestGroup(use_same_provider=False, resources={DISK_GB:1, MEMORY_MB:1024, VCPU:1}, traits=[], aggregates=[]) (suffix '') returned 2 matches {{(pid=103870) _get_by_requests /opt/stack/placement/placement/objects/allocation_candidate.py:145}}
Jan 26 15:22:14.420083 chdv-826473-1 devstack@placement-api.service[103870]: DEBUG placement.objects.allocation_candidate [req-9826d2ac-237a-41aa-9026-fa96cd70432e req-c87c02cb-fd5e-444e-8cdd-9b651adc00a0 service placement] Merging candidates yields 2 allocation requests and 2 provider summaries {{(pid=103870) _merge_candidates /opt/stack/placement/placement/objects/allocation_candidate.py:783}}
Jan 26 15:22:14.421889 chdv-826473-1 devstack@placement-api.service[103870]: INFO placement.requestlog [req-9826d2ac-237a-41aa-9026-fa96cd70432e req-c87c02cb-fd5e-444e-8cdd-9b651adc00a0 service placement] 10.222.0.11 "GET /placement/allocation_candidates?limit=1000&resources=DISK_GB%3A1%2CMEMORY_MB%3A1024%2CVCPU%3A1&root_required=%21COMPUTE_STATUS_DISABLED" status: 200 len: 1309 microversion: 1.36
Jan 26 15:22:14.422841 chdv-826473-1 devstack@placement-api.service[103870]: [pid: 103870|app: 0|req: 254/507] 10.222.0.11 () {60 vars in 1506 bytes} [Wed Jan 26 15:22:14 2022] GET /placement/allocation_candidates?limit=1000&resources=DISK_GB%3A1%2CMEMORY_MB%3A1024%2CVCPU%3A1&root_required=%21COMPUTE_STATUS_DISABLED => generated 1309 bytes in 139 msecs (HTTP/1.1 200) 8 headers in 297 bytes (1 switches on core 0)
Jan 26 15:22:14.497575 chdv-826473-1 devstack@placement-api.service[103869]: DEBUG placement.requestlog [req-9826d2ac-237a-41aa-9026-fa96cd70432e req-1c6304a3-9e2c-4727-ab8f-76ca11efe19c None None] Starting request: 10.222.0.11 "GET /placement/allocations/794a1e6f-6555-467f-a5d7-87e20416feb0" {{(pid=103869) __call__ /opt/stack/placement/placement/requestlog.py:55}}
Jan 26 15:22:14.513367 chdv-826473-1 devstack@placement-api.service[103869]: INFO placement.requestlog [req-9826d2ac-237a-41aa-9026-fa96cd70432e req-1c6304a3-9e2c-4727-ab8f-76ca11efe19c service placement] 10.222.0.11 "GET /placement/allocations/794a1e6f-6555-467f-a5d7-87e20416feb0" status: 200 len: 19 microversion: 1.28
Jan 26 15:22:14.514462 chdv-826473-1 devstack@placement-api.service[103869]: [pid: 103869|app: 0|req: 254/508] 10.222.0.11 () {60 vars in 1380 bytes} [Wed Jan 26 15:22:14 2022] GET /placement/allocations/794a1e6f-6555-467f-a5d7-87e20416feb0 => generated 19 bytes in 17 msecs (HTTP/1.1 200) 8 headers in 295 bytes (1 switches on core 0)
Jan 26 15:22:14.521216 chdv-826473-1 devstack@placement-api.service[103870]: DEBUG placement.requestlog [req-9826d2ac-237a-41aa-9026-fa96cd70432e req-ce181f22-76c7-40f1-b6d2-45b53c41f5fe None None] Starting request: 10.222.0.11 "PUT /placement/allocations/794a1e6f-6555-467f-a5d7-87e20416feb0" {{(pid=103870) __call__ /opt/stack/placement/placement/requestlog.py:55}}
Jan 26 15:22:14.606427 chdv-826473-1 devstack@placement-api.service[103870]: DEBUG placement.handlers.allocation [req-9826d2ac-237a-41aa-9026-fa96cd70432e req-ce181f22-76c7-40f1-b6d2-45b53c41f5fe service placement] Successfully wrote allocations [, , ] {{(pid=103870) _update_consumers_and_create_allocations /opt/stack/placement/placement/handlers/allocation.py:462}}
Jan 26 15:22:14.613788 chdv-826473-1 devstack@placement-api.service[103870]: INFO placement.requestlog [req-9826d2ac-237a-41aa-9026-fa96cd70432e req-ce181f22-76c7-40f1-b6d2-45b53c41f5fe service placement] 10.222.0.11 "PUT /placement/allocations/794a1e6f-6555-467f-a5d7-87e20416feb0" status: 204 len: 0 microversion: 1.36
Jan 26 15:22:14.614185 chdv-826473-1 devstack@placement-api.service[103870]: [pid: 103870|app: 0|req: 255/509] 10.222.0.11 () {64 vars in 1433 bytes} [Wed Jan 26 15:22:14 2022] PUT /placement/allocations/794a1e6f-6555-467f-a5d7-87e20416feb0 => generated 0 bytes in 93 msecs (HTTP/1.1 204) 5 headers in 199 bytes (1 switches on core 0)
Jan 26 15:22:15.110231 chdv-826473-1 devstack@placement-api.service[103869]: DEBUG placement.requestlog [req-9826d2ac-237a-41aa-9026-fa96cd70432e req-6e63deea-064d-40cb-99ed-b38c2ea28f04 None None] Starting request: 10.222.0.35 "GET /placement/allocations/794a1e6f-6555-467f-a5d7-87e20416feb0" {{(pid=103869) __call__ /opt/stack/placement/placement/requestlog.py:55}}
Jan 26 15:22:15.134759 chdv-826473-1 devstack@placement-api.service[103869]: INFO placement.requestlog [req-9826d2ac-237a-41aa-9026-fa96cd70432e req-6e63deea-064d-40cb-99ed-b38c2ea28f04 service placement] 10.222.0.35 "GET /placement/allocations/794a1e6f-6555-467f-a5d7-87e20416feb0" status: 200 len: 259 microversion: 1.28
Jan 26 15:22:15.142877 chdv-826473-1 devstack@placement-api.service[103869]: [pid: 103869|app: 0|req: 255/510] 10.222.0.35 () {60 vars in 1377 bytes} [Wed Jan 26 15:22:15 2022] GET /placement/allocations/794a1e6f-6555-467f-a5d7-87e20416feb0 => generated 259 bytes in 33 msecs (HTTP/1.1 200) 8 headers in 296 bytes (1 switches on core 0)
Jan 26 15:22:18.732947 chdv-826473-1 devstack@placement-api.service[103870]: DEBUG placement.requestlog [req-97c72fdf-db9b-48e9-8b78-1ee41acc39e5 req-a429807c-e8e4-4c71-a4fa-22d3fe34a7aa None None] Starting request: 10.222.0.11 "GET /placement/allocation_candidates?limit=1000&resources=DISK_GB%3A1%2CMEMORY_MB%3A1024%2CVCPU%3A1&root_required=%21COMPUTE_STATUS_DISABLED" {{(pid=103870) __call__ /opt/stack/placement/placement/requestlog.py:55}}
Jan 26 15:22:18.806111 chdv-826473-1 devstack@placement-api.service[103870]: DEBUG placement.objects.research_context [req-97c72fdf-db9b-48e9-8b78-1ee41acc39e5 req-a429807c-e8e4-4c71-a4fa-22d3fe34a7aa service placement] getting providers with 1 DISK_GB {{(pid=103870) __init__ /opt/stack/placement/placement/objects/research_context.py:126}}
Jan 26 15:22:18.824781 chdv-826473-1 devstack@placement-api.service[103870]: DEBUG placement.objects.research_context [req-97c72fdf-db9b-48e9-8b78-1ee41acc39e5 req-a429807c-e8e4-4c71-a4fa-22d3fe34a7aa service placement] getting providers with 1024 MEMORY_MB {{(pid=103870) __init__ /opt/stack/placement/placement/objects/research_context.py:126}}
Jan 26 15:22:18.835609 chdv-826473-1 devstack@placement-api.service[103870]: DEBUG placement.objects.research_context [req-97c72fdf-db9b-48e9-8b78-1ee41acc39e5 req-a429807c-e8e4-4c71-a4fa-22d3fe34a7aa service placement] getting providers with 1 VCPU {{(pid=103870) __init__ /opt/stack/placement/placement/objects/research_context.py:126}}
Jan 26 15:22:18.851019 chdv-826473-1 devstack@placement-api.service[103870]: DEBUG placement.objects.research_context [req-97c72fdf-db9b-48e9-8b78-1ee41acc39e5 req-a429807c-e8e4-4c71-a4fa-22d3fe34a7aa service placement] found 2 providers with available 1 DISK_GB {{(pid=103870) get_provider_ids_matching /opt/stack/placement/placement/objects/research_context.py:549}}
Jan 26 15:22:18.851278 chdv-826473-1 devstack@placement-api.service[103870]: DEBUG placement.objects.research_context [req-97c72fdf-db9b-48e9-8b78-1ee41acc39e5 req-a429807c-e8e4-4c71-a4fa-22d3fe34a7aa service placement] found 2 providers with available 1024 MEMORY_MB {{(pid=103870) get_provider_ids_matching /opt/stack/placement/placement/objects/research_context.py:549}}
Jan 26 15:22:18.851746 chdv-826473-1 devstack@placement-api.service[103870]: DEBUG placement.objects.research_context [req-97c72fdf-db9b-48e9-8b78-1ee41acc39e5 req-a429807c-e8e4-4c71-a4fa-22d3fe34a7aa service placement] found 2 providers after filtering by previous result {{(pid=103870) get_provider_ids_matching /opt/stack/placement/placement/objects/research_context.py:580}}
Jan 26 15:22:18.852004 chdv-826473-1 devstack@placement-api.service[103870]: DEBUG placement.objects.research_context [req-97c72fdf-db9b-48e9-8b78-1ee41acc39e5 req-a429807c-e8e4-4c71-a4fa-22d3fe34a7aa service placement] found 2 providers with available 1 VCPU {{(pid=103870) get_provider_ids_matching /opt/stack/placement/placement/objects/research_context.py:549}}
Jan 26 15:22:18.852481 chdv-826473-1 devstack@placement-api.service[103870]: DEBUG placement.objects.research_context [req-97c72fdf-db9b-48e9-8b78-1ee41acc39e5 req-a429807c-e8e4-4c71-a4fa-22d3fe34a7aa service placement] found 2 providers after filtering by previous result {{(pid=103870) get_provider_ids_matching /opt/stack/placement/placement/objects/research_context.py:580}}
Jan 26 15:22:18.875194 chdv-826473-1 devstack@placement-api.service[103870]: DEBUG placement.objects.allocation_candidate [req-97c72fdf-db9b-48e9-8b78-1ee41acc39e5 req-a429807c-e8e4-4c71-a4fa-22d3fe34a7aa service placement] RequestGroup(use_same_provider=False, resources={DISK_GB:1, MEMORY_MB:1024, VCPU:1}, traits=[], aggregates=[]) (suffix '') returned 2 matches {{(pid=103870) _get_by_requests /opt/stack/placement/placement/objects/allocation_candidate.py:145}}
Jan 26 15:22:18.875576 chdv-826473-1 devstack@placement-api.service[103870]: DEBUG placement.objects.allocation_candidate [req-97c72fdf-db9b-48e9-8b78-1ee41acc39e5 req-a429807c-e8e4-4c71-a4fa-22d3fe34a7aa service placement] Merging candidates yields 2 allocation requests and 2 provider summaries {{(pid=103870) _merge_candidates /opt/stack/placement/placement/objects/allocation_candidate.py:783}}
Jan 26 15:22:18.886632 chdv-826473-1 devstack@placement-api.service[103870]: INFO placement.requestlog [req-97c72fdf-db9b-48e9-8b78-1ee41acc39e5 req-a429807c-e8e4-4c71-a4fa-22d3fe34a7aa service placement] 10.222.0.11 "GET /placement/allocation_candidates?limit=1000&resources=DISK_GB%3A1%2CMEMORY_MB%3A1024%2CVCPU%3A1&root_required=%21COMPUTE_STATUS_DISABLED" status: 200 len: 1309 microversion: 1.36
Jan 26 15:22:18.887022 chdv-826473-1 devstack@placement-api.service[103870]: [pid: 103870|app: 0|req: 256/511] 10.222.0.11 () {60 vars in 1506 bytes} [Wed Jan 26 15:22:18 2022] GET /placement/allocation_candidates?limit=1000&resources=DISK_GB%3A1%2CMEMORY_MB%3A1024%2CVCPU%3A1&root_required=%21COMPUTE_STATUS_DISABLED => generated 1309 bytes in 154 msecs (HTTP/1.1 200) 8 headers in 297 bytes (1 switches on core 0)
Jan 26 15:22:18.991500 chdv-826473-1 devstack@placement-api.service[103869]: DEBUG placement.requestlog [req-97c72fdf-db9b-48e9-8b78-1ee41acc39e5 req-98345639-8697-4dd7-86f3-279c42fc2b6c None None] Starting request: 10.222.0.11 "GET /placement/allocations/b5d585c6-be8e-4d40-bb14-66714124a75f" {{(pid=103869) __call__ /opt/stack/placement/placement/requestlog.py:55}}
Jan 26 15:22:19.017581 chdv-826473-1 devstack@placement-api.service[103869]: INFO placement.requestlog [req-97c72fdf-db9b-48e9-8b78-1ee41acc39e5 req-98345639-8697-4dd7-86f3-279c42fc2b6c service placement] 10.222.0.11 "GET /placement/allocations/b5d585c6-be8e-4d40-bb14-66714124a75f" status: 200 len: 19 microversion: 1.28
Jan 26 15:22:19.025602 chdv-826473-1 devstack@placement-api.service[103869]: [pid: 103869|app: 0|req: 256/512] 10.222.0.11 () {60 vars in 1380 bytes} [Wed Jan 26 15:22:18 2022] GET /placement/allocations/b5d585c6-be8e-4d40-bb14-66714124a75f => generated 19 bytes in 34 msecs (HTTP/1.1 200) 8 headers in 295 bytes (1 switches on core 0)
Jan 26 15:22:19.026150 chdv-826473-1 devstack@placement-api.service[103870]: DEBUG placement.requestlog [req-97c72fdf-db9b-48e9-8b78-1ee41acc39e5 req-b779b08f-a8e1-411e-9bdb-2c52fed495ef None None] Starting request: 10.222.0.11 "PUT /placement/allocations/b5d585c6-be8e-4d40-bb14-66714124a75f" {{(pid=103870) __call__ /opt/stack/placement/placement/requestlog.py:55}}
Jan 26 15:22:19.168589 chdv-826473-1 devstack@placement-api.service[103870]: DEBUG placement.handlers.allocation [req-97c72fdf-db9b-48e9-8b78-1ee41acc39e5 req-b779b08f-a8e1-411e-9bdb-2c52fed495ef service placement] Successfully wrote allocations [, , ] {{(pid=103870) _update_consumers_and_create_allocations /opt/stack/placement/placement/handlers/allocation.py:462}}
