Jan 27 15:18:39.625250 chdv-816942-1 devstack@placement-api.service[104238]: DEBUG placement.requestlog [req-5d7c78df-7ee3-4abd-be6d-e9d906e37333 req-d8fee93d-a426-4ab3-87eb-22c59b1f1d60 None None] Starting request: 10.222.0.13 "GET /placement/allocations/2e031122-9b90-49bf-b1a2-b44893c8ec04" {{(pid=104238) __call__ /opt/stack/placement/placement/requestlog.py:55}}
Jan 27 15:18:39.638760 chdv-816942-1 devstack@placement-api.service[104238]: INFO placement.requestlog [req-5d7c78df-7ee3-4abd-be6d-e9d906e37333 req-d8fee93d-a426-4ab3-87eb-22c59b1f1d60 service placement] 10.222.0.13 "GET /placement/allocations/2e031122-9b90-49bf-b1a2-b44893c8ec04" status: 200 len: 19 microversion: 1.28
Jan 27 15:18:39.643138 chdv-816942-1 devstack@placement-api.service[104238]: [pid: 104238|app: 0|req: 74/147] 10.222.0.13 () {60 vars in 1380 bytes} [Thu Jan 27 15:18:39 2022] GET /placement/allocations/2e031122-9b90-49bf-b1a2-b44893c8ec04 => generated 19 bytes in 18 msecs (HTTP/1.1 200) 8 headers in 295 bytes (1 switches on core 0)
Jan 27 15:18:39.646766 chdv-816942-1 devstack@placement-api.service[104237]: DEBUG placement.requestlog [req-5d7c78df-7ee3-4abd-be6d-e9d906e37333 req-3d26d0ab-068a-4538-a9c0-209e1622cead None None] Starting request: 10.222.0.13 "PUT /placement/allocations/2e031122-9b90-49bf-b1a2-b44893c8ec04" {{(pid=104237) __call__ /opt/stack/placement/placement/requestlog.py:55}}
Jan 27 15:18:39.780692 chdv-816942-1 devstack@placement-api.service[104237]: DEBUG placement.handlers.allocation [req-5d7c78df-7ee3-4abd-be6d-e9d906e37333 req-3d26d0ab-068a-4538-a9c0-209e1622cead service placement] Successfully wrote allocations [, , ] {{(pid=104237) _update_consumers_and_create_allocations /opt/stack/placement/placement/handlers/allocation.py:462}}
Jan 27 15:18:39.880887 chdv-816942-1 devstack@placement-api.service[104237]: INFO placement.requestlog [req-5d7c78df-7ee3-4abd-be6d-e9d906e37333 req-3d26d0ab-068a-4538-a9c0-209e1622cead service placement] 10.222.0.13 "PUT /placement/allocations/2e031122-9b90-49bf-b1a2-b44893c8ec04" status: 204 len: 0 microversion: 1.36
Jan 27 15:18:39.882104 chdv-816942-1 devstack@placement-api.service[104237]: [pid: 104237|app: 0|req: 74/148] 10.222.0.13 () {64 vars in 1433 bytes} [Thu Jan 27 15:18:39 2022] PUT /placement/allocations/2e031122-9b90-49bf-b1a2-b44893c8ec04 => generated 0 bytes in 235 msecs (HTTP/1.1 204) 5 headers in 199 bytes (1 switches on core 0)
Jan 27 15:18:41.356317 chdv-816942-1 devstack@placement-api.service[104238]: DEBUG placement.requestlog [req-5d7c78df-7ee3-4abd-be6d-e9d906e37333 req-5a926fb2-0cb4-44c0-a589-69d9c09b2d14 None None] Starting request: 10.222.0.16 "GET /placement/allocations/8d911dea-d469-4bd4-bc76-eb2122d2cbf3" {{(pid=104238) __call__ /opt/stack/placement/placement/requestlog.py:55}}
Jan 27 15:18:41.447579 chdv-816942-1 devstack@placement-api.service[104238]: INFO placement.requestlog [req-5d7c78df-7ee3-4abd-be6d-e9d906e37333 req-5a926fb2-0cb4-44c0-a589-69d9c09b2d14 service placement] 10.222.0.16 "GET /placement/allocations/8d911dea-d469-4bd4-bc76-eb2122d2cbf3" status: 200 len: 259 microversion: 1.28
Jan 27 15:18:41.452630 chdv-816942-1 devstack@placement-api.service[104238]: [pid: 104238|app: 0|req: 75/149] 10.222.0.16 () {60 vars in 1377 bytes} [Thu Jan 27 15:18:41 2022] GET /placement/allocations/8d911dea-d469-4bd4-bc76-eb2122d2cbf3 => generated 259 bytes in 95 msecs (HTTP/1.1 200) 8 headers in 296 bytes (1 switches on core 0)
Jan 27 15:18:41.913753 chdv-816942-1 devstack@placement-api.service[104237]: DEBUG placement.requestlog [req-5d7c78df-7ee3-4abd-be6d-e9d906e37333 req-ba135002-fc15-4370-b39d-11f8bee9546d None None] Starting request: 10.222.0.16 "GET /placement/allocations/2e031122-9b90-49bf-b1a2-b44893c8ec04" {{(pid=104237) __call__ /opt/stack/placement/placement/requestlog.py:55}}
Jan 27 15:18:41.947617 chdv-816942-1 devstack@placement-api.service[104237]: INFO placement.requestlog [req-5d7c78df-7ee3-4abd-be6d-e9d906e37333 req-ba135002-fc15-4370-b39d-11f8bee9546d service placement] 10.222.0.16 "GET /placement/allocations/2e031122-9b90-49bf-b1a2-b44893c8ec04" status: 200 len: 259 microversion: 1.28
Jan 27 15:18:41.948689 chdv-816942-1 devstack@placement-api.service[104237]: [pid: 104237|app: 0|req: 75/150] 10.222.0.16 () {60 vars in 1377 bytes} [Thu Jan 27 15:18:41 2022] GET /placement/allocations/2e031122-9b90-49bf-b1a2-b44893c8ec04 => generated 259 bytes in 36 msecs (HTTP/1.1 200) 8 headers in 296 bytes (1 switches on core 0)
Jan 27 15:18:54.760929 chdv-816942-1 devstack@placement-api.service[104238]: DEBUG placement.requestlog [req-5a5ada7b-c4a2-4793-8ebc-4c996630e10c req-7b1d86b3-5d8b-4cdd-9563-bafb96ccd0ee None None] Starting request: 10.222.0.16 "DELETE /placement/allocations/f896b92c-61ae-4e95-8943-5675568eea7c" {{(pid=104238) __call__ /opt/stack/placement/placement/requestlog.py:55}}
Jan 27 15:18:54.972366 chdv-816942-1 devstack@placement-api.service[104238]: DEBUG placement.handlers.allocation [req-5a5ada7b-c4a2-4793-8ebc-4c996630e10c req-7b1d86b3-5d8b-4cdd-9563-bafb96ccd0ee service placement] Successfully deleted allocations [, , ] {{(pid=104238) delete_allocations /opt/stack/placement/placement/handlers/allocation.py:627}}
Jan 27 15:18:54.973182 chdv-816942-1 devstack@placement-api.service[104238]: INFO placement.requestlog [req-5a5ada7b-c4a2-4793-8ebc-4c996630e10c req-7b1d86b3-5d8b-4cdd-9563-bafb96ccd0ee service placement] 10.222.0.16 "DELETE /placement/allocations/f896b92c-61ae-4e95-8943-5675568eea7c" status: 204 len: 0 microversion: 1.0
Jan 27 15:18:54.973700 chdv-816942-1 devstack@placement-api.service[104238]: [pid: 104238|app: 0|req: 76/151] 10.222.0.16 () {60 vars in 1355 bytes} [Thu Jan 27 15:18:54 2022] DELETE /placement/allocations/f896b92c-61ae-4e95-8943-5675568eea7c => generated 0 bytes in 213 msecs (HTTP/1.1 204) 5 headers in 198 bytes (1 switches on core 0)
Jan 27 15:18:59.482873 chdv-816942-1 devstack@placement-api.service[104237]: DEBUG placement.requestlog [req-289d8dfa-f0d1-4415-86ed-05131a6d0e97 req-d8d76068-45cd-4b46-8722-966ed46bda35 None None] Starting request: 10.222.0.16 "DELETE /placement/allocations/ad251899-7889-4e70-aa24-c95a19f0c425" {{(pid=104237) __call__ /opt/stack/placement/placement/requestlog.py:55}}
Jan 27 15:18:59.614158 chdv-816942-1 devstack@placement-api.service[104237]: DEBUG placement.handlers.allocation [req-289d8dfa-f0d1-4415-86ed-05131a6d0e97 req-d8d76068-45cd-4b46-8722-966ed46bda35 service placement] Successfully deleted allocations [, , ] {{(pid=104237) delete_allocations /opt/stack/placement/placement/handlers/allocation.py:627}}
Jan 27 15:18:59.614847 chdv-816942-1 devstack@placement-api.service[104237]: INFO placement.requestlog [req-289d8dfa-f0d1-4415-86ed-05131a6d0e97 req-d8d76068-45cd-4b46-8722-966ed46bda35 service placement] 10.222.0.16 "DELETE /placement/allocations/ad251899-7889-4e70-aa24-c95a19f0c425" status: 204 len: 0 microversion: 1.0
Jan 27 15:18:59.615455 chdv-816942-1 devstack@placement-api.service[104237]: [pid: 104237|app: 0|req: 76/152] 10.222.0.16 () {60 vars in 1355 bytes} [Thu Jan 27 15:18:59 2022] DELETE /placement/allocations/ad251899-7889-4e70-aa24-c95a19f0c425 => generated 0 bytes in 133 msecs (HTTP/1.1 204) 5 headers in 198 bytes (1 switches on core 0)
Jan 27 15:19:04.605105 chdv-816942-1 devstack@placement-api.service[104238]: DEBUG placement.requestlog [req-eeabe3bb-ad33-4917-a84a-47c4d96bae35 req-5952304e-df27-4ea5-8952-7a66481676af None None] Starting request: 10.222.0.13 "GET /placement/allocation_candidates?limit=1000&resources=DISK_GB%3A1%2CMEMORY_MB%3A1024%2CVCPU%3A1&root_required=%21COMPUTE_STATUS_DISABLED" {{(pid=104238) __call__ /opt/stack/placement/placement/requestlog.py:55}}
Jan 27 15:19:04.636379 chdv-816942-1 devstack@placement-api.service[104238]: DEBUG placement.objects.research_context [req-eeabe3bb-ad33-4917-a84a-47c4d96bae35 req-5952304e-df27-4ea5-8952-7a66481676af service placement] getting providers with 1 DISK_GB {{(pid=104238) __init__ /opt/stack/placement/placement/objects/research_context.py:126}}
Jan 27 15:19:04.643154 chdv-816942-1 devstack@placement-api.service[104238]: DEBUG placement.objects.research_context [req-eeabe3bb-ad33-4917-a84a-47c4d96bae35 req-5952304e-df27-4ea5-8952-7a66481676af service placement] getting providers with 1024 MEMORY_MB {{(pid=104238) __init__ /opt/stack/placement/placement/objects/research_context.py:126}}
Jan 27 15:19:04.649489 chdv-816942-1 devstack@placement-api.service[104238]: DEBUG placement.objects.research_context [req-eeabe3bb-ad33-4917-a84a-47c4d96bae35 req-5952304e-df27-4ea5-8952-7a66481676af service placement] getting providers with 1 VCPU {{(pid=104238) __init__ /opt/stack/placement/placement/objects/research_context.py:126}}
Jan 27 15:19:04.656798 chdv-816942-1 devstack@placement-api.service[104238]: DEBUG placement.objects.research_context [req-eeabe3bb-ad33-4917-a84a-47c4d96bae35 req-5952304e-df27-4ea5-8952-7a66481676af service placement] found 2 providers with available 1 DISK_GB {{(pid=104238) get_provider_ids_matching /opt/stack/placement/placement/objects/research_context.py:549}}
Jan 27 15:19:04.658134 chdv-816942-1 devstack@placement-api.service[104238]: DEBUG placement.objects.research_context [req-eeabe3bb-ad33-4917-a84a-47c4d96bae35 req-5952304e-df27-4ea5-8952-7a66481676af service placement] found 2 providers with available 1024 MEMORY_MB {{(pid=104238) get_provider_ids_matching /opt/stack/placement/placement/objects/research_context.py:549}}
Jan 27 15:19:04.658570 chdv-816942-1 devstack@placement-api.service[104238]: DEBUG placement.objects.research_context [req-eeabe3bb-ad33-4917-a84a-47c4d96bae35 req-5952304e-df27-4ea5-8952-7a66481676af service placement] found 2 providers after filtering by previous result {{(pid=104238) get_provider_ids_matching /opt/stack/placement/placement/objects/research_context.py:580}}
Jan 27 15:19:04.659179 chdv-816942-1 devstack@placement-api.service[104238]: DEBUG placement.objects.research_context [req-eeabe3bb-ad33-4917-a84a-47c4d96bae35 req-5952304e-df27-4ea5-8952-7a66481676af service placement] found 2 providers with available 1 VCPU {{(pid=104238) get_provider_ids_matching /opt/stack/placement/placement/objects/research_context.py:549}}
Jan 27 15:19:04.659687 chdv-816942-1 devstack@placement-api.service[104238]: DEBUG placement.objects.research_context [req-eeabe3bb-ad33-4917-a84a-47c4d96bae35 req-5952304e-df27-4ea5-8952-7a66481676af service placement] found 2 providers after filtering by previous result {{(pid=104238) get_provider_ids_matching /opt/stack/placement/placement/objects/research_context.py:580}}
Jan 27 15:19:04.673297 chdv-816942-1 devstack@placement-api.service[104238]: DEBUG placement.objects.allocation_candidate [req-eeabe3bb-ad33-4917-a84a-47c4d96bae35 req-5952304e-df27-4ea5-8952-7a66481676af service placement] RequestGroup(use_same_provider=False, resources={DISK_GB:1, MEMORY_MB:1024, VCPU:1}, traits=[], aggregates=[]) (suffix '') returned 2 matches {{(pid=104238) _get_by_requests /opt/stack/placement/placement/objects/allocation_candidate.py:145}}
Jan 27 15:19:04.673702 chdv-816942-1 devstack@placement-api.service[104238]: DEBUG placement.objects.allocation_candidate [req-eeabe3bb-ad33-4917-a84a-47c4d96bae35 req-5952304e-df27-4ea5-8952-7a66481676af service placement] Merging candidates yields 2 allocation requests and 2 provider summaries {{(pid=104238) _merge_candidates /opt/stack/placement/placement/objects/allocation_candidate.py:783}}
Jan 27 15:19:04.675355 chdv-816942-1 devstack@placement-api.service[104238]: INFO placement.requestlog [req-eeabe3bb-ad33-4917-a84a-47c4d96bae35 req-5952304e-df27-4ea5-8952-7a66481676af service placement] 10.222.0.13 "GET /placement/allocation_candidates?limit=1000&resources=DISK_GB%3A1%2CMEMORY_MB%3A1024%2CVCPU%3A1&root_required=%21COMPUTE_STATUS_DISABLED" status: 200 len: 1309 microversion: 1.36
Jan 27 15:19:04.675950 chdv-816942-1 devstack@placement-api.service[104238]: [pid: 104238|app: 0|req: 77/153] 10.222.0.13 () {60 vars in 1506 bytes} [Thu Jan 27 15:19:04 2022] GET /placement/allocation_candidates?limit=1000&resources=DISK_GB%3A1%2CMEMORY_MB%3A1024%2CVCPU%3A1&root_required=%21COMPUTE_STATUS_DISABLED => generated 1309 bytes in 71 msecs (HTTP/1.1 200) 8 headers in 297 bytes (1 switches on core 0)
Jan 27 15:19:04.726262 chdv-816942-1 devstack@placement-api.service[104237]: DEBUG placement.requestlog [req-eeabe3bb-ad33-4917-a84a-47c4d96bae35 req-6220dc6c-f684-432b-bfa9-92e4a8846dfb None None] Starting request: 10.222.0.13 "GET /placement/allocations/560066ad-193d-4c05-b365-14d994a0ad9e" {{(pid=104237) __call__ /opt/stack/placement/placement/requestlog.py:55}}
Jan 27 15:19:04.764668 chdv-816942-1 devstack@placement-api.service[104237]: INFO placement.requestlog [req-eeabe3bb-ad33-4917-a84a-47c4d96bae35 req-6220dc6c-f684-432b-bfa9-92e4a8846dfb service placement] 10.222.0.13 "GET /placement/allocations/560066ad-193d-4c05-b365-14d994a0ad9e" status: 200 len: 19 microversion: 1.28
Jan 27 15:19:04.775928 chdv-816942-1 devstack@placement-api.service[104237]: [pid: 104237|app: 0|req: 77/154] 10.222.0.13 () {60 vars in 1380 bytes} [Thu Jan 27 15:19:04 2022] GET /placement/allocations/560066ad-193d-4c05-b365-14d994a0ad9e => generated 19 bytes in 42 msecs (HTTP/1.1 200) 8 headers in 295 bytes (1 switches on core 0)
Jan 27 15:19:04.784478 chdv-816942-1 devstack@placement-api.service[104238]: DEBUG placement.requestlog [req-eeabe3bb-ad33-4917-a84a-47c4d96bae35 req-3283b13d-3613-4bd5-a0f7-68671b464f6b None None] Starting request: 10.222.0.13 "PUT /placement/allocations/560066ad-193d-4c05-b365-14d994a0ad9e" {{(pid=104238) __call__ /opt/stack/placement/placement/requestlog.py:55}}
Jan 27 15:19:05.030001 chdv-816942-1 devstack@placement-api.service[104238]: DEBUG placement.handlers.allocation [req-eeabe3bb-ad33-4917-a84a-47c4d96bae35 req-3283b13d-3613-4bd5-a0f7-68671b464f6b service placement] Successfully wrote allocations [, , ] {{(pid=104238) _update_consumers_and_create_allocations /opt/stack/placement/placement/handlers/allocation.py:462}}
Jan 27 15:19:05.075867 chdv-816942-1 devstack@placement-api.service[104238]: INFO placement.requestlog [req-eeabe3bb-ad33-4917-a84a-47c4d96bae35 req-3283b13d-3613-4bd5-a0f7-68671b464f6b service placement] 10.222.0.13 "PUT /placement/allocations/560066ad-193d-4c05-b365-14d994a0ad9e" status: 204 len: 0 microversion: 1.36
Jan 27 15:19:05.076280 chdv-816942-1 devstack@placement-api.service[104238]: [pid: 104238|app: 0|req: 78/155] 10.222.0.13 () {64 vars in 1433 bytes} [Thu Jan 27 15:19:04 2022] PUT /placement/allocations/560066ad-193d-4c05-b365-14d994a0ad9e => generated 0 bytes in 292 msecs (HTTP/1.1 204) 5 headers in 199 bytes (1 switches on core 0)
Jan 27 15:19:06.015974 chdv-816942-1 devstack@placement-api.service[104237]: DEBUG placement.requestlog [req-eeabe3bb-ad33-4917-a84a-47c4d96bae35 req-32d6d0ac-ef24-46e2-851d-8799ffe7a68e None None] Starting request: 10.222.0.16 "GET /placement/allocations/560066ad-193d-4c05-b365-14d994a0ad9e" {{(pid=104237) __call__ /opt/stack/placement/placement/requestlog.py:55}}
Jan 27 15:19:06.035471 chdv-816942-1 devstack@placement-api.service[104237]: INFO placement.requestlog [req-eeabe3bb-ad33-4917-a84a-47c4d96bae35 req-32d6d0ac-ef24-46e2-851d-8799ffe7a68e service placement] 10.222.0.16 "GET /placement/allocations/560066ad-193d-4c05-b365-14d994a0ad9e" status: 200 len: 259 microversion: 1.28
Jan 27 15:19:06.036903 chdv-816942-1 devstack@placement-api.service[104237]: [pid: 104237|app: 0|req: 78/156] 10.222.0.16 () {60 vars in 1377 bytes} [Thu Jan 27 15:19:06 2022] GET /placement/allocations/560066ad-193d-4c05-b365-14d994a0ad9e => generated 259 bytes in 21 msecs (HTTP/1.1 200) 8 headers in 296 bytes (1 switches on core 0)
Jan 27 15:19:08.631077 chdv-816942-1 devstack@placement-api.service[104238]: DEBUG placement.requestlog [req-29c0aa0a-c60f-4b44-9d3b-a4360e00ffa9 req-60287a37-b507-492b-967c-0ba098ddce66 None None] Starting request: 10.222.0.13 "GET /placement/allocation_candidates?resources=DISK_GB%3A1%2CMEMORY_MB%3A1024%2CVCPU%3A1&root_required=%21COMPUTE_STATUS_DISABLED" {{(pid=104238) __call__ /opt/stack/placement/placement/requestlog.py:55}}
Jan 27 15:19:08.692904 chdv-816942-1 devstack@placement-api.service[104238]: DEBUG placement.objects.research_context [req-29c0aa0a-c60f-4b44-9d3b-a4360e00ffa9 req-60287a37-b507-492b-967c-0ba098ddce66 service placement] getting providers with 1 DISK_GB {{(pid=104238) __init__ /opt/stack/placement/placement/objects/research_context.py:126}}
Jan 27 15:19:08.701218 chdv-816942-1 devstack@placement-api.service[104238]: DEBUG placement.objects.research_context [req-29c0aa0a-c60f-4b44-9d3b-a4360e00ffa9 req-60287a37-b507-492b-967c-0ba098ddce66 service placement] getting providers with 1024 MEMORY_MB {{(pid=104238) __init__ /opt/stack/placement/placement/objects/research_context.py:126}}
Jan 27 15:19:08.709594 chdv-816942-1 devstack@placement-api.service[104238]: DEBUG placement.objects.research_context [req-29c0aa0a-c60f-4b44-9d3b-a4360e00ffa9 req-60287a37-b507-492b-967c-0ba098ddce66 service placement] getting providers with 1 VCPU {{(pid=104238) __init__ /opt/stack/placement/placement/objects/research_context.py:126}}
Jan 27 15:19:08.718469 chdv-816942-1 devstack@placement-api.service[104238]: DEBUG placement.objects.research_context [req-29c0aa0a-c60f-4b44-9d3b-a4360e00ffa9 req-60287a37-b507-492b-967c-0ba098ddce66 service placement] found 2 providers with available 1 DISK_GB {{(pid=104238) get_provider_ids_matching /opt/stack/placement/placement/objects/research_context.py:549}}
Jan 27 15:19:08.718914 chdv-816942-1 devstack@placement-api.service[104238]: DEBUG placement.objects.research_context [req-29c0aa0a-c60f-4b44-9d3b-a4360e00ffa9 req-60287a37-b507-492b-967c-0ba098ddce66 service placement] found 2 providers with available 1024 MEMORY_MB {{(pid=104238) get_provider_ids_matching /opt/stack/placement/placement/objects/research_context.py:549}}
Jan 27 15:19:08.719486 chdv-816942-1 devstack@placement-api.service[104238]: DEBUG placement.objects.research_context [req-29c0aa0a-c60f-4b44-9d3b-a4360e00ffa9 req-60287a37-b507-492b-967c-0ba098ddce66 service placement] found 2 providers after filtering by previous result {{(pid=104238) get_provider_ids_matching /opt/stack/placement/placement/objects/research_context.py:580}}
Jan 27 15:19:08.719886 chdv-816942-1 devstack@placement-api.service[104238]: DEBUG placement.objects.research_context [req-29c0aa0a-c60f-4b44-9d3b-a4360e00ffa9 req-60287a37-b507-492b-967c-0ba098ddce66 service placement] found 2 providers with available 1 VCPU {{(pid=104238) get_provider_ids_matching /opt/stack/placement/placement/objects/research_context.py:549}}
Jan 27 15:19:08.720358 chdv-816942-1 devstack@placement-api.service[104238]: DEBUG placement.objects.research_context [req-29c0aa0a-c60f-4b44-9d3b-a4360e00ffa9 req-60287a37-b507-492b-967c-0ba098ddce66 service placement] found 2 providers after filtering by previous result {{(pid=104238) get_provider_ids_matching /opt/stack/placement/placement/objects/research_context.py:580}}
Jan 27 15:19:08.733213 chdv-816942-1 devstack@placement-api.service[104238]: DEBUG placement.objects.allocation_candidate [req-29c0aa0a-c60f-4b44-9d3b-a4360e00ffa9 req-60287a37-b507-492b-967c-0ba098ddce66 service placement] RequestGroup(use_same_provider=False, resources={DISK_GB:1, MEMORY_MB:1024, VCPU:1}, traits=[], aggregates=[]) (suffix '') returned 2 matches {{(pid=104238) _get_by_requests /opt/stack/placement/placement/objects/allocation_candidate.py:145}}
Jan 27 15:19:08.733791 chdv-816942-1 devstack@placement-api.service[104238]: DEBUG placement.objects.allocation_candidate [req-29c0aa0a-c60f-4b44-9d3b-a4360e00ffa9 req-60287a37-b507-492b-967c-0ba098ddce66 service placement] Merging candidates yields 2 allocation requests and 2 provider summaries {{(pid=104238) _merge_candidates /opt/stack/placement/placement/objects/allocation_candidate.py:783}}
Jan 27 15:19:08.735665 chdv-816942-1 devstack@placement-api.service[104238]: INFO placement.requestlog [req-29c0aa0a-c60f-4b44-9d3b-a4360e00ffa9 req-60287a37-b507-492b-967c-0ba098ddce66 service placement] 10.222.0.13 "GET /placement/allocation_candidates?resources=DISK_GB%3A1%2CMEMORY_MB%3A1024%2CVCPU%3A1&root_required=%21COMPUTE_STATUS_DISABLED" status: 200 len: 1309 microversion: 1.36
Jan 27 15:19:08.736507 chdv-816942-1 devstack@placement-api.service[104238]: [pid: 104238|app: 0|req: 79/157] 10.222.0.13 () {60 vars in 1484 bytes} [Thu Jan 27 15:19:08 2022] GET /placement/allocation_candidates?resources=DISK_GB%3A1%2CMEMORY_MB%3A1024%2CVCPU%3A1&root_required=%21COMPUTE_STATUS_DISABLED => generated 1309 bytes in 106 msecs (HTTP/1.1 200) 8 headers in 297 bytes (1 switches on core 0)
Jan 27 15:19:08.853623 chdv-816942-1 devstack@placement-api.service[104237]: DEBUG placement.requestlog [req-29c0aa0a-c60f-4b44-9d3b-a4360e00ffa9 req-c88181c9-5c19-4af4-8572-4eebe1c172ec None None] Starting request: 10.222.0.13 "GET /placement/allocations/5b7c8f59-69aa-40c0-8f72-28ee1ef586db" {{(pid=104237) __call__ /opt/stack/placement/placement/requestlog.py:55}}
Jan 27 15:19:08.865915 chdv-816942-1 devstack@placement-api.service[104237]: INFO placement.requestlog [req-29c0aa0a-c60f-4b44-9d3b-a4360e00ffa9 req-c88181c9-5c19-4af4-8572-4eebe1c172ec service placement] 10.222.0.13 "GET /placement/allocations/5b7c8f59-69aa-40c0-8f72-28ee1ef586db" status: 200 len: 19 microversion: 1.28
Jan 27 15:19:08.866578 chdv-816942-1 devstack@placement-api.service[104237]: [pid: 104237|app: 0|req: 79/158] 10.222.0.13 () {60 vars in 1380 bytes} [Thu Jan 27 15:19:08 2022] GET /placement/allocations/5b7c8f59-69aa-40c0-8f72-28ee1ef586db => generated 19 bytes in 16 msecs (HTTP/1.1 200) 8 headers in 295 bytes (1 switches on core 0)
Jan 27 15:19:08.874008 chdv-816942-1 devstack@placement-api.service[104238]: DEBUG placement.requestlog [req-29c0aa0a-c60f-4b44-9d3b-a4360e00ffa9 req-5f0cea0a-6dac-4209-ae79-93013bd13268 None None] Starting request: 10.222.0.13 "PUT /placement/allocations/5b7c8f59-69aa-40c0-8f72-28ee1ef586db" {{(pid=104238) __call__ /opt/stack/placement/placement/requestlog.py:55}}
Jan 27 15:19:09.060505 chdv-816942-1 devstack@placement-api.service[104238]: DEBUG placement.handlers.allocation [req-29c0aa0a-c60f-4b44-9d3b-a4360e00ffa9 req-5f0cea0a-6dac-4209-ae79-93013bd13268 service placement] Successfully wrote allocations [, , ] {{(pid=104238) _update_consumers_and_create_allocations /opt/stack/placement/placement/handlers/allocation.py:462}}
Jan 27 15:19:09.155413 chdv-816942-1 devstack@placement-api.service[104238]: INFO placement.requestlog [req-29c0aa0a-c60f-4b44-9d3b-a4360e00ffa9 req-5f0cea0a-6dac-4209-ae79-93013bd13268 service placement] 10.222.0.13 "PUT /placement/allocations/5b7c8f59-69aa-40c0-8f72-28ee1ef586db" status: 204 len: 0 microversion: 1.36
Jan 27 15:19:09.155910 chdv-816942-1 devstack@placement-api.service[104238]: [pid: 104238|app: 0|req: 80/159] 10.222.0.13 () {64 vars in 1433 bytes} [Thu Jan 27 15:19:08 2022] PUT /placement/allocations/5b7c8f59-69aa-40c0-8f72-28ee1ef586db => generated 0 bytes in 282 msecs (HTTP/1.1 204) 5 headers in 199 bytes (1 switches on core 0)
Jan 27 15:19:09.173340 chdv-816942-1 devstack@placement-api.service[104237]: DEBUG placement.requestlog [req-29c0aa0a-c60f-4b44-9d3b-a4360e00ffa9 req-1a3e91a8-3f40-4c8c-9924-8e8f1ef1f623 None None] Starting request: 10.222.0.13 "GET /placement/allocations/f7a0909e-7e4a-4b0e-a5f6-5cb018fcbda9" {{(pid=104237) __call__ /opt/stack/placement/placement/requestlog.py:55}}
Jan 27 15:19:09.207871 chdv-816942-1 devstack@placement-api.service[104237]: INFO placement.requestlog [req-29c0aa0a-c60f-4b44-9d3b-a4360e00ffa9 req-1a3e91a8-3f40-4c8c-9924-8e8f1ef1f623 service placement] 10.222.0.13 "GET /placement/allocations/f7a0909e-7e4a-4b0e-a5f6-5cb018fcbda9" status: 200 len: 19 microversion: 1.28
Jan 27 15:19:09.208261 chdv-816942-1 devstack@placement-api.service[104237]: [pid: 104237|app: 0|req: 80/160] 10.222.0.13 () {60 vars in 1380 bytes} [Thu Jan 27 15:19:09 2022] GET /placement/allocations/f7a0909e-7e4a-4b0e-a5f6-5cb018fcbda9 => generated 19 bytes in 36 msecs (HTTP/1.1 200) 8 headers in 295 bytes (1 switches on core 0)
Jan 27 15:19:09.237758 chdv-816942-1 devstack@placement-api.service[104238]: DEBUG placement.requestlog [req-29c0aa0a-c60f-4b44-9d3b-a4360e00ffa9 req-ace44492-d253-470f-8501-9ab2fd295583 None None] Starting request: 10.222.0.13 "PUT /placement/allocations/f7a0909e-7e4a-4b0e-a5f6-5cb018fcbda9" {{(pid=104238) __call__ /opt/stack/placement/placement/requestlog.py:55}}
Jan 27 15:19:09.393645 chdv-816942-1 devstack@placement-api.service[104238]: DEBUG placement.handlers.allocation [req-29c0aa0a-c60f-4b44-9d3b-a4360e00ffa9 req-ace44492-d253-470f-8501-9ab2fd295583 service placement] Successfully wrote allocations [, , ] {{(pid=104238) _update_consumers_and_create_allocations /opt/stack/placement/placement/handlers/allocation.py:462}}
Jan 27 15:19:09.478913 chdv-816942-1 devstack@placement-api.service[104238]: INFO placement.requestlog [req-29c0aa0a-c60f-4b44-9d3b-a4360e00ffa9 req-ace44492-d253-470f-8501-9ab2fd295583 service placement] 10.222.0.13 "PUT /placement/allocations/f7a0909e-7e4a-4b0e-a5f6-5cb018fcbda9" status: 204 len: 0 microversion: 1.36
Jan 27 15:19:09.483160 chdv-816942-1 devstack@placement-api.service[104238]: [pid: 104238|app: 0|req: 81/161] 10.222.0.13 () {64 vars in 1433 bytes} [Thu Jan 27 15:19:09 2022] PUT /placement/allocations/f7a0909e-7e4a-4b0e-a5f6-5cb018fcbda9 => generated 0 bytes in 243 msecs (HTTP/1.1 204) 5 headers in 199 bytes (1 switches on core 0)
Jan 27 15:19:10.613829 chdv-816942-1 devstack@placement-api.service[104237]: DEBUG placement.requestlog [None req-c51de79a-11d2-4f7f-9a04-8fb3c5c1aaf3 None None] Starting request: 10.222.0.13 "GET /placement/" {{(pid=104237) __call__ /opt/stack/placement/placement/requestlog.py:55}}
Jan 27 15:19:10.614802 chdv-816942-1 devstack@placement-api.service[104237]: INFO placement.requestlog [None req-c51de79a-11d2-4f7f-9a04-8fb3c5c1aaf3 None None] 10.222.0.13 "GET /placement/" status: 200 len: 136 microversion: 1.0
Jan 27 15:19:10.615437 chdv-816942-1 devstack@placement-api.service[104237]: [pid: 104237|app: 0|req: 81/162] 10.222.0.13 () {54 vars in 916 bytes} [Thu Jan 27 15:19:10 2022] GET /placement => generated 136 bytes in 2 msecs (HTTP/1.1 200) 6 headers in 224 bytes (1 switches on core 0)
Jan 27 15:19:10.627821 chdv-816942-1 devstack@placement-api.service[104238]: DEBUG placement.requestlog [req-b10b5dbc-6cf2-4ba1-96e0-391a1941c5f1 req-5544382a-1c43-4b32-a35a-41edc95ee2f0 None None] Starting request: 10.222.0.13 "GET /placement/allocations/e279f65a-2749-452d-826e-44e9e181f01d" {{(pid=104238) __call__ /opt/stack/placement/placement/requestlog.py:55}}
Jan 27 15:19:10.669693 chdv-816942-1 devstack@placement-api.service[104237]: DEBUG placement.requestlog [req-29c0aa0a-c60f-4b44-9d3b-a4360e00ffa9 req-7265eebc-0130-46d7-b642-583417247109 None None] Starting request: 10.222.0.16 "GET /placement/allocations/5b7c8f59-69aa-40c0-8f72-28ee1ef586db" {{(pid=104237) __call__ /opt/stack/placement/placement/requestlog.py:55}}
Jan 27 15:19:10.689623 chdv-816942-1 devstack@placement-api.service[104237]: INFO placement.requestlog [req-29c0aa0a-c60f-4b44-9d3b-a4360e00ffa9 req-7265eebc-0130-46d7-b642-583417247109 service placement] 10.222.0.16 "GET /placement/allocations/5b7c8f59-69aa-40c0-8f72-28ee1ef586db" status: 200 len: 259 microversion: 1.28
Jan 27 15:19:10.690234 chdv-816942-1 devstack@placement-api.service[104237]: [pid: 104237|app: 0|req: 82/163] 10.222.0.16 () {60 vars in 1377 bytes} [Thu Jan 27 15:19:10 2022] GET /placement/allocations/5b7c8f59-69aa-40c0-8f72-28ee1ef586db => generated 259 bytes in 21 msecs (HTTP/1.1 200) 8 headers in 296 bytes (2 switches on core 0)
Jan 27 15:19:10.744988 chdv-816942-1 devstack@placement-api.service[104238]: INFO placement.requestlog [req-b10b5dbc-6cf2-4ba1-96e0-391a1941c5f1 req-5544382a-1c43-4b32-a35a-41edc95ee2f0 service placement] 10.222.0.13 "GET /placement/allocations/e279f65a-2749-452d-826e-44e9e181f01d" status: 200 len: 259 microversion: 1.28
Jan 27 15:19:10.745680 chdv-816942-1 devstack@placement-api.service[104238]: [pid: 104238|app: 0|req: 82/164] 10.222.0.13 () {60 vars in 1380 bytes} [Thu Jan 27 15:19:10 2022] GET /placement/allocations/e279f65a-2749-452d-826e-44e9e181f01d => generated 259 bytes in 122 msecs (HTTP/1.1 200) 8 headers in 296 bytes (1 switches on core 0)
Jan 27 15:19:10.753565 chdv-816942-1 devstack@placement-api.service[104237]: DEBUG placement.requestlog [req-b10b5dbc-6cf2-4ba1-96e0-391a1941c5f1 req-c188912b-ff9e-4c4d-a73b-34b2c880c709 None None] Starting request: 10.222.0.13 "GET /placement/allocations/e279f65a-2749-452d-826e-44e9e181f01d" {{(pid=104237) __call__ /opt/stack/placement/placement/requestlog.py:55}}
Jan 27 15:19:10.773193 chdv-816942-1 devstack@placement-api.service[104237]: INFO placement.requestlog [req-b10b5dbc-6cf2-4ba1-96e0-391a1941c5f1 req-c188912b-ff9e-4c4d-a73b-34b2c880c709 service placement] 10.222.0.13 "GET /placement/allocations/e279f65a-2749-452d-826e-44e9e181f01d" status: 200 len: 259 microversion: 1.28
Jan 27 15:19:10.774666 chdv-816942-1 devstack@placement-api.service[104237]: [pid: 104237|app: 0|req: 83/165] 10.222.0.13 () {60 vars in 1380 bytes} [Thu Jan 27 15:19:10 2022] GET /placement/allocations/e279f65a-2749-452d-826e-44e9e181f01d => generated 259 bytes in 23 msecs (HTTP/1.1 200) 8 headers in 296 bytes (1 switches on core 0)
Jan 27 15:19:10.780645 chdv-816942-1 devstack@placement-api.service[104238]: DEBUG placement.requestlog [req-b10b5dbc-6cf2-4ba1-96e0-391a1941c5f1 req-390995c0-9d78-4d59-a810-829d7cfcc03b None None] Starting request: 10.222.0.13 "GET /placement/allocations/f9671e42-3884-4126-b512-ea82ea0667b7" {{(pid=104238) __call__ /opt/stack/placement/placement/requestlog.py:55}}
Jan 27 15:19:10.797655 chdv-816942-1 devstack@placement-api.service[104238]: INFO placement.requestlog [req-b10b5dbc-6cf2-4ba1-96e0-391a1941c5f1 req-390995c0-9d78-4d59-a810-829d7cfcc03b service placement] 10.222.0.13 "GET /placement/allocations/f9671e42-3884-4126-b512-ea82ea0667b7" status: 200 len: 19 microversion: 1.28
Jan 27 15:19:10.798381 chdv-816942-1 devstack@placement-api.service[104238]: [pid: 104238|app: 0|req: 83/166] 10.222.0.13 () {60 vars in 1380 bytes} [Thu Jan 27 15:19:10 2022] GET /placement/allocations/f9671e42-3884-4126-b512-ea82ea0667b7 => generated 19 bytes in 18 msecs (HTTP/1.1 200) 8 headers in 295 bytes (2 switches on core 0)
Jan 27 15:19:10.804928 chdv-816942-1 devstack@placement-api.service[104237]: DEBUG placement.requestlog [req-b10b5dbc-6cf2-4ba1-96e0-391a1941c5f1 req-8b474dfd-70c0-49b2-9d9f-f786d6e71a48 None None] Starting request: 10.222.0.13 "POST /placement/allocations" {{(pid=104237) __call__ /opt/stack/placement/placement/requestlog.py:55}}
Jan 27 15:19:11.232789 chdv-816942-1 devstack@placement-api.service[104238]: DEBUG placement.requestlog [req-29c0aa0a-c60f-4b44-9d3b-a4360e00ffa9 req-4b8b6501-bf26-4fa9-b55e-8ffe8f24b5a9 None None] Starting request: 10.222.0.37 "GET /placement/allocations/f7a0909e-7e4a-4b0e-a5f6-5cb018fcbda9" {{(pid=104238) __call__ /opt/stack/placement/placement/requestlog.py:55}}
Jan 27 15:19:11.297429 chdv-816942-1 devstack@placement-api.service[104237]: DEBUG placement.handlers.allocation [req-b10b5dbc-6cf2-4ba1-96e0-391a1941c5f1 req-8b474dfd-70c0-49b2-9d9f-f786d6e71a48 service placement] Successfully wrote allocations [, , , , , ] {{(pid=104237) _update_consumers_and_create_allocations /opt/stack/placement/placement/handlers/allocation.py:572}}
Jan 27 15:19:11.299341 chdv-816942-1 devstack@placement-api.service[104238]: INFO placement.requestlog [req-29c0aa0a-c60f-4b44-9d3b-a4360e00ffa9 req-4b8b6501-bf26-4fa9-b55e-8ffe8f24b5a9 service placement] 10.222.0.37 "GET /placement/allocations/f7a0909e-7e4a-4b0e-a5f6-5cb018fcbda9" status: 200 len: 259 microversion: 1.28
Jan 27 15:19:11.299768 chdv-816942-1 devstack@placement-api.service[104238]: [pid: 104238|app: 0|req: 84/167] 10.222.0.37 () {60 vars in 1377 bytes} [Thu Jan 27 15:19:11 2022] GET /placement/allocations/f7a0909e-7e4a-4b0e-a5f6-5cb018fcbda9 => generated 259 bytes in 67 msecs (HTTP/1.1 200) 8 headers in 296 bytes (2 switches on core 0)
Jan 27 15:19:11.392412 chdv-816942-1 devstack@placement-api.service[104237]: INFO placement.requestlog [req-b10b5dbc-6cf2-4ba1-96e0-391a1941c5f1 req-8b474dfd-70c0-49b2-9d9f-f786d6e71a48 service placement] 10.222.0.13 "POST /placement/allocations" status: 204 len: 0 microversion: 1.28
Jan 27 15:19:11.393132 chdv-816942-1 devstack@placement-api.service[104237]: [pid: 104237|app: 0|req: 84/168] 10.222.0.13 () {64 vars in 1323 bytes} [Thu Jan 27 15:19:10 2022] POST /placement/allocations => generated 0 bytes in 589 msecs (HTTP/1.1 204) 5 headers in 199 bytes (1 switches on core 0)
Jan 27 15:19:11.418620 chdv-816942-1 devstack@placement-api.service[104238]: DEBUG placement.requestlog [req-b10b5dbc-6cf2-4ba1-96e0-391a1941c5f1 req-af70518b-da3c-406f-bfcc-595b11fd8634 None None] Starting request: 10.222.0.13 "GET /placement/allocation_candidates?limit=1000&resources=DISK_GB%3A1%2CMEMORY_MB%3A512%2CVCPU%3A1&root_required=%21COMPUTE_STATUS_DISABLED" {{(pid=104238) __call__ /opt/stack/placement/placement/requestlog.py:55}}
Jan 27 15:19:11.495023 chdv-816942-1 devstack@placement-api.service[104238]: DEBUG placement.objects.research_context [req-b10b5dbc-6cf2-4ba1-96e0-391a1941c5f1 req-af70518b-da3c-406f-bfcc-595b11fd8634 service placement] getting providers with 1 DISK_GB {{(pid=104238) __init__ /opt/stack/placement/placement/objects/research_context.py:126}}
Jan 27 15:19:11.501826 chdv-816942-1 devstack@placement-api.service[104238]: DEBUG placement.objects.research_context [req-b10b5dbc-6cf2-4ba1-96e0-391a1941c5f1 req-af70518b-da3c-406f-bfcc-595b11fd8634 service placement] getting providers with 512 MEMORY_MB {{(pid=104238) __init__ /opt/stack/placement/placement/objects/research_context.py:126}}
Jan 27 15:19:11.507263 chdv-816942-1 devstack@placement-api.service[104238]: DEBUG placement.objects.research_context [req-b10b5dbc-6cf2-4ba1-96e0-391a1941c5f1 req-af70518b-da3c-406f-bfcc-595b11fd8634 service placement] getting providers with 1 VCPU {{(pid=104238) __init__ /opt/stack/placement/placement/objects/research_context.py:126}}
Jan 27 15:19:11.513625 chdv-816942-1 devstack@placement-api.service[104238]: DEBUG placement.objects.research_context [req-b10b5dbc-6cf2-4ba1-96e0-391a1941c5f1 req-af70518b-da3c-406f-bfcc-595b11fd8634 service placement] found 2 providers with available 1 DISK_GB {{(pid=104238) get_provider_ids_matching /opt/stack/placement/placement/objects/research_context.py:549}}
Jan 27 15:19:11.513860 chdv-816942-1 devstack@placement-api.service[104238]: DEBUG placement.objects.research_context [req-b10b5dbc-6cf2-4ba1-96e0-391a1941c5f1 req-af70518b-da3c-406f-bfcc-595b11fd8634 service placement] found 2 providers with available 512 MEMORY_MB {{(pid=104238) get_provider_ids_matching /opt/stack/placement/placement/objects/research_context.py:549}}
Jan 27 15:19:11.514310 chdv-816942-1 devstack@placement-api.service[104238]: DEBUG placement.objects.research_context [req-b10b5dbc-6cf2-4ba1-96e0-391a1941c5f1 req-af70518b-da3c-406f-bfcc-595b11fd8634 service placement] found 2 providers after filtering by previous result {{(pid=104238) get_provider_ids_matching /opt/stack/placement/placement/objects/research_context.py:580}}
Jan 27 15:19:11.514765 chdv-816942-1 devstack@placement-api.service[104238]: DEBUG placement.objects.research_context [req-b10b5dbc-6cf2-4ba1-96e0-391a1941c5f1 req-af70518b-da3c-406f-bfcc-595b11fd8634 service placement] found 2 providers with available 1 VCPU {{(pid=104238) get_provider_ids_matching /opt/stack/placement/placement/objects/research_context.py:549}}
Jan 27 15:19:11.515168 chdv-816942-1 devstack@placement-api.service[104238]: DEBUG placement.objects.research_context [req-b10b5dbc-6cf2-4ba1-96e0-391a1941c5f1 req-af70518b-da3c-406f-bfcc-595b11fd8634 service placement] found 2 providers after filtering by previous result {{(pid=104238) get_provider_ids_matching /opt/stack/placement/placement/objects/research_context.py:580}}
Jan 27 15:19:11.526131 chdv-816942-1 devstack@placement-api.service[104238]: DEBUG placement.objects.allocation_candidate [req-b10b5dbc-6cf2-4ba1-96e0-391a1941c5f1 req-af70518b-da3c-406f-bfcc-595b11fd8634 service placement] RequestGroup(use_same_provider=False, resources={DISK_GB:1, MEMORY_MB:512, VCPU:1}, traits=[], aggregates=[]) (suffix '') returned 2 matches {{(pid=104238) _get_by_requests /opt/stack/placement/placement/objects/allocation_candidate.py:145}}
Jan 27 15:19:11.526510 chdv-816942-1 devstack@placement-api.service[104238]: DEBUG placement.objects.allocation_candidate [req-b10b5dbc-6cf2-4ba1-96e0-391a1941c5f1 req-af70518b-da3c-406f-bfcc-595b11fd8634 service placement] Merging candidates yields 2 allocation requests and 2 provider summaries {{(pid=104238) _merge_candidates /opt/stack/placement/placement/objects/allocation_candidate.py:783}}
Jan 27 15:19:11.528749 chdv-816942-1 devstack@placement-api.service[104238]: INFO placement.requestlog [req-b10b5dbc-6cf2-4ba1-96e0-391a1941c5f1 req-af70518b-da3c-406f-bfcc-595b11fd8634 service placement] 10.222.0.13 "GET /placement/allocation_candidates?limit=1000&resources=DISK_GB%3A1%2CMEMORY_MB%3A512%2CVCPU%3A1&root_required=%21COMPUTE_STATUS_DISABLED" status: 200 len: 1307 microversion: 1.36
Jan 27 15:19:11.529127 chdv-816942-1 devstack@placement-api.service[104238]: [pid: 104238|app: 0|req: 85/169] 10.222.0.13 () {60 vars in 1504 bytes} [Thu Jan 27 15:19:11 2022] GET /placement/allocation_candidates?limit=1000&resources=DISK_GB%3A1%2CMEMORY_MB%3A512%2CVCPU%3A1&root_required=%21COMPUTE_STATUS_DISABLED => generated 1307 bytes in 111 msecs (HTTP/1.1 200) 8 headers in 297 bytes (1 switches on core 0)
Jan 27 15:19:11.592374 chdv-816942-1 devstack@placement-api.service[104237]: DEBUG placement.requestlog [req-b10b5dbc-6cf2-4ba1-96e0-391a1941c5f1 req-0a7bef7b-b97d-4dfc-9da2-cbcd3dbabb36 None None] Starting request: 10.222.0.13 "GET /placement/allocations/e279f65a-2749-452d-826e-44e9e181f01d" {{(pid=104237) __call__ /opt/stack/placement/placement/requestlog.py:55}}
Jan 27 15:19:11.608710 chdv-816942-1 devstack@placement-api.service[104237]: INFO placement.requestlog [req-b10b5dbc-6cf2-4ba1-96e0-391a1941c5f1 req-0a7bef7b-b97d-4dfc-9da2-cbcd3dbabb36 service placement] 10.222.0.13 "GET /placement/allocations/e279f65a-2749-452d-826e-44e9e181f01d" status: 200 len: 19 microversion: 1.28
Jan 27 15:19:11.610552 chdv-816942-1 devstack@placement-api.service[104237]: [pid: 104237|app: 0|req: 85/170] 10.222.0.13 () {60 vars in 1380 bytes} [Thu Jan 27 15:19:11 2022] GET /placement/allocations/e279f65a-2749-452d-826e-44e9e181f01d => generated 19 bytes in 18 msecs (HTTP/1.1 200) 8 headers in 295 bytes (1 switches on core 0)
Jan 27 15:19:11.616263 chdv-816942-1 devstack@placement-api.service[104238]: DEBUG placement.requestlog [req-b10b5dbc-6cf2-4ba1-96e0-391a1941c5f1 req-afb483a8-00e3-458d-9792-a1e7668cd0fd None None] Starting request: 10.222.0.13 "PUT /placement/allocations/e279f65a-2749-452d-826e-44e9e181f01d" {{(pid=104238) __call__ /opt/stack/placement/placement/requestlog.py:55}}
Jan 27 15:19:11.764624 chdv-816942-1 devstack@placement-api.service[104238]: DEBUG placement.handlers.allocation [req-b10b5dbc-6cf2-4ba1-96e0-391a1941c5f1 req-afb483a8-00e3-458d-9792-a1e7668cd0fd service placement] Successfully wrote allocations [, , ] {{(pid=104238) _update_consumers_and_create_allocations /opt/stack/placement/placement/handlers/allocation.py:462}}
Jan 27 15:19:11.855475 chdv-816942-1 devstack@placement-api.service[104238]: INFO placement.requestlog [req-b10b5dbc-6cf2-4ba1-96e0-391a1941c5f1 req-afb483a8-00e3-458d-9792-a1e7668cd0fd service placement] 10.222.0.13 "PUT /placement/allocations/e279f65a-2749-452d-826e-44e9e181f01d" status: 204 len: 0 microversion: 1.36
Jan 27 15:19:11.856415 chdv-816942-1 devstack@placement-api.service[104238]: [pid: 104238|app: 0|req: 86/171] 10.222.0.13 () {64 vars in 1433 bytes} [Thu Jan 27 15:19:11 2022] PUT /placement/allocations/e279f65a-2749-452d-826e-44e9e181f01d => generated 0 bytes in 240 msecs (HTTP/1.1 204) 5 headers in 199 bytes (2 switches on core 0)
Jan 27 15:19:12.312414 chdv-816942-1 devstack@placement-api.service[104237]: DEBUG placement.requestlog [req-50ca1260-8a56-4fcc-b00e-6b667af02f5b req-e7864ace-3bb3-4cdd-9414-4b43516ab8e3 None None] Starting request: 10.222.0.13 "GET /placement/allocation_candidates?resources=DISK_GB%3A1%2CMEMORY_MB%3A1024%2CVCPU%3A1&root_required=%21COMPUTE_STATUS_DISABLED" {{(pid=104237) __call__ /opt/stack/placement/placement/requestlog.py:55}}
Jan 27 15:19:12.362640 chdv-816942-1 devstack@placement-api.service[104237]: DEBUG placement.objects.research_context [req-50ca1260-8a56-4fcc-b00e-6b667af02f5b req-e7864ace-3bb3-4cdd-9414-4b43516ab8e3 service placement] getting providers with 1 DISK_GB {{(pid=104237) __init__ /opt/stack/placement/placement/objects/research_context.py:126}}
Jan 27 15:19:12.371132 chdv-816942-1 devstack@placement-api.service[104237]: DEBUG placement.objects.research_context [req-50ca1260-8a56-4fcc-b00e-6b667af02f5b req-e7864ace-3bb3-4cdd-9414-4b43516ab8e3 service placement] getting providers with 1024 MEMORY_MB {{(pid=104237) __init__ /opt/stack/placement/placement/objects/research_context.py:126}}
Jan 27 15:19:12.380315 chdv-816942-1 devstack@placement-api.service[104237]: DEBUG placement.objects.research_context [req-50ca1260-8a56-4fcc-b00e-6b667af02f5b req-e7864ace-3bb3-4cdd-9414-4b43516ab8e3 service placement] getting providers with 1 VCPU {{(pid=104237) __init__ /opt/stack/placement/placement/objects/research_context.py:126}}
Jan 27 15:19:12.386261 chdv-816942-1 devstack@placement-api.service[104237]: DEBUG placement.objects.research_context [req-50ca1260-8a56-4fcc-b00e-6b667af02f5b req-e7864ace-3bb3-4cdd-9414-4b43516ab8e3 service placement] found 2 providers with available 1 DISK_GB {{(pid=104237) get_provider_ids_matching /opt/stack/placement/placement/objects/research_context.py:549}}
Jan 27 15:19:12.386539 chdv-816942-1 devstack@placement-api.service[104237]: DEBUG placement.objects.research_context [req-50ca1260-8a56-4fcc-b00e-6b667af02f5b req-e7864ace-3bb3-4cdd-9414-4b43516ab8e3 service placement] found 2 providers with available 1024 MEMORY_MB {{(pid=104237) get_provider_ids_matching /opt/stack/placement/placement/objects/research_context.py:549}}
Jan 27 15:19:12.386809 chdv-816942-1 devstack@placement-api.service[104237]: DEBUG placement.objects.research_context [req-50ca1260-8a56-4fcc-b00e-6b667af02f5b req-e7864ace-3bb3-4cdd-9414-4b43516ab8e3 service placement] found 2 providers after filtering by previous result {{(pid=104237) get_provider_ids_matching /opt/stack/placement/placement/objects/research_context.py:580}}
Jan 27 15:19:12.387092 chdv-816942-1 devstack@placement-api.service[104237]: DEBUG placement.objects.research_context [req-50ca1260-8a56-4fcc-b00e-6b667af02f5b req-e7864ace-3bb3-4cdd-9414-4b43516ab8e3 service placement] found 2 providers with available 1 VCPU {{(pid=104237) get_provider_ids_matching /opt/stack/placement/placement/objects/research_context.py:549}}
Jan 27 15:19:12.387546 chdv-816942-1 devstack@placement-api.service[104237]: DEBUG placement.objects.research_context [req-50ca1260-8a56-4fcc-b00e-6b667af02f5b req-e7864ace-3bb3-4cdd-9414-4b43516ab8e3 service placement] found 2 providers after filtering by previous result {{(pid=104237) get_provider_ids_matching /opt/stack/placement/placement/objects/research_context.py:580}}
Jan 27 15:19:12.398766 chdv-816942-1 devstack@placement-api.service[104237]: DEBUG placement.objects.allocation_candidate [req-50ca1260-8a56-4fcc-b00e-6b667af02f5b req-e7864ace-3bb3-4cdd-9414-4b43516ab8e3 service placement] RequestGroup(use_same_provider=False, resources={DISK_GB:1, MEMORY_MB:1024, VCPU:1}, traits=[], aggregates=[]) (suffix '') returned 2 matches {{(pid=104237) _get_by_requests /opt/stack/placement/placement/objects/allocation_candidate.py:145}}
Jan 27 15:19:12.406848 chdv-816942-1 devstack@placement-api.service[104237]: DEBUG placement.objects.allocation_candidate [req-50ca1260-8a56-4fcc-b00e-6b667af02f5b req-e7864ace-3bb3-4cdd-9414-4b43516ab8e3 service placement] Merging candidates yields 2 allocation requests and 2 provider summaries {{(pid=104237) _merge_candidates /opt/stack/placement/placement/objects/allocation_candidate.py:783}}
Jan 27 15:19:12.406848 chdv-816942-1 devstack@placement-api.service[104237]: INFO placement.requestlog [req-50ca1260-8a56-4fcc-b00e-6b667af02f5b req-e7864ace-3bb3-4cdd-9414-4b43516ab8e3 service placement] 10.222.0.13 "GET /placement/allocation_candidates?resources=DISK_GB%3A1%2CMEMORY_MB%3A1024%2CVCPU%3A1&root_required=%21COMPUTE_STATUS_DISABLED" status: 200 len: 1309 microversion: 1.36
Jan 27 15:19:12.406848 chdv-816942-1 devstack@placement-api.service[104237]: [pid: 104237|app: 0|req: 86/172] 10.222.0.13 () {60 vars in 1484 bytes} [Thu Jan 27 15:19:12 2022] GET /placement/allocation_candidates?resources=DISK_GB%3A1%2CMEMORY_MB%3A1024%2CVCPU%3A1&root_required=%21COMPUTE_STATUS_DISABLED => generated 1309 bytes in 91 msecs (HTTP/1.1 200) 8 headers in 297 bytes (1 switches on core 0)
Jan 27 15:19:12.454268 chdv-816942-1 devstack@placement-api.service[104238]: DEBUG placement.requestlog [req-50ca1260-8a56-4fcc-b00e-6b667af02f5b req-16b5d76d-5af1-49b2-b8da-337e5cbb8505 None None] Starting request: 10.222.0.13 "GET /placement/allocations/a2a43ed2-657b-4a7e-8c98-cb64eb971184" {{(pid=104238) __call__ /opt/stack/placement/placement/requestlog.py:55}}
Jan 27 15:19:12.466710 chdv-816942-1 devstack@placement-api.service[104238]: INFO placement.requestlog [req-50ca1260-8a56-4fcc-b00e-6b667af02f5b req-16b5d76d-5af1-49b2-b8da-337e5cbb8505 service placement] 10.222.0.13 "GET /placement/allocations/a2a43ed2-657b-4a7e-8c98-cb64eb971184" status: 200 len: 19 microversion: 1.28
Jan 27 15:19:12.467078 chdv-816942-1 devstack@placement-api.service[104238]: [pid: 104238|app: 0|req: 87/173] 10.222.0.13 () {60 vars in 1380 bytes} [Thu Jan 27 15:19:12 2022] GET /placement/allocations/a2a43ed2-657b-4a7e-8c98-cb64eb971184 => generated 19 bytes in 13 msecs (HTTP/1.1 200) 8 headers in 295 bytes (1 switches on core 0)
Jan 27 15:19:12.472991 chdv-816942-1 devstack@placement-api.service[104237]: DEBUG placement.requestlog [req-50ca1260-8a56-4fcc-b00e-6b667af02f5b req-bd7a4d48-a809-4a4b-a618-4fcf387b2592 None None] Starting request: 10.222.0.13 "PUT /placement/allocations/a2a43ed2-657b-4a7e-8c98-cb64eb971184" {{(pid=104237) __call__ /opt/stack/placement/placement/requestlog.py:55}}
Jan 27 15:19:12.540860 chdv-816942-1 devstack@placement-api.service[104238]: DEBUG placement.requestlog [req-b10b5dbc-6cf2-4ba1-96e0-391a1941c5f1 req-042eee37-5fc1-490c-893c-7e20e0b0f744 None None] Starting request: 10.222.0.16 "GET /placement/allocations/e279f65a-2749-452d-826e-44e9e181f01d" {{(pid=104238) __call__ /opt/stack/placement/placement/requestlog.py:55}}
Jan 27 15:19:12.566651 chdv-816942-1 devstack@placement-api.service[104238]: INFO placement.requestlog [req-b10b5dbc-6cf2-4ba1-96e0-391a1941c5f1 req-042eee37-5fc1-490c-893c-7e20e0b0f744 service placement] 10.222.0.16 "GET /placement/allocations/e279f65a-2749-452d-826e-44e9e181f01d" status: 200 len: 258 microversion: 1.28
Jan 27 15:19:12.567817 chdv-816942-1 devstack@placement-api.service[104238]: [pid: 104238|app: 0|req: 88/174] 10.222.0.16 () {60 vars in 1377 bytes} [Thu Jan 27 15:19:12 2022] GET /placement/allocations/e279f65a-2749-452d-826e-44e9e181f01d => generated 258 bytes in 27 msecs (HTTP/1.1 200) 8 headers in 296 bytes (1 switches on core 0)
Jan 27 15:19:12.641795 chdv-816942-1 devstack@placement-api.service[104237]: DEBUG placement.handlers.allocation [req-50ca1260-8a56-4fcc-b00e-6b667af02f5b req-bd7a4d48-a809-4a4b-a618-4fcf387b2592 service placement] Successfully wrote allocations [, , ] {{(pid=104237) _update_consumers_and_create_allocations /opt/stack/placement/placement/handlers/allocation.py:462}}
Jan 27 15:19:12.772468 chdv-816942-1 devstack@placement-api.service[104237]: INFO placement.requestlog [req-50ca1260-8a56-4fcc-b00e-6b667af02f5b req-bd7a4d48-a809-4a4b-a618-4fcf387b2592 service placement] 10.222.0.13 "PUT /placement/allocations/a2a43ed2-657b-4a7e-8c98-cb64eb971184" status: 204 len: 0 microversion: 1.36
Jan 27 15:19:12.773559 chdv-816942-1 devstack@placement-api.service[104237]: [pid: 104237|app: 0|req: 87/175] 10.222.0.13 () {64 vars in 1433 bytes} [Thu Jan 27 15:19:12 2022] PUT /placement/allocations/a2a43ed2-657b-4a7e-8c98-cb64eb971184 => generated 0 bytes in 301 msecs (HTTP/1.1 204) 5 headers in 199 bytes (1 switches on core 0)
Jan 27 15:19:13.952076 chdv-816942-1 devstack@placement-api.service[104238]: DEBUG placement.requestlog [req-50ca1260-8a56-4fcc-b00e-6b667af02f5b req-2e7c1d8b-8aa5-4054-928b-6b906ef3097a None None] Starting request: 10.222.0.16 "GET /placement/allocations/a2a43ed2-657b-4a7e-8c98-cb64eb971184" {{(pid=104238) __call__ /opt/stack/placement/placement/requestlog.py:55}}
Jan 27 15:19:13.995417 chdv-816942-1 devstack@placement-api.service[104238]: INFO placement.requestlog [req-50ca1260-8a56-4fcc-b00e-6b667af02f5b req-2e7c1d8b-8aa5-4054-928b-6b906ef3097a service placement] 10.222.0.16 "GET /placement/allocations/a2a43ed2-657b-4a7e-8c98-cb64eb971184" status: 200 len: 259 microversion: 1.28
Jan 27 15:19:13.998790 chdv-816942-1 devstack@placement-api.service[104238]: [pid: 104238|app: 0|req: 89/176] 10.222.0.16 () {60 vars in 1377 bytes} [Thu Jan 27 15:19:13 2022] GET /placement/allocations/a2a43ed2-657b-4a7e-8c98-cb64eb971184 => generated 259 bytes in 47 msecs (HTTP/1.1 200) 8 headers in 296 bytes (1 switches on core 0)
