Sep 15 02:59:05.183330 chdv-809060-1 devstack@placement-api.service[101711]: DEBUG placement.requestlog [req-0b50420b-3885-4d80-8495-63277f330178 req-22c881a3-6006-4a07-812b-07cf7da625ac None None] Starting request: 10.222.0.36 "DELETE /placement/allocations/7f5d0340-9891-4496-bece-ec0e0aa9535c" {{(pid=101711) __call__ /opt/stack/placement/placement/requestlog.py:55}}
Sep 15 02:59:05.213885 chdv-809060-1 devstack@placement-api.service[101711]: DEBUG placement.handlers.allocation [req-0b50420b-3885-4d80-8495-63277f330178 req-22c881a3-6006-4a07-812b-07cf7da625ac service placement] Successfully deleted allocations [, , ] {{(pid=101711) delete_allocations /opt/stack/placement/placement/handlers/allocation.py:627}}
Sep 15 02:59:05.214975 chdv-809060-1 devstack@placement-api.service[101711]: INFO placement.requestlog [req-0b50420b-3885-4d80-8495-63277f330178 req-22c881a3-6006-4a07-812b-07cf7da625ac service placement] 10.222.0.36 "DELETE /placement/allocations/7f5d0340-9891-4496-bece-ec0e0aa9535c" status: 204 len: 0 microversion: 1.0
Sep 15 02:59:05.215798 chdv-809060-1 devstack@placement-api.service[101711]: [pid: 101711|app: 0|req: 187/373] 10.222.0.36 () {60 vars in 1356 bytes} [Wed Sep 15 02:59:05 2021] DELETE /placement/allocations/7f5d0340-9891-4496-bece-ec0e0aa9535c => generated 0 bytes in 33 msecs (HTTP/1.1 204) 5 headers in 198 bytes (1 switches on core 0)
Sep 15 02:59:07.904318 chdv-809060-1 devstack@placement-api.service[101710]: DEBUG placement.requestlog [req-29883a65-65dc-4e63-b7bd-deec2285999f req-84c67227-010b-4308-8495-3e24247385d7 None None] Starting request: 10.222.0.42 "DELETE /placement/allocations/222579f5-976a-41fe-bcd2-3d4e0a1a19d0" {{(pid=101710) __call__ /opt/stack/placement/placement/requestlog.py:55}}
Sep 15 02:59:07.931338 chdv-809060-1 devstack@placement-api.service[101710]: DEBUG placement.handlers.allocation [req-29883a65-65dc-4e63-b7bd-deec2285999f req-84c67227-010b-4308-8495-3e24247385d7 service placement] Successfully deleted allocations [, , ] {{(pid=101710) delete_allocations /opt/stack/placement/placement/handlers/allocation.py:627}}
Sep 15 02:59:07.932131 chdv-809060-1 devstack@placement-api.service[101710]: INFO placement.requestlog [req-29883a65-65dc-4e63-b7bd-deec2285999f req-84c67227-010b-4308-8495-3e24247385d7 service placement] 10.222.0.42 "DELETE /placement/allocations/222579f5-976a-41fe-bcd2-3d4e0a1a19d0" status: 204 len: 0 microversion: 1.0
Sep 15 02:59:07.932455 chdv-809060-1 devstack@placement-api.service[101710]: [pid: 101710|app: 0|req: 187/374] 10.222.0.42 () {60 vars in 1356 bytes} [Wed Sep 15 02:59:07 2021] DELETE /placement/allocations/222579f5-976a-41fe-bcd2-3d4e0a1a19d0 => generated 0 bytes in 28 msecs (HTTP/1.1 204) 5 headers in 198 bytes (1 switches on core 0)
Sep 15 02:59:08.087972 chdv-809060-1 devstack@placement-api.service[101711]: DEBUG placement.requestlog [req-405b56e0-9859-497c-909e-64494559bcfa req-a82d87ed-be74-4309-8369-2593ac3f0d3e None None] Starting request: 10.222.0.36 "GET /placement/allocations/14228020-edb4-4b5a-8781-90c2c317280d" {{(pid=101711) __call__ /opt/stack/placement/placement/requestlog.py:55}}
Sep 15 02:59:08.102964 chdv-809060-1 devstack@placement-api.service[101711]: INFO placement.requestlog [req-405b56e0-9859-497c-909e-64494559bcfa req-a82d87ed-be74-4309-8369-2593ac3f0d3e service placement] 10.222.0.36 "GET /placement/allocations/14228020-edb4-4b5a-8781-90c2c317280d" status: 200 len: 259 microversion: 1.28
Sep 15 02:59:08.103490 chdv-809060-1 devstack@placement-api.service[101711]: [pid: 101711|app: 0|req: 188/375] 10.222.0.36 () {60 vars in 1378 bytes} [Wed Sep 15 02:59:08 2021] GET /placement/allocations/14228020-edb4-4b5a-8781-90c2c317280d => generated 259 bytes in 16 msecs (HTTP/1.1 200) 8 headers in 296 bytes (2 switches on core 0)
Sep 15 02:59:14.449437 chdv-809060-1 devstack@placement-api.service[101710]: DEBUG placement.requestlog [req-6b174c0d-c9af-4601-9ac5-be68b2d608ce req-e3a7883e-cd1f-44d5-98a7-42920844b0d7 None None] Starting request: 10.222.0.43 "GET /placement/allocation_candidates?limit=1000&resources=DISK_GB%3A1%2CMEMORY_MB%3A1024%2CVCPU%3A1&root_required=%21COMPUTE_STATUS_DISABLED" {{(pid=101710) __call__ /opt/stack/placement/placement/requestlog.py:55}}
Sep 15 02:59:14.515999 chdv-809060-1 devstack@placement-api.service[101710]: DEBUG placement.objects.research_context [req-6b174c0d-c9af-4601-9ac5-be68b2d608ce req-e3a7883e-cd1f-44d5-98a7-42920844b0d7 service placement] getting providers with 1 DISK_GB {{(pid=101710) __init__ /opt/stack/placement/placement/objects/research_context.py:126}}
Sep 15 02:59:14.530336 chdv-809060-1 devstack@placement-api.service[101710]: DEBUG placement.objects.research_context [req-6b174c0d-c9af-4601-9ac5-be68b2d608ce req-e3a7883e-cd1f-44d5-98a7-42920844b0d7 service placement] getting providers with 1024 MEMORY_MB {{(pid=101710) __init__ /opt/stack/placement/placement/objects/research_context.py:126}}
Sep 15 02:59:14.535978 chdv-809060-1 devstack@placement-api.service[101710]: DEBUG placement.objects.research_context [req-6b174c0d-c9af-4601-9ac5-be68b2d608ce req-e3a7883e-cd1f-44d5-98a7-42920844b0d7 service placement] getting providers with 1 VCPU {{(pid=101710) __init__ /opt/stack/placement/placement/objects/research_context.py:126}}
Sep 15 02:59:14.541817 chdv-809060-1 devstack@placement-api.service[101710]: DEBUG placement.objects.research_context [req-6b174c0d-c9af-4601-9ac5-be68b2d608ce req-e3a7883e-cd1f-44d5-98a7-42920844b0d7 service placement] found 2 providers with available 1 DISK_GB {{(pid=101710) get_provider_ids_matching /opt/stack/placement/placement/objects/research_context.py:549}}
Sep 15 02:59:14.542090 chdv-809060-1 devstack@placement-api.service[101710]: DEBUG placement.objects.research_context [req-6b174c0d-c9af-4601-9ac5-be68b2d608ce req-e3a7883e-cd1f-44d5-98a7-42920844b0d7 service placement] found 2 providers with available 1024 MEMORY_MB {{(pid=101710) get_provider_ids_matching /opt/stack/placement/placement/objects/research_context.py:549}}
Sep 15 02:59:14.542575 chdv-809060-1 devstack@placement-api.service[101710]: DEBUG placement.objects.research_context [req-6b174c0d-c9af-4601-9ac5-be68b2d608ce req-e3a7883e-cd1f-44d5-98a7-42920844b0d7 service placement] found 2 providers after filtering by previous result {{(pid=101710) get_provider_ids_matching /opt/stack/placement/placement/objects/research_context.py:580}}
Sep 15 02:59:14.542827 chdv-809060-1 devstack@placement-api.service[101710]: DEBUG placement.objects.research_context [req-6b174c0d-c9af-4601-9ac5-be68b2d608ce req-e3a7883e-cd1f-44d5-98a7-42920844b0d7 service placement] found 2 providers with available 1 VCPU {{(pid=101710) get_provider_ids_matching /opt/stack/placement/placement/objects/research_context.py:549}}
Sep 15 02:59:14.543087 chdv-809060-1 devstack@placement-api.service[101710]: DEBUG placement.objects.research_context [req-6b174c0d-c9af-4601-9ac5-be68b2d608ce req-e3a7883e-cd1f-44d5-98a7-42920844b0d7 service placement] found 2 providers after filtering by previous result {{(pid=101710) get_provider_ids_matching /opt/stack/placement/placement/objects/research_context.py:580}}
Sep 15 02:59:14.561272 chdv-809060-1 devstack@placement-api.service[101710]: DEBUG placement.objects.allocation_candidate [req-6b174c0d-c9af-4601-9ac5-be68b2d608ce req-e3a7883e-cd1f-44d5-98a7-42920844b0d7 service placement] RequestGroup(use_same_provider=False, resources={DISK_GB:1, MEMORY_MB:1024, VCPU:1}, traits=[], aggregates=[]) (suffix '') returned 2 matches {{(pid=101710) _get_by_requests /opt/stack/placement/placement/objects/allocation_candidate.py:145}}
Sep 15 02:59:14.561956 chdv-809060-1 devstack@placement-api.service[101710]: DEBUG placement.objects.allocation_candidate [req-6b174c0d-c9af-4601-9ac5-be68b2d608ce req-e3a7883e-cd1f-44d5-98a7-42920844b0d7 service placement] Merging candidates yields 2 allocation requests and 2 provider summaries {{(pid=101710) _merge_candidates /opt/stack/placement/placement/objects/allocation_candidate.py:783}}
Sep 15 02:59:14.564697 chdv-809060-1 devstack@placement-api.service[101710]: INFO placement.requestlog [req-6b174c0d-c9af-4601-9ac5-be68b2d608ce req-e3a7883e-cd1f-44d5-98a7-42920844b0d7 service placement] 10.222.0.43 "GET /placement/allocation_candidates?limit=1000&resources=DISK_GB%3A1%2CMEMORY_MB%3A1024%2CVCPU%3A1&root_required=%21COMPUTE_STATUS_DISABLED" status: 200 len: 1309 microversion: 1.36
Sep 15 02:59:14.565405 chdv-809060-1 devstack@placement-api.service[101710]: [pid: 101710|app: 0|req: 188/376] 10.222.0.43 () {60 vars in 1507 bytes} [Wed Sep 15 02:59:14 2021] GET /placement/allocation_candidates?limit=1000&resources=DISK_GB%3A1%2CMEMORY_MB%3A1024%2CVCPU%3A1&root_required=%21COMPUTE_STATUS_DISABLED => generated 1309 bytes in 116 msecs (HTTP/1.1 200) 8 headers in 297 bytes (2 switches on core 0)
Sep 15 02:59:14.622712 chdv-809060-1 devstack@placement-api.service[101711]: DEBUG placement.requestlog [req-6b174c0d-c9af-4601-9ac5-be68b2d608ce req-a2566c28-bc1f-4dd5-b06f-b44d73e73857 None None] Starting request: 10.222.0.43 "GET /placement/allocations/577ae777-eb40-4413-9276-10399d779a5f" {{(pid=101711) __call__ /opt/stack/placement/placement/requestlog.py:55}}
Sep 15 02:59:14.634988 chdv-809060-1 devstack@placement-api.service[101711]: INFO placement.requestlog [req-6b174c0d-c9af-4601-9ac5-be68b2d608ce req-a2566c28-bc1f-4dd5-b06f-b44d73e73857 service placement] 10.222.0.43 "GET /placement/allocations/577ae777-eb40-4413-9276-10399d779a5f" status: 200 len: 19 microversion: 1.28
Sep 15 02:59:14.638497 chdv-809060-1 devstack@placement-api.service[101711]: [pid: 101711|app: 0|req: 189/377] 10.222.0.43 () {60 vars in 1381 bytes} [Wed Sep 15 02:59:14 2021] GET /placement/allocations/577ae777-eb40-4413-9276-10399d779a5f => generated 19 bytes in 16 msecs (HTTP/1.1 200) 8 headers in 295 bytes (1 switches on core 0)
Sep 15 02:59:14.644457 chdv-809060-1 devstack@placement-api.service[101710]: DEBUG placement.requestlog [req-6b174c0d-c9af-4601-9ac5-be68b2d608ce req-ae5af5e3-7e10-4950-877b-4f042f142cce None None] Starting request: 10.222.0.43 "PUT /placement/allocations/577ae777-eb40-4413-9276-10399d779a5f" {{(pid=101710) __call__ /opt/stack/placement/placement/requestlog.py:55}}
Sep 15 02:59:14.765564 chdv-809060-1 devstack@placement-api.service[101710]: DEBUG placement.handlers.allocation [req-6b174c0d-c9af-4601-9ac5-be68b2d608ce req-ae5af5e3-7e10-4950-877b-4f042f142cce service placement] Successfully wrote allocations [, , ] {{(pid=101710) _update_consumers_and_create_allocations /opt/stack/placement/placement/handlers/allocation.py:462}}
Sep 15 02:59:14.777227 chdv-809060-1 devstack@placement-api.service[101710]: INFO placement.requestlog [req-6b174c0d-c9af-4601-9ac5-be68b2d608ce req-ae5af5e3-7e10-4950-877b-4f042f142cce service placement] 10.222.0.43 "PUT /placement/allocations/577ae777-eb40-4413-9276-10399d779a5f" status: 204 len: 0 microversion: 1.36
Sep 15 02:59:14.784039 chdv-809060-1 devstack@placement-api.service[101710]: [pid: 101710|app: 0|req: 189/378] 10.222.0.43 () {64 vars in 1434 bytes} [Wed Sep 15 02:59:14 2021] PUT /placement/allocations/577ae777-eb40-4413-9276-10399d779a5f => generated 0 bytes in 133 msecs (HTTP/1.1 204) 5 headers in 199 bytes (1 switches on core 0)
Sep 15 02:59:14.962178 chdv-809060-1 devstack@placement-api.service[101711]: DEBUG placement.requestlog [req-2e5e6ffe-5c22-4123-bcc2-e0d63cc6cef4 req-a47158e9-4941-476a-bb07-f1949957c2ac None None] Starting request: 10.222.0.43 "GET /placement/allocation_candidates?resources=DISK_GB%3A1%2CMEMORY_MB%3A1024%2CVCPU%3A1&root_required=%21COMPUTE_STATUS_DISABLED" {{(pid=101711) __call__ /opt/stack/placement/placement/requestlog.py:55}}
Sep 15 02:59:15.029506 chdv-809060-1 devstack@placement-api.service[101711]: DEBUG placement.objects.research_context [req-2e5e6ffe-5c22-4123-bcc2-e0d63cc6cef4 req-a47158e9-4941-476a-bb07-f1949957c2ac service placement] getting providers with 1 DISK_GB {{(pid=101711) __init__ /opt/stack/placement/placement/objects/research_context.py:126}}
Sep 15 02:59:15.040494 chdv-809060-1 devstack@placement-api.service[101711]: DEBUG placement.objects.research_context [req-2e5e6ffe-5c22-4123-bcc2-e0d63cc6cef4 req-a47158e9-4941-476a-bb07-f1949957c2ac service placement] getting providers with 1024 MEMORY_MB {{(pid=101711) __init__ /opt/stack/placement/placement/objects/research_context.py:126}}
Sep 15 02:59:15.054468 chdv-809060-1 devstack@placement-api.service[101711]: DEBUG placement.objects.research_context [req-2e5e6ffe-5c22-4123-bcc2-e0d63cc6cef4 req-a47158e9-4941-476a-bb07-f1949957c2ac service placement] getting providers with 1 VCPU {{(pid=101711) __init__ /opt/stack/placement/placement/objects/research_context.py:126}}
Sep 15 02:59:15.075198 chdv-809060-1 devstack@placement-api.service[101711]: DEBUG placement.objects.research_context [req-2e5e6ffe-5c22-4123-bcc2-e0d63cc6cef4 req-a47158e9-4941-476a-bb07-f1949957c2ac service placement] found 2 providers with available 1 DISK_GB {{(pid=101711) get_provider_ids_matching /opt/stack/placement/placement/objects/research_context.py:549}}
Sep 15 02:59:15.075528 chdv-809060-1 devstack@placement-api.service[101711]: DEBUG placement.objects.research_context [req-2e5e6ffe-5c22-4123-bcc2-e0d63cc6cef4 req-a47158e9-4941-476a-bb07-f1949957c2ac service placement] found 2 providers with available 1024 MEMORY_MB {{(pid=101711) get_provider_ids_matching /opt/stack/placement/placement/objects/research_context.py:549}}
Sep 15 02:59:15.075808 chdv-809060-1 devstack@placement-api.service[101711]: DEBUG placement.objects.research_context [req-2e5e6ffe-5c22-4123-bcc2-e0d63cc6cef4 req-a47158e9-4941-476a-bb07-f1949957c2ac service placement] found 2 providers after filtering by previous result {{(pid=101711) get_provider_ids_matching /opt/stack/placement/placement/objects/research_context.py:580}}
Sep 15 02:59:15.076069 chdv-809060-1 devstack@placement-api.service[101711]: DEBUG placement.objects.research_context [req-2e5e6ffe-5c22-4123-bcc2-e0d63cc6cef4 req-a47158e9-4941-476a-bb07-f1949957c2ac service placement] found 2 providers with available 1 VCPU {{(pid=101711) get_provider_ids_matching /opt/stack/placement/placement/objects/research_context.py:549}}
Sep 15 02:59:15.076336 chdv-809060-1 devstack@placement-api.service[101711]: DEBUG placement.objects.research_context [req-2e5e6ffe-5c22-4123-bcc2-e0d63cc6cef4 req-a47158e9-4941-476a-bb07-f1949957c2ac service placement] found 2 providers after filtering by previous result {{(pid=101711) get_provider_ids_matching /opt/stack/placement/placement/objects/research_context.py:580}}
Sep 15 02:59:15.100871 chdv-809060-1 devstack@placement-api.service[101711]: DEBUG placement.objects.allocation_candidate [req-2e5e6ffe-5c22-4123-bcc2-e0d63cc6cef4 req-a47158e9-4941-476a-bb07-f1949957c2ac service placement] RequestGroup(use_same_provider=False, resources={DISK_GB:1, MEMORY_MB:1024, VCPU:1}, traits=[], aggregates=[]) (suffix '') returned 2 matches {{(pid=101711) _get_by_requests /opt/stack/placement/placement/objects/allocation_candidate.py:145}}
Sep 15 02:59:15.103298 chdv-809060-1 devstack@placement-api.service[101711]: DEBUG placement.objects.allocation_candidate [req-2e5e6ffe-5c22-4123-bcc2-e0d63cc6cef4 req-a47158e9-4941-476a-bb07-f1949957c2ac service placement] Merging candidates yields 2 allocation requests and 2 provider summaries {{(pid=101711) _merge_candidates /opt/stack/placement/placement/objects/allocation_candidate.py:783}}
Sep 15 02:59:15.105200 chdv-809060-1 devstack@placement-api.service[101711]: INFO placement.requestlog [req-2e5e6ffe-5c22-4123-bcc2-e0d63cc6cef4 req-a47158e9-4941-476a-bb07-f1949957c2ac service placement] 10.222.0.43 "GET /placement/allocation_candidates?resources=DISK_GB%3A1%2CMEMORY_MB%3A1024%2CVCPU%3A1&root_required=%21COMPUTE_STATUS_DISABLED" status: 200 len: 1309 microversion: 1.36
Sep 15 02:59:15.106362 chdv-809060-1 devstack@placement-api.service[101711]: [pid: 101711|app: 0|req: 190/379] 10.222.0.43 () {60 vars in 1485 bytes} [Wed Sep 15 02:59:14 2021] GET /placement/allocation_candidates?resources=DISK_GB%3A1%2CMEMORY_MB%3A1024%2CVCPU%3A1&root_required=%21COMPUTE_STATUS_DISABLED => generated 1309 bytes in 144 msecs (HTTP/1.1 200) 8 headers in 297 bytes (1 switches on core 0)
Sep 15 02:59:15.212529 chdv-809060-1 devstack@placement-api.service[101710]: DEBUG placement.requestlog [req-f4e8ae4d-b2af-4efe-a9bf-83e877022074 req-a50dceb0-eebf-4522-96e6-dfa693e1f547 None None] Starting request: 10.222.0.42 "GET /placement/allocations/39e0e204-603d-4098-95e3-bea4ef5ba632" {{(pid=101710) __call__ /opt/stack/placement/placement/requestlog.py:55}}
Sep 15 02:59:15.234228 chdv-809060-1 devstack@placement-api.service[101711]: DEBUG placement.requestlog [req-2e5e6ffe-5c22-4123-bcc2-e0d63cc6cef4 req-4763b304-03f9-493c-b0a5-7eaa53874353 None None] Starting request: 10.222.0.43 "GET /placement/allocations/ec115cbb-ee76-4a0f-bf19-9e12c2fab0f9" {{(pid=101711) __call__ /opt/stack/placement/placement/requestlog.py:55}}
Sep 15 02:59:15.234859 chdv-809060-1 devstack@placement-api.service[101710]: INFO placement.requestlog [req-f4e8ae4d-b2af-4efe-a9bf-83e877022074 req-a50dceb0-eebf-4522-96e6-dfa693e1f547 service placement] 10.222.0.42 "GET /placement/allocations/39e0e204-603d-4098-95e3-bea4ef5ba632" status: 200 len: 259 microversion: 1.28
Sep 15 02:59:15.235332 chdv-809060-1 devstack@placement-api.service[101710]: [pid: 101710|app: 0|req: 190/380] 10.222.0.42 () {60 vars in 1378 bytes} [Wed Sep 15 02:59:15 2021] GET /placement/allocations/39e0e204-603d-4098-95e3-bea4ef5ba632 => generated 259 bytes in 23 msecs (HTTP/1.1 200) 8 headers in 296 bytes (1 switches on core 0)
Sep 15 02:59:15.248517 chdv-809060-1 devstack@placement-api.service[101710]: DEBUG placement.requestlog [req-f4e8ae4d-b2af-4efe-a9bf-83e877022074 req-a050338b-f5e2-4b51-964b-b231071edaf5 None None] Starting request: 10.222.0.42 "PUT /placement/allocations/39e0e204-603d-4098-95e3-bea4ef5ba632" {{(pid=101710) __call__ /opt/stack/placement/placement/requestlog.py:55}}
Sep 15 02:59:15.250145 chdv-809060-1 devstack@placement-api.service[101711]: INFO placement.requestlog [req-2e5e6ffe-5c22-4123-bcc2-e0d63cc6cef4 req-4763b304-03f9-493c-b0a5-7eaa53874353 service placement] 10.222.0.43 "GET /placement/allocations/ec115cbb-ee76-4a0f-bf19-9e12c2fab0f9" status: 200 len: 19 microversion: 1.28
Sep 15 02:59:15.250798 chdv-809060-1 devstack@placement-api.service[101711]: [pid: 101711|app: 0|req: 191/381] 10.222.0.43 () {60 vars in 1381 bytes} [Wed Sep 15 02:59:15 2021] GET /placement/allocations/ec115cbb-ee76-4a0f-bf19-9e12c2fab0f9 => generated 19 bytes in 17 msecs (HTTP/1.1 200) 8 headers in 295 bytes (2 switches on core 0)
Sep 15 02:59:15.258012 chdv-809060-1 devstack@placement-api.service[101711]: DEBUG placement.requestlog [req-2e5e6ffe-5c22-4123-bcc2-e0d63cc6cef4 req-f7604f41-e825-4704-a3da-492bc8b16c59 None None] Starting request: 10.222.0.43 "PUT /placement/allocations/ec115cbb-ee76-4a0f-bf19-9e12c2fab0f9" {{(pid=101711) __call__ /opt/stack/placement/placement/requestlog.py:55}}
Sep 15 02:59:15.328882 chdv-809060-1 devstack@placement-api.service[101710]: DEBUG placement.handlers.allocation [req-f4e8ae4d-b2af-4efe-a9bf-83e877022074 req-a050338b-f5e2-4b51-964b-b231071edaf5 service placement] Successfully wrote allocations [, , ] {{(pid=101710) _update_consumers_and_create_allocations /opt/stack/placement/placement/handlers/allocation.py:462}}
Sep 15 02:59:15.342131 chdv-809060-1 devstack@placement-api.service[101710]: INFO placement.requestlog [req-f4e8ae4d-b2af-4efe-a9bf-83e877022074 req-a050338b-f5e2-4b51-964b-b231071edaf5 service placement] 10.222.0.42 "PUT /placement/allocations/39e0e204-603d-4098-95e3-bea4ef5ba632" status: 204 len: 0 microversion: 1.28
Sep 15 02:59:15.344145 chdv-809060-1 devstack@placement-api.service[101710]: [pid: 101710|app: 0|req: 191/382] 10.222.0.42 () {64 vars in 1431 bytes} [Wed Sep 15 02:59:15 2021] PUT /placement/allocations/39e0e204-603d-4098-95e3-bea4ef5ba632 => generated 0 bytes in 96 msecs (HTTP/1.1 204) 5 headers in 199 bytes (1 switches on core 0)
Sep 15 02:59:15.345139 chdv-809060-1 devstack@placement-api.service[101710]: DEBUG placement.requestlog [req-6b174c0d-c9af-4601-9ac5-be68b2d608ce req-410c0504-07c6-41e9-98fb-2404ea254c06 None None] Starting request: 10.222.0.42 "GET /placement/allocations/577ae777-eb40-4413-9276-10399d779a5f" {{(pid=101710) __call__ /opt/stack/placement/placement/requestlog.py:55}}
Sep 15 02:59:15.377054 chdv-809060-1 devstack@placement-api.service[101711]: DEBUG placement.objects.allocation [req-2e5e6ffe-5c22-4123-bcc2-e0d63cc6cef4 req-f7604f41-e825-4704-a3da-492bc8b16c59 service placement] Retrying allocations write on resource provider generation conflict {{(pid=101711) replace_all /opt/stack/placement/placement/objects/allocation.py:507}}
Sep 15 02:59:15.395285 chdv-809060-1 devstack@placement-api.service[101710]: INFO placement.requestlog [req-6b174c0d-c9af-4601-9ac5-be68b2d608ce req-410c0504-07c6-41e9-98fb-2404ea254c06 service placement] 10.222.0.42 "GET /placement/allocations/577ae777-eb40-4413-9276-10399d779a5f" status: 200 len: 259 microversion: 1.28
Sep 15 02:59:15.396065 chdv-809060-1 devstack@placement-api.service[101710]: [pid: 101710|app: 0|req: 192/383] 10.222.0.42 () {60 vars in 1378 bytes} [Wed Sep 15 02:59:15 2021] GET /placement/allocations/577ae777-eb40-4413-9276-10399d779a5f => generated 259 bytes in 51 msecs (HTTP/1.1 200) 8 headers in 296 bytes (1 switches on core 0)
Sep 15 02:59:15.435600 chdv-809060-1 devstack@placement-api.service[101711]: DEBUG placement.handlers.allocation [req-2e5e6ffe-5c22-4123-bcc2-e0d63cc6cef4 req-f7604f41-e825-4704-a3da-492bc8b16c59 service placement] Successfully wrote allocations [, , ] {{(pid=101711) _update_consumers_and_create_allocations /opt/stack/placement/placement/handlers/allocation.py:462}}
Sep 15 02:59:15.443586 chdv-809060-1 devstack@placement-api.service[101711]: INFO placement.requestlog [req-2e5e6ffe-5c22-4123-bcc2-e0d63cc6cef4 req-f7604f41-e825-4704-a3da-492bc8b16c59 service placement] 10.222.0.43 "PUT /placement/allocations/ec115cbb-ee76-4a0f-bf19-9e12c2fab0f9" status: 204 len: 0 microversion: 1.36
Sep 15 02:59:15.444289 chdv-809060-1 devstack@placement-api.service[101711]: [pid: 101711|app: 0|req: 192/384] 10.222.0.43 () {64 vars in 1434 bytes} [Wed Sep 15 02:59:15 2021] PUT /placement/allocations/ec115cbb-ee76-4a0f-bf19-9e12c2fab0f9 => generated 0 bytes in 186 msecs (HTTP/1.1 204) 5 headers in 199 bytes (2 switches on core 0)
Sep 15 02:59:15.464608 chdv-809060-1 devstack@placement-api.service[101710]: DEBUG placement.requestlog [req-2e5e6ffe-5c22-4123-bcc2-e0d63cc6cef4 req-db4efb42-ec41-49ea-896b-718aa868ca72 None None] Starting request: 10.222.0.43 "GET /placement/allocations/3b1bd335-b311-49de-b0c7-9f769d627044" {{(pid=101710) __call__ /opt/stack/placement/placement/requestlog.py:55}}
Sep 15 02:59:15.489062 chdv-809060-1 devstack@placement-api.service[101710]: INFO placement.requestlog [req-2e5e6ffe-5c22-4123-bcc2-e0d63cc6cef4 req-db4efb42-ec41-49ea-896b-718aa868ca72 service placement] 10.222.0.43 "GET /placement/allocations/3b1bd335-b311-49de-b0c7-9f769d627044" status: 200 len: 19 microversion: 1.28
Sep 15 02:59:15.489781 chdv-809060-1 devstack@placement-api.service[101710]: [pid: 101710|app: 0|req: 193/385] 10.222.0.43 () {60 vars in 1381 bytes} [Wed Sep 15 02:59:15 2021] GET /placement/allocations/3b1bd335-b311-49de-b0c7-9f769d627044 => generated 19 bytes in 26 msecs (HTTP/1.1 200) 8 headers in 295 bytes (1 switches on core 0)
Sep 15 02:59:15.498334 chdv-809060-1 devstack@placement-api.service[101711]: DEBUG placement.requestlog [req-2e5e6ffe-5c22-4123-bcc2-e0d63cc6cef4 req-7092fb0a-1401-4384-9b7f-8df44c91f469 None None] Starting request: 10.222.0.43 "PUT /placement/allocations/3b1bd335-b311-49de-b0c7-9f769d627044" {{(pid=101711) __call__ /opt/stack/placement/placement/requestlog.py:55}}
Sep 15 02:59:15.580259 chdv-809060-1 devstack@placement-api.service[101711]: DEBUG placement.handlers.allocation [req-2e5e6ffe-5c22-4123-bcc2-e0d63cc6cef4 req-7092fb0a-1401-4384-9b7f-8df44c91f469 service placement] Successfully wrote allocations [, , ] {{(pid=101711) _update_consumers_and_create_allocations /opt/stack/placement/placement/handlers/allocation.py:462}}
Sep 15 02:59:15.590603 chdv-809060-1 devstack@placement-api.service[101711]: INFO placement.requestlog [req-2e5e6ffe-5c22-4123-bcc2-e0d63cc6cef4 req-7092fb0a-1401-4384-9b7f-8df44c91f469 service placement] 10.222.0.43 "PUT /placement/allocations/3b1bd335-b311-49de-b0c7-9f769d627044" status: 204 len: 0 microversion: 1.36
Sep 15 02:59:15.601919 chdv-809060-1 devstack@placement-api.service[101711]: [pid: 101711|app: 0|req: 193/386] 10.222.0.43 () {64 vars in 1434 bytes} [Wed Sep 15 02:59:15 2021] PUT /placement/allocations/3b1bd335-b311-49de-b0c7-9f769d627044 => generated 0 bytes in 93 msecs (HTTP/1.1 204) 5 headers in 199 bytes (2 switches on core 0)
Sep 15 02:59:16.110934 chdv-809060-1 devstack@placement-api.service[101710]: DEBUG placement.requestlog [req-2e5e6ffe-5c22-4123-bcc2-e0d63cc6cef4 req-909c72f1-58eb-486e-a53c-81ebf926abd1 None None] Starting request: 10.222.0.42 "GET /placement/allocations/ec115cbb-ee76-4a0f-bf19-9e12c2fab0f9" {{(pid=101710) __call__ /opt/stack/placement/placement/requestlog.py:55}}
Sep 15 02:59:16.132590 chdv-809060-1 devstack@placement-api.service[101710]: INFO placement.requestlog [req-2e5e6ffe-5c22-4123-bcc2-e0d63cc6cef4 req-909c72f1-58eb-486e-a53c-81ebf926abd1 service placement] 10.222.0.42 "GET /placement/allocations/ec115cbb-ee76-4a0f-bf19-9e12c2fab0f9" status: 200 len: 259 microversion: 1.28
Sep 15 02:59:16.133412 chdv-809060-1 devstack@placement-api.service[101710]: [pid: 101710|app: 0|req: 194/387] 10.222.0.42 () {60 vars in 1378 bytes} [Wed Sep 15 02:59:16 2021] GET /placement/allocations/ec115cbb-ee76-4a0f-bf19-9e12c2fab0f9 => generated 259 bytes in 23 msecs (HTTP/1.1 200) 8 headers in 296 bytes (1 switches on core 0)
Sep 15 02:59:16.304887 chdv-809060-1 devstack@placement-api.service[101711]: DEBUG placement.requestlog [req-2e5e6ffe-5c22-4123-bcc2-e0d63cc6cef4 req-673693e8-2e6d-43a1-86d6-0695402f1172 None None] Starting request: 10.222.0.36 "GET /placement/allocations/3b1bd335-b311-49de-b0c7-9f769d627044" {{(pid=101711) __call__ /opt/stack/placement/placement/requestlog.py:55}}
Sep 15 02:59:16.329766 chdv-809060-1 devstack@placement-api.service[101711]: INFO placement.requestlog [req-2e5e6ffe-5c22-4123-bcc2-e0d63cc6cef4 req-673693e8-2e6d-43a1-86d6-0695402f1172 service placement] 10.222.0.36 "GET /placement/allocations/3b1bd335-b311-49de-b0c7-9f769d627044" status: 200 len: 259 microversion: 1.28
Sep 15 02:59:16.330200 chdv-809060-1 devstack@placement-api.service[101711]: [pid: 101711|app: 0|req: 194/388] 10.222.0.36 () {60 vars in 1378 bytes} [Wed Sep 15 02:59:16 2021] GET /placement/allocations/3b1bd335-b311-49de-b0c7-9f769d627044 => generated 259 bytes in 26 msecs (HTTP/1.1 200) 8 headers in 296 bytes (1 switches on core 0)
Sep 15 02:59:17.695291 chdv-809060-1 devstack@placement-api.service[101710]: DEBUG placement.requestlog [req-d5f4a94f-f792-49c7-a9b7-5f8c4ea914d7 req-a1a50f80-c407-48a7-bce0-043be743709f None None] Starting request: 10.222.0.43 "GET /placement/allocation_candidates?limit=1000&resources=DISK_GB%3A1%2CMEMORY_MB%3A1024%2CVCPU%3A1&root_required=%21COMPUTE_STATUS_DISABLED" {{(pid=101710) __call__ /opt/stack/placement/placement/requestlog.py:55}}
Sep 15 02:59:17.737546 chdv-809060-1 devstack@placement-api.service[101710]: DEBUG placement.objects.research_context [req-d5f4a94f-f792-49c7-a9b7-5f8c4ea914d7 req-a1a50f80-c407-48a7-bce0-043be743709f service placement] getting providers with 1 DISK_GB {{(pid=101710) __init__ /opt/stack/placement/placement/objects/research_context.py:126}}
Sep 15 02:59:17.751270 chdv-809060-1 devstack@placement-api.service[101710]: DEBUG placement.objects.research_context [req-d5f4a94f-f792-49c7-a9b7-5f8c4ea914d7 req-a1a50f80-c407-48a7-bce0-043be743709f service placement] getting providers with 1024 MEMORY_MB {{(pid=101710) __init__ /opt/stack/placement/placement/objects/research_context.py:126}}
Sep 15 02:59:17.757979 chdv-809060-1 devstack@placement-api.service[101710]: DEBUG placement.objects.research_context [req-d5f4a94f-f792-49c7-a9b7-5f8c4ea914d7 req-a1a50f80-c407-48a7-bce0-043be743709f service placement] getting providers with 1 VCPU {{(pid=101710) __init__ /opt/stack/placement/placement/objects/research_context.py:126}}
Sep 15 02:59:17.770243 chdv-809060-1 devstack@placement-api.service[101710]: DEBUG placement.objects.research_context [req-d5f4a94f-f792-49c7-a9b7-5f8c4ea914d7 req-a1a50f80-c407-48a7-bce0-043be743709f service placement] found 2 providers with available 1 DISK_GB {{(pid=101710) get_provider_ids_matching /opt/stack/placement/placement/objects/research_context.py:549}}
Sep 15 02:59:17.770909 chdv-809060-1 devstack@placement-api.service[101710]: DEBUG placement.objects.research_context [req-d5f4a94f-f792-49c7-a9b7-5f8c4ea914d7 req-a1a50f80-c407-48a7-bce0-043be743709f service placement] found 2 providers with available 1024 MEMORY_MB {{(pid=101710) get_provider_ids_matching /opt/stack/placement/placement/objects/research_context.py:549}}
Sep 15 02:59:17.771427 chdv-809060-1 devstack@placement-api.service[101710]: DEBUG placement.objects.research_context [req-d5f4a94f-f792-49c7-a9b7-5f8c4ea914d7 req-a1a50f80-c407-48a7-bce0-043be743709f service placement] found 2 providers after filtering by previous result {{(pid=101710) get_provider_ids_matching /opt/stack/placement/placement/objects/research_context.py:580}}
Sep 15 02:59:17.771895 chdv-809060-1 devstack@placement-api.service[101710]: DEBUG placement.objects.research_context [req-d5f4a94f-f792-49c7-a9b7-5f8c4ea914d7 req-a1a50f80-c407-48a7-bce0-043be743709f service placement] found 2 providers with available 1 VCPU {{(pid=101710) get_provider_ids_matching /opt/stack/placement/placement/objects/research_context.py:549}}
Sep 15 02:59:17.772377 chdv-809060-1 devstack@placement-api.service[101710]: DEBUG placement.objects.research_context [req-d5f4a94f-f792-49c7-a9b7-5f8c4ea914d7 req-a1a50f80-c407-48a7-bce0-043be743709f service placement] found 2 providers after filtering by previous result {{(pid=101710) get_provider_ids_matching /opt/stack/placement/placement/objects/research_context.py:580}}
Sep 15 02:59:17.794783 chdv-809060-1 devstack@placement-api.service[101710]: DEBUG placement.objects.allocation_candidate [req-d5f4a94f-f792-49c7-a9b7-5f8c4ea914d7 req-a1a50f80-c407-48a7-bce0-043be743709f service placement] RequestGroup(use_same_provider=False, resources={DISK_GB:1, MEMORY_MB:1024, VCPU:1}, traits=[], aggregates=[]) (suffix '') returned 2 matches {{(pid=101710) _get_by_requests /opt/stack/placement/placement/objects/allocation_candidate.py:145}}
Sep 15 02:59:17.795613 chdv-809060-1 devstack@placement-api.service[101710]: DEBUG placement.objects.allocation_candidate [req-d5f4a94f-f792-49c7-a9b7-5f8c4ea914d7 req-a1a50f80-c407-48a7-bce0-043be743709f service placement] Merging candidates yields 2 allocation requests and 2 provider summaries {{(pid=101710) _merge_candidates /opt/stack/placement/placement/objects/allocation_candidate.py:783}}
Sep 15 02:59:17.797495 chdv-809060-1 devstack@placement-api.service[101710]: INFO placement.requestlog [req-d5f4a94f-f792-49c7-a9b7-5f8c4ea914d7 req-a1a50f80-c407-48a7-bce0-043be743709f service placement] 10.222.0.43 "GET /placement/allocation_candidates?limit=1000&resources=DISK_GB%3A1%2CMEMORY_MB%3A1024%2CVCPU%3A1&root_required=%21COMPUTE_STATUS_DISABLED" status: 200 len: 1309 microversion: 1.36
Sep 15 02:59:17.829561 chdv-809060-1 devstack@placement-api.service[101710]: [pid: 101710|app: 0|req: 195/389] 10.222.0.43 () {60 vars in 1507 bytes} [Wed Sep 15 02:59:17 2021] GET /placement/allocation_candidates?limit=1000&resources=DISK_GB%3A1%2CMEMORY_MB%3A1024%2CVCPU%3A1&root_required=%21COMPUTE_STATUS_DISABLED => generated 1309 bytes in 125 msecs (HTTP/1.1 200) 8 headers in 297 bytes (1 switches on core 0)
Sep 15 02:59:17.884927 chdv-809060-1 devstack@placement-api.service[101711]: DEBUG placement.requestlog [req-d5f4a94f-f792-49c7-a9b7-5f8c4ea914d7 req-68820484-4810-4481-a154-32dd49cc0d19 None None] Starting request: 10.222.0.43 "GET /placement/allocations/f1d6657d-a3d8-403e-9e2b-01ab5aca0940" {{(pid=101711) __call__ /opt/stack/placement/placement/requestlog.py:55}}
Sep 15 02:59:17.899873 chdv-809060-1 devstack@placement-api.service[101711]: INFO placement.requestlog [req-d5f4a94f-f792-49c7-a9b7-5f8c4ea914d7 req-68820484-4810-4481-a154-32dd49cc0d19 service placement] 10.222.0.43 "GET /placement/allocations/f1d6657d-a3d8-403e-9e2b-01ab5aca0940" status: 200 len: 19 microversion: 1.28
Sep 15 02:59:17.904793 chdv-809060-1 devstack@placement-api.service[101711]: [pid: 101711|app: 0|req: 195/390] 10.222.0.43 () {60 vars in 1381 bytes} [Wed Sep 15 02:59:17 2021] GET /placement/allocations/f1d6657d-a3d8-403e-9e2b-01ab5aca0940 => generated 19 bytes in 20 msecs (HTTP/1.1 200) 8 headers in 295 bytes (1 switches on core 0)
Sep 15 02:59:17.907562 chdv-809060-1 devstack@placement-api.service[101710]: DEBUG placement.requestlog [req-d5f4a94f-f792-49c7-a9b7-5f8c4ea914d7 req-aaf1e02b-b124-4f39-bbea-157a662936fc None None] Starting request: 10.222.0.43 "PUT /placement/allocations/f1d6657d-a3d8-403e-9e2b-01ab5aca0940" {{(pid=101710) __call__ /opt/stack/placement/placement/requestlog.py:55}}
Sep 15 02:59:17.997579 chdv-809060-1 devstack@placement-api.service[101710]: DEBUG placement.handlers.allocation [req-d5f4a94f-f792-49c7-a9b7-5f8c4ea914d7 req-aaf1e02b-b124-4f39-bbea-157a662936fc service placement] Successfully wrote allocations [, , ] {{(pid=101710) _update_consumers_and_create_allocations /opt/stack/placement/placement/handlers/allocation.py:462}}
Sep 15 02:59:18.004443 chdv-809060-1 devstack@placement-api.service[101710]: INFO placement.requestlog [req-d5f4a94f-f792-49c7-a9b7-5f8c4ea914d7 req-aaf1e02b-b124-4f39-bbea-157a662936fc service placement] 10.222.0.43 "PUT /placement/allocations/f1d6657d-a3d8-403e-9e2b-01ab5aca0940" status: 204 len: 0 microversion: 1.36
Sep 15 02:59:18.038994 chdv-809060-1 devstack@placement-api.service[101710]: [pid: 101710|app: 0|req: 196/391] 10.222.0.43 () {64 vars in 1434 bytes} [Wed Sep 15 02:59:17 2021] PUT /placement/allocations/f1d6657d-a3d8-403e-9e2b-01ab5aca0940 => generated 0 bytes in 98 msecs (HTTP/1.1 204) 5 headers in 199 bytes (1 switches on core 0)
Sep 15 02:59:18.631540 chdv-809060-1 devstack@placement-api.service[101711]: DEBUG placement.requestlog [req-d5f4a94f-f792-49c7-a9b7-5f8c4ea914d7 req-84c2d738-0bf1-4237-96a5-a84883397571 None None] Starting request: 10.222.0.42 "GET /placement/allocations/f1d6657d-a3d8-403e-9e2b-01ab5aca0940" {{(pid=101711) __call__ /opt/stack/placement/placement/requestlog.py:55}}
Sep 15 02:59:18.662723 chdv-809060-1 devstack@placement-api.service[101711]: INFO placement.requestlog [req-d5f4a94f-f792-49c7-a9b7-5f8c4ea914d7 req-84c2d738-0bf1-4237-96a5-a84883397571 service placement] 10.222.0.42 "GET /placement/allocations/f1d6657d-a3d8-403e-9e2b-01ab5aca0940" status: 200 len: 259 microversion: 1.28
Sep 15 02:59:18.662991 chdv-809060-1 devstack@placement-api.service[101711]: [pid: 101711|app: 0|req: 196/392] 10.222.0.42 () {60 vars in 1378 bytes} [Wed Sep 15 02:59:18 2021] GET /placement/allocations/f1d6657d-a3d8-403e-9e2b-01ab5aca0940 => generated 259 bytes in 32 msecs (HTTP/1.1 200) 8 headers in 296 bytes (1 switches on core 0)
Sep 15 02:59:26.613802 chdv-809060-1 devstack@placement-api.service[101710]: DEBUG placement.requestlog [req-fcb55448-62dc-40b7-ae2a-3c6b39161993 req-801647a5-e7ef-46b9-ae23-f95403696faf None None] Starting request: 10.222.0.42 "GET /placement/resource_providers/7b4f54e7-588b-4807-9a88-f8346e6d313f/allocations" {{(pid=101710) __call__ /opt/stack/placement/placement/requestlog.py:55}}
Sep 15 02:59:26.636794 chdv-809060-1 devstack@placement-api.service[101710]: INFO placement.requestlog [req-fcb55448-62dc-40b7-ae2a-3c6b39161993 req-801647a5-e7ef-46b9-ae23-f95403696faf service placement] 10.222.0.42 "GET /placement/resource_providers/7b4f54e7-588b-4807-9a88-f8346e6d313f/allocations" status: 200 len: 645 microversion: 1.0
Sep 15 02:59:26.637028 chdv-809060-1 devstack@placement-api.service[101710]: [pid: 101710|app: 0|req: 197/393] 10.222.0.42 () {58 vars in 1391 bytes} [Wed Sep 15 02:59:26 2021] GET /placement/resource_providers/7b4f54e7-588b-4807-9a88-f8346e6d313f/allocations => generated 645 bytes in 23 msecs (HTTP/1.1 200) 6 headers in 224 bytes (1 switches on core 0)
Sep 15 02:59:36.647211 chdv-809060-1 devstack@placement-api.service[101711]: DEBUG placement.requestlog [req-be06218f-c5ce-44ab-9a37-1dece8949427 req-97ebf151-12f6-4fe4-93b2-ad55ab592d98 None None] Starting request: 10.222.0.43 "GET /placement/allocation_candidates?limit=1000&resources=DISK_GB%3A1%2CMEMORY_MB%3A1024%2CVCPU%3A1&root_required=%21COMPUTE_STATUS_DISABLED" {{(pid=101711) __call__ /opt/stack/placement/placement/requestlog.py:55}}
Sep 15 02:59:36.679441 chdv-809060-1 devstack@placement-api.service[101711]: DEBUG placement.objects.research_context [req-be06218f-c5ce-44ab-9a37-1dece8949427 req-97ebf151-12f6-4fe4-93b2-ad55ab592d98 service placement] getting providers with 1 DISK_GB {{(pid=101711) __init__ /opt/stack/placement/placement/objects/research_context.py:126}}
Sep 15 02:59:36.690074 chdv-809060-1 devstack@placement-api.service[101711]: DEBUG placement.objects.research_context [req-be06218f-c5ce-44ab-9a37-1dece8949427 req-97ebf151-12f6-4fe4-93b2-ad55ab592d98 service placement] getting providers with 1024 MEMORY_MB {{(pid=101711) __init__ /opt/stack/placement/placement/objects/research_context.py:126}}
Sep 15 02:59:36.696319 chdv-809060-1 devstack@placement-api.service[101711]: DEBUG placement.objects.research_context [req-be06218f-c5ce-44ab-9a37-1dece8949427 req-97ebf151-12f6-4fe4-93b2-ad55ab592d98 service placement] getting providers with 1 VCPU {{(pid=101711) __init__ /opt/stack/placement/placement/objects/research_context.py:126}}
Sep 15 02:59:36.702781 chdv-809060-1 devstack@placement-api.service[101711]: DEBUG placement.objects.research_context [req-be06218f-c5ce-44ab-9a37-1dece8949427 req-97ebf151-12f6-4fe4-93b2-ad55ab592d98 service placement] found 2 providers with available 1 DISK_GB {{(pid=101711) get_provider_ids_matching /opt/stack/placement/placement/objects/research_context.py:549}}
Sep 15 02:59:36.703135 chdv-809060-1 devstack@placement-api.service[101711]: DEBUG placement.objects.research_context [req-be06218f-c5ce-44ab-9a37-1dece8949427 req-97ebf151-12f6-4fe4-93b2-ad55ab592d98 service placement] found 2 providers with available 1024 MEMORY_MB {{(pid=101711) get_provider_ids_matching /opt/stack/placement/placement/objects/research_context.py:549}}
Sep 15 02:59:36.703473 chdv-809060-1 devstack@placement-api.service[101711]: DEBUG placement.objects.research_context [req-be06218f-c5ce-44ab-9a37-1dece8949427 req-97ebf151-12f6-4fe4-93b2-ad55ab592d98 service placement] found 2 providers after filtering by previous result {{(pid=101711) get_provider_ids_matching /opt/stack/placement/placement/objects/research_context.py:580}}
Sep 15 02:59:36.703803 chdv-809060-1 devstack@placement-api.service[101711]: DEBUG placement.objects.research_context [req-be06218f-c5ce-44ab-9a37-1dece8949427 req-97ebf151-12f6-4fe4-93b2-ad55ab592d98 service placement] found 2 providers with available 1 VCPU {{(pid=101711) get_provider_ids_matching /opt/stack/placement/placement/objects/research_context.py:549}}
Sep 15 02:59:36.705768 chdv-809060-1 devstack@placement-api.service[101711]: DEBUG placement.objects.research_context [req-be06218f-c5ce-44ab-9a37-1dece8949427 req-97ebf151-12f6-4fe4-93b2-ad55ab592d98 service placement] found 2 providers after filtering by previous result {{(pid=101711) get_provider_ids_matching /opt/stack/placement/placement/objects/research_context.py:580}}
Sep 15 02:59:36.736072 chdv-809060-1 devstack@placement-api.service[101711]: DEBUG placement.objects.allocation_candidate [req-be06218f-c5ce-44ab-9a37-1dece8949427 req-97ebf151-12f6-4fe4-93b2-ad55ab592d98 service placement] RequestGroup(use_same_provider=False, resources={DISK_GB:1, MEMORY_MB:1024, VCPU:1}, traits=[], aggregates=[]) (suffix '') returned 2 matches {{(pid=101711) _get_by_requests /opt/stack/placement/placement/objects/allocation_candidate.py:145}}
Sep 15 02:59:36.736667 chdv-809060-1 devstack@placement-api.service[101711]: DEBUG placement.objects.allocation_candidate [req-be06218f-c5ce-44ab-9a37-1dece8949427 req-97ebf151-12f6-4fe4-93b2-ad55ab592d98 service placement] Merging candidates yields 2 allocation requests and 2 provider summaries {{(pid=101711) _merge_candidates /opt/stack/placement/placement/objects/allocation_candidate.py:783}}
Sep 15 02:59:36.738814 chdv-809060-1 devstack@placement-api.service[101711]: INFO placement.requestlog [req-be06218f-c5ce-44ab-9a37-1dece8949427 req-97ebf151-12f6-4fe4-93b2-ad55ab592d98 service placement] 10.222.0.43 "GET /placement/allocation_candidates?limit=1000&resources=DISK_GB%3A1%2CMEMORY_MB%3A1024%2CVCPU%3A1&root_required=%21COMPUTE_STATUS_DISABLED" status: 200 len: 1309 microversion: 1.36
Sep 15 02:59:36.739226 chdv-809060-1 devstack@placement-api.service[101711]: [pid: 101711|app: 0|req: 197/394] 10.222.0.43 () {60 vars in 1507 bytes} [Wed Sep 15 02:59:36 2021] GET /placement/allocation_candidates?limit=1000&resources=DISK_GB%3A1%2CMEMORY_MB%3A1024%2CVCPU%3A1&root_required=%21COMPUTE_STATUS_DISABLED => generated 1309 bytes in 92 msecs (HTTP/1.1 200) 8 headers in 297 bytes (1 switches on core 0)
Sep 15 02:59:36.808065 chdv-809060-1 devstack@placement-api.service[101710]: DEBUG placement.requestlog [req-be06218f-c5ce-44ab-9a37-1dece8949427 req-a9f25806-debf-4e63-b9b9-7ccc5e24563e None None] Starting request: 10.222.0.43 "GET /placement/allocations/78cd83de-ebc7-472e-95a5-c432956660fd" {{(pid=101710) __call__ /opt/stack/placement/placement/requestlog.py:55}}
Sep 15 02:59:36.823686 chdv-809060-1 devstack@placement-api.service[101710]: INFO placement.requestlog [req-be06218f-c5ce-44ab-9a37-1dece8949427 req-a9f25806-debf-4e63-b9b9-7ccc5e24563e service placement] 10.222.0.43 "GET /placement/allocations/78cd83de-ebc7-472e-95a5-c432956660fd" status: 200 len: 19 microversion: 1.28
Sep 15 02:59:36.830820 chdv-809060-1 devstack@placement-api.service[101710]: [pid: 101710|app: 0|req: 198/395] 10.222.0.43 () {60 vars in 1381 bytes} [Wed Sep 15 02:59:36 2021] GET /placement/allocations/78cd83de-ebc7-472e-95a5-c432956660fd => generated 19 bytes in 23 msecs (HTTP/1.1 200) 8 headers in 295 bytes (1 switches on core 0)
Sep 15 02:59:36.833820 chdv-809060-1 devstack@placement-api.service[101711]: DEBUG placement.requestlog [req-be06218f-c5ce-44ab-9a37-1dece8949427 req-0ac942b0-219c-48d3-b277-6dd8893e249a None None] Starting request: 10.222.0.43 "PUT /placement/allocations/78cd83de-ebc7-472e-95a5-c432956660fd" {{(pid=101711) __call__ /opt/stack/placement/placement/requestlog.py:55}}
Sep 15 02:59:36.897010 chdv-809060-1 devstack@placement-api.service[101711]: DEBUG placement.handlers.allocation [req-be06218f-c5ce-44ab-9a37-1dece8949427 req-0ac942b0-219c-48d3-b277-6dd8893e249a service placement] Successfully wrote allocations [, , ] {{(pid=101711) _update_consumers_and_create_allocations /opt/stack/placement/placement/handlers/allocation.py:462}}
Sep 15 02:59:36.901837 chdv-809060-1 devstack@placement-api.service[101711]: INFO placement.requestlog [req-be06218f-c5ce-44ab-9a37-1dece8949427 req-0ac942b0-219c-48d3-b277-6dd8893e249a service placement] 10.222.0.43 "PUT /placement/allocations/78cd83de-ebc7-472e-95a5-c432956660fd" status: 204 len: 0 microversion: 1.36
Sep 15 02:59:36.902567 chdv-809060-1 devstack@placement-api.service[101711]: [pid: 101711|app: 0|req: 198/396] 10.222.0.43 () {64 vars in 1434 bytes} [Wed Sep 15 02:59:36 2021] PUT /placement/allocations/78cd83de-ebc7-472e-95a5-c432956660fd => generated 0 bytes in 69 msecs (HTTP/1.1 204) 5 headers in 199 bytes (1 switches on core 0)
Sep 15 02:59:37.246231 chdv-809060-1 devstack@placement-api.service[101710]: DEBUG placement.requestlog [req-be06218f-c5ce-44ab-9a37-1dece8949427 req-ba22bfc7-a4f5-4205-9550-179f8517952a None None] Starting request: 10.222.0.42 "GET /placement/allocations/78cd83de-ebc7-472e-95a5-c432956660fd" {{(pid=101710) __call__ /opt/stack/placement/placement/requestlog.py:55}}
Sep 15 02:59:37.270688 chdv-809060-1 devstack@placement-api.service[101710]: INFO placement.requestlog [req-be06218f-c5ce-44ab-9a37-1dece8949427 req-ba22bfc7-a4f5-4205-9550-179f8517952a service placement] 10.222.0.42 "GET /placement/allocations/78cd83de-ebc7-472e-95a5-c432956660fd" status: 200 len: 259 microversion: 1.28
Sep 15 02:59:37.271282 chdv-809060-1 devstack@placement-api.service[101710]: [pid: 101710|app: 0|req: 199/397] 10.222.0.42 () {60 vars in 1378 bytes} [Wed Sep 15 02:59:37 2021] GET /placement/allocations/78cd83de-ebc7-472e-95a5-c432956660fd => generated 259 bytes in 25 msecs (HTTP/1.1 200) 8 headers in 296 bytes (1 switches on core 0)
Sep 15 02:59:37.598168 chdv-809060-1 devstack@placement-api.service[101711]: DEBUG placement.requestlog [req-2f1d9586-d363-41ca-a35c-f431c58a12d7 req-4b57597c-910d-44a6-abcf-366e3ed890de None None] Starting request: 10.222.0.36 "GET /placement/resource_providers/8709a295-77a2-4006-8cac-75b2e871c5ba/allocations" {{(pid=101711) __call__ /opt/stack/placement/placement/requestlog.py:55}}
Sep 15 02:59:37.625328 chdv-809060-1 devstack@placement-api.service[101711]: INFO placement.requestlog [req-2f1d9586-d363-41ca-a35c-f431c58a12d7 req-4b57597c-910d-44a6-abcf-366e3ed890de service placement] 10.222.0.36 "GET /placement/resource_providers/8709a295-77a2-4006-8cac-75b2e871c5ba/allocations" status: 200 len: 861 microversion: 1.0
Sep 15 02:59:37.626707 chdv-809060-1 devstack@placement-api.service[101711]: [pid: 101711|app: 0|req: 199/398] 10.222.0.36 () {58 vars in 1391 bytes} [Wed Sep 15 02:59:37 2021] GET /placement/resource_providers/8709a295-77a2-4006-8cac-75b2e871c5ba/allocations => generated 861 bytes in 29 msecs (HTTP/1.1 200) 6 headers in 224 bytes (1 switches on core 0)
Sep 15 02:59:38.588755 chdv-809060-1 devstack@placement-api.service[101710]: DEBUG placement.requestlog [None req-5ebd3940-93a1-44ac-95e4-250c602a2d1e None None] Starting request: 10.222.0.43 "GET /placement/" {{(pid=101710) __call__ /opt/stack/placement/placement/requestlog.py:55}}
Sep 15 02:59:38.589801 chdv-809060-1 devstack@placement-api.service[101710]: INFO placement.requestlog [None req-5ebd3940-93a1-44ac-95e4-250c602a2d1e None None] 10.222.0.43 "GET /placement/" status: 200 len: 136 microversion: 1.0
Sep 15 02:59:38.590189 chdv-809060-1 devstack@placement-api.service[101710]: [pid: 101710|app: 0|req: 200/399] 10.222.0.43 () {54 vars in 916 bytes} [Wed Sep 15 02:59:38 2021] GET /placement => generated 136 bytes in 2 msecs (HTTP/1.1 200) 6 headers in 224 bytes (1 switches on core 0)
Sep 15 02:59:38.606432 chdv-809060-1 devstack@placement-api.service[101711]: DEBUG placement.requestlog [req-2bc81702-c78a-4965-b0e1-79a9ddc61164 req-9c6c05b7-c442-4c1a-a17f-ef3aef2092b7 None None] Starting request: 10.222.0.43 "GET /placement/allocations/f1d6657d-a3d8-403e-9e2b-01ab5aca0940" {{(pid=101711) __call__ /opt/stack/placement/placement/requestlog.py:55}}
Sep 15 02:59:38.746151 chdv-809060-1 devstack@placement-api.service[101711]: INFO placement.requestlog [req-2bc81702-c78a-4965-b0e1-79a9ddc61164 req-9c6c05b7-c442-4c1a-a17f-ef3aef2092b7 service placement] 10.222.0.43 "GET /placement/allocations/f1d6657d-a3d8-403e-9e2b-01ab5aca0940" status: 200 len: 259 microversion: 1.28
Sep 15 02:59:38.753966 chdv-809060-1 devstack@placement-api.service[101710]: DEBUG placement.requestlog [req-2bc81702-c78a-4965-b0e1-79a9ddc61164 req-83c565f6-0e16-4124-947d-8193f584fd50 None None] Starting request: 10.222.0.43 "GET /placement/allocations/f1d6657d-a3d8-403e-9e2b-01ab5aca0940" {{(pid=101710) __call__ /opt/stack/placement/placement/requestlog.py:55}}
Sep 15 02:59:38.767031 chdv-809060-1 devstack@placement-api.service[101711]: [pid: 101711|app: 0|req: 200/400] 10.222.0.43 () {60 vars in 1381 bytes} [Wed Sep 15 02:59:38 2021] GET /placement/allocations/f1d6657d-a3d8-403e-9e2b-01ab5aca0940 => generated 259 bytes in 160 msecs (HTTP/1.1 200) 8 headers in 296 bytes (1 switches on core 0)
Sep 15 02:59:38.777378 chdv-809060-1 devstack@placement-api.service[101710]: INFO placement.requestlog [req-2bc81702-c78a-4965-b0e1-79a9ddc61164 req-83c565f6-0e16-4124-947d-8193f584fd50 service placement] 10.222.0.43 "GET /placement/allocations/f1d6657d-a3d8-403e-9e2b-01ab5aca0940" status: 200 len: 259 microversion: 1.28
Sep 15 02:59:38.784518 chdv-809060-1 devstack@placement-api.service[101710]: [pid: 101710|app: 0|req: 201/401] 10.222.0.43 () {60 vars in 1381 bytes} [Wed Sep 15 02:59:38 2021] GET /placement/allocations/f1d6657d-a3d8-403e-9e2b-01ab5aca0940 => generated 259 bytes in 31 msecs (HTTP/1.1 200) 8 headers in 296 bytes (1 switches on core 0)
Sep 15 02:59:38.785739 chdv-809060-1 devstack@placement-api.service[101711]: DEBUG placement.requestlog [req-2bc81702-c78a-4965-b0e1-79a9ddc61164 req-3a81e12d-2868-4e2c-b473-60cf8e062aac None None] Starting request: 10.222.0.43 "GET /placement/allocations/58cf742f-d81b-4855-8346-558c977edbb5" {{(pid=101711) __call__ /opt/stack/placement/placement/requestlog.py:55}}
Sep 15 02:59:38.799787 chdv-809060-1 devstack@placement-api.service[101711]: INFO placement.requestlog [req-2bc81702-c78a-4965-b0e1-79a9ddc61164 req-3a81e12d-2868-4e2c-b473-60cf8e062aac service placement] 10.222.0.43 "GET /placement/allocations/58cf742f-d81b-4855-8346-558c977edbb5" status: 200 len: 19 microversion: 1.28
Sep 15 02:59:38.800650 chdv-809060-1 devstack@placement-api.service[101711]: [pid: 101711|app: 0|req: 201/402] 10.222.0.43 () {60 vars in 1381 bytes} [Wed Sep 15 02:59:38 2021] GET /placement/allocations/58cf742f-d81b-4855-8346-558c977edbb5 => generated 19 bytes in 15 msecs (HTTP/1.1 200) 8 headers in 295 bytes (1 switches on core 0)
