Sep 15 03:02:40.718657 chdv-809060-1 devstack@placement-api.service[101711]: [pid: 101711|app: 0|req: 287/575] 10.222.0.36 () {64 vars in 1321 bytes} [Wed Sep 15 03:02:40 2021] POST /placement/allocations => generated 0 bytes in 85 msecs (HTTP/1.1 204) 5 headers in 199 bytes (1 switches on core 0)
Sep 15 03:02:42.464738 chdv-809060-1 devstack@placement-api.service[101710]: DEBUG placement.requestlog [req-e2d34f33-a214-4c4d-84d3-5efe2bd0f557 req-4895a8fc-4628-488b-8610-edb6ae461af1 None None] Starting request: 10.222.0.36 "GET /placement/resource_providers/8709a295-77a2-4006-8cac-75b2e871c5ba/allocations" {{(pid=101710) __call__ /opt/stack/placement/placement/requestlog.py:55}}
Sep 15 03:02:42.502244 chdv-809060-1 devstack@placement-api.service[101710]: INFO placement.requestlog [req-e2d34f33-a214-4c4d-84d3-5efe2bd0f557 req-4895a8fc-4628-488b-8610-edb6ae461af1 service placement] 10.222.0.36 "GET /placement/resource_providers/8709a295-77a2-4006-8cac-75b2e871c5ba/allocations" status: 200 len: 658 microversion: 1.0
Sep 15 03:02:42.502749 chdv-809060-1 devstack@placement-api.service[101710]: [pid: 101710|app: 0|req: 289/576] 10.222.0.36 () {58 vars in 1391 bytes} [Wed Sep 15 03:02:42 2021] GET /placement/resource_providers/8709a295-77a2-4006-8cac-75b2e871c5ba/allocations => generated 658 bytes in 38 msecs (HTTP/1.1 200) 6 headers in 224 bytes (1 switches on core 0)
Sep 15 03:02:48.146325 chdv-809060-1 devstack@placement-api.service[101711]: DEBUG placement.requestlog [req-ca29fa14-71e7-4bcc-94e3-94b6ff3bb567 req-a0c62d57-926f-40f2-9bba-e5b753b345f7 None None] Starting request: 10.222.0.36 "DELETE /placement/allocations/cae88307-a3dd-44d1-bbd1-a2f9fb9cc153" {{(pid=101711) __call__ /opt/stack/placement/placement/requestlog.py:55}}
Sep 15 03:02:48.178641 chdv-809060-1 devstack@placement-api.service[101711]: DEBUG placement.handlers.allocation [req-ca29fa14-71e7-4bcc-94e3-94b6ff3bb567 req-a0c62d57-926f-40f2-9bba-e5b753b345f7 service placement] Successfully deleted allocations [, , ] {{(pid=101711) delete_allocations /opt/stack/placement/placement/handlers/allocation.py:627}}
Sep 15 03:02:48.179410 chdv-809060-1 devstack@placement-api.service[101711]: INFO placement.requestlog [req-ca29fa14-71e7-4bcc-94e3-94b6ff3bb567 req-a0c62d57-926f-40f2-9bba-e5b753b345f7 service placement] 10.222.0.36 "DELETE /placement/allocations/cae88307-a3dd-44d1-bbd1-a2f9fb9cc153" status: 204 len: 0 microversion: 1.0
Sep 15 03:02:48.179897 chdv-809060-1 devstack@placement-api.service[101711]: [pid: 101711|app: 0|req: 288/577] 10.222.0.36 () {60 vars in 1356 bytes} [Wed Sep 15 03:02:48 2021] DELETE /placement/allocations/cae88307-a3dd-44d1-bbd1-a2f9fb9cc153 => generated 0 bytes in 34 msecs (HTTP/1.1 204) 5 headers in 198 bytes (2 switches on core 0)
Sep 15 03:02:50.318130 chdv-809060-1 devstack@placement-api.service[101710]: DEBUG placement.requestlog [req-c4a8eb68-cb94-477a-b377-4a39577ee3a2 req-ff1a296a-c011-4f77-b94b-f905597a4434 None None] Starting request: 10.222.0.36 "DELETE /placement/allocations/78d14a11-973d-48a3-b96c-dc78c56e7304" {{(pid=101710) __call__ /opt/stack/placement/placement/requestlog.py:55}}
Sep 15 03:02:50.355117 chdv-809060-1 devstack@placement-api.service[101710]: DEBUG placement.handlers.allocation [req-c4a8eb68-cb94-477a-b377-4a39577ee3a2 req-ff1a296a-c011-4f77-b94b-f905597a4434 service placement] Successfully deleted allocations [, , ] {{(pid=101710) delete_allocations /opt/stack/placement/placement/handlers/allocation.py:627}}
Sep 15 03:02:50.356001 chdv-809060-1 devstack@placement-api.service[101710]: INFO placement.requestlog [req-c4a8eb68-cb94-477a-b377-4a39577ee3a2 req-ff1a296a-c011-4f77-b94b-f905597a4434 service placement] 10.222.0.36 "DELETE /placement/allocations/78d14a11-973d-48a3-b96c-dc78c56e7304" status: 204 len: 0 microversion: 1.0
Sep 15 03:02:50.356922 chdv-809060-1 devstack@placement-api.service[101710]: [pid: 101710|app: 0|req: 290/578] 10.222.0.36 () {60 vars in 1356 bytes} [Wed Sep 15 03:02:50 2021] DELETE /placement/allocations/78d14a11-973d-48a3-b96c-dc78c56e7304 => generated 0 bytes in 39 msecs (HTTP/1.1 204) 5 headers in 198 bytes (1 switches on core 0)
Sep 15 03:02:51.406697 chdv-809060-1 devstack@placement-api.service[101711]: DEBUG placement.requestlog [req-99fb8f96-ce7a-4ca7-af28-7a2f83c30c87 req-265ef136-a232-4835-8afb-547a4928f714 None None] Starting request: 10.222.0.42 "DELETE /placement/allocations/a27486c8-d02a-4b54-ae65-be2d6261f252" {{(pid=101711) __call__ /opt/stack/placement/placement/requestlog.py:55}}
Sep 15 03:02:51.438612 chdv-809060-1 devstack@placement-api.service[101711]: DEBUG placement.handlers.allocation [req-99fb8f96-ce7a-4ca7-af28-7a2f83c30c87 req-265ef136-a232-4835-8afb-547a4928f714 service placement] Successfully deleted allocations [, , ] {{(pid=101711) delete_allocations /opt/stack/placement/placement/handlers/allocation.py:627}}
Sep 15 03:02:51.439241 chdv-809060-1 devstack@placement-api.service[101711]: INFO placement.requestlog [req-99fb8f96-ce7a-4ca7-af28-7a2f83c30c87 req-265ef136-a232-4835-8afb-547a4928f714 service placement] 10.222.0.42 "DELETE /placement/allocations/a27486c8-d02a-4b54-ae65-be2d6261f252" status: 204 len: 0 microversion: 1.0
Sep 15 03:02:51.439768 chdv-809060-1 devstack@placement-api.service[101711]: [pid: 101711|app: 0|req: 289/579] 10.222.0.42 () {60 vars in 1356 bytes} [Wed Sep 15 03:02:51 2021] DELETE /placement/allocations/a27486c8-d02a-4b54-ae65-be2d6261f252 => generated 0 bytes in 33 msecs (HTTP/1.1 204) 5 headers in 198 bytes (1 switches on core 0)
Sep 15 03:02:54.570447 chdv-809060-1 devstack@placement-api.service[101710]: DEBUG placement.requestlog [req-89e6f753-da90-47c3-9bf2-fae24a7c3ad4 req-e1670c2e-ba0b-434f-8950-f66c0171f3c3 None None] Starting request: 10.222.0.42 "DELETE /placement/allocations/b05e7ac5-8c8a-408a-a1fa-299131a4b899" {{(pid=101710) __call__ /opt/stack/placement/placement/requestlog.py:55}}
Sep 15 03:02:54.615324 chdv-809060-1 devstack@placement-api.service[101710]: DEBUG placement.handlers.allocation [req-89e6f753-da90-47c3-9bf2-fae24a7c3ad4 req-e1670c2e-ba0b-434f-8950-f66c0171f3c3 service placement] Successfully deleted allocations [, , ] {{(pid=101710) delete_allocations /opt/stack/placement/placement/handlers/allocation.py:627}}
Sep 15 03:02:54.616173 chdv-809060-1 devstack@placement-api.service[101710]: INFO placement.requestlog [req-89e6f753-da90-47c3-9bf2-fae24a7c3ad4 req-e1670c2e-ba0b-434f-8950-f66c0171f3c3 service placement] 10.222.0.42 "DELETE /placement/allocations/b05e7ac5-8c8a-408a-a1fa-299131a4b899" status: 204 len: 0 microversion: 1.0
Sep 15 03:02:54.617075 chdv-809060-1 devstack@placement-api.service[101710]: [pid: 101710|app: 0|req: 291/580] 10.222.0.42 () {60 vars in 1356 bytes} [Wed Sep 15 03:02:54 2021] DELETE /placement/allocations/b05e7ac5-8c8a-408a-a1fa-299131a4b899 => generated 0 bytes in 47 msecs (HTTP/1.1 204) 5 headers in 198 bytes (1 switches on core 0)
Sep 15 03:02:55.121503 chdv-809060-1 devstack@placement-api.service[101711]: DEBUG placement.requestlog [req-f90a93ad-cb4a-4f1f-bba9-180fc72bdb60 req-f780b12c-fe45-4358-a61f-7d155c39c938 None None] Starting request: 10.222.0.43 "GET /placement/allocation_candidates?limit=1000&resources=DISK_GB%3A1%2CMEMORY_MB%3A1024%2CVCPU%3A1&root_required=%21COMPUTE_STATUS_DISABLED" {{(pid=101711) __call__ /opt/stack/placement/placement/requestlog.py:55}}
Sep 15 03:02:55.413762 chdv-809060-1 devstack@placement-api.service[101711]: DEBUG placement.objects.research_context [req-f90a93ad-cb4a-4f1f-bba9-180fc72bdb60 req-f780b12c-fe45-4358-a61f-7d155c39c938 service placement] getting providers with 1 DISK_GB {{(pid=101711) __init__ /opt/stack/placement/placement/objects/research_context.py:126}}
Sep 15 03:02:55.429495 chdv-809060-1 devstack@placement-api.service[101711]: DEBUG placement.objects.research_context [req-f90a93ad-cb4a-4f1f-bba9-180fc72bdb60 req-f780b12c-fe45-4358-a61f-7d155c39c938 service placement] getting providers with 1024 MEMORY_MB {{(pid=101711) __init__ /opt/stack/placement/placement/objects/research_context.py:126}}
Sep 15 03:02:55.447759 chdv-809060-1 devstack@placement-api.service[101711]: DEBUG placement.objects.research_context [req-f90a93ad-cb4a-4f1f-bba9-180fc72bdb60 req-f780b12c-fe45-4358-a61f-7d155c39c938 service placement] getting providers with 1 VCPU {{(pid=101711) __init__ /opt/stack/placement/placement/objects/research_context.py:126}}
Sep 15 03:02:55.456182 chdv-809060-1 devstack@placement-api.service[101711]: DEBUG placement.objects.research_context [req-f90a93ad-cb4a-4f1f-bba9-180fc72bdb60 req-f780b12c-fe45-4358-a61f-7d155c39c938 service placement] found 2 providers with available 1 DISK_GB {{(pid=101711) get_provider_ids_matching /opt/stack/placement/placement/objects/research_context.py:549}}
Sep 15 03:02:55.456484 chdv-809060-1 devstack@placement-api.service[101711]: DEBUG placement.objects.research_context [req-f90a93ad-cb4a-4f1f-bba9-180fc72bdb60 req-f780b12c-fe45-4358-a61f-7d155c39c938 service placement] found 2 providers with available 1024 MEMORY_MB {{(pid=101711) get_provider_ids_matching /opt/stack/placement/placement/objects/research_context.py:549}}
Sep 15 03:02:55.456755 chdv-809060-1 devstack@placement-api.service[101711]: DEBUG placement.objects.research_context [req-f90a93ad-cb4a-4f1f-bba9-180fc72bdb60 req-f780b12c-fe45-4358-a61f-7d155c39c938 service placement] found 2 providers after filtering by previous result {{(pid=101711) get_provider_ids_matching /opt/stack/placement/placement/objects/research_context.py:580}}
Sep 15 03:02:55.457525 chdv-809060-1 devstack@placement-api.service[101711]: DEBUG placement.objects.research_context [req-f90a93ad-cb4a-4f1f-bba9-180fc72bdb60 req-f780b12c-fe45-4358-a61f-7d155c39c938 service placement] found 2 providers with available 1 VCPU {{(pid=101711) get_provider_ids_matching /opt/stack/placement/placement/objects/research_context.py:549}}
Sep 15 03:02:55.457795 chdv-809060-1 devstack@placement-api.service[101711]: DEBUG placement.objects.research_context [req-f90a93ad-cb4a-4f1f-bba9-180fc72bdb60 req-f780b12c-fe45-4358-a61f-7d155c39c938 service placement] found 2 providers after filtering by previous result {{(pid=101711) get_provider_ids_matching /opt/stack/placement/placement/objects/research_context.py:580}}
Sep 15 03:02:55.481113 chdv-809060-1 devstack@placement-api.service[101711]: DEBUG placement.objects.allocation_candidate [req-f90a93ad-cb4a-4f1f-bba9-180fc72bdb60 req-f780b12c-fe45-4358-a61f-7d155c39c938 service placement] RequestGroup(use_same_provider=False, resources={DISK_GB:1, MEMORY_MB:1024, VCPU:1}, traits=[], aggregates=[]) (suffix '') returned 2 matches {{(pid=101711) _get_by_requests /opt/stack/placement/placement/objects/allocation_candidate.py:145}}
Sep 15 03:02:55.482237 chdv-809060-1 devstack@placement-api.service[101711]: DEBUG placement.objects.allocation_candidate [req-f90a93ad-cb4a-4f1f-bba9-180fc72bdb60 req-f780b12c-fe45-4358-a61f-7d155c39c938 service placement] Merging candidates yields 2 allocation requests and 2 provider summaries {{(pid=101711) _merge_candidates /opt/stack/placement/placement/objects/allocation_candidate.py:783}}
Sep 15 03:02:55.491505 chdv-809060-1 devstack@placement-api.service[101711]: INFO placement.requestlog [req-f90a93ad-cb4a-4f1f-bba9-180fc72bdb60 req-f780b12c-fe45-4358-a61f-7d155c39c938 service placement] 10.222.0.43 "GET /placement/allocation_candidates?limit=1000&resources=DISK_GB%3A1%2CMEMORY_MB%3A1024%2CVCPU%3A1&root_required=%21COMPUTE_STATUS_DISABLED" status: 200 len: 1309 microversion: 1.36
Sep 15 03:02:55.491971 chdv-809060-1 devstack@placement-api.service[101711]: [pid: 101711|app: 0|req: 290/581] 10.222.0.43 () {60 vars in 1507 bytes} [Wed Sep 15 03:02:55 2021] GET /placement/allocation_candidates?limit=1000&resources=DISK_GB%3A1%2CMEMORY_MB%3A1024%2CVCPU%3A1&root_required=%21COMPUTE_STATUS_DISABLED => generated 1309 bytes in 371 msecs (HTTP/1.1 200) 8 headers in 297 bytes (2 switches on core 0)
Sep 15 03:02:55.632578 chdv-809060-1 devstack@placement-api.service[101710]: DEBUG placement.requestlog [req-f90a93ad-cb4a-4f1f-bba9-180fc72bdb60 req-fd441076-a996-44ee-97b8-05c933150733 None None] Starting request: 10.222.0.43 "GET /placement/allocations/9347290f-6567-4fc3-a240-a27027083161" {{(pid=101710) __call__ /opt/stack/placement/placement/requestlog.py:55}}
Sep 15 03:02:55.653004 chdv-809060-1 devstack@placement-api.service[101710]: INFO placement.requestlog [req-f90a93ad-cb4a-4f1f-bba9-180fc72bdb60 req-fd441076-a996-44ee-97b8-05c933150733 service placement] 10.222.0.43 "GET /placement/allocations/9347290f-6567-4fc3-a240-a27027083161" status: 200 len: 19 microversion: 1.28
Sep 15 03:02:55.656436 chdv-809060-1 devstack@placement-api.service[101710]: [pid: 101710|app: 0|req: 292/582] 10.222.0.43 () {60 vars in 1381 bytes} [Wed Sep 15 03:02:55 2021] GET /placement/allocations/9347290f-6567-4fc3-a240-a27027083161 => generated 19 bytes in 24 msecs (HTTP/1.1 200) 8 headers in 295 bytes (1 switches on core 0)
Sep 15 03:02:55.663365 chdv-809060-1 devstack@placement-api.service[101711]: DEBUG placement.requestlog [req-f90a93ad-cb4a-4f1f-bba9-180fc72bdb60 req-1c077341-af35-4f68-9984-f9ec78be3b62 None None] Starting request: 10.222.0.43 "PUT /placement/allocations/9347290f-6567-4fc3-a240-a27027083161" {{(pid=101711) __call__ /opt/stack/placement/placement/requestlog.py:55}}
Sep 15 03:02:55.789600 chdv-809060-1 devstack@placement-api.service[101711]: DEBUG placement.handlers.allocation [req-f90a93ad-cb4a-4f1f-bba9-180fc72bdb60 req-1c077341-af35-4f68-9984-f9ec78be3b62 service placement] Successfully wrote allocations [, , ] {{(pid=101711) _update_consumers_and_create_allocations /opt/stack/placement/placement/handlers/allocation.py:462}}
Sep 15 03:02:55.798884 chdv-809060-1 devstack@placement-api.service[101711]: INFO placement.requestlog [req-f90a93ad-cb4a-4f1f-bba9-180fc72bdb60 req-1c077341-af35-4f68-9984-f9ec78be3b62 service placement] 10.222.0.43 "PUT /placement/allocations/9347290f-6567-4fc3-a240-a27027083161" status: 204 len: 0 microversion: 1.36
Sep 15 03:02:55.799926 chdv-809060-1 devstack@placement-api.service[101711]: [pid: 101711|app: 0|req: 291/583] 10.222.0.43 () {64 vars in 1434 bytes} [Wed Sep 15 03:02:55 2021] PUT /placement/allocations/9347290f-6567-4fc3-a240-a27027083161 => generated 0 bytes in 137 msecs (HTTP/1.1 204) 5 headers in 199 bytes (1 switches on core 0)
Sep 15 03:02:56.456438 chdv-809060-1 devstack@placement-api.service[101710]: DEBUG placement.requestlog [req-f90a93ad-cb4a-4f1f-bba9-180fc72bdb60 req-f29e61fc-fb77-4833-8985-e296b6d70769 None None] Starting request: 10.222.0.36 "GET /placement/allocations/9347290f-6567-4fc3-a240-a27027083161" {{(pid=101710) __call__ /opt/stack/placement/placement/requestlog.py:55}}
Sep 15 03:02:56.481997 chdv-809060-1 devstack@placement-api.service[101710]: INFO placement.requestlog [req-f90a93ad-cb4a-4f1f-bba9-180fc72bdb60 req-f29e61fc-fb77-4833-8985-e296b6d70769 service placement] 10.222.0.36 "GET /placement/allocations/9347290f-6567-4fc3-a240-a27027083161" status: 200 len: 259 microversion: 1.28
Sep 15 03:02:56.482246 chdv-809060-1 devstack@placement-api.service[101710]: [pid: 101710|app: 0|req: 293/584] 10.222.0.36 () {60 vars in 1378 bytes} [Wed Sep 15 03:02:56 2021] GET /placement/allocations/9347290f-6567-4fc3-a240-a27027083161 => generated 259 bytes in 26 msecs (HTTP/1.1 200) 8 headers in 296 bytes (2 switches on core 0)
Sep 15 03:02:57.440107 chdv-809060-1 devstack@placement-api.service[101711]: DEBUG placement.requestlog [req-ef3e8362-401d-4fbd-965f-06c1a1db40e6 req-787d34b8-4c99-473c-98be-744d8a0edc28 None None] Starting request: 10.222.0.42 "DELETE /placement/allocations/1f6d52c5-a26b-4a1f-b337-223c190e95b8" {{(pid=101711) __call__ /opt/stack/placement/placement/requestlog.py:55}}
Sep 15 03:02:57.491966 chdv-809060-1 devstack@placement-api.service[101711]: DEBUG placement.handlers.allocation [req-ef3e8362-401d-4fbd-965f-06c1a1db40e6 req-787d34b8-4c99-473c-98be-744d8a0edc28 service placement] Successfully deleted allocations [, , ] {{(pid=101711) delete_allocations /opt/stack/placement/placement/handlers/allocation.py:627}}
Sep 15 03:02:57.492675 chdv-809060-1 devstack@placement-api.service[101711]: INFO placement.requestlog [req-ef3e8362-401d-4fbd-965f-06c1a1db40e6 req-787d34b8-4c99-473c-98be-744d8a0edc28 service placement] 10.222.0.42 "DELETE /placement/allocations/1f6d52c5-a26b-4a1f-b337-223c190e95b8" status: 204 len: 0 microversion: 1.0
Sep 15 03:02:57.493089 chdv-809060-1 devstack@placement-api.service[101711]: [pid: 101711|app: 0|req: 292/585] 10.222.0.42 () {60 vars in 1356 bytes} [Wed Sep 15 03:02:57 2021] DELETE /placement/allocations/1f6d52c5-a26b-4a1f-b337-223c190e95b8 => generated 0 bytes in 53 msecs (HTTP/1.1 204) 5 headers in 198 bytes (1 switches on core 0)
Sep 15 03:02:59.663358 chdv-809060-1 devstack@placement-api.service[101710]: DEBUG placement.requestlog [req-a34ea439-0250-4804-a7d9-8e4ab3b517e9 req-01487284-640d-4bee-b46b-11a17b86fdea None None] Starting request: 10.222.0.36 "DELETE /placement/allocations/f1d6657d-a3d8-403e-9e2b-01ab5aca0940" {{(pid=101710) __call__ /opt/stack/placement/placement/requestlog.py:55}}
Sep 15 03:02:59.695209 chdv-809060-1 devstack@placement-api.service[101710]: DEBUG placement.handlers.allocation [req-a34ea439-0250-4804-a7d9-8e4ab3b517e9 req-01487284-640d-4bee-b46b-11a17b86fdea service placement] Successfully deleted allocations [, , ] {{(pid=101710) delete_allocations /opt/stack/placement/placement/handlers/allocation.py:627}}
Sep 15 03:02:59.696173 chdv-809060-1 devstack@placement-api.service[101710]: INFO placement.requestlog [req-a34ea439-0250-4804-a7d9-8e4ab3b517e9 req-01487284-640d-4bee-b46b-11a17b86fdea service placement] 10.222.0.36 "DELETE /placement/allocations/f1d6657d-a3d8-403e-9e2b-01ab5aca0940" status: 204 len: 0 microversion: 1.0
Sep 15 03:02:59.696993 chdv-809060-1 devstack@placement-api.service[101710]: [pid: 101710|app: 0|req: 294/586] 10.222.0.36 () {60 vars in 1356 bytes} [Wed Sep 15 03:02:59 2021] DELETE /placement/allocations/f1d6657d-a3d8-403e-9e2b-01ab5aca0940 => generated 0 bytes in 34 msecs (HTTP/1.1 204) 5 headers in 198 bytes (1 switches on core 0)
Sep 15 03:03:00.889134 chdv-809060-1 devstack@placement-api.service[101711]: DEBUG placement.requestlog [req-02e61463-cc24-4b7a-b769-b9b8898e9a47 req-2bbf919f-496d-4dbf-9518-32e126275ca3 None None] Starting request: 10.222.0.36 "DELETE /placement/allocations/77fbb26a-903a-458d-8523-53b494b5e6f3" {{(pid=101711) __call__ /opt/stack/placement/placement/requestlog.py:55}}
Sep 15 03:03:00.954953 chdv-809060-1 devstack@placement-api.service[101711]: DEBUG placement.handlers.allocation [req-02e61463-cc24-4b7a-b769-b9b8898e9a47 req-2bbf919f-496d-4dbf-9518-32e126275ca3 service placement] Successfully deleted allocations [, , ] {{(pid=101711) delete_allocations /opt/stack/placement/placement/handlers/allocation.py:627}}
Sep 15 03:03:00.955757 chdv-809060-1 devstack@placement-api.service[101711]: INFO placement.requestlog [req-02e61463-cc24-4b7a-b769-b9b8898e9a47 req-2bbf919f-496d-4dbf-9518-32e126275ca3 service placement] 10.222.0.36 "DELETE /placement/allocations/77fbb26a-903a-458d-8523-53b494b5e6f3" status: 204 len: 0 microversion: 1.0
Sep 15 03:03:00.956281 chdv-809060-1 devstack@placement-api.service[101711]: [pid: 101711|app: 0|req: 293/587] 10.222.0.36 () {60 vars in 1356 bytes} [Wed Sep 15 03:03:00 2021] DELETE /placement/allocations/77fbb26a-903a-458d-8523-53b494b5e6f3 => generated 0 bytes in 68 msecs (HTTP/1.1 204) 5 headers in 198 bytes (1 switches on core 0)
Sep 15 03:03:01.897655 chdv-809060-1 devstack@placement-api.service[101710]: DEBUG placement.requestlog [req-ee06ad4e-3a1b-42b6-8742-b3c12e7aeb20 req-aad5b303-7233-4ef0-9f7c-9c766200c82a None None] Starting request: 10.222.0.42 "DELETE /placement/allocations/b9e4f6fa-70ab-460e-af00-33afe694b0b1" {{(pid=101710) __call__ /opt/stack/placement/placement/requestlog.py:55}}
Sep 15 03:03:01.964409 chdv-809060-1 devstack@placement-api.service[101710]: DEBUG placement.handlers.allocation [req-ee06ad4e-3a1b-42b6-8742-b3c12e7aeb20 req-aad5b303-7233-4ef0-9f7c-9c766200c82a service placement] Successfully deleted allocations [, , ] {{(pid=101710) delete_allocations /opt/stack/placement/placement/handlers/allocation.py:627}}
Sep 15 03:03:01.968020 chdv-809060-1 devstack@placement-api.service[101710]: INFO placement.requestlog [req-ee06ad4e-3a1b-42b6-8742-b3c12e7aeb20 req-aad5b303-7233-4ef0-9f7c-9c766200c82a service placement] 10.222.0.42 "DELETE /placement/allocations/b9e4f6fa-70ab-460e-af00-33afe694b0b1" status: 204 len: 0 microversion: 1.0
Sep 15 03:03:01.968629 chdv-809060-1 devstack@placement-api.service[101710]: [pid: 101710|app: 0|req: 295/588] 10.222.0.42 () {60 vars in 1356 bytes} [Wed Sep 15 03:03:01 2021] DELETE /placement/allocations/b9e4f6fa-70ab-460e-af00-33afe694b0b1 => generated 0 bytes in 71 msecs (HTTP/1.1 204) 5 headers in 198 bytes (1 switches on core 0)
Sep 15 03:03:04.045855 chdv-809060-1 devstack@placement-api.service[101711]: DEBUG placement.requestlog [req-b6096919-2f0d-4375-8c6c-69d31b79536e req-159cb0d3-2869-4153-affa-a7fd74e3b8bc None None] Starting request: 10.222.0.43 "GET /placement/allocation_candidates?limit=1000&resources=DISK_GB%3A1%2CMEMORY_MB%3A1024%2CVCPU%3A1&root_required=%21COMPUTE_STATUS_DISABLED" {{(pid=101711) __call__ /opt/stack/placement/placement/requestlog.py:55}}
Sep 15 03:03:04.089824 chdv-809060-1 devstack@placement-api.service[101711]: DEBUG placement.objects.research_context [req-b6096919-2f0d-4375-8c6c-69d31b79536e req-159cb0d3-2869-4153-affa-a7fd74e3b8bc service placement] getting providers with 1 DISK_GB {{(pid=101711) __init__ /opt/stack/placement/placement/objects/research_context.py:126}}
Sep 15 03:03:04.098536 chdv-809060-1 devstack@placement-api.service[101711]: DEBUG placement.objects.research_context [req-b6096919-2f0d-4375-8c6c-69d31b79536e req-159cb0d3-2869-4153-affa-a7fd74e3b8bc service placement] getting providers with 1024 MEMORY_MB {{(pid=101711) __init__ /opt/stack/placement/placement/objects/research_context.py:126}}
Sep 15 03:03:04.105016 chdv-809060-1 devstack@placement-api.service[101711]: DEBUG placement.objects.research_context [req-b6096919-2f0d-4375-8c6c-69d31b79536e req-159cb0d3-2869-4153-affa-a7fd74e3b8bc service placement] getting providers with 1 VCPU {{(pid=101711) __init__ /opt/stack/placement/placement/objects/research_context.py:126}}
Sep 15 03:03:04.113447 chdv-809060-1 devstack@placement-api.service[101711]: DEBUG placement.objects.research_context [req-b6096919-2f0d-4375-8c6c-69d31b79536e req-159cb0d3-2869-4153-affa-a7fd74e3b8bc service placement] found 2 providers with available 1 DISK_GB {{(pid=101711) get_provider_ids_matching /opt/stack/placement/placement/objects/research_context.py:549}}
Sep 15 03:03:04.113870 chdv-809060-1 devstack@placement-api.service[101711]: DEBUG placement.objects.research_context [req-b6096919-2f0d-4375-8c6c-69d31b79536e req-159cb0d3-2869-4153-affa-a7fd74e3b8bc service placement] found 2 providers with available 1024 MEMORY_MB {{(pid=101711) get_provider_ids_matching /opt/stack/placement/placement/objects/research_context.py:549}}
Sep 15 03:03:04.114428 chdv-809060-1 devstack@placement-api.service[101711]: DEBUG placement.objects.research_context [req-b6096919-2f0d-4375-8c6c-69d31b79536e req-159cb0d3-2869-4153-affa-a7fd74e3b8bc service placement] found 2 providers after filtering by previous result {{(pid=101711) get_provider_ids_matching /opt/stack/placement/placement/objects/research_context.py:580}}
Sep 15 03:03:04.114824 chdv-809060-1 devstack@placement-api.service[101711]: DEBUG placement.objects.research_context [req-b6096919-2f0d-4375-8c6c-69d31b79536e req-159cb0d3-2869-4153-affa-a7fd74e3b8bc service placement] found 2 providers with available 1 VCPU {{(pid=101711) get_provider_ids_matching /opt/stack/placement/placement/objects/research_context.py:549}}
Sep 15 03:03:04.115221 chdv-809060-1 devstack@placement-api.service[101711]: DEBUG placement.objects.research_context [req-b6096919-2f0d-4375-8c6c-69d31b79536e req-159cb0d3-2869-4153-affa-a7fd74e3b8bc service placement] found 2 providers after filtering by previous result {{(pid=101711) get_provider_ids_matching /opt/stack/placement/placement/objects/research_context.py:580}}
Sep 15 03:03:04.135629 chdv-809060-1 devstack@placement-api.service[101711]: DEBUG placement.objects.allocation_candidate [req-b6096919-2f0d-4375-8c6c-69d31b79536e req-159cb0d3-2869-4153-affa-a7fd74e3b8bc service placement] RequestGroup(use_same_provider=False, resources={DISK_GB:1, MEMORY_MB:1024, VCPU:1}, traits=[], aggregates=[]) (suffix '') returned 2 matches {{(pid=101711) _get_by_requests /opt/stack/placement/placement/objects/allocation_candidate.py:145}}
Sep 15 03:03:04.136175 chdv-809060-1 devstack@placement-api.service[101711]: DEBUG placement.objects.allocation_candidate [req-b6096919-2f0d-4375-8c6c-69d31b79536e req-159cb0d3-2869-4153-affa-a7fd74e3b8bc service placement] Merging candidates yields 2 allocation requests and 2 provider summaries {{(pid=101711) _merge_candidates /opt/stack/placement/placement/objects/allocation_candidate.py:783}}
Sep 15 03:03:04.138020 chdv-809060-1 devstack@placement-api.service[101711]: INFO placement.requestlog [req-b6096919-2f0d-4375-8c6c-69d31b79536e req-159cb0d3-2869-4153-affa-a7fd74e3b8bc service placement] 10.222.0.43 "GET /placement/allocation_candidates?limit=1000&resources=DISK_GB%3A1%2CMEMORY_MB%3A1024%2CVCPU%3A1&root_required=%21COMPUTE_STATUS_DISABLED" status: 200 len: 1309 microversion: 1.36
Sep 15 03:03:04.151543 chdv-809060-1 devstack@placement-api.service[101710]: DEBUG placement.requestlog [req-9081f58d-b2d8-4988-8b71-c5b92a7c72a6 req-15f7aaab-77f4-4b54-ab1e-54a02e2de972 None None] Starting request: 10.222.0.36 "DELETE /placement/allocations/14228020-edb4-4b5a-8781-90c2c317280d" {{(pid=101710) __call__ /opt/stack/placement/placement/requestlog.py:55}}
Sep 15 03:03:04.155405 chdv-809060-1 devstack@placement-api.service[101711]: [pid: 101711|app: 0|req: 294/589] 10.222.0.43 () {60 vars in 1507 bytes} [Wed Sep 15 03:03:04 2021] GET /placement/allocation_candidates?limit=1000&resources=DISK_GB%3A1%2CMEMORY_MB%3A1024%2CVCPU%3A1&root_required=%21COMPUTE_STATUS_DISABLED => generated 1309 bytes in 109 msecs (HTTP/1.1 200) 8 headers in 297 bytes (1 switches on core 0)
Sep 15 03:03:04.205818 chdv-809060-1 devstack@placement-api.service[101711]: DEBUG placement.requestlog [req-b6096919-2f0d-4375-8c6c-69d31b79536e req-6b0fa357-1c54-4cd4-bec0-6e48836f56e1 None None] Starting request: 10.222.0.43 "GET /placement/allocations/9462463a-614e-45db-a597-445e2194b3b3" {{(pid=101711) __call__ /opt/stack/placement/placement/requestlog.py:55}}
Sep 15 03:03:04.217451 chdv-809060-1 devstack@placement-api.service[101710]: DEBUG placement.handlers.allocation [req-9081f58d-b2d8-4988-8b71-c5b92a7c72a6 req-15f7aaab-77f4-4b54-ab1e-54a02e2de972 service placement] Successfully deleted allocations [, , ] {{(pid=101710) delete_allocations /opt/stack/placement/placement/handlers/allocation.py:627}}
Sep 15 03:03:04.218154 chdv-809060-1 devstack@placement-api.service[101710]: INFO placement.requestlog [req-9081f58d-b2d8-4988-8b71-c5b92a7c72a6 req-15f7aaab-77f4-4b54-ab1e-54a02e2de972 service placement] 10.222.0.36 "DELETE /placement/allocations/14228020-edb4-4b5a-8781-90c2c317280d" status: 204 len: 0 microversion: 1.0
Sep 15 03:03:04.218446 chdv-809060-1 devstack@placement-api.service[101710]: [pid: 101710|app: 0|req: 296/590] 10.222.0.36 () {60 vars in 1356 bytes} [Wed Sep 15 03:03:04 2021] DELETE /placement/allocations/14228020-edb4-4b5a-8781-90c2c317280d => generated 0 bytes in 67 msecs (HTTP/1.1 204) 5 headers in 198 bytes (2 switches on core 0)
Sep 15 03:03:04.223424 chdv-809060-1 devstack@placement-api.service[101711]: INFO placement.requestlog [req-b6096919-2f0d-4375-8c6c-69d31b79536e req-6b0fa357-1c54-4cd4-bec0-6e48836f56e1 service placement] 10.222.0.43 "GET /placement/allocations/9462463a-614e-45db-a597-445e2194b3b3" status: 200 len: 19 microversion: 1.28
Sep 15 03:03:04.229999 chdv-809060-1 devstack@placement-api.service[101711]: [pid: 101711|app: 0|req: 295/591] 10.222.0.43 () {60 vars in 1381 bytes} [Wed Sep 15 03:03:04 2021] GET /placement/allocations/9462463a-614e-45db-a597-445e2194b3b3 => generated 19 bytes in 25 msecs (HTTP/1.1 200) 8 headers in 295 bytes (1 switches on core 0)
Sep 15 03:03:04.238586 chdv-809060-1 devstack@placement-api.service[101710]: DEBUG placement.requestlog [req-b6096919-2f0d-4375-8c6c-69d31b79536e req-39704e95-c12b-4c60-b2b3-57bf6e3cce08 None None] Starting request: 10.222.0.43 "PUT /placement/allocations/9462463a-614e-45db-a597-445e2194b3b3" {{(pid=101710) __call__ /opt/stack/placement/placement/requestlog.py:55}}
Sep 15 03:03:04.330957 chdv-809060-1 devstack@placement-api.service[101710]: DEBUG placement.handlers.allocation [req-b6096919-2f0d-4375-8c6c-69d31b79536e req-39704e95-c12b-4c60-b2b3-57bf6e3cce08 service placement] Successfully wrote allocations [, , ] {{(pid=101710) _update_consumers_and_create_allocations /opt/stack/placement/placement/handlers/allocation.py:462}}
Sep 15 03:03:04.348810 chdv-809060-1 devstack@placement-api.service[101710]: INFO placement.requestlog [req-b6096919-2f0d-4375-8c6c-69d31b79536e req-39704e95-c12b-4c60-b2b3-57bf6e3cce08 service placement] 10.222.0.43 "PUT /placement/allocations/9462463a-614e-45db-a597-445e2194b3b3" status: 204 len: 0 microversion: 1.36
Sep 15 03:03:04.349877 chdv-809060-1 devstack@placement-api.service[101710]: [pid: 101710|app: 0|req: 297/592] 10.222.0.43 () {64 vars in 1434 bytes} [Wed Sep 15 03:03:04 2021] PUT /placement/allocations/9462463a-614e-45db-a597-445e2194b3b3 => generated 0 bytes in 112 msecs (HTTP/1.1 204) 5 headers in 199 bytes (1 switches on core 0)
Sep 15 03:03:04.765814 chdv-809060-1 devstack@placement-api.service[101711]: DEBUG placement.requestlog [None req-446a6f9b-b80f-455c-9cab-22a8e074da7b None None] Starting request: 10.222.0.43 "GET /placement/" {{(pid=101711) __call__ /opt/stack/placement/placement/requestlog.py:55}}
Sep 15 03:03:04.767038 chdv-809060-1 devstack@placement-api.service[101711]: INFO placement.requestlog [None req-446a6f9b-b80f-455c-9cab-22a8e074da7b None None] 10.222.0.43 "GET /placement/" status: 200 len: 136 microversion: 1.0
Sep 15 03:03:04.767721 chdv-809060-1 devstack@placement-api.service[101711]: [pid: 101711|app: 0|req: 296/593] 10.222.0.43 () {54 vars in 907 bytes} [Wed Sep 15 03:03:04 2021] GET /placement => generated 136 bytes in 2 msecs (HTTP/1.1 200) 6 headers in 224 bytes (1 switches on core 0)
Sep 15 03:03:04.784849 chdv-809060-1 devstack@placement-api.service[101710]: DEBUG placement.requestlog [req-237976dd-4d96-4e98-ac00-f254767354ca req-c73779ad-3d1b-44e9-a5c0-231d5bc3f547 None None] Starting request: 10.222.0.43 "DELETE /placement/allocations/9462463a-614e-45db-a597-445e2194b3b3" {{(pid=101710) __call__ /opt/stack/placement/placement/requestlog.py:55}}
Sep 15 03:03:04.983123 chdv-809060-1 devstack@placement-api.service[101710]: DEBUG placement.handlers.allocation [req-237976dd-4d96-4e98-ac00-f254767354ca req-c73779ad-3d1b-44e9-a5c0-231d5bc3f547 service placement] Successfully deleted allocations [, , ] {{(pid=101710) delete_allocations /opt/stack/placement/placement/handlers/allocation.py:627}}
Sep 15 03:03:04.983951 chdv-809060-1 devstack@placement-api.service[101710]: INFO placement.requestlog [req-237976dd-4d96-4e98-ac00-f254767354ca req-c73779ad-3d1b-44e9-a5c0-231d5bc3f547 service placement] 10.222.0.43 "DELETE /placement/allocations/9462463a-614e-45db-a597-445e2194b3b3" status: 204 len: 0 microversion: 1.0
Sep 15 03:03:04.984409 chdv-809060-1 devstack@placement-api.service[101710]: [pid: 101710|app: 0|req: 298/594] 10.222.0.43 () {60 vars in 1350 bytes} [Wed Sep 15 03:03:04 2021] DELETE /placement/allocations/9462463a-614e-45db-a597-445e2194b3b3 => generated 0 bytes in 200 msecs (HTTP/1.1 204) 5 headers in 198 bytes (1 switches on core 0)
Sep 15 03:03:06.308190 chdv-809060-1 devstack@placement-api.service[101711]: DEBUG placement.requestlog [req-56e2b06e-7a77-47fe-8b43-8c640adf7be2 req-aef803f9-bd8a-4f6d-b41c-b722205899d6 None None] Starting request: 10.222.0.43 "GET /placement/allocation_candidates?limit=1000&resources=DISK_GB%3A1%2CMEMORY_MB%3A1024%2CVCPU%3A1&root_required=%21COMPUTE_STATUS_DISABLED" {{(pid=101711) __call__ /opt/stack/placement/placement/requestlog.py:55}}
Sep 15 03:03:06.363191 chdv-809060-1 devstack@placement-api.service[101711]: DEBUG placement.objects.research_context [req-56e2b06e-7a77-47fe-8b43-8c640adf7be2 req-aef803f9-bd8a-4f6d-b41c-b722205899d6 service placement] getting providers with 1 DISK_GB {{(pid=101711) __init__ /opt/stack/placement/placement/objects/research_context.py:126}}
Sep 15 03:03:06.378261 chdv-809060-1 devstack@placement-api.service[101711]: DEBUG placement.objects.research_context [req-56e2b06e-7a77-47fe-8b43-8c640adf7be2 req-aef803f9-bd8a-4f6d-b41c-b722205899d6 service placement] getting providers with 1024 MEMORY_MB {{(pid=101711) __init__ /opt/stack/placement/placement/objects/research_context.py:126}}
Sep 15 03:03:06.388201 chdv-809060-1 devstack@placement-api.service[101711]: DEBUG placement.objects.research_context [req-56e2b06e-7a77-47fe-8b43-8c640adf7be2 req-aef803f9-bd8a-4f6d-b41c-b722205899d6 service placement] getting providers with 1 VCPU {{(pid=101711) __init__ /opt/stack/placement/placement/objects/research_context.py:126}}
Sep 15 03:03:06.413106 chdv-809060-1 devstack@placement-api.service[101711]: DEBUG placement.objects.research_context [req-56e2b06e-7a77-47fe-8b43-8c640adf7be2 req-aef803f9-bd8a-4f6d-b41c-b722205899d6 service placement] found 2 providers with available 1 DISK_GB {{(pid=101711) get_provider_ids_matching /opt/stack/placement/placement/objects/research_context.py:549}}
Sep 15 03:03:06.414043 chdv-809060-1 devstack@placement-api.service[101711]: DEBUG placement.objects.research_context [req-56e2b06e-7a77-47fe-8b43-8c640adf7be2 req-aef803f9-bd8a-4f6d-b41c-b722205899d6 service placement] found 2 providers with available 1024 MEMORY_MB {{(pid=101711) get_provider_ids_matching /opt/stack/placement/placement/objects/research_context.py:549}}
Sep 15 03:03:06.414906 chdv-809060-1 devstack@placement-api.service[101711]: DEBUG placement.objects.research_context [req-56e2b06e-7a77-47fe-8b43-8c640adf7be2 req-aef803f9-bd8a-4f6d-b41c-b722205899d6 service placement] found 2 providers after filtering by previous result {{(pid=101711) get_provider_ids_matching /opt/stack/placement/placement/objects/research_context.py:580}}
Sep 15 03:03:06.415528 chdv-809060-1 devstack@placement-api.service[101711]: DEBUG placement.objects.research_context [req-56e2b06e-7a77-47fe-8b43-8c640adf7be2 req-aef803f9-bd8a-4f6d-b41c-b722205899d6 service placement] found 2 providers with available 1 VCPU {{(pid=101711) get_provider_ids_matching /opt/stack/placement/placement/objects/research_context.py:549}}
Sep 15 03:03:06.429167 chdv-809060-1 devstack@placement-api.service[101711]: DEBUG placement.objects.research_context [req-56e2b06e-7a77-47fe-8b43-8c640adf7be2 req-aef803f9-bd8a-4f6d-b41c-b722205899d6 service placement] found 2 providers after filtering by previous result {{(pid=101711) get_provider_ids_matching /opt/stack/placement/placement/objects/research_context.py:580}}
Sep 15 03:03:06.489162 chdv-809060-1 devstack@placement-api.service[101711]: DEBUG placement.objects.allocation_candidate [req-56e2b06e-7a77-47fe-8b43-8c640adf7be2 req-aef803f9-bd8a-4f6d-b41c-b722205899d6 service placement] RequestGroup(use_same_provider=False, resources={DISK_GB:1, MEMORY_MB:1024, VCPU:1}, traits=[], aggregates=[]) (suffix '') returned 2 matches {{(pid=101711) _get_by_requests /opt/stack/placement/placement/objects/allocation_candidate.py:145}}
Sep 15 03:03:06.489581 chdv-809060-1 devstack@placement-api.service[101711]: DEBUG placement.objects.allocation_candidate [req-56e2b06e-7a77-47fe-8b43-8c640adf7be2 req-aef803f9-bd8a-4f6d-b41c-b722205899d6 service placement] Merging candidates yields 2 allocation requests and 2 provider summaries {{(pid=101711) _merge_candidates /opt/stack/placement/placement/objects/allocation_candidate.py:783}}
Sep 15 03:03:06.493195 chdv-809060-1 devstack@placement-api.service[101711]: INFO placement.requestlog [req-56e2b06e-7a77-47fe-8b43-8c640adf7be2 req-aef803f9-bd8a-4f6d-b41c-b722205899d6 service placement] 10.222.0.43 "GET /placement/allocation_candidates?limit=1000&resources=DISK_GB%3A1%2CMEMORY_MB%3A1024%2CVCPU%3A1&root_required=%21COMPUTE_STATUS_DISABLED" status: 200 len: 1309 microversion: 1.36
Sep 15 03:03:06.497608 chdv-809060-1 devstack@placement-api.service[101711]: [pid: 101711|app: 0|req: 297/595] 10.222.0.43 () {60 vars in 1507 bytes} [Wed Sep 15 03:03:06 2021] GET /placement/allocation_candidates?limit=1000&resources=DISK_GB%3A1%2CMEMORY_MB%3A1024%2CVCPU%3A1&root_required=%21COMPUTE_STATUS_DISABLED => generated 1309 bytes in 188 msecs (HTTP/1.1 200) 8 headers in 297 bytes (1 switches on core 0)
Sep 15 03:03:06.586540 chdv-809060-1 devstack@placement-api.service[101710]: DEBUG placement.requestlog [req-56e2b06e-7a77-47fe-8b43-8c640adf7be2 req-bba517fc-c80b-4175-a459-91f19b67bfd0 None None] Starting request: 10.222.0.43 "GET /placement/allocations/58e3dec7-e5f6-4717-bcb5-d2295b24387b" {{(pid=101710) __call__ /opt/stack/placement/placement/requestlog.py:55}}
Sep 15 03:03:06.610236 chdv-809060-1 devstack@placement-api.service[101710]: INFO placement.requestlog [req-56e2b06e-7a77-47fe-8b43-8c640adf7be2 req-bba517fc-c80b-4175-a459-91f19b67bfd0 service placement] 10.222.0.43 "GET /placement/allocations/58e3dec7-e5f6-4717-bcb5-d2295b24387b" status: 200 len: 19 microversion: 1.28
Sep 15 03:03:06.611596 chdv-809060-1 devstack@placement-api.service[101710]: [pid: 101710|app: 0|req: 299/596] 10.222.0.43 () {60 vars in 1381 bytes} [Wed Sep 15 03:03:06 2021] GET /placement/allocations/58e3dec7-e5f6-4717-bcb5-d2295b24387b => generated 19 bytes in 26 msecs (HTTP/1.1 200) 8 headers in 295 bytes (1 switches on core 0)
Sep 15 03:03:06.619182 chdv-809060-1 devstack@placement-api.service[101711]: DEBUG placement.requestlog [req-56e2b06e-7a77-47fe-8b43-8c640adf7be2 req-7b91884c-7267-444e-8d91-afbb71802d2f None None] Starting request: 10.222.0.43 "PUT /placement/allocations/58e3dec7-e5f6-4717-bcb5-d2295b24387b" {{(pid=101711) __call__ /opt/stack/placement/placement/requestlog.py:55}}
Sep 15 03:03:06.707812 chdv-809060-1 devstack@placement-api.service[101711]: DEBUG placement.handlers.allocation [req-56e2b06e-7a77-47fe-8b43-8c640adf7be2 req-7b91884c-7267-444e-8d91-afbb71802d2f service placement] Successfully wrote allocations [, , ] {{(pid=101711) _update_consumers_and_create_allocations /opt/stack/placement/placement/handlers/allocation.py:462}}
Sep 15 03:03:06.714518 chdv-809060-1 devstack@placement-api.service[101711]: INFO placement.requestlog [req-56e2b06e-7a77-47fe-8b43-8c640adf7be2 req-7b91884c-7267-444e-8d91-afbb71802d2f service placement] 10.222.0.43 "PUT /placement/allocations/58e3dec7-e5f6-4717-bcb5-d2295b24387b" status: 204 len: 0 microversion: 1.36
Sep 15 03:03:06.715307 chdv-809060-1 devstack@placement-api.service[101711]: [pid: 101711|app: 0|req: 298/597] 10.222.0.43 () {64 vars in 1434 bytes} [Wed Sep 15 03:03:06 2021] PUT /placement/allocations/58e3dec7-e5f6-4717-bcb5-d2295b24387b => generated 0 bytes in 96 msecs (HTTP/1.1 204) 5 headers in 199 bytes (1 switches on core 0)
Sep 15 03:03:06.796345 chdv-809060-1 devstack@placement-api.service[101710]: DEBUG placement.requestlog [req-e4c0919e-2375-49a3-8eaf-edd3f8fe11fe req-8aebcff2-223c-4579-afda-4fb562961b31 None None] Starting request: 10.222.0.43 "GET /placement/allocation_candidates?limit=1000&resources=DISK_GB%3A1%2CMEMORY_MB%3A1024%2CVCPU%3A1&root_required=%21COMPUTE_STATUS_DISABLED" {{(pid=101710) __call__ /opt/stack/placement/placement/requestlog.py:55}}
Sep 15 03:03:06.860033 chdv-809060-1 devstack@placement-api.service[101710]: DEBUG placement.objects.research_context [req-e4c0919e-2375-49a3-8eaf-edd3f8fe11fe req-8aebcff2-223c-4579-afda-4fb562961b31 service placement] getting providers with 1 DISK_GB {{(pid=101710) __init__ /opt/stack/placement/placement/objects/research_context.py:126}}
Sep 15 03:03:06.871635 chdv-809060-1 devstack@placement-api.service[101710]: DEBUG placement.objects.research_context [req-e4c0919e-2375-49a3-8eaf-edd3f8fe11fe req-8aebcff2-223c-4579-afda-4fb562961b31 service placement] getting providers with 1024 MEMORY_MB {{(pid=101710) __init__ /opt/stack/placement/placement/objects/research_context.py:126}}
Sep 15 03:03:06.887996 chdv-809060-1 devstack@placement-api.service[101710]: DEBUG placement.objects.research_context [req-e4c0919e-2375-49a3-8eaf-edd3f8fe11fe req-8aebcff2-223c-4579-afda-4fb562961b31 service placement] getting providers with 1 VCPU {{(pid=101710) __init__ /opt/stack/placement/placement/objects/research_context.py:126}}
Sep 15 03:03:06.905848 chdv-809060-1 devstack@placement-api.service[101710]: DEBUG placement.objects.research_context [req-e4c0919e-2375-49a3-8eaf-edd3f8fe11fe req-8aebcff2-223c-4579-afda-4fb562961b31 service placement] found 2 providers with available 1 DISK_GB {{(pid=101710) get_provider_ids_matching /opt/stack/placement/placement/objects/research_context.py:549}}
Sep 15 03:03:06.907940 chdv-809060-1 devstack@placement-api.service[101710]: DEBUG placement.objects.research_context [req-e4c0919e-2375-49a3-8eaf-edd3f8fe11fe req-8aebcff2-223c-4579-afda-4fb562961b31 service placement] found 2 providers with available 1024 MEMORY_MB {{(pid=101710) get_provider_ids_matching /opt/stack/placement/placement/objects/research_context.py:549}}
Sep 15 03:03:06.908259 chdv-809060-1 devstack@placement-api.service[101710]: DEBUG placement.objects.research_context [req-e4c0919e-2375-49a3-8eaf-edd3f8fe11fe req-8aebcff2-223c-4579-afda-4fb562961b31 service placement] found 2 providers after filtering by previous result {{(pid=101710) get_provider_ids_matching /opt/stack/placement/placement/objects/research_context.py:580}}
Sep 15 03:03:06.908521 chdv-809060-1 devstack@placement-api.service[101710]: DEBUG placement.objects.research_context [req-e4c0919e-2375-49a3-8eaf-edd3f8fe11fe req-8aebcff2-223c-4579-afda-4fb562961b31 service placement] found 2 providers with available 1 VCPU {{(pid=101710) get_provider_ids_matching /opt/stack/placement/placement/objects/research_context.py:549}}
Sep 15 03:03:06.910527 chdv-809060-1 devstack@placement-api.service[101710]: DEBUG placement.objects.research_context [req-e4c0919e-2375-49a3-8eaf-edd3f8fe11fe req-8aebcff2-223c-4579-afda-4fb562961b31 service placement] found 2 providers after filtering by previous result {{(pid=101710) get_provider_ids_matching /opt/stack/placement/placement/objects/research_context.py:580}}
Sep 15 03:03:06.954190 chdv-809060-1 devstack@placement-api.service[101710]: DEBUG placement.objects.allocation_candidate [req-e4c0919e-2375-49a3-8eaf-edd3f8fe11fe req-8aebcff2-223c-4579-afda-4fb562961b31 service placement] RequestGroup(use_same_provider=False, resources={DISK_GB:1, MEMORY_MB:1024, VCPU:1}, traits=[], aggregates=[]) (suffix '') returned 2 matches {{(pid=101710) _get_by_requests /opt/stack/placement/placement/objects/allocation_candidate.py:145}}
Sep 15 03:03:06.955365 chdv-809060-1 devstack@placement-api.service[101710]: DEBUG placement.objects.allocation_candidate [req-e4c0919e-2375-49a3-8eaf-edd3f8fe11fe req-8aebcff2-223c-4579-afda-4fb562961b31 service placement] Merging candidates yields 2 allocation requests and 2 provider summaries {{(pid=101710) _merge_candidates /opt/stack/placement/placement/objects/allocation_candidate.py:783}}
Sep 15 03:03:06.957275 chdv-809060-1 devstack@placement-api.service[101710]: INFO placement.requestlog [req-e4c0919e-2375-49a3-8eaf-edd3f8fe11fe req-8aebcff2-223c-4579-afda-4fb562961b31 service placement] 10.222.0.43 "GET /placement/allocation_candidates?limit=1000&resources=DISK_GB%3A1%2CMEMORY_MB%3A1024%2CVCPU%3A1&root_required=%21COMPUTE_STATUS_DISABLED" status: 200 len: 1309 microversion: 1.36
Sep 15 03:03:06.957730 chdv-809060-1 devstack@placement-api.service[101710]: [pid: 101710|app: 0|req: 300/598] 10.222.0.43 () {60 vars in 1507 bytes} [Wed Sep 15 03:03:06 2021] GET /placement/allocation_candidates?limit=1000&resources=DISK_GB%3A1%2CMEMORY_MB%3A1024%2CVCPU%3A1&root_required=%21COMPUTE_STATUS_DISABLED => generated 1309 bytes in 161 msecs (HTTP/1.1 200) 8 headers in 297 bytes (1 switches on core 0)
Sep 15 03:03:07.033168 chdv-809060-1 devstack@placement-api.service[101711]: DEBUG placement.requestlog [req-e4c0919e-2375-49a3-8eaf-edd3f8fe11fe req-5fed3a9f-828e-4f30-9c70-b42bb63d47dc None None] Starting request: 10.222.0.43 "GET /placement/allocations/c69b4638-2883-49a9-b347-3291888dddd2" {{(pid=101711) __call__ /opt/stack/placement/placement/requestlog.py:55}}
Sep 15 03:03:07.051606 chdv-809060-1 devstack@placement-api.service[101711]: INFO placement.requestlog [req-e4c0919e-2375-49a3-8eaf-edd3f8fe11fe req-5fed3a9f-828e-4f30-9c70-b42bb63d47dc service placement] 10.222.0.43 "GET /placement/allocations/c69b4638-2883-49a9-b347-3291888dddd2" status: 200 len: 19 microversion: 1.28
Sep 15 03:03:07.052187 chdv-809060-1 devstack@placement-api.service[101711]: [pid: 101711|app: 0|req: 299/599] 10.222.0.43 () {60 vars in 1381 bytes} [Wed Sep 15 03:03:07 2021] GET /placement/allocations/c69b4638-2883-49a9-b347-3291888dddd2 => generated 19 bytes in 19 msecs (HTTP/1.1 200) 8 headers in 295 bytes (1 switches on core 0)
Sep 15 03:03:07.061308 chdv-809060-1 devstack@placement-api.service[101710]: DEBUG placement.requestlog [req-e4c0919e-2375-49a3-8eaf-edd3f8fe11fe req-14cf8c2e-97cd-4d6a-bc5c-cd3ba96bba7f None None] Starting request: 10.222.0.43 "PUT /placement/allocations/c69b4638-2883-49a9-b347-3291888dddd2" {{(pid=101710) __call__ /opt/stack/placement/placement/requestlog.py:55}}
Sep 15 03:03:07.212562 chdv-809060-1 devstack@placement-api.service[101710]: DEBUG placement.handlers.allocation [req-e4c0919e-2375-49a3-8eaf-edd3f8fe11fe req-14cf8c2e-97cd-4d6a-bc5c-cd3ba96bba7f service placement] Successfully wrote allocations [, , ] {{(pid=101710) _update_consumers_and_create_allocations /opt/stack/placement/placement/handlers/allocation.py:462}}
Sep 15 03:03:07.220814 chdv-809060-1 devstack@placement-api.service[101710]: INFO placement.requestlog [req-e4c0919e-2375-49a3-8eaf-edd3f8fe11fe req-14cf8c2e-97cd-4d6a-bc5c-cd3ba96bba7f service placement] 10.222.0.43 "PUT /placement/allocations/c69b4638-2883-49a9-b347-3291888dddd2" status: 204 len: 0 microversion: 1.36
Sep 15 03:03:07.222091 chdv-809060-1 devstack@placement-api.service[101710]: [pid: 101710|app: 0|req: 301/600] 10.222.0.43 () {64 vars in 1434 bytes} [Wed Sep 15 03:03:07 2021] PUT /placement/allocations/c69b4638-2883-49a9-b347-3291888dddd2 => generated 0 bytes in 161 msecs (HTTP/1.1 204) 5 headers in 199 bytes (2 switches on core 0)
Sep 15 03:03:07.332613 chdv-809060-1 devstack@placement-api.service[101711]: DEBUG placement.requestlog [req-56e2b06e-7a77-47fe-8b43-8c640adf7be2 req-7809ce08-c8c4-49fa-b95a-03bd856600cf None None] Starting request: 10.222.0.42 "GET /placement/allocations/58e3dec7-e5f6-4717-bcb5-d2295b24387b" {{(pid=101711) __call__ /opt/stack/placement/placement/requestlog.py:55}}
Sep 15 03:03:07.373724 chdv-809060-1 devstack@placement-api.service[101711]: INFO placement.requestlog [req-56e2b06e-7a77-47fe-8b43-8c640adf7be2 req-7809ce08-c8c4-49fa-b95a-03bd856600cf service placement] 10.222.0.42 "GET /placement/allocations/58e3dec7-e5f6-4717-bcb5-d2295b24387b" status: 200 len: 259 microversion: 1.28
Sep 15 03:03:07.373902 chdv-809060-1 devstack@placement-api.service[101711]: [pid: 101711|app: 0|req: 300/601] 10.222.0.42 () {60 vars in 1378 bytes} [Wed Sep 15 03:03:07 2021] GET /placement/allocations/58e3dec7-e5f6-4717-bcb5-d2295b24387b => generated 259 bytes in 42 msecs (HTTP/1.1 200) 8 headers in 296 bytes (1 switches on core 0)
Sep 15 03:03:07.756297 chdv-809060-1 devstack@placement-api.service[101710]: DEBUG placement.requestlog [req-e4c0919e-2375-49a3-8eaf-edd3f8fe11fe req-6ff65d8a-7fa0-4de6-afe4-a28448d00679 None None] Starting request: 10.222.0.42 "GET /placement/allocations/c69b4638-2883-49a9-b347-3291888dddd2" {{(pid=101710) __call__ /opt/stack/placement/placement/requestlog.py:55}}
Sep 15 03:03:07.792563 chdv-809060-1 devstack@placement-api.service[101710]: INFO placement.requestlog [req-e4c0919e-2375-49a3-8eaf-edd3f8fe11fe req-6ff65d8a-7fa0-4de6-afe4-a28448d00679 service placement] 10.222.0.42 "GET /placement/allocations/c69b4638-2883-49a9-b347-3291888dddd2" status: 200 len: 259 microversion: 1.28
Sep 15 03:03:07.794016 chdv-809060-1 devstack@placement-api.service[101710]: [pid: 101710|app: 0|req: 302/602] 10.222.0.42 () {60 vars in 1378 bytes} [Wed Sep 15 03:03:07 2021] GET /placement/allocations/c69b4638-2883-49a9-b347-3291888dddd2 => generated 259 bytes in 38 msecs (HTTP/1.1 200) 8 headers in 296 bytes (1 switches on core 0)
Sep 15 03:03:10.172023 chdv-809060-1 devstack@placement-api.service[101711]: DEBUG placement.requestlog [req-27d6e12a-f56d-4b2a-a23b-06fb267cc2af req-7381e665-5fa2-473d-a244-2fcb41fcab96 None None] Starting request: 10.222.0.43 "GET /placement/allocation_candidates?limit=1000&resources=DISK_GB%3A1%2CMEMORY_MB%3A1024%2CVCPU%3A1&root_required=%21COMPUTE_STATUS_DISABLED" {{(pid=101711) __call__ /opt/stack/placement/placement/requestlog.py:55}}
Sep 15 03:03:10.324493 chdv-809060-1 devstack@placement-api.service[101711]: DEBUG placement.objects.research_context [req-27d6e12a-f56d-4b2a-a23b-06fb267cc2af req-7381e665-5fa2-473d-a244-2fcb41fcab96 service placement] getting providers with 1 DISK_GB {{(pid=101711) __init__ /opt/stack/placement/placement/objects/research_context.py:126}}
Sep 15 03:03:10.343538 chdv-809060-1 devstack@placement-api.service[101711]: DEBUG placement.objects.research_context [req-27d6e12a-f56d-4b2a-a23b-06fb267cc2af req-7381e665-5fa2-473d-a244-2fcb41fcab96 service placement] getting providers with 1024 MEMORY_MB {{(pid=101711) __init__ /opt/stack/placement/placement/objects/research_context.py:126}}
