Jul 08 11:16:59.655633 chdv-799967-3 devstack@placement-api.service[75426]: DEBUG placement.requestlog [req-20e1013a-8b42-44a6-aefb-732a7bdfae9d req-04155225-21bc-44df-b3aa-ffd866d3f69e None None] Starting request: 10.222.0.54 "PUT /placement/allocations/dde9b04b-9a96-4f99-a376-f7b44dfc2254" {{(pid=75426) __call__ /opt/stack/placement/placement/requestlog.py:55}}
Jul 08 11:16:59.714164 chdv-799967-3 devstack@placement-api.service[75426]: DEBUG placement.handlers.allocation [req-20e1013a-8b42-44a6-aefb-732a7bdfae9d req-04155225-21bc-44df-b3aa-ffd866d3f69e service placement] Successfully wrote allocations [, , ] {{(pid=75426) _create_allocations /opt/stack/placement/placement/handlers/allocation.py:435}}
Jul 08 11:16:59.715387 chdv-799967-3 devstack@placement-api.service[75426]: INFO placement.requestlog [req-20e1013a-8b42-44a6-aefb-732a7bdfae9d req-04155225-21bc-44df-b3aa-ffd866d3f69e service placement] 10.222.0.54 "PUT /placement/allocations/dde9b04b-9a96-4f99-a376-f7b44dfc2254" status: 204 len: 0 microversion: 1.35
Jul 08 11:16:59.715942 chdv-799967-3 devstack@placement-api.service[75426]: [pid: 75426|app: 0|req: 305/613] 10.222.0.54 () {64 vars in 1434 bytes} [Thu Jul 8 11:16:59 2021] PUT /placement/allocations/dde9b04b-9a96-4f99-a376-f7b44dfc2254 => generated 0 bytes in 60 msecs (HTTP/1.1 204) 5 headers in 199 bytes (2 switches on core 0)
Jul 08 11:16:59.806899 chdv-799967-3 devstack@placement-api.service[75425]: DEBUG placement.requestlog [req-3a1cfaa9-0be7-4dff-8300-471f9a665d4c req-49cdabee-7cb9-4b8f-ba02-1f363c1c6340 None None] Starting request: 10.222.0.72 "GET /placement/allocations/423967db-c651-4ac1-9831-54189b475f3d" {{(pid=75425) __call__ /opt/stack/placement/placement/requestlog.py:55}}
Jul 08 11:16:59.807426 chdv-799967-3 devstack@placement-api.service[75426]: DEBUG placement.requestlog [req-d437c96c-eecb-43f8-abf0-0ecd85bce981 req-57d21032-6bf3-4bc7-b8ec-b65c5c4070a7 None None] Starting request: 10.222.0.54 "GET /placement/allocation_candidates?limit=1000&resources=DISK_GB%3A1%2CMEMORY_MB%3A1024%2CVCPU%3A1&root_required=%21COMPUTE_STATUS_DISABLED" {{(pid=75426) __call__ /opt/stack/placement/placement/requestlog.py:55}}
Jul 08 11:16:59.832829 chdv-799967-3 devstack@placement-api.service[75425]: INFO placement.requestlog [req-3a1cfaa9-0be7-4dff-8300-471f9a665d4c req-49cdabee-7cb9-4b8f-ba02-1f363c1c6340 service placement] 10.222.0.72 "GET /placement/allocations/423967db-c651-4ac1-9831-54189b475f3d" status: 200 len: 259 microversion: 1.28
Jul 08 11:16:59.833063 chdv-799967-3 devstack@placement-api.service[75425]: [pid: 75425|app: 0|req: 309/614] 10.222.0.72 () {60 vars in 1378 bytes} [Thu Jul 8 11:16:59 2021] GET /placement/allocations/423967db-c651-4ac1-9831-54189b475f3d => generated 259 bytes in 27 msecs (HTTP/1.1 200) 8 headers in 296 bytes (1 switches on core 0)
Jul 08 11:16:59.840890 chdv-799967-3 devstack@placement-api.service[75425]: DEBUG placement.requestlog [req-3a1cfaa9-0be7-4dff-8300-471f9a665d4c req-21f620ae-eba0-4a98-84a2-8073508e91b7 None None] Starting request: 10.222.0.72 "PUT /placement/allocations/423967db-c651-4ac1-9831-54189b475f3d" {{(pid=75425) __call__ /opt/stack/placement/placement/requestlog.py:55}}
Jul 08 11:16:59.846425 chdv-799967-3 devstack@placement-api.service[75426]: DEBUG placement.objects.research_context [req-d437c96c-eecb-43f8-abf0-0ecd85bce981 req-57d21032-6bf3-4bc7-b8ec-b65c5c4070a7 service placement] getting providers with 1 DISK_GB {{(pid=75426) __init__ /opt/stack/placement/placement/objects/research_context.py:126}}
Jul 08 11:16:59.853899 chdv-799967-3 devstack@placement-api.service[75426]: DEBUG placement.objects.research_context [req-d437c96c-eecb-43f8-abf0-0ecd85bce981 req-57d21032-6bf3-4bc7-b8ec-b65c5c4070a7 service placement] getting providers with 1024 MEMORY_MB {{(pid=75426) __init__ /opt/stack/placement/placement/objects/research_context.py:126}}
Jul 08 11:16:59.860148 chdv-799967-3 devstack@placement-api.service[75426]: DEBUG placement.objects.research_context [req-d437c96c-eecb-43f8-abf0-0ecd85bce981 req-57d21032-6bf3-4bc7-b8ec-b65c5c4070a7 service placement] getting providers with 1 VCPU {{(pid=75426) __init__ /opt/stack/placement/placement/objects/research_context.py:126}}
Jul 08 11:16:59.868681 chdv-799967-3 devstack@placement-api.service[75426]: DEBUG placement.objects.research_context [req-d437c96c-eecb-43f8-abf0-0ecd85bce981 req-57d21032-6bf3-4bc7-b8ec-b65c5c4070a7 service placement] found 2 providers with available 1 DISK_GB {{(pid=75426) get_provider_ids_matching /opt/stack/placement/placement/objects/research_context.py:549}}
Jul 08 11:16:59.869177 chdv-799967-3 devstack@placement-api.service[75426]: DEBUG placement.objects.research_context [req-d437c96c-eecb-43f8-abf0-0ecd85bce981 req-57d21032-6bf3-4bc7-b8ec-b65c5c4070a7 service placement] found 2 providers with available 1024 MEMORY_MB {{(pid=75426) get_provider_ids_matching /opt/stack/placement/placement/objects/research_context.py:549}}
Jul 08 11:16:59.869546 chdv-799967-3 devstack@placement-api.service[75426]: DEBUG placement.objects.research_context [req-d437c96c-eecb-43f8-abf0-0ecd85bce981 req-57d21032-6bf3-4bc7-b8ec-b65c5c4070a7 service placement] found 2 providers after filtering by previous result {{(pid=75426) get_provider_ids_matching /opt/stack/placement/placement/objects/research_context.py:580}}
Jul 08 11:16:59.870070 chdv-799967-3 devstack@placement-api.service[75426]: DEBUG placement.objects.research_context [req-d437c96c-eecb-43f8-abf0-0ecd85bce981 req-57d21032-6bf3-4bc7-b8ec-b65c5c4070a7 service placement] found 2 providers with available 1 VCPU {{(pid=75426) get_provider_ids_matching /opt/stack/placement/placement/objects/research_context.py:549}}
Jul 08 11:16:59.870395 chdv-799967-3 devstack@placement-api.service[75426]: DEBUG placement.objects.research_context [req-d437c96c-eecb-43f8-abf0-0ecd85bce981 req-57d21032-6bf3-4bc7-b8ec-b65c5c4070a7 service placement] found 2 providers after filtering by previous result {{(pid=75426) get_provider_ids_matching /opt/stack/placement/placement/objects/research_context.py:580}}
Jul 08 11:16:59.882611 chdv-799967-3 devstack@placement-api.service[75426]: DEBUG placement.objects.allocation_candidate [req-d437c96c-eecb-43f8-abf0-0ecd85bce981 req-57d21032-6bf3-4bc7-b8ec-b65c5c4070a7 service placement] RequestGroup(use_same_provider=False, resources={DISK_GB:1, MEMORY_MB:1024, VCPU:1}, traits=[], aggregates=[]) (suffix '') returned 2 matches {{(pid=75426) _get_by_requests /opt/stack/placement/placement/objects/allocation_candidate.py:145}}
Jul 08 11:16:59.883121 chdv-799967-3 devstack@placement-api.service[75426]: DEBUG placement.objects.allocation_candidate [req-d437c96c-eecb-43f8-abf0-0ecd85bce981 req-57d21032-6bf3-4bc7-b8ec-b65c5c4070a7 service placement] Merging candidates yields 2 allocation requests and 2 provider summaries {{(pid=75426) _merge_candidates /opt/stack/placement/placement/objects/allocation_candidate.py:783}}
Jul 08 11:16:59.885931 chdv-799967-3 devstack@placement-api.service[75426]: INFO placement.requestlog [req-d437c96c-eecb-43f8-abf0-0ecd85bce981 req-57d21032-6bf3-4bc7-b8ec-b65c5c4070a7 service placement] 10.222.0.54 "GET /placement/allocation_candidates?limit=1000&resources=DISK_GB%3A1%2CMEMORY_MB%3A1024%2CVCPU%3A1&root_required=%21COMPUTE_STATUS_DISABLED" status: 200 len: 1235 microversion: 1.35
Jul 08 11:16:59.890060 chdv-799967-3 devstack@placement-api.service[75426]: [pid: 75426|app: 0|req: 306/615] 10.222.0.54 () {60 vars in 1507 bytes} [Thu Jul 8 11:16:59 2021] GET /placement/allocation_candidates?limit=1000&resources=DISK_GB%3A1%2CMEMORY_MB%3A1024%2CVCPU%3A1&root_required=%21COMPUTE_STATUS_DISABLED => generated 1235 bytes in 83 msecs (HTTP/1.1 200) 8 headers in 297 bytes (2 switches on core 0)
Jul 08 11:16:59.897140 chdv-799967-3 devstack@placement-api.service[75425]: DEBUG placement.handlers.allocation [req-3a1cfaa9-0be7-4dff-8300-471f9a665d4c req-21f620ae-eba0-4a98-84a2-8073508e91b7 service placement] Successfully wrote allocations [, , ] {{(pid=75425) _create_allocations /opt/stack/placement/placement/handlers/allocation.py:435}}
Jul 08 11:16:59.898101 chdv-799967-3 devstack@placement-api.service[75425]: INFO placement.requestlog [req-3a1cfaa9-0be7-4dff-8300-471f9a665d4c req-21f620ae-eba0-4a98-84a2-8073508e91b7 service placement] 10.222.0.72 "PUT /placement/allocations/423967db-c651-4ac1-9831-54189b475f3d" status: 204 len: 0 microversion: 1.28
Jul 08 11:16:59.898663 chdv-799967-3 devstack@placement-api.service[75425]: [pid: 75425|app: 0|req: 310/616] 10.222.0.72 () {64 vars in 1431 bytes} [Thu Jul 8 11:16:59 2021] PUT /placement/allocations/423967db-c651-4ac1-9831-54189b475f3d => generated 0 bytes in 58 msecs (HTTP/1.1 204) 5 headers in 199 bytes (2 switches on core 0)
Jul 08 11:16:59.945545 chdv-799967-3 devstack@placement-api.service[75426]: DEBUG placement.requestlog [req-d437c96c-eecb-43f8-abf0-0ecd85bce981 req-9db2debb-aa5d-46af-a884-e2455d310f3a None None] Starting request: 10.222.0.54 "GET /placement/allocations/a0df3172-34cc-4e03-b4c1-ddef0058d1b5" {{(pid=75426) __call__ /opt/stack/placement/placement/requestlog.py:55}}
Jul 08 11:16:59.960557 chdv-799967-3 devstack@placement-api.service[75426]: INFO placement.requestlog [req-d437c96c-eecb-43f8-abf0-0ecd85bce981 req-9db2debb-aa5d-46af-a884-e2455d310f3a service placement] 10.222.0.54 "GET /placement/allocations/a0df3172-34cc-4e03-b4c1-ddef0058d1b5" status: 200 len: 19 microversion: 1.28
Jul 08 11:16:59.966375 chdv-799967-3 devstack@placement-api.service[75426]: [pid: 75426|app: 0|req: 307/617] 10.222.0.54 () {60 vars in 1381 bytes} [Thu Jul 8 11:16:59 2021] GET /placement/allocations/a0df3172-34cc-4e03-b4c1-ddef0058d1b5 => generated 19 bytes in 21 msecs (HTTP/1.1 200) 8 headers in 295 bytes (1 switches on core 0)
Jul 08 11:16:59.968244 chdv-799967-3 devstack@placement-api.service[75425]: DEBUG placement.requestlog [req-d437c96c-eecb-43f8-abf0-0ecd85bce981 req-fc51c16e-8da2-4a19-a9b9-97dde230da93 None None] Starting request: 10.222.0.54 "PUT /placement/allocations/a0df3172-34cc-4e03-b4c1-ddef0058d1b5" {{(pid=75425) __call__ /opt/stack/placement/placement/requestlog.py:55}}
Jul 08 11:17:00.083356 chdv-799967-3 devstack@placement-api.service[75425]: DEBUG placement.handlers.allocation [req-d437c96c-eecb-43f8-abf0-0ecd85bce981 req-fc51c16e-8da2-4a19-a9b9-97dde230da93 service placement] Successfully wrote allocations [, , ] {{(pid=75425) _create_allocations /opt/stack/placement/placement/handlers/allocation.py:435}}
Jul 08 11:17:00.083969 chdv-799967-3 devstack@placement-api.service[75425]: INFO placement.requestlog [req-d437c96c-eecb-43f8-abf0-0ecd85bce981 req-fc51c16e-8da2-4a19-a9b9-97dde230da93 service placement] 10.222.0.54 "PUT /placement/allocations/a0df3172-34cc-4e03-b4c1-ddef0058d1b5" status: 204 len: 0 microversion: 1.35
Jul 08 11:17:00.084413 chdv-799967-3 devstack@placement-api.service[75425]: [pid: 75425|app: 0|req: 311/618] 10.222.0.54 () {64 vars in 1434 bytes} [Thu Jul 8 11:16:59 2021] PUT /placement/allocations/a0df3172-34cc-4e03-b4c1-ddef0058d1b5 => generated 0 bytes in 116 msecs (HTTP/1.1 204) 5 headers in 199 bytes (1 switches on core 0)
Jul 08 11:17:00.433512 chdv-799967-3 devstack@placement-api.service[75426]: DEBUG placement.requestlog [req-20e1013a-8b42-44a6-aefb-732a7bdfae9d req-41bfccc2-8cf5-49c2-bf2b-591641d18622 None None] Starting request: 10.222.0.72 "GET /placement/allocations/e5a79103-25e6-43ef-abe0-eedff9f3b626" {{(pid=75426) __call__ /opt/stack/placement/placement/requestlog.py:55}}
Jul 08 11:17:00.453854 chdv-799967-3 devstack@placement-api.service[75426]: INFO placement.requestlog [req-20e1013a-8b42-44a6-aefb-732a7bdfae9d req-41bfccc2-8cf5-49c2-bf2b-591641d18622 service placement] 10.222.0.72 "GET /placement/allocations/e5a79103-25e6-43ef-abe0-eedff9f3b626" status: 200 len: 259 microversion: 1.28
Jul 08 11:17:00.454321 chdv-799967-3 devstack@placement-api.service[75426]: [pid: 75426|app: 0|req: 308/619] 10.222.0.72 () {60 vars in 1378 bytes} [Thu Jul 8 11:17:00 2021] GET /placement/allocations/e5a79103-25e6-43ef-abe0-eedff9f3b626 => generated 259 bytes in 21 msecs (HTTP/1.1 200) 8 headers in 296 bytes (1 switches on core 0)
Jul 08 11:17:00.656193 chdv-799967-3 devstack@placement-api.service[75425]: DEBUG placement.requestlog [req-20e1013a-8b42-44a6-aefb-732a7bdfae9d req-aacfa64f-c07a-466f-b060-3bd115ea69d8 None None] Starting request: 10.222.0.72 "GET /placement/allocations/f4b10b45-e6fa-4cb4-9d04-4683df56bdcf" {{(pid=75425) __call__ /opt/stack/placement/placement/requestlog.py:55}}
Jul 08 11:17:00.676193 chdv-799967-3 devstack@placement-api.service[75426]: DEBUG placement.requestlog [req-d437c96c-eecb-43f8-abf0-0ecd85bce981 req-ed42683d-adf6-4cf1-bf99-e169be729d19 None None] Starting request: 10.222.0.72 "GET /placement/allocations/a0df3172-34cc-4e03-b4c1-ddef0058d1b5" {{(pid=75426) __call__ /opt/stack/placement/placement/requestlog.py:55}}
Jul 08 11:17:00.701128 chdv-799967-3 devstack@placement-api.service[75425]: INFO placement.requestlog [req-20e1013a-8b42-44a6-aefb-732a7bdfae9d req-aacfa64f-c07a-466f-b060-3bd115ea69d8 service placement] 10.222.0.72 "GET /placement/allocations/f4b10b45-e6fa-4cb4-9d04-4683df56bdcf" status: 200 len: 259 microversion: 1.28
Jul 08 11:17:00.703196 chdv-799967-3 devstack@placement-api.service[75425]: [pid: 75425|app: 0|req: 312/620] 10.222.0.72 () {60 vars in 1378 bytes} [Thu Jul 8 11:17:00 2021] GET /placement/allocations/f4b10b45-e6fa-4cb4-9d04-4683df56bdcf => generated 259 bytes in 47 msecs (HTTP/1.1 200) 8 headers in 296 bytes (1 switches on core 0)
Jul 08 11:17:00.704331 chdv-799967-3 devstack@placement-api.service[75426]: INFO placement.requestlog [req-d437c96c-eecb-43f8-abf0-0ecd85bce981 req-ed42683d-adf6-4cf1-bf99-e169be729d19 service placement] 10.222.0.72 "GET /placement/allocations/a0df3172-34cc-4e03-b4c1-ddef0058d1b5" status: 200 len: 259 microversion: 1.28
Jul 08 11:17:00.705635 chdv-799967-3 devstack@placement-api.service[75426]: [pid: 75426|app: 0|req: 309/621] 10.222.0.72 () {60 vars in 1378 bytes} [Thu Jul 8 11:17:00 2021] GET /placement/allocations/a0df3172-34cc-4e03-b4c1-ddef0058d1b5 => generated 259 bytes in 30 msecs (HTTP/1.1 200) 8 headers in 296 bytes (1 switches on core 0)
Jul 08 11:17:00.829337 chdv-799967-3 devstack@placement-api.service[75425]: DEBUG placement.requestlog [req-20e1013a-8b42-44a6-aefb-732a7bdfae9d req-d5d68c14-558f-4c75-9b79-9eaa6a38ad29 None None] Starting request: 10.222.0.24 "GET /placement/allocations/dde9b04b-9a96-4f99-a376-f7b44dfc2254" {{(pid=75425) __call__ /opt/stack/placement/placement/requestlog.py:55}}
Jul 08 11:17:00.852309 chdv-799967-3 devstack@placement-api.service[75425]: INFO placement.requestlog [req-20e1013a-8b42-44a6-aefb-732a7bdfae9d req-d5d68c14-558f-4c75-9b79-9eaa6a38ad29 service placement] 10.222.0.24 "GET /placement/allocations/dde9b04b-9a96-4f99-a376-f7b44dfc2254" status: 200 len: 259 microversion: 1.28
Jul 08 11:17:00.856836 chdv-799967-3 devstack@placement-api.service[75425]: [pid: 75425|app: 0|req: 313/622] 10.222.0.24 () {60 vars in 1378 bytes} [Thu Jul 8 11:17:00 2021] GET /placement/allocations/dde9b04b-9a96-4f99-a376-f7b44dfc2254 => generated 259 bytes in 28 msecs (HTTP/1.1 200) 8 headers in 296 bytes (1 switches on core 0)
Jul 08 11:17:01.176906 chdv-799967-3 devstack@placement-api.service[75426]: DEBUG placement.requestlog [req-31af44ea-cce2-4228-8f3b-5eda7fda3e29 req-4bc764ef-73d3-4db8-b46b-14aeaf971704 None None] Starting request: 10.222.0.54 "GET /placement/allocation_candidates?limit=1000&resources=DISK_GB%3A1%2CMEMORY_MB%3A1024%2CVCPU%3A1&root_required=%21COMPUTE_STATUS_DISABLED" {{(pid=75426) __call__ /opt/stack/placement/placement/requestlog.py:55}}
Jul 08 11:17:01.228797 chdv-799967-3 devstack@placement-api.service[75426]: DEBUG placement.objects.research_context [req-31af44ea-cce2-4228-8f3b-5eda7fda3e29 req-4bc764ef-73d3-4db8-b46b-14aeaf971704 service placement] getting providers with 1 DISK_GB {{(pid=75426) __init__ /opt/stack/placement/placement/objects/research_context.py:126}}
Jul 08 11:17:01.235665 chdv-799967-3 devstack@placement-api.service[75426]: DEBUG placement.objects.research_context [req-31af44ea-cce2-4228-8f3b-5eda7fda3e29 req-4bc764ef-73d3-4db8-b46b-14aeaf971704 service placement] getting providers with 1024 MEMORY_MB {{(pid=75426) __init__ /opt/stack/placement/placement/objects/research_context.py:126}}
Jul 08 11:17:01.242053 chdv-799967-3 devstack@placement-api.service[75426]: DEBUG placement.objects.research_context [req-31af44ea-cce2-4228-8f3b-5eda7fda3e29 req-4bc764ef-73d3-4db8-b46b-14aeaf971704 service placement] getting providers with 1 VCPU {{(pid=75426) __init__ /opt/stack/placement/placement/objects/research_context.py:126}}
Jul 08 11:17:01.251323 chdv-799967-3 devstack@placement-api.service[75426]: DEBUG placement.objects.research_context [req-31af44ea-cce2-4228-8f3b-5eda7fda3e29 req-4bc764ef-73d3-4db8-b46b-14aeaf971704 service placement] found 2 providers with available 1 DISK_GB {{(pid=75426) get_provider_ids_matching /opt/stack/placement/placement/objects/research_context.py:549}}
Jul 08 11:17:01.252972 chdv-799967-3 devstack@placement-api.service[75426]: DEBUG placement.objects.research_context [req-31af44ea-cce2-4228-8f3b-5eda7fda3e29 req-4bc764ef-73d3-4db8-b46b-14aeaf971704 service placement] found 2 providers with available 1024 MEMORY_MB {{(pid=75426) get_provider_ids_matching /opt/stack/placement/placement/objects/research_context.py:549}}
Jul 08 11:17:01.253949 chdv-799967-3 devstack@placement-api.service[75426]: DEBUG placement.objects.research_context [req-31af44ea-cce2-4228-8f3b-5eda7fda3e29 req-4bc764ef-73d3-4db8-b46b-14aeaf971704 service placement] found 2 providers after filtering by previous result {{(pid=75426) get_provider_ids_matching /opt/stack/placement/placement/objects/research_context.py:580}}
Jul 08 11:17:01.256485 chdv-799967-3 devstack@placement-api.service[75426]: DEBUG placement.objects.research_context [req-31af44ea-cce2-4228-8f3b-5eda7fda3e29 req-4bc764ef-73d3-4db8-b46b-14aeaf971704 service placement] found 2 providers with available 1 VCPU {{(pid=75426) get_provider_ids_matching /opt/stack/placement/placement/objects/research_context.py:549}}
Jul 08 11:17:01.257007 chdv-799967-3 devstack@placement-api.service[75426]: DEBUG placement.objects.research_context [req-31af44ea-cce2-4228-8f3b-5eda7fda3e29 req-4bc764ef-73d3-4db8-b46b-14aeaf971704 service placement] found 2 providers after filtering by previous result {{(pid=75426) get_provider_ids_matching /opt/stack/placement/placement/objects/research_context.py:580}}
Jul 08 11:17:01.287560 chdv-799967-3 devstack@placement-api.service[75426]: DEBUG placement.objects.allocation_candidate [req-31af44ea-cce2-4228-8f3b-5eda7fda3e29 req-4bc764ef-73d3-4db8-b46b-14aeaf971704 service placement] RequestGroup(use_same_provider=False, resources={DISK_GB:1, MEMORY_MB:1024, VCPU:1}, traits=[], aggregates=[]) (suffix '') returned 2 matches {{(pid=75426) _get_by_requests /opt/stack/placement/placement/objects/allocation_candidate.py:145}}
Jul 08 11:17:01.289074 chdv-799967-3 devstack@placement-api.service[75426]: DEBUG placement.objects.allocation_candidate [req-31af44ea-cce2-4228-8f3b-5eda7fda3e29 req-4bc764ef-73d3-4db8-b46b-14aeaf971704 service placement] Merging candidates yields 2 allocation requests and 2 provider summaries {{(pid=75426) _merge_candidates /opt/stack/placement/placement/objects/allocation_candidate.py:783}}
Jul 08 11:17:01.292990 chdv-799967-3 devstack@placement-api.service[75426]: INFO placement.requestlog [req-31af44ea-cce2-4228-8f3b-5eda7fda3e29 req-4bc764ef-73d3-4db8-b46b-14aeaf971704 service placement] 10.222.0.54 "GET /placement/allocation_candidates?limit=1000&resources=DISK_GB%3A1%2CMEMORY_MB%3A1024%2CVCPU%3A1&root_required=%21COMPUTE_STATUS_DISABLED" status: 200 len: 1235 microversion: 1.35
Jul 08 11:17:01.307604 chdv-799967-3 devstack@placement-api.service[75426]: [pid: 75426|app: 0|req: 310/623] 10.222.0.54 () {60 vars in 1507 bytes} [Thu Jul 8 11:17:01 2021] GET /placement/allocation_candidates?limit=1000&resources=DISK_GB%3A1%2CMEMORY_MB%3A1024%2CVCPU%3A1&root_required=%21COMPUTE_STATUS_DISABLED => generated 1235 bytes in 131 msecs (HTTP/1.1 200) 8 headers in 297 bytes (1 switches on core 0)
Jul 08 11:17:01.377634 chdv-799967-3 devstack@placement-api.service[75425]: DEBUG placement.requestlog [req-31af44ea-cce2-4228-8f3b-5eda7fda3e29 req-4bc1d70b-2a8f-4dfc-9e3f-1b4a117e9a6f None None] Starting request: 10.222.0.54 "GET /placement/allocations/385486e0-9070-4380-8eb2-a278fca0c7e1" {{(pid=75425) __call__ /opt/stack/placement/placement/requestlog.py:55}}
Jul 08 11:17:01.393626 chdv-799967-3 devstack@placement-api.service[75425]: INFO placement.requestlog [req-31af44ea-cce2-4228-8f3b-5eda7fda3e29 req-4bc1d70b-2a8f-4dfc-9e3f-1b4a117e9a6f service placement] 10.222.0.54 "GET /placement/allocations/385486e0-9070-4380-8eb2-a278fca0c7e1" status: 200 len: 19 microversion: 1.28
Jul 08 11:17:01.394438 chdv-799967-3 devstack@placement-api.service[75425]: [pid: 75425|app: 0|req: 314/624] 10.222.0.54 () {60 vars in 1381 bytes} [Thu Jul 8 11:17:01 2021] GET /placement/allocations/385486e0-9070-4380-8eb2-a278fca0c7e1 => generated 19 bytes in 17 msecs (HTTP/1.1 200) 8 headers in 295 bytes (1 switches on core 0)
Jul 08 11:17:01.400141 chdv-799967-3 devstack@placement-api.service[75426]: DEBUG placement.requestlog [req-31af44ea-cce2-4228-8f3b-5eda7fda3e29 req-f88789ce-bc61-4554-b18f-43c919053f6b None None] Starting request: 10.222.0.54 "PUT /placement/allocations/385486e0-9070-4380-8eb2-a278fca0c7e1" {{(pid=75426) __call__ /opt/stack/placement/placement/requestlog.py:55}}
Jul 08 11:17:01.482906 chdv-799967-3 devstack@placement-api.service[75426]: DEBUG placement.handlers.allocation [req-31af44ea-cce2-4228-8f3b-5eda7fda3e29 req-f88789ce-bc61-4554-b18f-43c919053f6b service placement] Successfully wrote allocations [, , ] {{(pid=75426) _create_allocations /opt/stack/placement/placement/handlers/allocation.py:435}}
Jul 08 11:17:01.483599 chdv-799967-3 devstack@placement-api.service[75426]: INFO placement.requestlog [req-31af44ea-cce2-4228-8f3b-5eda7fda3e29 req-f88789ce-bc61-4554-b18f-43c919053f6b service placement] 10.222.0.54 "PUT /placement/allocations/385486e0-9070-4380-8eb2-a278fca0c7e1" status: 204 len: 0 microversion: 1.35
Jul 08 11:17:01.484063 chdv-799967-3 devstack@placement-api.service[75426]: [pid: 75426|app: 0|req: 311/625] 10.222.0.54 () {64 vars in 1434 bytes} [Thu Jul 8 11:17:01 2021] PUT /placement/allocations/385486e0-9070-4380-8eb2-a278fca0c7e1 => generated 0 bytes in 85 msecs (HTTP/1.1 204) 5 headers in 199 bytes (2 switches on core 0)
Jul 08 11:17:02.138713 chdv-799967-3 devstack@placement-api.service[75425]: DEBUG placement.requestlog [req-31af44ea-cce2-4228-8f3b-5eda7fda3e29 req-d324a58e-6424-4757-bc3e-efb93a7751c3 None None] Starting request: 10.222.0.72 "GET /placement/allocations/385486e0-9070-4380-8eb2-a278fca0c7e1" {{(pid=75425) __call__ /opt/stack/placement/placement/requestlog.py:55}}
Jul 08 11:17:02.168594 chdv-799967-3 devstack@placement-api.service[75425]: INFO placement.requestlog [req-31af44ea-cce2-4228-8f3b-5eda7fda3e29 req-d324a58e-6424-4757-bc3e-efb93a7751c3 service placement] 10.222.0.72 "GET /placement/allocations/385486e0-9070-4380-8eb2-a278fca0c7e1" status: 200 len: 259 microversion: 1.28
Jul 08 11:17:02.169666 chdv-799967-3 devstack@placement-api.service[75425]: [pid: 75425|app: 0|req: 315/626] 10.222.0.72 () {60 vars in 1378 bytes} [Thu Jul 8 11:17:02 2021] GET /placement/allocations/385486e0-9070-4380-8eb2-a278fca0c7e1 => generated 259 bytes in 31 msecs (HTTP/1.1 200) 8 headers in 296 bytes (1 switches on core 0)
Jul 08 11:17:02.615878 chdv-799967-3 devstack@placement-api.service[75426]: DEBUG placement.requestlog [req-346a8cae-cf70-4f16-9e92-0f5c4f285e9d req-443dc83e-6eaf-4120-8885-055b0c1fce11 None None] Starting request: 10.222.0.54 "GET /placement/allocation_candidates?resources=DISK_GB%3A1%2CMEMORY_MB%3A1024%2CVCPU%3A1&root_required=%21COMPUTE_STATUS_DISABLED" {{(pid=75426) __call__ /opt/stack/placement/placement/requestlog.py:55}}
Jul 08 11:17:02.695582 chdv-799967-3 devstack@placement-api.service[75426]: DEBUG placement.objects.research_context [req-346a8cae-cf70-4f16-9e92-0f5c4f285e9d req-443dc83e-6eaf-4120-8885-055b0c1fce11 service placement] getting providers with 1 DISK_GB {{(pid=75426) __init__ /opt/stack/placement/placement/objects/research_context.py:126}}
Jul 08 11:17:02.706456 chdv-799967-3 devstack@placement-api.service[75426]: DEBUG placement.objects.research_context [req-346a8cae-cf70-4f16-9e92-0f5c4f285e9d req-443dc83e-6eaf-4120-8885-055b0c1fce11 service placement] getting providers with 1024 MEMORY_MB {{(pid=75426) __init__ /opt/stack/placement/placement/objects/research_context.py:126}}
Jul 08 11:17:02.720794 chdv-799967-3 devstack@placement-api.service[75426]: DEBUG placement.objects.research_context [req-346a8cae-cf70-4f16-9e92-0f5c4f285e9d req-443dc83e-6eaf-4120-8885-055b0c1fce11 service placement] getting providers with 1 VCPU {{(pid=75426) __init__ /opt/stack/placement/placement/objects/research_context.py:126}}
Jul 08 11:17:02.736224 chdv-799967-3 devstack@placement-api.service[75426]: DEBUG placement.objects.research_context [req-346a8cae-cf70-4f16-9e92-0f5c4f285e9d req-443dc83e-6eaf-4120-8885-055b0c1fce11 service placement] found 2 providers with available 1 DISK_GB {{(pid=75426) get_provider_ids_matching /opt/stack/placement/placement/objects/research_context.py:549}}
Jul 08 11:17:02.739561 chdv-799967-3 devstack@placement-api.service[75426]: DEBUG placement.objects.research_context [req-346a8cae-cf70-4f16-9e92-0f5c4f285e9d req-443dc83e-6eaf-4120-8885-055b0c1fce11 service placement] found 2 providers with available 1024 MEMORY_MB {{(pid=75426) get_provider_ids_matching /opt/stack/placement/placement/objects/research_context.py:549}}
Jul 08 11:17:02.740253 chdv-799967-3 devstack@placement-api.service[75426]: DEBUG placement.objects.research_context [req-346a8cae-cf70-4f16-9e92-0f5c4f285e9d req-443dc83e-6eaf-4120-8885-055b0c1fce11 service placement] found 2 providers after filtering by previous result {{(pid=75426) get_provider_ids_matching /opt/stack/placement/placement/objects/research_context.py:580}}
Jul 08 11:17:02.740530 chdv-799967-3 devstack@placement-api.service[75426]: DEBUG placement.objects.research_context [req-346a8cae-cf70-4f16-9e92-0f5c4f285e9d req-443dc83e-6eaf-4120-8885-055b0c1fce11 service placement] found 2 providers with available 1 VCPU {{(pid=75426) get_provider_ids_matching /opt/stack/placement/placement/objects/research_context.py:549}}
Jul 08 11:17:02.741029 chdv-799967-3 devstack@placement-api.service[75426]: DEBUG placement.objects.research_context [req-346a8cae-cf70-4f16-9e92-0f5c4f285e9d req-443dc83e-6eaf-4120-8885-055b0c1fce11 service placement] found 2 providers after filtering by previous result {{(pid=75426) get_provider_ids_matching /opt/stack/placement/placement/objects/research_context.py:580}}
Jul 08 11:17:02.782308 chdv-799967-3 devstack@placement-api.service[75426]: DEBUG placement.objects.allocation_candidate [req-346a8cae-cf70-4f16-9e92-0f5c4f285e9d req-443dc83e-6eaf-4120-8885-055b0c1fce11 service placement] RequestGroup(use_same_provider=False, resources={DISK_GB:1, MEMORY_MB:1024, VCPU:1}, traits=[], aggregates=[]) (suffix '') returned 2 matches {{(pid=75426) _get_by_requests /opt/stack/placement/placement/objects/allocation_candidate.py:145}}
Jul 08 11:17:02.784225 chdv-799967-3 devstack@placement-api.service[75426]: DEBUG placement.objects.allocation_candidate [req-346a8cae-cf70-4f16-9e92-0f5c4f285e9d req-443dc83e-6eaf-4120-8885-055b0c1fce11 service placement] Merging candidates yields 2 allocation requests and 2 provider summaries {{(pid=75426) _merge_candidates /opt/stack/placement/placement/objects/allocation_candidate.py:783}}
Jul 08 11:17:02.787570 chdv-799967-3 devstack@placement-api.service[75426]: INFO placement.requestlog [req-346a8cae-cf70-4f16-9e92-0f5c4f285e9d req-443dc83e-6eaf-4120-8885-055b0c1fce11 service placement] 10.222.0.54 "GET /placement/allocation_candidates?resources=DISK_GB%3A1%2CMEMORY_MB%3A1024%2CVCPU%3A1&root_required=%21COMPUTE_STATUS_DISABLED" status: 200 len: 1235 microversion: 1.35
Jul 08 11:17:02.787930 chdv-799967-3 devstack@placement-api.service[75426]: [pid: 75426|app: 0|req: 312/627] 10.222.0.54 () {60 vars in 1485 bytes} [Thu Jul 8 11:17:02 2021] GET /placement/allocation_candidates?resources=DISK_GB%3A1%2CMEMORY_MB%3A1024%2CVCPU%3A1&root_required=%21COMPUTE_STATUS_DISABLED => generated 1235 bytes in 172 msecs (HTTP/1.1 200) 8 headers in 297 bytes (1 switches on core 0)
Jul 08 11:17:02.849204 chdv-799967-3 devstack@placement-api.service[75425]: DEBUG placement.requestlog [req-346a8cae-cf70-4f16-9e92-0f5c4f285e9d req-62d8238a-c0b8-474f-a49a-2e2ddcabf4ed None None] Starting request: 10.222.0.54 "GET /placement/allocations/4101f7c7-639a-4805-be30-93eef3fab5c7" {{(pid=75425) __call__ /opt/stack/placement/placement/requestlog.py:55}}
Jul 08 11:17:02.871914 chdv-799967-3 devstack@placement-api.service[75425]: INFO placement.requestlog [req-346a8cae-cf70-4f16-9e92-0f5c4f285e9d req-62d8238a-c0b8-474f-a49a-2e2ddcabf4ed service placement] 10.222.0.54 "GET /placement/allocations/4101f7c7-639a-4805-be30-93eef3fab5c7" status: 200 len: 19 microversion: 1.28
Jul 08 11:17:02.873436 chdv-799967-3 devstack@placement-api.service[75425]: [pid: 75425|app: 0|req: 316/628] 10.222.0.54 () {60 vars in 1381 bytes} [Thu Jul 8 11:17:02 2021] GET /placement/allocations/4101f7c7-639a-4805-be30-93eef3fab5c7 => generated 19 bytes in 23 msecs (HTTP/1.1 200) 8 headers in 295 bytes (1 switches on core 0)
Jul 08 11:17:02.884619 chdv-799967-3 devstack@placement-api.service[75426]: DEBUG placement.requestlog [req-346a8cae-cf70-4f16-9e92-0f5c4f285e9d req-14b3269e-03df-4fb7-9137-427ac27ce666 None None] Starting request: 10.222.0.54 "PUT /placement/allocations/4101f7c7-639a-4805-be30-93eef3fab5c7" {{(pid=75426) __call__ /opt/stack/placement/placement/requestlog.py:55}}
Jul 08 11:17:03.000269 chdv-799967-3 devstack@placement-api.service[75426]: DEBUG placement.handlers.allocation [req-346a8cae-cf70-4f16-9e92-0f5c4f285e9d req-14b3269e-03df-4fb7-9137-427ac27ce666 service placement] Successfully wrote allocations [, , ] {{(pid=75426) _create_allocations /opt/stack/placement/placement/handlers/allocation.py:435}}
Jul 08 11:17:03.001138 chdv-799967-3 devstack@placement-api.service[75426]: INFO placement.requestlog [req-346a8cae-cf70-4f16-9e92-0f5c4f285e9d req-14b3269e-03df-4fb7-9137-427ac27ce666 service placement] 10.222.0.54 "PUT /placement/allocations/4101f7c7-639a-4805-be30-93eef3fab5c7" status: 204 len: 0 microversion: 1.35
Jul 08 11:17:03.003918 chdv-799967-3 devstack@placement-api.service[75426]: [pid: 75426|app: 0|req: 313/629] 10.222.0.54 () {64 vars in 1434 bytes} [Thu Jul 8 11:17:02 2021] PUT /placement/allocations/4101f7c7-639a-4805-be30-93eef3fab5c7 => generated 0 bytes in 118 msecs (HTTP/1.1 204) 5 headers in 199 bytes (1 switches on core 0)
Jul 08 11:17:03.683069 chdv-799967-3 devstack@placement-api.service[75425]: DEBUG placement.requestlog [req-346a8cae-cf70-4f16-9e92-0f5c4f285e9d req-9fa7f57c-cd76-464f-8f6f-bcd2013a86f4 None None] Starting request: 10.222.0.24 "GET /placement/allocations/4101f7c7-639a-4805-be30-93eef3fab5c7" {{(pid=75425) __call__ /opt/stack/placement/placement/requestlog.py:55}}
Jul 08 11:17:03.705952 chdv-799967-3 devstack@placement-api.service[75425]: INFO placement.requestlog [req-346a8cae-cf70-4f16-9e92-0f5c4f285e9d req-9fa7f57c-cd76-464f-8f6f-bcd2013a86f4 service placement] 10.222.0.24 "GET /placement/allocations/4101f7c7-639a-4805-be30-93eef3fab5c7" status: 200 len: 259 microversion: 1.28
Jul 08 11:17:03.706489 chdv-799967-3 devstack@placement-api.service[75425]: [pid: 75425|app: 0|req: 317/630] 10.222.0.24 () {60 vars in 1378 bytes} [Thu Jul 8 11:17:03 2021] GET /placement/allocations/4101f7c7-639a-4805-be30-93eef3fab5c7 => generated 259 bytes in 23 msecs (HTTP/1.1 200) 8 headers in 296 bytes (1 switches on core 0)
Jul 08 11:17:11.581796 chdv-799967-3 devstack@placement-api.service[75426]: DEBUG placement.requestlog [req-deb25bfb-317a-4007-883b-340ffb424182 req-1b20a147-46eb-4993-821b-339f3c326652 None None] Starting request: 10.222.0.72 "GET /placement/allocations/385486e0-9070-4380-8eb2-a278fca0c7e1" {{(pid=75426) __call__ /opt/stack/placement/placement/requestlog.py:55}}
Jul 08 11:17:11.611309 chdv-799967-3 devstack@placement-api.service[75426]: INFO placement.requestlog [req-deb25bfb-317a-4007-883b-340ffb424182 req-1b20a147-46eb-4993-821b-339f3c326652 service placement] 10.222.0.72 "GET /placement/allocations/385486e0-9070-4380-8eb2-a278fca0c7e1" status: 200 len: 259 microversion: 1.28
Jul 08 11:17:11.611309 chdv-799967-3 devstack@placement-api.service[75426]: [pid: 75426|app: 0|req: 314/631] 10.222.0.72 () {60 vars in 1378 bytes} [Thu Jul 8 11:17:11 2021] GET /placement/allocations/385486e0-9070-4380-8eb2-a278fca0c7e1 => generated 259 bytes in 25 msecs (HTTP/1.1 200) 8 headers in 296 bytes (1 switches on core 0)
Jul 08 11:17:12.676337 chdv-799967-3 devstack@placement-api.service[75425]: DEBUG placement.requestlog [req-157ff14b-e2f9-43c3-84a4-37f1f8e5c84f req-2dfca707-f778-4975-a900-e677816ab1d7 None None] Starting request: 10.222.0.54 "GET /placement/allocation_candidates?limit=1000&resources=DISK_GB%3A1%2CMEMORY_MB%3A1024%2CVCPU%3A1&root_required=%21COMPUTE_STATUS_DISABLED" {{(pid=75425) __call__ /opt/stack/placement/placement/requestlog.py:55}}
Jul 08 11:17:12.716594 chdv-799967-3 devstack@placement-api.service[75425]: DEBUG placement.objects.research_context [req-157ff14b-e2f9-43c3-84a4-37f1f8e5c84f req-2dfca707-f778-4975-a900-e677816ab1d7 service placement] getting providers with 1 DISK_GB {{(pid=75425) __init__ /opt/stack/placement/placement/objects/research_context.py:126}}
Jul 08 11:17:12.724122 chdv-799967-3 devstack@placement-api.service[75425]: DEBUG placement.objects.research_context [req-157ff14b-e2f9-43c3-84a4-37f1f8e5c84f req-2dfca707-f778-4975-a900-e677816ab1d7 service placement] getting providers with 1024 MEMORY_MB {{(pid=75425) __init__ /opt/stack/placement/placement/objects/research_context.py:126}}
Jul 08 11:17:12.734654 chdv-799967-3 devstack@placement-api.service[75425]: DEBUG placement.objects.research_context [req-157ff14b-e2f9-43c3-84a4-37f1f8e5c84f req-2dfca707-f778-4975-a900-e677816ab1d7 service placement] getting providers with 1 VCPU {{(pid=75425) __init__ /opt/stack/placement/placement/objects/research_context.py:126}}
Jul 08 11:17:12.747656 chdv-799967-3 devstack@placement-api.service[75425]: DEBUG placement.objects.research_context [req-157ff14b-e2f9-43c3-84a4-37f1f8e5c84f req-2dfca707-f778-4975-a900-e677816ab1d7 service placement] found 2 providers with available 1 DISK_GB {{(pid=75425) get_provider_ids_matching /opt/stack/placement/placement/objects/research_context.py:549}}
Jul 08 11:17:12.747656 chdv-799967-3 devstack@placement-api.service[75425]: DEBUG placement.objects.research_context [req-157ff14b-e2f9-43c3-84a4-37f1f8e5c84f req-2dfca707-f778-4975-a900-e677816ab1d7 service placement] found 2 providers with available 1024 MEMORY_MB {{(pid=75425) get_provider_ids_matching /opt/stack/placement/placement/objects/research_context.py:549}}
Jul 08 11:17:12.747656 chdv-799967-3 devstack@placement-api.service[75425]: DEBUG placement.objects.research_context [req-157ff14b-e2f9-43c3-84a4-37f1f8e5c84f req-2dfca707-f778-4975-a900-e677816ab1d7 service placement] found 2 providers after filtering by previous result {{(pid=75425) get_provider_ids_matching /opt/stack/placement/placement/objects/research_context.py:580}}
Jul 08 11:17:12.747656 chdv-799967-3 devstack@placement-api.service[75425]: DEBUG placement.objects.research_context [req-157ff14b-e2f9-43c3-84a4-37f1f8e5c84f req-2dfca707-f778-4975-a900-e677816ab1d7 service placement] found 2 providers with available 1 VCPU {{(pid=75425) get_provider_ids_matching /opt/stack/placement/placement/objects/research_context.py:549}}
Jul 08 11:17:12.747656 chdv-799967-3 devstack@placement-api.service[75425]: DEBUG placement.objects.research_context [req-157ff14b-e2f9-43c3-84a4-37f1f8e5c84f req-2dfca707-f778-4975-a900-e677816ab1d7 service placement] found 2 providers after filtering by previous result {{(pid=75425) get_provider_ids_matching /opt/stack/placement/placement/objects/research_context.py:580}}
Jul 08 11:17:12.766352 chdv-799967-3 devstack@placement-api.service[75425]: DEBUG placement.objects.allocation_candidate [req-157ff14b-e2f9-43c3-84a4-37f1f8e5c84f req-2dfca707-f778-4975-a900-e677816ab1d7 service placement] RequestGroup(use_same_provider=False, resources={DISK_GB:1, MEMORY_MB:1024, VCPU:1}, traits=[], aggregates=[]) (suffix '') returned 2 matches {{(pid=75425) _get_by_requests /opt/stack/placement/placement/objects/allocation_candidate.py:145}}
Jul 08 11:17:12.766352 chdv-799967-3 devstack@placement-api.service[75425]: DEBUG placement.objects.allocation_candidate [req-157ff14b-e2f9-43c3-84a4-37f1f8e5c84f req-2dfca707-f778-4975-a900-e677816ab1d7 service placement] Merging candidates yields 2 allocation requests and 2 provider summaries {{(pid=75425) _merge_candidates /opt/stack/placement/placement/objects/allocation_candidate.py:783}}
Jul 08 11:17:12.766352 chdv-799967-3 devstack@placement-api.service[75425]: INFO placement.requestlog [req-157ff14b-e2f9-43c3-84a4-37f1f8e5c84f req-2dfca707-f778-4975-a900-e677816ab1d7 service placement] 10.222.0.54 "GET /placement/allocation_candidates?limit=1000&resources=DISK_GB%3A1%2CMEMORY_MB%3A1024%2CVCPU%3A1&root_required=%21COMPUTE_STATUS_DISABLED" status: 200 len: 1237 microversion: 1.35
Jul 08 11:17:12.766352 chdv-799967-3 devstack@placement-api.service[75425]: [pid: 75425|app: 0|req: 318/632] 10.222.0.54 () {60 vars in 1507 bytes} [Thu Jul 8 11:17:12 2021] GET /placement/allocation_candidates?limit=1000&resources=DISK_GB%3A1%2CMEMORY_MB%3A1024%2CVCPU%3A1&root_required=%21COMPUTE_STATUS_DISABLED => generated 1237 bytes in 86 msecs (HTTP/1.1 200) 8 headers in 297 bytes (1 switches on core 0)
Jul 08 11:17:12.820014 chdv-799967-3 devstack@placement-api.service[75426]: DEBUG placement.requestlog [req-157ff14b-e2f9-43c3-84a4-37f1f8e5c84f req-f1826a35-2df0-41aa-aac9-f8167a9c7842 None None] Starting request: 10.222.0.54 "GET /placement/allocations/db8a5e33-1558-4da5-9279-9d63de28216c" {{(pid=75426) __call__ /opt/stack/placement/placement/requestlog.py:55}}
Jul 08 11:17:12.834728 chdv-799967-3 devstack@placement-api.service[75426]: INFO placement.requestlog [req-157ff14b-e2f9-43c3-84a4-37f1f8e5c84f req-f1826a35-2df0-41aa-aac9-f8167a9c7842 service placement] 10.222.0.54 "GET /placement/allocations/db8a5e33-1558-4da5-9279-9d63de28216c" status: 200 len: 19 microversion: 1.28
Jul 08 11:17:12.837744 chdv-799967-3 devstack@placement-api.service[75426]: [pid: 75426|app: 0|req: 315/633] 10.222.0.54 () {60 vars in 1381 bytes} [Thu Jul 8 11:17:12 2021] GET /placement/allocations/db8a5e33-1558-4da5-9279-9d63de28216c => generated 19 bytes in 18 msecs (HTTP/1.1 200) 8 headers in 295 bytes (1 switches on core 0)
Jul 08 11:17:12.841704 chdv-799967-3 devstack@placement-api.service[75425]: DEBUG placement.requestlog [req-157ff14b-e2f9-43c3-84a4-37f1f8e5c84f req-492fc436-e120-408d-ae3f-3a1a4bd108f1 None None] Starting request: 10.222.0.54 "PUT /placement/allocations/db8a5e33-1558-4da5-9279-9d63de28216c" {{(pid=75425) __call__ /opt/stack/placement/placement/requestlog.py:55}}
Jul 08 11:17:12.912996 chdv-799967-3 devstack@placement-api.service[75425]: DEBUG placement.handlers.allocation [req-157ff14b-e2f9-43c3-84a4-37f1f8e5c84f req-492fc436-e120-408d-ae3f-3a1a4bd108f1 service placement] Successfully wrote allocations [, , ] {{(pid=75425) _create_allocations /opt/stack/placement/placement/handlers/allocation.py:435}}
Jul 08 11:17:12.913609 chdv-799967-3 devstack@placement-api.service[75425]: INFO placement.requestlog [req-157ff14b-e2f9-43c3-84a4-37f1f8e5c84f req-492fc436-e120-408d-ae3f-3a1a4bd108f1 service placement] 10.222.0.54 "PUT /placement/allocations/db8a5e33-1558-4da5-9279-9d63de28216c" status: 204 len: 0 microversion: 1.35
Jul 08 11:17:12.915746 chdv-799967-3 devstack@placement-api.service[75425]: [pid: 75425|app: 0|req: 319/634] 10.222.0.54 () {64 vars in 1434 bytes} [Thu Jul 8 11:17:12 2021] PUT /placement/allocations/db8a5e33-1558-4da5-9279-9d63de28216c => generated 0 bytes in 73 msecs (HTTP/1.1 204) 5 headers in 199 bytes (1 switches on core 0)
Jul 08 11:17:13.236733 chdv-799967-3 devstack@placement-api.service[75426]: DEBUG placement.requestlog [req-157ff14b-e2f9-43c3-84a4-37f1f8e5c84f req-8e04afad-eb11-4a90-a186-9b7606847eb6 None None] Starting request: 10.222.0.72 "GET /placement/allocations/db8a5e33-1558-4da5-9279-9d63de28216c" {{(pid=75426) __call__ /opt/stack/placement/placement/requestlog.py:55}}
Jul 08 11:17:13.255406 chdv-799967-3 devstack@placement-api.service[75426]: INFO placement.requestlog [req-157ff14b-e2f9-43c3-84a4-37f1f8e5c84f req-8e04afad-eb11-4a90-a186-9b7606847eb6 service placement] 10.222.0.72 "GET /placement/allocations/db8a5e33-1558-4da5-9279-9d63de28216c" status: 200 len: 259 microversion: 1.28
Jul 08 11:17:13.255880 chdv-799967-3 devstack@placement-api.service[75426]: [pid: 75426|app: 0|req: 316/635] 10.222.0.72 () {60 vars in 1378 bytes} [Thu Jul 8 11:17:13 2021] GET /placement/allocations/db8a5e33-1558-4da5-9279-9d63de28216c => generated 259 bytes in 19 msecs (HTTP/1.1 200) 8 headers in 296 bytes (2 switches on core 0)
Jul 08 11:17:21.960129 chdv-799967-3 devstack@placement-api.service[75425]: DEBUG placement.requestlog [req-711614ef-0705-4631-bc5f-27f5ba4d7858 req-a3f7845e-ca48-45a1-8a2c-527cb7c27294 None None] Starting request: 10.222.0.54 "GET /placement/allocation_candidates?limit=1000&resources=DISK_GB%3A1%2CMEMORY_MB%3A1024%2CVCPU%3A1&root_required=%21COMPUTE_STATUS_DISABLED" {{(pid=75425) __call__ /opt/stack/placement/placement/requestlog.py:55}}
Jul 08 11:17:22.025430 chdv-799967-3 devstack@placement-api.service[75425]: DEBUG placement.objects.research_context [req-711614ef-0705-4631-bc5f-27f5ba4d7858 req-a3f7845e-ca48-45a1-8a2c-527cb7c27294 service placement] getting providers with 1 DISK_GB {{(pid=75425) __init__ /opt/stack/placement/placement/objects/research_context.py:126}}
Jul 08 11:17:22.038462 chdv-799967-3 devstack@placement-api.service[75425]: DEBUG placement.objects.research_context [req-711614ef-0705-4631-bc5f-27f5ba4d7858 req-a3f7845e-ca48-45a1-8a2c-527cb7c27294 service placement] getting providers with 1024 MEMORY_MB {{(pid=75425) __init__ /opt/stack/placement/placement/objects/research_context.py:126}}
Jul 08 11:17:22.048626 chdv-799967-3 devstack@placement-api.service[75425]: DEBUG placement.objects.research_context [req-711614ef-0705-4631-bc5f-27f5ba4d7858 req-a3f7845e-ca48-45a1-8a2c-527cb7c27294 service placement] getting providers with 1 VCPU {{(pid=75425) __init__ /opt/stack/placement/placement/objects/research_context.py:126}}
Jul 08 11:17:22.063480 chdv-799967-3 devstack@placement-api.service[75425]: DEBUG placement.objects.research_context [req-711614ef-0705-4631-bc5f-27f5ba4d7858 req-a3f7845e-ca48-45a1-8a2c-527cb7c27294 service placement] found 2 providers with available 1 DISK_GB {{(pid=75425) get_provider_ids_matching /opt/stack/placement/placement/objects/research_context.py:549}}
Jul 08 11:17:22.063480 chdv-799967-3 devstack@placement-api.service[75425]: DEBUG placement.objects.research_context [req-711614ef-0705-4631-bc5f-27f5ba4d7858 req-a3f7845e-ca48-45a1-8a2c-527cb7c27294 service placement] found 2 providers with available 1024 MEMORY_MB {{(pid=75425) get_provider_ids_matching /opt/stack/placement/placement/objects/research_context.py:549}}
Jul 08 11:17:22.063480 chdv-799967-3 devstack@placement-api.service[75425]: DEBUG placement.objects.research_context [req-711614ef-0705-4631-bc5f-27f5ba4d7858 req-a3f7845e-ca48-45a1-8a2c-527cb7c27294 service placement] found 2 providers after filtering by previous result {{(pid=75425) get_provider_ids_matching /opt/stack/placement/placement/objects/research_context.py:580}}
Jul 08 11:17:22.063480 chdv-799967-3 devstack@placement-api.service[75425]: DEBUG placement.objects.research_context [req-711614ef-0705-4631-bc5f-27f5ba4d7858 req-a3f7845e-ca48-45a1-8a2c-527cb7c27294 service placement] found 2 providers with available 1 VCPU {{(pid=75425) get_provider_ids_matching /opt/stack/placement/placement/objects/research_context.py:549}}
Jul 08 11:17:22.064061 chdv-799967-3 devstack@placement-api.service[75425]: DEBUG placement.objects.research_context [req-711614ef-0705-4631-bc5f-27f5ba4d7858 req-a3f7845e-ca48-45a1-8a2c-527cb7c27294 service placement] found 2 providers after filtering by previous result {{(pid=75425) get_provider_ids_matching /opt/stack/placement/placement/objects/research_context.py:580}}
Jul 08 11:17:22.076300 chdv-799967-3 devstack@placement-api.service[75425]: DEBUG placement.objects.allocation_candidate [req-711614ef-0705-4631-bc5f-27f5ba4d7858 req-a3f7845e-ca48-45a1-8a2c-527cb7c27294 service placement] RequestGroup(use_same_provider=False, resources={DISK_GB:1, MEMORY_MB:1024, VCPU:1}, traits=[], aggregates=[]) (suffix '') returned 2 matches {{(pid=75425) _get_by_requests /opt/stack/placement/placement/objects/allocation_candidate.py:145}}
Jul 08 11:17:22.076918 chdv-799967-3 devstack@placement-api.service[75425]: DEBUG placement.objects.allocation_candidate [req-711614ef-0705-4631-bc5f-27f5ba4d7858 req-a3f7845e-ca48-45a1-8a2c-527cb7c27294 service placement] Merging candidates yields 2 allocation requests and 2 provider summaries {{(pid=75425) _merge_candidates /opt/stack/placement/placement/objects/allocation_candidate.py:783}}
Jul 08 11:17:22.079263 chdv-799967-3 devstack@placement-api.service[75425]: INFO placement.requestlog [req-711614ef-0705-4631-bc5f-27f5ba4d7858 req-a3f7845e-ca48-45a1-8a2c-527cb7c27294 service placement] 10.222.0.54 "GET /placement/allocation_candidates?limit=1000&resources=DISK_GB%3A1%2CMEMORY_MB%3A1024%2CVCPU%3A1&root_required=%21COMPUTE_STATUS_DISABLED" status: 200 len: 1237 microversion: 1.35
Jul 08 11:17:22.084366 chdv-799967-3 devstack@placement-api.service[75425]: [pid: 75425|app: 0|req: 320/636] 10.222.0.54 () {60 vars in 1507 bytes} [Thu Jul 8 11:17:21 2021] GET /placement/allocation_candidates?limit=1000&resources=DISK_GB%3A1%2CMEMORY_MB%3A1024%2CVCPU%3A1&root_required=%21COMPUTE_STATUS_DISABLED => generated 1237 bytes in 124 msecs (HTTP/1.1 200) 8 headers in 297 bytes (1 switches on core 0)
Jul 08 11:17:22.130626 chdv-799967-3 devstack@placement-api.service[75426]: DEBUG placement.requestlog [req-711614ef-0705-4631-bc5f-27f5ba4d7858 req-2026889c-1cd3-461f-844c-eadb27927af6 None None] Starting request: 10.222.0.54 "GET /placement/allocations/379794e7-1cbc-4744-8830-b06599a7e774" {{(pid=75426) __call__ /opt/stack/placement/placement/requestlog.py:55}}
Jul 08 11:17:22.141209 chdv-799967-3 devstack@placement-api.service[75426]: INFO placement.requestlog [req-711614ef-0705-4631-bc5f-27f5ba4d7858 req-2026889c-1cd3-461f-844c-eadb27927af6 service placement] 10.222.0.54 "GET /placement/allocations/379794e7-1cbc-4744-8830-b06599a7e774" status: 200 len: 19 microversion: 1.28
Jul 08 11:17:22.141906 chdv-799967-3 devstack@placement-api.service[75426]: [pid: 75426|app: 0|req: 317/637] 10.222.0.54 () {60 vars in 1381 bytes} [Thu Jul 8 11:17:22 2021] GET /placement/allocations/379794e7-1cbc-4744-8830-b06599a7e774 => generated 19 bytes in 12 msecs (HTTP/1.1 200) 8 headers in 295 bytes (1 switches on core 0)
Jul 08 11:17:22.147259 chdv-799967-3 devstack@placement-api.service[75425]: DEBUG placement.requestlog [req-711614ef-0705-4631-bc5f-27f5ba4d7858 req-1f7abc3c-70d7-480e-8d3c-8be03cb2b8e4 None None] Starting request: 10.222.0.54 "PUT /placement/allocations/379794e7-1cbc-4744-8830-b06599a7e774" {{(pid=75425) __call__ /opt/stack/placement/placement/requestlog.py:55}}
Jul 08 11:17:22.206352 chdv-799967-3 devstack@placement-api.service[75425]: DEBUG placement.handlers.allocation [req-711614ef-0705-4631-bc5f-27f5ba4d7858 req-1f7abc3c-70d7-480e-8d3c-8be03cb2b8e4 service placement] Successfully wrote allocations [, , ] {{(pid=75425) _create_allocations /opt/stack/placement/placement/handlers/allocation.py:435}}
Jul 08 11:17:22.207401 chdv-799967-3 devstack@placement-api.service[75425]: INFO placement.requestlog [req-711614ef-0705-4631-bc5f-27f5ba4d7858 req-1f7abc3c-70d7-480e-8d3c-8be03cb2b8e4 service placement] 10.222.0.54 "PUT /placement/allocations/379794e7-1cbc-4744-8830-b06599a7e774" status: 204 len: 0 microversion: 1.35
Jul 08 11:17:22.216205 chdv-799967-3 devstack@placement-api.service[75425]: [pid: 75425|app: 0|req: 321/638] 10.222.0.54 () {64 vars in 1434 bytes} [Thu Jul 8 11:17:22 2021] PUT /placement/allocations/379794e7-1cbc-4744-8830-b06599a7e774 => generated 0 bytes in 60 msecs (HTTP/1.1 204) 5 headers in 199 bytes (1 switches on core 0)
Jul 08 11:17:22.644631 chdv-799967-3 devstack@placement-api.service[75426]: DEBUG placement.requestlog [req-711614ef-0705-4631-bc5f-27f5ba4d7858 req-6e891207-f60a-4afa-ad37-b2004795361e None None] Starting request: 10.222.0.72 "GET /placement/allocations/379794e7-1cbc-4744-8830-b06599a7e774" {{(pid=75426) __call__ /opt/stack/placement/placement/requestlog.py:55}}
Jul 08 11:17:22.663181 chdv-799967-3 devstack@placement-api.service[75426]: INFO placement.requestlog [req-711614ef-0705-4631-bc5f-27f5ba4d7858 req-6e891207-f60a-4afa-ad37-b2004795361e service placement] 10.222.0.72 "GET /placement/allocations/379794e7-1cbc-4744-8830-b06599a7e774" status: 200 len: 259 microversion: 1.28
Jul 08 11:17:22.663698 chdv-799967-3 devstack@placement-api.service[75426]: [pid: 75426|app: 0|req: 318/639] 10.222.0.72 () {60 vars in 1378 bytes} [Thu Jul 8 11:17:22 2021] GET /placement/allocations/379794e7-1cbc-4744-8830-b06599a7e774 => generated 259 bytes in 24 msecs (HTTP/1.1 200) 8 headers in 296 bytes (1 switches on core 0)
