Jul 08 08:28:02.470082 chdv-799894-1 devstack@placement-api.service[76190]: [pid: 76190|app: 0|req: 353/705] 10.222.0.49 () {64 vars in 1431 bytes} [Thu Jul 8 08:28:02 2021] PUT /placement/allocations/b3bcdc70-6858-433c-b322-4832b523e2b7 => generated 0 bytes in 115 msecs (HTTP/1.1 204) 5 headers in 199 bytes (1 switches on core 0)
Jul 08 08:28:14.246840 chdv-799894-1 devstack@placement-api.service[76191]: DEBUG placement.requestlog [req-1bb7ba7e-dc62-4c4d-91cd-15e260587ec3 req-369b8f86-ae9d-4854-aff9-98035270d1a5 None None] Starting request: 10.222.0.49 "GET /placement/allocations/ea87be13-1ced-457d-9c50-d51dd3f93251" {{(pid=76191) __call__ /opt/stack/placement/placement/requestlog.py:55}}
Jul 08 08:28:14.264615 chdv-799894-1 devstack@placement-api.service[76191]: INFO placement.requestlog [req-1bb7ba7e-dc62-4c4d-91cd-15e260587ec3 req-369b8f86-ae9d-4854-aff9-98035270d1a5 service placement] 10.222.0.49 "GET /placement/allocations/ea87be13-1ced-457d-9c50-d51dd3f93251" status: 200 len: 260 microversion: 1.28
Jul 08 08:28:14.265106 chdv-799894-1 devstack@placement-api.service[76191]: [pid: 76191|app: 0|req: 353/706] 10.222.0.49 () {60 vars in 1378 bytes} [Thu Jul 8 08:28:14 2021] GET /placement/allocations/ea87be13-1ced-457d-9c50-d51dd3f93251 => generated 260 bytes in 18 msecs (HTTP/1.1 200) 8 headers in 296 bytes (2 switches on core 0)
Jul 08 08:28:14.277325 chdv-799894-1 devstack@placement-api.service[76190]: DEBUG placement.requestlog [req-1bb7ba7e-dc62-4c4d-91cd-15e260587ec3 req-47f2e5e6-ed9f-4290-959f-877a00ea17a0 None None] Starting request: 10.222.0.49 "PUT /placement/allocations/ea87be13-1ced-457d-9c50-d51dd3f93251" {{(pid=76190) __call__ /opt/stack/placement/placement/requestlog.py:55}}
Jul 08 08:28:14.376172 chdv-799894-1 devstack@placement-api.service[76190]: DEBUG placement.handlers.allocation [req-1bb7ba7e-dc62-4c4d-91cd-15e260587ec3 req-47f2e5e6-ed9f-4290-959f-877a00ea17a0 service placement] Successfully wrote allocations [, , ] {{(pid=76190) _create_allocations /opt/stack/placement/placement/handlers/allocation.py:435}}
Jul 08 08:28:14.376719 chdv-799894-1 devstack@placement-api.service[76190]: INFO placement.requestlog [req-1bb7ba7e-dc62-4c4d-91cd-15e260587ec3 req-47f2e5e6-ed9f-4290-959f-877a00ea17a0 service placement] 10.222.0.49 "PUT /placement/allocations/ea87be13-1ced-457d-9c50-d51dd3f93251" status: 204 len: 0 microversion: 1.28
Jul 08 08:28:14.376953 chdv-799894-1 devstack@placement-api.service[76190]: [pid: 76190|app: 0|req: 354/707] 10.222.0.49 () {64 vars in 1431 bytes} [Thu Jul 8 08:28:14 2021] PUT /placement/allocations/ea87be13-1ced-457d-9c50-d51dd3f93251 => generated 0 bytes in 100 msecs (HTTP/1.1 204) 5 headers in 199 bytes (1 switches on core 0)
Jul 08 08:28:15.623085 chdv-799894-1 devstack@placement-api.service[76191]: DEBUG placement.requestlog [req-33dcc212-a927-4108-82a0-0b65fce9c815 req-9ab36e49-4ae8-4187-8082-d2d515f0937a None None] Starting request: 10.222.0.50 "GET /placement/allocation_candidates?limit=1000&resources=MEMORY_MB%3A1024%2CVCPU%3A1&root_required=%21COMPUTE_STATUS_DISABLED" {{(pid=76191) __call__ /opt/stack/placement/placement/requestlog.py:55}}
Jul 08 08:28:15.652946 chdv-799894-1 devstack@placement-api.service[76191]: DEBUG placement.objects.research_context [req-33dcc212-a927-4108-82a0-0b65fce9c815 req-9ab36e49-4ae8-4187-8082-d2d515f0937a service placement] getting providers with 1024 MEMORY_MB {{(pid=76191) __init__ /opt/stack/placement/placement/objects/research_context.py:126}}
Jul 08 08:28:15.658687 chdv-799894-1 devstack@placement-api.service[76191]: DEBUG placement.objects.research_context [req-33dcc212-a927-4108-82a0-0b65fce9c815 req-9ab36e49-4ae8-4187-8082-d2d515f0937a service placement] getting providers with 1 VCPU {{(pid=76191) __init__ /opt/stack/placement/placement/objects/research_context.py:126}}
Jul 08 08:28:15.664917 chdv-799894-1 devstack@placement-api.service[76191]: DEBUG placement.objects.research_context [req-33dcc212-a927-4108-82a0-0b65fce9c815 req-9ab36e49-4ae8-4187-8082-d2d515f0937a service placement] found 2 providers with available 1024 MEMORY_MB {{(pid=76191) get_provider_ids_matching /opt/stack/placement/placement/objects/research_context.py:549}}
Jul 08 08:28:15.665261 chdv-799894-1 devstack@placement-api.service[76191]: DEBUG placement.objects.research_context [req-33dcc212-a927-4108-82a0-0b65fce9c815 req-9ab36e49-4ae8-4187-8082-d2d515f0937a service placement] found 2 providers with available 1 VCPU {{(pid=76191) get_provider_ids_matching /opt/stack/placement/placement/objects/research_context.py:549}}
Jul 08 08:28:15.665599 chdv-799894-1 devstack@placement-api.service[76191]: DEBUG placement.objects.research_context [req-33dcc212-a927-4108-82a0-0b65fce9c815 req-9ab36e49-4ae8-4187-8082-d2d515f0937a service placement] found 2 providers after filtering by previous result {{(pid=76191) get_provider_ids_matching /opt/stack/placement/placement/objects/research_context.py:580}}
Jul 08 08:28:15.678348 chdv-799894-1 devstack@placement-api.service[76191]: DEBUG placement.objects.allocation_candidate [req-33dcc212-a927-4108-82a0-0b65fce9c815 req-9ab36e49-4ae8-4187-8082-d2d515f0937a service placement] RequestGroup(use_same_provider=False, resources={MEMORY_MB:1024, VCPU:1}, traits=[], aggregates=[]) (suffix '') returned 2 matches {{(pid=76191) _get_by_requests /opt/stack/placement/placement/objects/allocation_candidate.py:145}}
Jul 08 08:28:15.678687 chdv-799894-1 devstack@placement-api.service[76191]: DEBUG placement.objects.allocation_candidate [req-33dcc212-a927-4108-82a0-0b65fce9c815 req-9ab36e49-4ae8-4187-8082-d2d515f0937a service placement] Merging candidates yields 2 allocation requests and 2 provider summaries {{(pid=76191) _merge_candidates /opt/stack/placement/placement/objects/allocation_candidate.py:783}}
Jul 08 08:28:15.680087 chdv-799894-1 devstack@placement-api.service[76191]: INFO placement.requestlog [req-33dcc212-a927-4108-82a0-0b65fce9c815 req-9ab36e49-4ae8-4187-8082-d2d515f0937a service placement] 10.222.0.50 "GET /placement/allocation_candidates?limit=1000&resources=MEMORY_MB%3A1024%2CVCPU%3A1&root_required=%21COMPUTE_STATUS_DISABLED" status: 200 len: 1207 microversion: 1.35
Jul 08 08:28:15.685034 chdv-799894-1 devstack@placement-api.service[76191]: [pid: 76191|app: 0|req: 354/708] 10.222.0.50 () {60 vars in 1479 bytes} [Thu Jul 8 08:28:15 2021] GET /placement/allocation_candidates?limit=1000&resources=MEMORY_MB%3A1024%2CVCPU%3A1&root_required=%21COMPUTE_STATUS_DISABLED => generated 1207 bytes in 62 msecs (HTTP/1.1 200) 8 headers in 297 bytes (1 switches on core 0)
Jul 08 08:28:15.742806 chdv-799894-1 devstack@placement-api.service[76190]: DEBUG placement.requestlog [req-33dcc212-a927-4108-82a0-0b65fce9c815 req-1f3d5681-80cf-41ba-bd00-c56fed4ab03c None None] Starting request: 10.222.0.50 "GET /placement/allocations/0a9d812e-b5de-4ed9-a872-b9d6811ecb0c" {{(pid=76190) __call__ /opt/stack/placement/placement/requestlog.py:55}}
Jul 08 08:28:15.754542 chdv-799894-1 devstack@placement-api.service[76190]: INFO placement.requestlog [req-33dcc212-a927-4108-82a0-0b65fce9c815 req-1f3d5681-80cf-41ba-bd00-c56fed4ab03c service placement] 10.222.0.50 "GET /placement/allocations/0a9d812e-b5de-4ed9-a872-b9d6811ecb0c" status: 200 len: 19 microversion: 1.28
Jul 08 08:28:15.755177 chdv-799894-1 devstack@placement-api.service[76190]: [pid: 76190|app: 0|req: 355/709] 10.222.0.50 () {60 vars in 1381 bytes} [Thu Jul 8 08:28:15 2021] GET /placement/allocations/0a9d812e-b5de-4ed9-a872-b9d6811ecb0c => generated 19 bytes in 12 msecs (HTTP/1.1 200) 8 headers in 295 bytes (1 switches on core 0)
Jul 08 08:28:15.761044 chdv-799894-1 devstack@placement-api.service[76191]: DEBUG placement.requestlog [req-33dcc212-a927-4108-82a0-0b65fce9c815 req-01a3a193-c59d-4256-a885-4831eb78776d None None] Starting request: 10.222.0.50 "PUT /placement/allocations/0a9d812e-b5de-4ed9-a872-b9d6811ecb0c" {{(pid=76191) __call__ /opt/stack/placement/placement/requestlog.py:55}}
Jul 08 08:28:16.125768 chdv-799894-1 devstack@placement-api.service[76191]: DEBUG placement.handlers.allocation [req-33dcc212-a927-4108-82a0-0b65fce9c815 req-01a3a193-c59d-4256-a885-4831eb78776d service placement] Successfully wrote allocations [, ] {{(pid=76191) _create_allocations /opt/stack/placement/placement/handlers/allocation.py:435}}
Jul 08 08:28:16.126344 chdv-799894-1 devstack@placement-api.service[76191]: INFO placement.requestlog [req-33dcc212-a927-4108-82a0-0b65fce9c815 req-01a3a193-c59d-4256-a885-4831eb78776d service placement] 10.222.0.50 "PUT /placement/allocations/0a9d812e-b5de-4ed9-a872-b9d6811ecb0c" status: 204 len: 0 microversion: 1.35
Jul 08 08:28:16.126593 chdv-799894-1 devstack@placement-api.service[76191]: [pid: 76191|app: 0|req: 355/710] 10.222.0.50 () {64 vars in 1434 bytes} [Thu Jul 8 08:28:15 2021] PUT /placement/allocations/0a9d812e-b5de-4ed9-a872-b9d6811ecb0c => generated 0 bytes in 366 msecs (HTTP/1.1 204) 5 headers in 199 bytes (2 switches on core 0)
Jul 08 08:28:17.289319 chdv-799894-1 devstack@placement-api.service[76190]: DEBUG placement.requestlog [req-393bbfdc-804c-45bc-8006-9e0ec90b2d04 req-ac8a8530-4e79-4e5d-bb74-e87605aade70 None None] Starting request: 10.222.0.50 "GET /placement/allocation_candidates?limit=1000&resources=DISK_GB%3A1%2CMEMORY_MB%3A1024%2CVCPU%3A1&root_required=%21COMPUTE_STATUS_DISABLED" {{(pid=76190) __call__ /opt/stack/placement/placement/requestlog.py:55}}
Jul 08 08:28:17.329607 chdv-799894-1 devstack@placement-api.service[76190]: DEBUG placement.objects.research_context [req-393bbfdc-804c-45bc-8006-9e0ec90b2d04 req-ac8a8530-4e79-4e5d-bb74-e87605aade70 service placement] getting providers with 1 DISK_GB {{(pid=76190) __init__ /opt/stack/placement/placement/objects/research_context.py:126}}
Jul 08 08:28:17.337888 chdv-799894-1 devstack@placement-api.service[76190]: DEBUG placement.objects.research_context [req-393bbfdc-804c-45bc-8006-9e0ec90b2d04 req-ac8a8530-4e79-4e5d-bb74-e87605aade70 service placement] getting providers with 1024 MEMORY_MB {{(pid=76190) __init__ /opt/stack/placement/placement/objects/research_context.py:126}}
Jul 08 08:28:17.338559 chdv-799894-1 devstack@placement-api.service[76191]: DEBUG placement.requestlog [req-33dcc212-a927-4108-82a0-0b65fce9c815 req-542757fd-6522-4afd-9903-2048a12f0e01 None None] Starting request: 10.222.0.49 "GET /placement/allocations/0a9d812e-b5de-4ed9-a872-b9d6811ecb0c" {{(pid=76191) __call__ /opt/stack/placement/placement/requestlog.py:55}}
Jul 08 08:28:17.346995 chdv-799894-1 devstack@placement-api.service[76190]: DEBUG placement.objects.research_context [req-393bbfdc-804c-45bc-8006-9e0ec90b2d04 req-ac8a8530-4e79-4e5d-bb74-e87605aade70 service placement] getting providers with 1 VCPU {{(pid=76190) __init__ /opt/stack/placement/placement/objects/research_context.py:126}}
Jul 08 08:28:17.355040 chdv-799894-1 devstack@placement-api.service[76190]: DEBUG placement.objects.research_context [req-393bbfdc-804c-45bc-8006-9e0ec90b2d04 req-ac8a8530-4e79-4e5d-bb74-e87605aade70 service placement] found 2 providers with available 1 DISK_GB {{(pid=76190) get_provider_ids_matching /opt/stack/placement/placement/objects/research_context.py:549}}
Jul 08 08:28:17.355563 chdv-799894-1 devstack@placement-api.service[76190]: DEBUG placement.objects.research_context [req-393bbfdc-804c-45bc-8006-9e0ec90b2d04 req-ac8a8530-4e79-4e5d-bb74-e87605aade70 service placement] found 2 providers with available 1024 MEMORY_MB {{(pid=76190) get_provider_ids_matching /opt/stack/placement/placement/objects/research_context.py:549}}
Jul 08 08:28:17.356175 chdv-799894-1 devstack@placement-api.service[76190]: DEBUG placement.objects.research_context [req-393bbfdc-804c-45bc-8006-9e0ec90b2d04 req-ac8a8530-4e79-4e5d-bb74-e87605aade70 service placement] found 2 providers after filtering by previous result {{(pid=76190) get_provider_ids_matching /opt/stack/placement/placement/objects/research_context.py:580}}
Jul 08 08:28:17.356601 chdv-799894-1 devstack@placement-api.service[76190]: DEBUG placement.objects.research_context [req-393bbfdc-804c-45bc-8006-9e0ec90b2d04 req-ac8a8530-4e79-4e5d-bb74-e87605aade70 service placement] found 2 providers with available 1 VCPU {{(pid=76190) get_provider_ids_matching /opt/stack/placement/placement/objects/research_context.py:549}}
Jul 08 08:28:17.357184 chdv-799894-1 devstack@placement-api.service[76190]: DEBUG placement.objects.research_context [req-393bbfdc-804c-45bc-8006-9e0ec90b2d04 req-ac8a8530-4e79-4e5d-bb74-e87605aade70 service placement] found 2 providers after filtering by previous result {{(pid=76190) get_provider_ids_matching /opt/stack/placement/placement/objects/research_context.py:580}}
Jul 08 08:28:17.361546 chdv-799894-1 devstack@placement-api.service[76191]: INFO placement.requestlog [req-33dcc212-a927-4108-82a0-0b65fce9c815 req-542757fd-6522-4afd-9903-2048a12f0e01 service placement] 10.222.0.49 "GET /placement/allocations/0a9d812e-b5de-4ed9-a872-b9d6811ecb0c" status: 200 len: 246 microversion: 1.28
Jul 08 08:28:17.362132 chdv-799894-1 devstack@placement-api.service[76191]: [pid: 76191|app: 0|req: 356/711] 10.222.0.49 () {60 vars in 1378 bytes} [Thu Jul 8 08:28:17 2021] GET /placement/allocations/0a9d812e-b5de-4ed9-a872-b9d6811ecb0c => generated 246 bytes in 24 msecs (HTTP/1.1 200) 8 headers in 296 bytes (2 switches on core 0)
Jul 08 08:28:17.372681 chdv-799894-1 devstack@placement-api.service[76190]: DEBUG placement.objects.allocation_candidate [req-393bbfdc-804c-45bc-8006-9e0ec90b2d04 req-ac8a8530-4e79-4e5d-bb74-e87605aade70 service placement] RequestGroup(use_same_provider=False, resources={DISK_GB:1, MEMORY_MB:1024, VCPU:1}, traits=[], aggregates=[]) (suffix '') returned 2 matches {{(pid=76190) _get_by_requests /opt/stack/placement/placement/objects/allocation_candidate.py:145}}
Jul 08 08:28:17.373074 chdv-799894-1 devstack@placement-api.service[76190]: DEBUG placement.objects.allocation_candidate [req-393bbfdc-804c-45bc-8006-9e0ec90b2d04 req-ac8a8530-4e79-4e5d-bb74-e87605aade70 service placement] Merging candidates yields 2 allocation requests and 2 provider summaries {{(pid=76190) _merge_candidates /opt/stack/placement/placement/objects/allocation_candidate.py:783}}
Jul 08 08:28:17.374491 chdv-799894-1 devstack@placement-api.service[76190]: INFO placement.requestlog [req-393bbfdc-804c-45bc-8006-9e0ec90b2d04 req-ac8a8530-4e79-4e5d-bb74-e87605aade70 service placement] 10.222.0.50 "GET /placement/allocation_candidates?limit=1000&resources=DISK_GB%3A1%2CMEMORY_MB%3A1024%2CVCPU%3A1&root_required=%21COMPUTE_STATUS_DISABLED" status: 200 len: 1235 microversion: 1.35
Jul 08 08:28:17.387269 chdv-799894-1 devstack@placement-api.service[76190]: [pid: 76190|app: 0|req: 356/712] 10.222.0.50 () {60 vars in 1507 bytes} [Thu Jul 8 08:28:17 2021] GET /placement/allocation_candidates?limit=1000&resources=DISK_GB%3A1%2CMEMORY_MB%3A1024%2CVCPU%3A1&root_required=%21COMPUTE_STATUS_DISABLED => generated 1235 bytes in 95 msecs (HTTP/1.1 200) 8 headers in 297 bytes (2 switches on core 0)
Jul 08 08:28:17.434496 chdv-799894-1 devstack@placement-api.service[76191]: DEBUG placement.requestlog [req-393bbfdc-804c-45bc-8006-9e0ec90b2d04 req-729c0d92-d43e-4c7c-b234-3aa9ff0f9fae None None] Starting request: 10.222.0.50 "GET /placement/allocations/abca4f7f-98d7-4052-9c1b-30ed25f48182" {{(pid=76191) __call__ /opt/stack/placement/placement/requestlog.py:55}}
Jul 08 08:28:17.445883 chdv-799894-1 devstack@placement-api.service[76191]: INFO placement.requestlog [req-393bbfdc-804c-45bc-8006-9e0ec90b2d04 req-729c0d92-d43e-4c7c-b234-3aa9ff0f9fae service placement] 10.222.0.50 "GET /placement/allocations/abca4f7f-98d7-4052-9c1b-30ed25f48182" status: 200 len: 19 microversion: 1.28
Jul 08 08:28:17.448465 chdv-799894-1 devstack@placement-api.service[76191]: [pid: 76191|app: 0|req: 357/713] 10.222.0.50 () {60 vars in 1381 bytes} [Thu Jul 8 08:28:17 2021] GET /placement/allocations/abca4f7f-98d7-4052-9c1b-30ed25f48182 => generated 19 bytes in 14 msecs (HTTP/1.1 200) 8 headers in 295 bytes (1 switches on core 0)
Jul 08 08:28:17.465758 chdv-799894-1 devstack@placement-api.service[76190]: DEBUG placement.requestlog [req-393bbfdc-804c-45bc-8006-9e0ec90b2d04 req-2761f357-13e3-4915-bdfc-f289c55cee5b None None] Starting request: 10.222.0.50 "PUT /placement/allocations/abca4f7f-98d7-4052-9c1b-30ed25f48182" {{(pid=76190) __call__ /opt/stack/placement/placement/requestlog.py:55}}
Jul 08 08:28:17.680238 chdv-799894-1 devstack@placement-api.service[76190]: DEBUG placement.handlers.allocation [req-393bbfdc-804c-45bc-8006-9e0ec90b2d04 req-2761f357-13e3-4915-bdfc-f289c55cee5b service placement] Successfully wrote allocations [, , ] {{(pid=76190) _create_allocations /opt/stack/placement/placement/handlers/allocation.py:435}}
Jul 08 08:28:17.680897 chdv-799894-1 devstack@placement-api.service[76190]: INFO placement.requestlog [req-393bbfdc-804c-45bc-8006-9e0ec90b2d04 req-2761f357-13e3-4915-bdfc-f289c55cee5b service placement] 10.222.0.50 "PUT /placement/allocations/abca4f7f-98d7-4052-9c1b-30ed25f48182" status: 204 len: 0 microversion: 1.35
Jul 08 08:28:17.681886 chdv-799894-1 devstack@placement-api.service[76190]: [pid: 76190|app: 0|req: 357/714] 10.222.0.50 () {64 vars in 1434 bytes} [Thu Jul 8 08:28:17 2021] PUT /placement/allocations/abca4f7f-98d7-4052-9c1b-30ed25f48182 => generated 0 bytes in 216 msecs (HTTP/1.1 204) 5 headers in 199 bytes (1 switches on core 0)
Jul 08 08:28:18.738205 chdv-799894-1 devstack@placement-api.service[76191]: DEBUG placement.requestlog [req-393bbfdc-804c-45bc-8006-9e0ec90b2d04 req-61867611-3192-4312-81b7-d66e5b3f283f None None] Starting request: 10.222.0.49 "GET /placement/allocations/abca4f7f-98d7-4052-9c1b-30ed25f48182" {{(pid=76191) __call__ /opt/stack/placement/placement/requestlog.py:55}}
Jul 08 08:28:18.757085 chdv-799894-1 devstack@placement-api.service[76191]: INFO placement.requestlog [req-393bbfdc-804c-45bc-8006-9e0ec90b2d04 req-61867611-3192-4312-81b7-d66e5b3f283f service placement] 10.222.0.49 "GET /placement/allocations/abca4f7f-98d7-4052-9c1b-30ed25f48182" status: 200 len: 260 microversion: 1.28
Jul 08 08:28:18.757616 chdv-799894-1 devstack@placement-api.service[76191]: [pid: 76191|app: 0|req: 358/715] 10.222.0.49 () {60 vars in 1378 bytes} [Thu Jul 8 08:28:18 2021] GET /placement/allocations/abca4f7f-98d7-4052-9c1b-30ed25f48182 => generated 260 bytes in 19 msecs (HTTP/1.1 200) 8 headers in 296 bytes (1 switches on core 0)
Jul 08 08:28:19.907220 chdv-799894-1 devstack@placement-api.service[76190]: DEBUG placement.requestlog [req-216df466-61a1-4566-9886-6e731b151b27 req-7c247133-7075-4f3e-a1f0-ba8e44acaaa9 None None] Starting request: 10.222.0.49 "GET /placement/allocations/d57c0a08-2b40-4319-86b4-a4387d891bcc" {{(pid=76190) __call__ /opt/stack/placement/placement/requestlog.py:55}}
Jul 08 08:28:19.925009 chdv-799894-1 devstack@placement-api.service[76190]: INFO placement.requestlog [req-216df466-61a1-4566-9886-6e731b151b27 req-7c247133-7075-4f3e-a1f0-ba8e44acaaa9 service placement] 10.222.0.49 "GET /placement/allocations/d57c0a08-2b40-4319-86b4-a4387d891bcc" status: 200 len: 260 microversion: 1.28
Jul 08 08:28:19.936383 chdv-799894-1 devstack@placement-api.service[76190]: [pid: 76190|app: 0|req: 358/716] 10.222.0.49 () {60 vars in 1378 bytes} [Thu Jul 8 08:28:19 2021] GET /placement/allocations/d57c0a08-2b40-4319-86b4-a4387d891bcc => generated 260 bytes in 27 msecs (HTTP/1.1 200) 8 headers in 296 bytes (1 switches on core 0)
Jul 08 08:28:19.936582 chdv-799894-1 devstack@placement-api.service[76191]: DEBUG placement.requestlog [req-216df466-61a1-4566-9886-6e731b151b27 req-1efeba11-3a8a-435c-8693-ed0f97afe478 None None] Starting request: 10.222.0.49 "PUT /placement/allocations/d57c0a08-2b40-4319-86b4-a4387d891bcc" {{(pid=76191) __call__ /opt/stack/placement/placement/requestlog.py:55}}
Jul 08 08:28:20.148726 chdv-799894-1 devstack@placement-api.service[76191]: DEBUG placement.handlers.allocation [req-216df466-61a1-4566-9886-6e731b151b27 req-1efeba11-3a8a-435c-8693-ed0f97afe478 service placement] Successfully wrote allocations [, , ] {{(pid=76191) _create_allocations /opt/stack/placement/placement/handlers/allocation.py:435}}
Jul 08 08:28:20.148726 chdv-799894-1 devstack@placement-api.service[76191]: INFO placement.requestlog [req-216df466-61a1-4566-9886-6e731b151b27 req-1efeba11-3a8a-435c-8693-ed0f97afe478 service placement] 10.222.0.49 "PUT /placement/allocations/d57c0a08-2b40-4319-86b4-a4387d891bcc" status: 204 len: 0 microversion: 1.28
Jul 08 08:28:20.148726 chdv-799894-1 devstack@placement-api.service[76191]: [pid: 76191|app: 0|req: 359/717] 10.222.0.49 () {64 vars in 1431 bytes} [Thu Jul 8 08:28:19 2021] PUT /placement/allocations/d57c0a08-2b40-4319-86b4-a4387d891bcc => generated 0 bytes in 211 msecs (HTTP/1.1 204) 5 headers in 199 bytes (2 switches on core 0)
Jul 08 08:28:21.291619 chdv-799894-1 devstack@placement-api.service[76190]: DEBUG placement.requestlog [req-2da2c203-ef77-4ca4-bfba-e0cfa7212fc9 req-e60af5ab-f9f5-46d1-91a8-86882333be15 None None] Starting request: 10.222.0.50 "GET /placement/allocation_candidates?limit=1000&resources=DISK_GB%3A1%2CMEMORY_MB%3A1024%2CVCPU%3A1&root_required=%21COMPUTE_STATUS_DISABLED" {{(pid=76190) __call__ /opt/stack/placement/placement/requestlog.py:55}}
Jul 08 08:28:21.310790 chdv-799894-1 devstack@placement-api.service[76190]: DEBUG placement.objects.research_context [req-2da2c203-ef77-4ca4-bfba-e0cfa7212fc9 req-e60af5ab-f9f5-46d1-91a8-86882333be15 service placement] getting providers with 1 DISK_GB {{(pid=76190) __init__ /opt/stack/placement/placement/objects/research_context.py:126}}
Jul 08 08:28:21.319671 chdv-799894-1 devstack@placement-api.service[76190]: DEBUG placement.objects.research_context [req-2da2c203-ef77-4ca4-bfba-e0cfa7212fc9 req-e60af5ab-f9f5-46d1-91a8-86882333be15 service placement] getting providers with 1024 MEMORY_MB {{(pid=76190) __init__ /opt/stack/placement/placement/objects/research_context.py:126}}
Jul 08 08:28:21.328405 chdv-799894-1 devstack@placement-api.service[76190]: DEBUG placement.objects.research_context [req-2da2c203-ef77-4ca4-bfba-e0cfa7212fc9 req-e60af5ab-f9f5-46d1-91a8-86882333be15 service placement] getting providers with 1 VCPU {{(pid=76190) __init__ /opt/stack/placement/placement/objects/research_context.py:126}}
Jul 08 08:28:21.336021 chdv-799894-1 devstack@placement-api.service[76190]: DEBUG placement.objects.research_context [req-2da2c203-ef77-4ca4-bfba-e0cfa7212fc9 req-e60af5ab-f9f5-46d1-91a8-86882333be15 service placement] found 2 providers with available 1 DISK_GB {{(pid=76190) get_provider_ids_matching /opt/stack/placement/placement/objects/research_context.py:549}}
Jul 08 08:28:21.336505 chdv-799894-1 devstack@placement-api.service[76190]: DEBUG placement.objects.research_context [req-2da2c203-ef77-4ca4-bfba-e0cfa7212fc9 req-e60af5ab-f9f5-46d1-91a8-86882333be15 service placement] found 2 providers with available 1024 MEMORY_MB {{(pid=76190) get_provider_ids_matching /opt/stack/placement/placement/objects/research_context.py:549}}
Jul 08 08:28:21.337913 chdv-799894-1 devstack@placement-api.service[76190]: DEBUG placement.objects.research_context [req-2da2c203-ef77-4ca4-bfba-e0cfa7212fc9 req-e60af5ab-f9f5-46d1-91a8-86882333be15 service placement] found 2 providers after filtering by previous result {{(pid=76190) get_provider_ids_matching /opt/stack/placement/placement/objects/research_context.py:580}}
Jul 08 08:28:21.338319 chdv-799894-1 devstack@placement-api.service[76190]: DEBUG placement.objects.research_context [req-2da2c203-ef77-4ca4-bfba-e0cfa7212fc9 req-e60af5ab-f9f5-46d1-91a8-86882333be15 service placement] found 2 providers with available 1 VCPU {{(pid=76190) get_provider_ids_matching /opt/stack/placement/placement/objects/research_context.py:549}}
Jul 08 08:28:21.338711 chdv-799894-1 devstack@placement-api.service[76190]: DEBUG placement.objects.research_context [req-2da2c203-ef77-4ca4-bfba-e0cfa7212fc9 req-e60af5ab-f9f5-46d1-91a8-86882333be15 service placement] found 2 providers after filtering by previous result {{(pid=76190) get_provider_ids_matching /opt/stack/placement/placement/objects/research_context.py:580}}
Jul 08 08:28:21.354142 chdv-799894-1 devstack@placement-api.service[76190]: DEBUG placement.objects.allocation_candidate [req-2da2c203-ef77-4ca4-bfba-e0cfa7212fc9 req-e60af5ab-f9f5-46d1-91a8-86882333be15 service placement] RequestGroup(use_same_provider=False, resources={DISK_GB:1, MEMORY_MB:1024, VCPU:1}, traits=[], aggregates=[]) (suffix '') returned 2 matches {{(pid=76190) _get_by_requests /opt/stack/placement/placement/objects/allocation_candidate.py:145}}
Jul 08 08:28:21.354142 chdv-799894-1 devstack@placement-api.service[76190]: DEBUG placement.objects.allocation_candidate [req-2da2c203-ef77-4ca4-bfba-e0cfa7212fc9 req-e60af5ab-f9f5-46d1-91a8-86882333be15 service placement] Merging candidates yields 2 allocation requests and 2 provider summaries {{(pid=76190) _merge_candidates /opt/stack/placement/placement/objects/allocation_candidate.py:783}}
Jul 08 08:28:21.354142 chdv-799894-1 devstack@placement-api.service[76190]: INFO placement.requestlog [req-2da2c203-ef77-4ca4-bfba-e0cfa7212fc9 req-e60af5ab-f9f5-46d1-91a8-86882333be15 service placement] 10.222.0.50 "GET /placement/allocation_candidates?limit=1000&resources=DISK_GB%3A1%2CMEMORY_MB%3A1024%2CVCPU%3A1&root_required=%21COMPUTE_STATUS_DISABLED" status: 200 len: 1235 microversion: 1.35
Jul 08 08:28:21.360876 chdv-799894-1 devstack@placement-api.service[76190]: [pid: 76190|app: 0|req: 359/718] 10.222.0.50 () {60 vars in 1507 bytes} [Thu Jul 8 08:28:21 2021] GET /placement/allocation_candidates?limit=1000&resources=DISK_GB%3A1%2CMEMORY_MB%3A1024%2CVCPU%3A1&root_required=%21COMPUTE_STATUS_DISABLED => generated 1235 bytes in 81 msecs (HTTP/1.1 200) 8 headers in 297 bytes (1 switches on core 0)
Jul 08 08:28:21.412209 chdv-799894-1 devstack@placement-api.service[76191]: DEBUG placement.requestlog [req-2da2c203-ef77-4ca4-bfba-e0cfa7212fc9 req-b6fbd548-505a-4dc4-b483-2f56d1b062c2 None None] Starting request: 10.222.0.50 "GET /placement/allocations/f6d2aa32-4b72-4d98-9147-38b6e415e37d" {{(pid=76191) __call__ /opt/stack/placement/placement/requestlog.py:55}}
Jul 08 08:28:21.429956 chdv-799894-1 devstack@placement-api.service[76191]: INFO placement.requestlog [req-2da2c203-ef77-4ca4-bfba-e0cfa7212fc9 req-b6fbd548-505a-4dc4-b483-2f56d1b062c2 service placement] 10.222.0.50 "GET /placement/allocations/f6d2aa32-4b72-4d98-9147-38b6e415e37d" status: 200 len: 19 microversion: 1.28
Jul 08 08:28:21.435126 chdv-799894-1 devstack@placement-api.service[76191]: [pid: 76191|app: 0|req: 360/719] 10.222.0.50 () {60 vars in 1381 bytes} [Thu Jul 8 08:28:21 2021] GET /placement/allocations/f6d2aa32-4b72-4d98-9147-38b6e415e37d => generated 19 bytes in 23 msecs (HTTP/1.1 200) 8 headers in 295 bytes (1 switches on core 0)
Jul 08 08:28:21.437426 chdv-799894-1 devstack@placement-api.service[76190]: DEBUG placement.requestlog [req-2da2c203-ef77-4ca4-bfba-e0cfa7212fc9 req-eda1f8a8-55e0-4832-a187-786320fdd94a None None] Starting request: 10.222.0.50 "PUT /placement/allocations/f6d2aa32-4b72-4d98-9147-38b6e415e37d" {{(pid=76190) __call__ /opt/stack/placement/placement/requestlog.py:55}}
Jul 08 08:28:21.649536 chdv-799894-1 devstack@placement-api.service[76190]: DEBUG placement.handlers.allocation [req-2da2c203-ef77-4ca4-bfba-e0cfa7212fc9 req-eda1f8a8-55e0-4832-a187-786320fdd94a service placement] Successfully wrote allocations [, , ] {{(pid=76190) _create_allocations /opt/stack/placement/placement/handlers/allocation.py:435}}
Jul 08 08:28:21.652960 chdv-799894-1 devstack@placement-api.service[76190]: INFO placement.requestlog [req-2da2c203-ef77-4ca4-bfba-e0cfa7212fc9 req-eda1f8a8-55e0-4832-a187-786320fdd94a service placement] 10.222.0.50 "PUT /placement/allocations/f6d2aa32-4b72-4d98-9147-38b6e415e37d" status: 204 len: 0 microversion: 1.35
Jul 08 08:28:21.684196 chdv-799894-1 devstack@placement-api.service[76190]: [pid: 76190|app: 0|req: 360/720] 10.222.0.50 () {64 vars in 1434 bytes} [Thu Jul 8 08:28:21 2021] PUT /placement/allocations/f6d2aa32-4b72-4d98-9147-38b6e415e37d => generated 0 bytes in 217 msecs (HTTP/1.1 204) 5 headers in 199 bytes (1 switches on core 0)
Jul 08 08:28:22.674924 chdv-799894-1 devstack@placement-api.service[76191]: DEBUG placement.requestlog [req-2da2c203-ef77-4ca4-bfba-e0cfa7212fc9 req-7ab8b9a9-580e-471d-90d2-119b01da48b8 None None] Starting request: 10.222.0.49 "GET /placement/allocations/f6d2aa32-4b72-4d98-9147-38b6e415e37d" {{(pid=76191) __call__ /opt/stack/placement/placement/requestlog.py:55}}
Jul 08 08:28:22.709670 chdv-799894-1 devstack@placement-api.service[76191]: INFO placement.requestlog [req-2da2c203-ef77-4ca4-bfba-e0cfa7212fc9 req-7ab8b9a9-580e-471d-90d2-119b01da48b8 service placement] 10.222.0.49 "GET /placement/allocations/f6d2aa32-4b72-4d98-9147-38b6e415e37d" status: 200 len: 260 microversion: 1.28
Jul 08 08:28:22.713437 chdv-799894-1 devstack@placement-api.service[76191]: [pid: 76191|app: 0|req: 361/721] 10.222.0.49 () {60 vars in 1378 bytes} [Thu Jul 8 08:28:22 2021] GET /placement/allocations/f6d2aa32-4b72-4d98-9147-38b6e415e37d => generated 260 bytes in 40 msecs (HTTP/1.1 200) 8 headers in 296 bytes (1 switches on core 0)
Jul 08 08:28:28.947669 chdv-799894-1 devstack@placement-api.service[76190]: DEBUG placement.requestlog [req-77fffbf6-8710-410a-8649-1b725bfcd5dd req-2d1a036a-daba-4e4e-90ba-e7aebeea5a30 None None] Starting request: 10.222.0.50 "GET /placement/allocation_candidates?limit=1000&resources=DISK_GB%3A1%2CMEMORY_MB%3A1024%2CVCPU%3A1&root_required=%21COMPUTE_STATUS_DISABLED" {{(pid=76190) __call__ /opt/stack/placement/placement/requestlog.py:55}}
Jul 08 08:28:29.001394 chdv-799894-1 devstack@placement-api.service[76190]: DEBUG placement.objects.research_context [req-77fffbf6-8710-410a-8649-1b725bfcd5dd req-2d1a036a-daba-4e4e-90ba-e7aebeea5a30 service placement] getting providers with 1 DISK_GB {{(pid=76190) __init__ /opt/stack/placement/placement/objects/research_context.py:126}}
Jul 08 08:28:29.017231 chdv-799894-1 devstack@placement-api.service[76190]: DEBUG placement.objects.research_context [req-77fffbf6-8710-410a-8649-1b725bfcd5dd req-2d1a036a-daba-4e4e-90ba-e7aebeea5a30 service placement] getting providers with 1024 MEMORY_MB {{(pid=76190) __init__ /opt/stack/placement/placement/objects/research_context.py:126}}
Jul 08 08:28:29.028859 chdv-799894-1 devstack@placement-api.service[76190]: DEBUG placement.objects.research_context [req-77fffbf6-8710-410a-8649-1b725bfcd5dd req-2d1a036a-daba-4e4e-90ba-e7aebeea5a30 service placement] getting providers with 1 VCPU {{(pid=76190) __init__ /opt/stack/placement/placement/objects/research_context.py:126}}
Jul 08 08:28:29.044088 chdv-799894-1 devstack@placement-api.service[76190]: DEBUG placement.objects.research_context [req-77fffbf6-8710-410a-8649-1b725bfcd5dd req-2d1a036a-daba-4e4e-90ba-e7aebeea5a30 service placement] found 2 providers with available 1 DISK_GB {{(pid=76190) get_provider_ids_matching /opt/stack/placement/placement/objects/research_context.py:549}}
Jul 08 08:28:29.044377 chdv-799894-1 devstack@placement-api.service[76190]: DEBUG placement.objects.research_context [req-77fffbf6-8710-410a-8649-1b725bfcd5dd req-2d1a036a-daba-4e4e-90ba-e7aebeea5a30 service placement] found 2 providers with available 1024 MEMORY_MB {{(pid=76190) get_provider_ids_matching /opt/stack/placement/placement/objects/research_context.py:549}}
Jul 08 08:28:29.044816 chdv-799894-1 devstack@placement-api.service[76190]: DEBUG placement.objects.research_context [req-77fffbf6-8710-410a-8649-1b725bfcd5dd req-2d1a036a-daba-4e4e-90ba-e7aebeea5a30 service placement] found 2 providers after filtering by previous result {{(pid=76190) get_provider_ids_matching /opt/stack/placement/placement/objects/research_context.py:580}}
Jul 08 08:28:29.045969 chdv-799894-1 devstack@placement-api.service[76190]: DEBUG placement.objects.research_context [req-77fffbf6-8710-410a-8649-1b725bfcd5dd req-2d1a036a-daba-4e4e-90ba-e7aebeea5a30 service placement] found 2 providers with available 1 VCPU {{(pid=76190) get_provider_ids_matching /opt/stack/placement/placement/objects/research_context.py:549}}
Jul 08 08:28:29.046403 chdv-799894-1 devstack@placement-api.service[76190]: DEBUG placement.objects.research_context [req-77fffbf6-8710-410a-8649-1b725bfcd5dd req-2d1a036a-daba-4e4e-90ba-e7aebeea5a30 service placement] found 2 providers after filtering by previous result {{(pid=76190) get_provider_ids_matching /opt/stack/placement/placement/objects/research_context.py:580}}
Jul 08 08:28:29.061752 chdv-799894-1 devstack@placement-api.service[76190]: DEBUG placement.objects.allocation_candidate [req-77fffbf6-8710-410a-8649-1b725bfcd5dd req-2d1a036a-daba-4e4e-90ba-e7aebeea5a30 service placement] RequestGroup(use_same_provider=False, resources={DISK_GB:1, MEMORY_MB:1024, VCPU:1}, traits=[], aggregates=[]) (suffix '') returned 2 matches {{(pid=76190) _get_by_requests /opt/stack/placement/placement/objects/allocation_candidate.py:145}}
Jul 08 08:28:29.062399 chdv-799894-1 devstack@placement-api.service[76190]: DEBUG placement.objects.allocation_candidate [req-77fffbf6-8710-410a-8649-1b725bfcd5dd req-2d1a036a-daba-4e4e-90ba-e7aebeea5a30 service placement] Merging candidates yields 2 allocation requests and 2 provider summaries {{(pid=76190) _merge_candidates /opt/stack/placement/placement/objects/allocation_candidate.py:783}}
Jul 08 08:28:29.064094 chdv-799894-1 devstack@placement-api.service[76190]: INFO placement.requestlog [req-77fffbf6-8710-410a-8649-1b725bfcd5dd req-2d1a036a-daba-4e4e-90ba-e7aebeea5a30 service placement] 10.222.0.50 "GET /placement/allocation_candidates?limit=1000&resources=DISK_GB%3A1%2CMEMORY_MB%3A1024%2CVCPU%3A1&root_required=%21COMPUTE_STATUS_DISABLED" status: 200 len: 1235 microversion: 1.35
Jul 08 08:28:29.064846 chdv-799894-1 devstack@placement-api.service[76190]: [pid: 76190|app: 0|req: 361/722] 10.222.0.50 () {60 vars in 1507 bytes} [Thu Jul 8 08:28:28 2021] GET /placement/allocation_candidates?limit=1000&resources=DISK_GB%3A1%2CMEMORY_MB%3A1024%2CVCPU%3A1&root_required=%21COMPUTE_STATUS_DISABLED => generated 1235 bytes in 118 msecs (HTTP/1.1 200) 8 headers in 297 bytes (1 switches on core 0)
Jul 08 08:28:29.169203 chdv-799894-1 devstack@placement-api.service[76191]: DEBUG placement.requestlog [req-77fffbf6-8710-410a-8649-1b725bfcd5dd req-f31961e8-9edf-45fa-9d02-67212a1a13f3 None None] Starting request: 10.222.0.50 "GET /placement/allocations/3c6d168c-6ac3-47ab-9213-820f75c83cb4" {{(pid=76191) __call__ /opt/stack/placement/placement/requestlog.py:55}}
Jul 08 08:28:29.184909 chdv-799894-1 devstack@placement-api.service[76191]: INFO placement.requestlog [req-77fffbf6-8710-410a-8649-1b725bfcd5dd req-f31961e8-9edf-45fa-9d02-67212a1a13f3 service placement] 10.222.0.50 "GET /placement/allocations/3c6d168c-6ac3-47ab-9213-820f75c83cb4" status: 200 len: 19 microversion: 1.28
Jul 08 08:28:29.185552 chdv-799894-1 devstack@placement-api.service[76191]: [pid: 76191|app: 0|req: 362/723] 10.222.0.50 () {60 vars in 1381 bytes} [Thu Jul 8 08:28:29 2021] GET /placement/allocations/3c6d168c-6ac3-47ab-9213-820f75c83cb4 => generated 19 bytes in 16 msecs (HTTP/1.1 200) 8 headers in 295 bytes (1 switches on core 0)
Jul 08 08:28:29.192055 chdv-799894-1 devstack@placement-api.service[76190]: DEBUG placement.requestlog [req-77fffbf6-8710-410a-8649-1b725bfcd5dd req-a6383e0f-e7ce-4a5d-a012-b396310c109b None None] Starting request: 10.222.0.50 "PUT /placement/allocations/3c6d168c-6ac3-47ab-9213-820f75c83cb4" {{(pid=76190) __call__ /opt/stack/placement/placement/requestlog.py:55}}
Jul 08 08:28:29.496843 chdv-799894-1 devstack@placement-api.service[76190]: DEBUG placement.handlers.allocation [req-77fffbf6-8710-410a-8649-1b725bfcd5dd req-a6383e0f-e7ce-4a5d-a012-b396310c109b service placement] Successfully wrote allocations [, , ] {{(pid=76190) _create_allocations /opt/stack/placement/placement/handlers/allocation.py:435}}
Jul 08 08:28:29.498350 chdv-799894-1 devstack@placement-api.service[76190]: INFO placement.requestlog [req-77fffbf6-8710-410a-8649-1b725bfcd5dd req-a6383e0f-e7ce-4a5d-a012-b396310c109b service placement] 10.222.0.50 "PUT /placement/allocations/3c6d168c-6ac3-47ab-9213-820f75c83cb4" status: 204 len: 0 microversion: 1.35
Jul 08 08:28:29.498767 chdv-799894-1 devstack@placement-api.service[76190]: [pid: 76190|app: 0|req: 362/724] 10.222.0.50 () {64 vars in 1434 bytes} [Thu Jul 8 08:28:29 2021] PUT /placement/allocations/3c6d168c-6ac3-47ab-9213-820f75c83cb4 => generated 0 bytes in 307 msecs (HTTP/1.1 204) 5 headers in 199 bytes (2 switches on core 0)
Jul 08 08:28:30.655314 chdv-799894-1 devstack@placement-api.service[76191]: DEBUG placement.requestlog [req-77fffbf6-8710-410a-8649-1b725bfcd5dd req-641960a0-3a50-4349-b0ce-d77e415fbe3d None None] Starting request: 10.222.0.49 "GET /placement/allocations/3c6d168c-6ac3-47ab-9213-820f75c83cb4" {{(pid=76191) __call__ /opt/stack/placement/placement/requestlog.py:55}}
Jul 08 08:28:30.683349 chdv-799894-1 devstack@placement-api.service[76191]: INFO placement.requestlog [req-77fffbf6-8710-410a-8649-1b725bfcd5dd req-641960a0-3a50-4349-b0ce-d77e415fbe3d service placement] 10.222.0.49 "GET /placement/allocations/3c6d168c-6ac3-47ab-9213-820f75c83cb4" status: 200 len: 260 microversion: 1.28
Jul 08 08:28:30.687311 chdv-799894-1 devstack@placement-api.service[76191]: [pid: 76191|app: 0|req: 363/725] 10.222.0.49 () {60 vars in 1378 bytes} [Thu Jul 8 08:28:30 2021] GET /placement/allocations/3c6d168c-6ac3-47ab-9213-820f75c83cb4 => generated 260 bytes in 32 msecs (HTTP/1.1 200) 8 headers in 296 bytes (1 switches on core 0)
Jul 08 08:28:41.989470 chdv-799894-1 devstack@placement-api.service[76190]: DEBUG placement.requestlog [req-4a2a1f41-6b64-4b34-8b64-ae6f54d26c0b req-b7f6ca55-c864-4e9e-b94b-de3e86a52b9e None None] Starting request: 10.222.0.50 "GET /placement/allocation_candidates?limit=1000&resources=DISK_GB%3A1%2CMEMORY_MB%3A1024%2CVCPU%3A1&root_required=%21COMPUTE_STATUS_DISABLED" {{(pid=76190) __call__ /opt/stack/placement/placement/requestlog.py:55}}
Jul 08 08:28:42.022646 chdv-799894-1 devstack@placement-api.service[76190]: DEBUG placement.objects.research_context [req-4a2a1f41-6b64-4b34-8b64-ae6f54d26c0b req-b7f6ca55-c864-4e9e-b94b-de3e86a52b9e service placement] getting providers with 1 DISK_GB {{(pid=76190) __init__ /opt/stack/placement/placement/objects/research_context.py:126}}
Jul 08 08:28:42.032993 chdv-799894-1 devstack@placement-api.service[76190]: DEBUG placement.objects.research_context [req-4a2a1f41-6b64-4b34-8b64-ae6f54d26c0b req-b7f6ca55-c864-4e9e-b94b-de3e86a52b9e service placement] getting providers with 1024 MEMORY_MB {{(pid=76190) __init__ /opt/stack/placement/placement/objects/research_context.py:126}}
Jul 08 08:28:42.041975 chdv-799894-1 devstack@placement-api.service[76190]: DEBUG placement.objects.research_context [req-4a2a1f41-6b64-4b34-8b64-ae6f54d26c0b req-b7f6ca55-c864-4e9e-b94b-de3e86a52b9e service placement] getting providers with 1 VCPU {{(pid=76190) __init__ /opt/stack/placement/placement/objects/research_context.py:126}}
Jul 08 08:28:42.050085 chdv-799894-1 devstack@placement-api.service[76190]: DEBUG placement.objects.research_context [req-4a2a1f41-6b64-4b34-8b64-ae6f54d26c0b req-b7f6ca55-c864-4e9e-b94b-de3e86a52b9e service placement] found 2 providers with available 1 DISK_GB {{(pid=76190) get_provider_ids_matching /opt/stack/placement/placement/objects/research_context.py:549}}
Jul 08 08:28:42.050682 chdv-799894-1 devstack@placement-api.service[76190]: DEBUG placement.objects.research_context [req-4a2a1f41-6b64-4b34-8b64-ae6f54d26c0b req-b7f6ca55-c864-4e9e-b94b-de3e86a52b9e service placement] found 2 providers with available 1024 MEMORY_MB {{(pid=76190) get_provider_ids_matching /opt/stack/placement/placement/objects/research_context.py:549}}
Jul 08 08:28:42.051686 chdv-799894-1 devstack@placement-api.service[76190]: DEBUG placement.objects.research_context [req-4a2a1f41-6b64-4b34-8b64-ae6f54d26c0b req-b7f6ca55-c864-4e9e-b94b-de3e86a52b9e service placement] found 2 providers after filtering by previous result {{(pid=76190) get_provider_ids_matching /opt/stack/placement/placement/objects/research_context.py:580}}
Jul 08 08:28:42.052245 chdv-799894-1 devstack@placement-api.service[76190]: DEBUG placement.objects.research_context [req-4a2a1f41-6b64-4b34-8b64-ae6f54d26c0b req-b7f6ca55-c864-4e9e-b94b-de3e86a52b9e service placement] found 2 providers with available 1 VCPU {{(pid=76190) get_provider_ids_matching /opt/stack/placement/placement/objects/research_context.py:549}}
Jul 08 08:28:42.052874 chdv-799894-1 devstack@placement-api.service[76190]: DEBUG placement.objects.research_context [req-4a2a1f41-6b64-4b34-8b64-ae6f54d26c0b req-b7f6ca55-c864-4e9e-b94b-de3e86a52b9e service placement] found 2 providers after filtering by previous result {{(pid=76190) get_provider_ids_matching /opt/stack/placement/placement/objects/research_context.py:580}}
Jul 08 08:28:42.068163 chdv-799894-1 devstack@placement-api.service[76190]: DEBUG placement.objects.allocation_candidate [req-4a2a1f41-6b64-4b34-8b64-ae6f54d26c0b req-b7f6ca55-c864-4e9e-b94b-de3e86a52b9e service placement] RequestGroup(use_same_provider=False, resources={DISK_GB:1, MEMORY_MB:1024, VCPU:1}, traits=[], aggregates=[]) (suffix '') returned 2 matches {{(pid=76190) _get_by_requests /opt/stack/placement/placement/objects/allocation_candidate.py:145}}
Jul 08 08:28:42.068809 chdv-799894-1 devstack@placement-api.service[76190]: DEBUG placement.objects.allocation_candidate [req-4a2a1f41-6b64-4b34-8b64-ae6f54d26c0b req-b7f6ca55-c864-4e9e-b94b-de3e86a52b9e service placement] Merging candidates yields 2 allocation requests and 2 provider summaries {{(pid=76190) _merge_candidates /opt/stack/placement/placement/objects/allocation_candidate.py:783}}
Jul 08 08:28:42.071072 chdv-799894-1 devstack@placement-api.service[76190]: INFO placement.requestlog [req-4a2a1f41-6b64-4b34-8b64-ae6f54d26c0b req-b7f6ca55-c864-4e9e-b94b-de3e86a52b9e service placement] 10.222.0.50 "GET /placement/allocation_candidates?limit=1000&resources=DISK_GB%3A1%2CMEMORY_MB%3A1024%2CVCPU%3A1&root_required=%21COMPUTE_STATUS_DISABLED" status: 200 len: 1237 microversion: 1.35
Jul 08 08:28:42.072007 chdv-799894-1 devstack@placement-api.service[76190]: [pid: 76190|app: 0|req: 363/726] 10.222.0.50 () {60 vars in 1507 bytes} [Thu Jul 8 08:28:41 2021] GET /placement/allocation_candidates?limit=1000&resources=DISK_GB%3A1%2CMEMORY_MB%3A1024%2CVCPU%3A1&root_required=%21COMPUTE_STATUS_DISABLED => generated 1237 bytes in 83 msecs (HTTP/1.1 200) 8 headers in 297 bytes (1 switches on core 0)
Jul 08 08:28:42.191102 chdv-799894-1 devstack@placement-api.service[76191]: DEBUG placement.requestlog [req-4a2a1f41-6b64-4b34-8b64-ae6f54d26c0b req-db8b173e-9fb4-4697-87b6-62bbf2a833fe None None] Starting request: 10.222.0.50 "GET /placement/allocations/c5492edc-fe64-47ec-b52f-eea754c840a1" {{(pid=76191) __call__ /opt/stack/placement/placement/requestlog.py:55}}
Jul 08 08:28:42.207327 chdv-799894-1 devstack@placement-api.service[76191]: INFO placement.requestlog [req-4a2a1f41-6b64-4b34-8b64-ae6f54d26c0b req-db8b173e-9fb4-4697-87b6-62bbf2a833fe service placement] 10.222.0.50 "GET /placement/allocations/c5492edc-fe64-47ec-b52f-eea754c840a1" status: 200 len: 19 microversion: 1.28
Jul 08 08:28:42.207665 chdv-799894-1 devstack@placement-api.service[76191]: [pid: 76191|app: 0|req: 364/727] 10.222.0.50 () {60 vars in 1381 bytes} [Thu Jul 8 08:28:42 2021] GET /placement/allocations/c5492edc-fe64-47ec-b52f-eea754c840a1 => generated 19 bytes in 17 msecs (HTTP/1.1 200) 8 headers in 295 bytes (1 switches on core 0)
Jul 08 08:28:42.214357 chdv-799894-1 devstack@placement-api.service[76190]: DEBUG placement.requestlog [req-4a2a1f41-6b64-4b34-8b64-ae6f54d26c0b req-2b43800b-7d2b-4c65-bf3f-97ef8eaba069 None None] Starting request: 10.222.0.50 "PUT /placement/allocations/c5492edc-fe64-47ec-b52f-eea754c840a1" {{(pid=76190) __call__ /opt/stack/placement/placement/requestlog.py:55}}
Jul 08 08:28:42.698021 chdv-799894-1 devstack@placement-api.service[76190]: DEBUG placement.handlers.allocation [req-4a2a1f41-6b64-4b34-8b64-ae6f54d26c0b req-2b43800b-7d2b-4c65-bf3f-97ef8eaba069 service placement] Successfully wrote allocations [, , ] {{(pid=76190) _create_allocations /opt/stack/placement/placement/handlers/allocation.py:435}}
Jul 08 08:28:42.698773 chdv-799894-1 devstack@placement-api.service[76190]: INFO placement.requestlog [req-4a2a1f41-6b64-4b34-8b64-ae6f54d26c0b req-2b43800b-7d2b-4c65-bf3f-97ef8eaba069 service placement] 10.222.0.50 "PUT /placement/allocations/c5492edc-fe64-47ec-b52f-eea754c840a1" status: 204 len: 0 microversion: 1.35
Jul 08 08:28:42.699431 chdv-799894-1 devstack@placement-api.service[76190]: [pid: 76190|app: 0|req: 364/728] 10.222.0.50 () {64 vars in 1434 bytes} [Thu Jul 8 08:28:42 2021] PUT /placement/allocations/c5492edc-fe64-47ec-b52f-eea754c840a1 => generated 0 bytes in 485 msecs (HTTP/1.1 204) 5 headers in 199 bytes (1 switches on core 0)
Jul 08 08:28:44.100623 chdv-799894-1 devstack@placement-api.service[76191]: DEBUG placement.requestlog [req-4a2a1f41-6b64-4b34-8b64-ae6f54d26c0b req-da02b293-e6a4-4bec-9664-79cf597ef2ae None None] Starting request: 10.222.0.49 "GET /placement/allocations/c5492edc-fe64-47ec-b52f-eea754c840a1" {{(pid=76191) __call__ /opt/stack/placement/placement/requestlog.py:55}}
Jul 08 08:28:44.129887 chdv-799894-1 devstack@placement-api.service[76191]: INFO placement.requestlog [req-4a2a1f41-6b64-4b34-8b64-ae6f54d26c0b req-da02b293-e6a4-4bec-9664-79cf597ef2ae service placement] 10.222.0.49 "GET /placement/allocations/c5492edc-fe64-47ec-b52f-eea754c840a1" status: 200 len: 260 microversion: 1.28
Jul 08 08:28:44.130384 chdv-799894-1 devstack@placement-api.service[76191]: [pid: 76191|app: 0|req: 365/729] 10.222.0.49 () {60 vars in 1378 bytes} [Thu Jul 8 08:28:44 2021] GET /placement/allocations/c5492edc-fe64-47ec-b52f-eea754c840a1 => generated 260 bytes in 30 msecs (HTTP/1.1 200) 8 headers in 296 bytes (2 switches on core 0)
Jul 08 08:28:49.063372 chdv-799894-1 devstack@placement-api.service[76190]: DEBUG placement.requestlog [req-1338759a-cde0-4e19-8b0e-6c135435e4d2 req-2b547d26-5d40-4af0-b6fd-76671885e284 None None] Starting request: 10.222.0.50 "GET /placement/allocation_candidates?limit=1000&resources=DISK_GB%3A1%2CMEMORY_MB%3A1024%2CVCPU%3A1&root_required=%21COMPUTE_STATUS_DISABLED" {{(pid=76190) __call__ /opt/stack/placement/placement/requestlog.py:55}}
Jul 08 08:28:49.107460 chdv-799894-1 devstack@placement-api.service[76190]: DEBUG placement.objects.research_context [req-1338759a-cde0-4e19-8b0e-6c135435e4d2 req-2b547d26-5d40-4af0-b6fd-76671885e284 service placement] getting providers with 1 DISK_GB {{(pid=76190) __init__ /opt/stack/placement/placement/objects/research_context.py:126}}
Jul 08 08:28:49.110704 chdv-799894-1 devstack@placement-api.service[76190]: DEBUG placement.objects.research_context [req-1338759a-cde0-4e19-8b0e-6c135435e4d2 req-2b547d26-5d40-4af0-b6fd-76671885e284 service placement] getting providers with 1024 MEMORY_MB {{(pid=76190) __init__ /opt/stack/placement/placement/objects/research_context.py:126}}
Jul 08 08:28:49.119421 chdv-799894-1 devstack@placement-api.service[76190]: DEBUG placement.objects.research_context [req-1338759a-cde0-4e19-8b0e-6c135435e4d2 req-2b547d26-5d40-4af0-b6fd-76671885e284 service placement] getting providers with 1 VCPU {{(pid=76190) __init__ /opt/stack/placement/placement/objects/research_context.py:126}}
Jul 08 08:28:49.136799 chdv-799894-1 devstack@placement-api.service[76190]: DEBUG placement.objects.research_context [req-1338759a-cde0-4e19-8b0e-6c135435e4d2 req-2b547d26-5d40-4af0-b6fd-76671885e284 service placement] found 2 providers with available 1 DISK_GB {{(pid=76190) get_provider_ids_matching /opt/stack/placement/placement/objects/research_context.py:549}}
Jul 08 08:28:49.137489 chdv-799894-1 devstack@placement-api.service[76190]: DEBUG placement.objects.research_context [req-1338759a-cde0-4e19-8b0e-6c135435e4d2 req-2b547d26-5d40-4af0-b6fd-76671885e284 service placement] found 2 providers with available 1024 MEMORY_MB {{(pid=76190) get_provider_ids_matching /opt/stack/placement/placement/objects/research_context.py:549}}
Jul 08 08:28:49.137930 chdv-799894-1 devstack@placement-api.service[76190]: DEBUG placement.objects.research_context [req-1338759a-cde0-4e19-8b0e-6c135435e4d2 req-2b547d26-5d40-4af0-b6fd-76671885e284 service placement] found 2 providers after filtering by previous result {{(pid=76190) get_provider_ids_matching /opt/stack/placement/placement/objects/research_context.py:580}}
Jul 08 08:28:49.138337 chdv-799894-1 devstack@placement-api.service[76190]: DEBUG placement.objects.research_context [req-1338759a-cde0-4e19-8b0e-6c135435e4d2 req-2b547d26-5d40-4af0-b6fd-76671885e284 service placement] found 2 providers with available 1 VCPU {{(pid=76190) get_provider_ids_matching /opt/stack/placement/placement/objects/research_context.py:549}}
Jul 08 08:28:49.139568 chdv-799894-1 devstack@placement-api.service[76190]: DEBUG placement.objects.research_context [req-1338759a-cde0-4e19-8b0e-6c135435e4d2 req-2b547d26-5d40-4af0-b6fd-76671885e284 service placement] found 2 providers after filtering by previous result {{(pid=76190) get_provider_ids_matching /opt/stack/placement/placement/objects/research_context.py:580}}
Jul 08 08:28:49.162810 chdv-799894-1 devstack@placement-api.service[76190]: DEBUG placement.objects.allocation_candidate [req-1338759a-cde0-4e19-8b0e-6c135435e4d2 req-2b547d26-5d40-4af0-b6fd-76671885e284 service placement] RequestGroup(use_same_provider=False, resources={DISK_GB:1, MEMORY_MB:1024, VCPU:1}, traits=[], aggregates=[]) (suffix '') returned 2 matches {{(pid=76190) _get_by_requests /opt/stack/placement/placement/objects/allocation_candidate.py:145}}
