Jul 08 08:21:53.352470 chdv-799894-1 devstack@placement-api.service[76191]: DEBUG placement.requestlog [req-b31ce66e-4b32-4824-9a59-7ea0f8362e65 req-ff6a945d-5547-41fa-b9e6-f4ab216fd20d None None] Starting request: 10.222.0.49 "GET /placement/allocations/b3bb58e0-99b9-47c8-b0c2-3320f8e1adc2" {{(pid=76191) __call__ /opt/stack/placement/placement/requestlog.py:55}}
Jul 08 08:21:53.371036 chdv-799894-1 devstack@placement-api.service[76191]: INFO placement.requestlog [req-b31ce66e-4b32-4824-9a59-7ea0f8362e65 req-ff6a945d-5547-41fa-b9e6-f4ab216fd20d service placement] 10.222.0.49 "GET /placement/allocations/b3bb58e0-99b9-47c8-b0c2-3320f8e1adc2" status: 200 len: 259 microversion: 1.28
Jul 08 08:21:53.371568 chdv-799894-1 devstack@placement-api.service[76191]: [pid: 76191|app: 0|req: 262/522] 10.222.0.49 () {60 vars in 1378 bytes} [Thu Jul 8 08:21:53 2021] GET /placement/allocations/b3bb58e0-99b9-47c8-b0c2-3320f8e1adc2 => generated 259 bytes in 20 msecs (HTTP/1.1 200) 8 headers in 296 bytes (1 switches on core 0)
Jul 08 08:21:53.381321 chdv-799894-1 devstack@placement-api.service[76190]: DEBUG placement.requestlog [req-b31ce66e-4b32-4824-9a59-7ea0f8362e65 req-4378f6b3-7e23-4544-84e0-c01eb8701695 None None] Starting request: 10.222.0.49 "PUT /placement/allocations/b3bb58e0-99b9-47c8-b0c2-3320f8e1adc2" {{(pid=76190) __call__ /opt/stack/placement/placement/requestlog.py:55}}
Jul 08 08:21:53.537520 chdv-799894-1 devstack@placement-api.service[76190]: DEBUG placement.handlers.allocation [req-b31ce66e-4b32-4824-9a59-7ea0f8362e65 req-4378f6b3-7e23-4544-84e0-c01eb8701695 service placement] Successfully wrote allocations [, , ] {{(pid=76190) _create_allocations /opt/stack/placement/placement/handlers/allocation.py:435}}
Jul 08 08:21:53.538454 chdv-799894-1 devstack@placement-api.service[76190]: INFO placement.requestlog [req-b31ce66e-4b32-4824-9a59-7ea0f8362e65 req-4378f6b3-7e23-4544-84e0-c01eb8701695 service placement] 10.222.0.49 "PUT /placement/allocations/b3bb58e0-99b9-47c8-b0c2-3320f8e1adc2" status: 204 len: 0 microversion: 1.28
Jul 08 08:21:53.539249 chdv-799894-1 devstack@placement-api.service[76190]: [pid: 76190|app: 0|req: 261/523] 10.222.0.49 () {64 vars in 1431 bytes} [Thu Jul 8 08:21:53 2021] PUT /placement/allocations/b3bb58e0-99b9-47c8-b0c2-3320f8e1adc2 => generated 0 bytes in 158 msecs (HTTP/1.1 204) 5 headers in 199 bytes (1 switches on core 0)
Jul 08 08:21:54.004393 chdv-799894-1 devstack@placement-api.service[76191]: DEBUG placement.requestlog [req-71bd570e-9ec7-411f-aee2-71aed8a05e17 req-52b0311e-cd8d-4435-9ab2-23d3f13f4203 None None] Starting request: 10.222.0.49 "GET /placement/resource_providers/97482c17-d206-4c76-b496-62a0dc51a4e3/allocations" {{(pid=76191) __call__ /opt/stack/placement/placement/requestlog.py:55}}
Jul 08 08:21:54.044871 chdv-799894-1 devstack@placement-api.service[76191]: INFO placement.requestlog [req-71bd570e-9ec7-411f-aee2-71aed8a05e17 req-52b0311e-cd8d-4435-9ab2-23d3f13f4203 service placement] 10.222.0.49 "GET /placement/resource_providers/97482c17-d206-4c76-b496-62a0dc51a4e3/allocations" status: 200 len: 557 microversion: 1.0
Jul 08 08:21:54.045459 chdv-799894-1 devstack@placement-api.service[76191]: [pid: 76191|app: 0|req: 263/524] 10.222.0.49 () {58 vars in 1391 bytes} [Thu Jul 8 08:21:54 2021] GET /placement/resource_providers/97482c17-d206-4c76-b496-62a0dc51a4e3/allocations => generated 557 bytes in 42 msecs (HTTP/1.1 200) 6 headers in 224 bytes (1 switches on core 0)
Jul 08 08:21:59.855672 chdv-799894-1 devstack@placement-api.service[76190]: DEBUG placement.requestlog [req-014e6c04-955f-467a-a54e-0b0a8381e3c4 req-7dc3cc00-6dd5-4ac2-b62c-f2c34ff88c9b None None] Starting request: 10.222.0.49 "GET /placement/allocations/7a2a9ebc-5fca-459e-90b3-4438ba1b332e" {{(pid=76190) __call__ /opt/stack/placement/placement/requestlog.py:55}}
Jul 08 08:21:59.879165 chdv-799894-1 devstack@placement-api.service[76190]: INFO placement.requestlog [req-014e6c04-955f-467a-a54e-0b0a8381e3c4 req-7dc3cc00-6dd5-4ac2-b62c-f2c34ff88c9b service placement] 10.222.0.49 "GET /placement/allocations/7a2a9ebc-5fca-459e-90b3-4438ba1b332e" status: 200 len: 259 microversion: 1.28
Jul 08 08:21:59.880139 chdv-799894-1 devstack@placement-api.service[76190]: [pid: 76190|app: 0|req: 262/525] 10.222.0.49 () {60 vars in 1378 bytes} [Thu Jul 8 08:21:59 2021] GET /placement/allocations/7a2a9ebc-5fca-459e-90b3-4438ba1b332e => generated 259 bytes in 25 msecs (HTTP/1.1 200) 8 headers in 296 bytes (1 switches on core 0)
Jul 08 08:21:59.887914 chdv-799894-1 devstack@placement-api.service[76191]: DEBUG placement.requestlog [req-014e6c04-955f-467a-a54e-0b0a8381e3c4 req-dba5f574-a2b5-41af-8c93-d1b0b496d02a None None] Starting request: 10.222.0.49 "PUT /placement/allocations/7a2a9ebc-5fca-459e-90b3-4438ba1b332e" {{(pid=76191) __call__ /opt/stack/placement/placement/requestlog.py:55}}
Jul 08 08:22:00.093652 chdv-799894-1 devstack@placement-api.service[76191]: DEBUG placement.handlers.allocation [req-014e6c04-955f-467a-a54e-0b0a8381e3c4 req-dba5f574-a2b5-41af-8c93-d1b0b496d02a service placement] Successfully wrote allocations [, , ] {{(pid=76191) _create_allocations /opt/stack/placement/placement/handlers/allocation.py:435}}
Jul 08 08:22:00.094682 chdv-799894-1 devstack@placement-api.service[76191]: INFO placement.requestlog [req-014e6c04-955f-467a-a54e-0b0a8381e3c4 req-dba5f574-a2b5-41af-8c93-d1b0b496d02a service placement] 10.222.0.49 "PUT /placement/allocations/7a2a9ebc-5fca-459e-90b3-4438ba1b332e" status: 204 len: 0 microversion: 1.28
Jul 08 08:22:00.095234 chdv-799894-1 devstack@placement-api.service[76191]: [pid: 76191|app: 0|req: 264/526] 10.222.0.49 () {64 vars in 1431 bytes} [Thu Jul 8 08:21:59 2021] PUT /placement/allocations/7a2a9ebc-5fca-459e-90b3-4438ba1b332e => generated 0 bytes in 208 msecs (HTTP/1.1 204) 5 headers in 199 bytes (1 switches on core 0)
Jul 08 08:22:40.675044 chdv-799894-1 devstack@placement-api.service[76190]: DEBUG placement.requestlog [req-584cc994-98e7-4527-9913-447b52da36da req-c9a26fa1-bc67-4c48-abd8-80424041e20c None None] Starting request: 10.222.0.50 "GET /placement/allocation_candidates?limit=1000&resources=DISK_GB%3A1%2CMEMORY_MB%3A1024%2CVCPU%3A1&root_required=%21COMPUTE_STATUS_DISABLED" {{(pid=76190) __call__ /opt/stack/placement/placement/requestlog.py:55}}
Jul 08 08:22:41.291105 chdv-799894-1 devstack@placement-api.service[76190]: DEBUG placement.objects.research_context [req-584cc994-98e7-4527-9913-447b52da36da req-c9a26fa1-bc67-4c48-abd8-80424041e20c service placement] getting providers with 1 DISK_GB {{(pid=76190) __init__ /opt/stack/placement/placement/objects/research_context.py:126}}
Jul 08 08:22:41.322969 chdv-799894-1 devstack@placement-api.service[76190]: DEBUG placement.objects.research_context [req-584cc994-98e7-4527-9913-447b52da36da req-c9a26fa1-bc67-4c48-abd8-80424041e20c service placement] getting providers with 1024 MEMORY_MB {{(pid=76190) __init__ /opt/stack/placement/placement/objects/research_context.py:126}}
Jul 08 08:22:41.340426 chdv-799894-1 devstack@placement-api.service[76190]: DEBUG placement.objects.research_context [req-584cc994-98e7-4527-9913-447b52da36da req-c9a26fa1-bc67-4c48-abd8-80424041e20c service placement] getting providers with 1 VCPU {{(pid=76190) __init__ /opt/stack/placement/placement/objects/research_context.py:126}}
Jul 08 08:22:41.347963 chdv-799894-1 devstack@placement-api.service[76190]: DEBUG placement.objects.research_context [req-584cc994-98e7-4527-9913-447b52da36da req-c9a26fa1-bc67-4c48-abd8-80424041e20c service placement] found 2 providers with available 1 DISK_GB {{(pid=76190) get_provider_ids_matching /opt/stack/placement/placement/objects/research_context.py:549}}
Jul 08 08:22:41.348573 chdv-799894-1 devstack@placement-api.service[76190]: DEBUG placement.objects.research_context [req-584cc994-98e7-4527-9913-447b52da36da req-c9a26fa1-bc67-4c48-abd8-80424041e20c service placement] found 2 providers with available 1024 MEMORY_MB {{(pid=76190) get_provider_ids_matching /opt/stack/placement/placement/objects/research_context.py:549}}
Jul 08 08:22:41.349176 chdv-799894-1 devstack@placement-api.service[76190]: DEBUG placement.objects.research_context [req-584cc994-98e7-4527-9913-447b52da36da req-c9a26fa1-bc67-4c48-abd8-80424041e20c service placement] found 2 providers after filtering by previous result {{(pid=76190) get_provider_ids_matching /opt/stack/placement/placement/objects/research_context.py:580}}
Jul 08 08:22:41.349837 chdv-799894-1 devstack@placement-api.service[76190]: DEBUG placement.objects.research_context [req-584cc994-98e7-4527-9913-447b52da36da req-c9a26fa1-bc67-4c48-abd8-80424041e20c service placement] found 2 providers with available 1 VCPU {{(pid=76190) get_provider_ids_matching /opt/stack/placement/placement/objects/research_context.py:549}}
Jul 08 08:22:41.350291 chdv-799894-1 devstack@placement-api.service[76190]: DEBUG placement.objects.research_context [req-584cc994-98e7-4527-9913-447b52da36da req-c9a26fa1-bc67-4c48-abd8-80424041e20c service placement] found 2 providers after filtering by previous result {{(pid=76190) get_provider_ids_matching /opt/stack/placement/placement/objects/research_context.py:580}}
Jul 08 08:22:41.373776 chdv-799894-1 devstack@placement-api.service[76190]: DEBUG placement.objects.allocation_candidate [req-584cc994-98e7-4527-9913-447b52da36da req-c9a26fa1-bc67-4c48-abd8-80424041e20c service placement] RequestGroup(use_same_provider=False, resources={DISK_GB:1, MEMORY_MB:1024, VCPU:1}, traits=[], aggregates=[]) (suffix '') returned 2 matches {{(pid=76190) _get_by_requests /opt/stack/placement/placement/objects/allocation_candidate.py:145}}
Jul 08 08:22:41.374948 chdv-799894-1 devstack@placement-api.service[76190]: DEBUG placement.objects.allocation_candidate [req-584cc994-98e7-4527-9913-447b52da36da req-c9a26fa1-bc67-4c48-abd8-80424041e20c service placement] Merging candidates yields 2 allocation requests and 2 provider summaries {{(pid=76190) _merge_candidates /opt/stack/placement/placement/objects/allocation_candidate.py:783}}
Jul 08 08:22:41.378373 chdv-799894-1 devstack@placement-api.service[76190]: INFO placement.requestlog [req-584cc994-98e7-4527-9913-447b52da36da req-c9a26fa1-bc67-4c48-abd8-80424041e20c service placement] 10.222.0.50 "GET /placement/allocation_candidates?limit=1000&resources=DISK_GB%3A1%2CMEMORY_MB%3A1024%2CVCPU%3A1&root_required=%21COMPUTE_STATUS_DISABLED" status: 200 len: 1235 microversion: 1.35
Jul 08 08:22:41.385119 chdv-799894-1 devstack@placement-api.service[76190]: [pid: 76190|app: 0|req: 263/527] 10.222.0.50 () {60 vars in 1507 bytes} [Thu Jul 8 08:22:40 2021] GET /placement/allocation_candidates?limit=1000&resources=DISK_GB%3A1%2CMEMORY_MB%3A1024%2CVCPU%3A1&root_required=%21COMPUTE_STATUS_DISABLED => generated 1235 bytes in 710 msecs (HTTP/1.1 200) 8 headers in 297 bytes (1 switches on core 0)
Jul 08 08:22:42.028145 chdv-799894-1 devstack@placement-api.service[76191]: DEBUG placement.requestlog [req-584cc994-98e7-4527-9913-447b52da36da req-7e88749b-7679-4207-bedb-a9ead8b299d3 None None] Starting request: 10.222.0.50 "GET /placement/allocations/3c0485e3-1788-482d-8fcb-bad579879b9d" {{(pid=76191) __call__ /opt/stack/placement/placement/requestlog.py:55}}
Jul 08 08:22:42.205321 chdv-799894-1 devstack@placement-api.service[76191]: INFO placement.requestlog [req-584cc994-98e7-4527-9913-447b52da36da req-7e88749b-7679-4207-bedb-a9ead8b299d3 service placement] 10.222.0.50 "GET /placement/allocations/3c0485e3-1788-482d-8fcb-bad579879b9d" status: 200 len: 19 microversion: 1.28
Jul 08 08:22:42.205321 chdv-799894-1 devstack@placement-api.service[76191]: [pid: 76191|app: 0|req: 265/528] 10.222.0.50 () {60 vars in 1381 bytes} [Thu Jul 8 08:22:42 2021] GET /placement/allocations/3c0485e3-1788-482d-8fcb-bad579879b9d => generated 19 bytes in 176 msecs (HTTP/1.1 200) 8 headers in 295 bytes (1 switches on core 0)
Jul 08 08:22:42.215893 chdv-799894-1 devstack@placement-api.service[76190]: DEBUG placement.requestlog [req-584cc994-98e7-4527-9913-447b52da36da req-abaebb64-86a2-49a3-8d72-7119d7e58c27 None None] Starting request: 10.222.0.50 "PUT /placement/allocations/3c0485e3-1788-482d-8fcb-bad579879b9d" {{(pid=76190) __call__ /opt/stack/placement/placement/requestlog.py:55}}
Jul 08 08:22:42.732533 chdv-799894-1 devstack@placement-api.service[76190]: DEBUG placement.handlers.allocation [req-584cc994-98e7-4527-9913-447b52da36da req-abaebb64-86a2-49a3-8d72-7119d7e58c27 service placement] Successfully wrote allocations [, , ] {{(pid=76190) _create_allocations /opt/stack/placement/placement/handlers/allocation.py:435}}
Jul 08 08:22:42.733045 chdv-799894-1 devstack@placement-api.service[76190]: INFO placement.requestlog [req-584cc994-98e7-4527-9913-447b52da36da req-abaebb64-86a2-49a3-8d72-7119d7e58c27 service placement] 10.222.0.50 "PUT /placement/allocations/3c0485e3-1788-482d-8fcb-bad579879b9d" status: 204 len: 0 microversion: 1.35
Jul 08 08:22:42.733706 chdv-799894-1 devstack@placement-api.service[76190]: [pid: 76190|app: 0|req: 264/529] 10.222.0.50 () {64 vars in 1434 bytes} [Thu Jul 8 08:22:42 2021] PUT /placement/allocations/3c0485e3-1788-482d-8fcb-bad579879b9d => generated 0 bytes in 519 msecs (HTTP/1.1 204) 5 headers in 199 bytes (1 switches on core 0)
Jul 08 08:22:44.270577 chdv-799894-1 devstack@placement-api.service[76191]: DEBUG placement.requestlog [req-584cc994-98e7-4527-9913-447b52da36da req-0d2d9b3e-bbe6-438d-a355-41f6d9001d36 None None] Starting request: 10.222.0.49 "GET /placement/allocations/3c0485e3-1788-482d-8fcb-bad579879b9d" {{(pid=76191) __call__ /opt/stack/placement/placement/requestlog.py:55}}
Jul 08 08:22:44.329443 chdv-799894-1 devstack@placement-api.service[76191]: INFO placement.requestlog [req-584cc994-98e7-4527-9913-447b52da36da req-0d2d9b3e-bbe6-438d-a355-41f6d9001d36 service placement] 10.222.0.49 "GET /placement/allocations/3c0485e3-1788-482d-8fcb-bad579879b9d" status: 200 len: 259 microversion: 1.28
Jul 08 08:22:44.333610 chdv-799894-1 devstack@placement-api.service[76191]: [pid: 76191|app: 0|req: 266/530] 10.222.0.49 () {60 vars in 1378 bytes} [Thu Jul 8 08:22:44 2021] GET /placement/allocations/3c0485e3-1788-482d-8fcb-bad579879b9d => generated 259 bytes in 60 msecs (HTTP/1.1 200) 8 headers in 296 bytes (1 switches on core 0)
Jul 08 08:22:45.347467 chdv-799894-1 devstack@placement-api.service[76190]: DEBUG placement.requestlog [req-d2da204a-c6b0-4621-b60d-8636bee80751 req-00ec56ef-443d-490a-afa3-d800e9b458e5 None None] Starting request: 10.222.0.32 "GET /placement/resource_providers/16a62ade-abe7-4fff-b6af-b1d7b02e694d/allocations" {{(pid=76190) __call__ /opt/stack/placement/placement/requestlog.py:55}}
Jul 08 08:22:45.417779 chdv-799894-1 devstack@placement-api.service[76190]: INFO placement.requestlog [req-d2da204a-c6b0-4621-b60d-8636bee80751 req-00ec56ef-443d-490a-afa3-d800e9b458e5 service placement] 10.222.0.32 "GET /placement/resource_providers/16a62ade-abe7-4fff-b6af-b1d7b02e694d/allocations" status: 200 len: 861 microversion: 1.0
Jul 08 08:22:45.420215 chdv-799894-1 devstack@placement-api.service[76190]: [pid: 76190|app: 0|req: 265/531] 10.222.0.32 () {58 vars in 1391 bytes} [Thu Jul 8 08:22:45 2021] GET /placement/resource_providers/16a62ade-abe7-4fff-b6af-b1d7b02e694d/allocations => generated 861 bytes in 73 msecs (HTTP/1.1 200) 6 headers in 224 bytes (1 switches on core 0)
Jul 08 08:22:49.657022 chdv-799894-1 devstack@placement-api.service[76191]: DEBUG placement.requestlog [req-194c1868-67c5-4c25-ab52-3ae2ae8f3aba req-eaa381bc-c3f7-4f22-91a8-ca0dc9dced60 None None] Starting request: 10.222.0.50 "GET /placement/allocation_candidates?limit=1000&resources=MEMORY_MB%3A1024%2CVCPU%3A1&root_required=%21COMPUTE_STATUS_DISABLED" {{(pid=76191) __call__ /opt/stack/placement/placement/requestlog.py:55}}
Jul 08 08:22:49.748806 chdv-799894-1 devstack@placement-api.service[76191]: DEBUG placement.objects.research_context [req-194c1868-67c5-4c25-ab52-3ae2ae8f3aba req-eaa381bc-c3f7-4f22-91a8-ca0dc9dced60 service placement] getting providers with 1024 MEMORY_MB {{(pid=76191) __init__ /opt/stack/placement/placement/objects/research_context.py:126}}
Jul 08 08:22:49.763249 chdv-799894-1 devstack@placement-api.service[76191]: DEBUG placement.objects.research_context [req-194c1868-67c5-4c25-ab52-3ae2ae8f3aba req-eaa381bc-c3f7-4f22-91a8-ca0dc9dced60 service placement] getting providers with 1 VCPU {{(pid=76191) __init__ /opt/stack/placement/placement/objects/research_context.py:126}}
Jul 08 08:22:49.788752 chdv-799894-1 devstack@placement-api.service[76191]: DEBUG placement.objects.research_context [req-194c1868-67c5-4c25-ab52-3ae2ae8f3aba req-eaa381bc-c3f7-4f22-91a8-ca0dc9dced60 service placement] found 2 providers with available 1024 MEMORY_MB {{(pid=76191) get_provider_ids_matching /opt/stack/placement/placement/objects/research_context.py:549}}
Jul 08 08:22:49.792119 chdv-799894-1 devstack@placement-api.service[76191]: DEBUG placement.objects.research_context [req-194c1868-67c5-4c25-ab52-3ae2ae8f3aba req-eaa381bc-c3f7-4f22-91a8-ca0dc9dced60 service placement] found 2 providers with available 1 VCPU {{(pid=76191) get_provider_ids_matching /opt/stack/placement/placement/objects/research_context.py:549}}
Jul 08 08:22:49.792424 chdv-799894-1 devstack@placement-api.service[76191]: DEBUG placement.objects.research_context [req-194c1868-67c5-4c25-ab52-3ae2ae8f3aba req-eaa381bc-c3f7-4f22-91a8-ca0dc9dced60 service placement] found 2 providers after filtering by previous result {{(pid=76191) get_provider_ids_matching /opt/stack/placement/placement/objects/research_context.py:580}}
Jul 08 08:22:49.858908 chdv-799894-1 devstack@placement-api.service[76191]: DEBUG placement.objects.allocation_candidate [req-194c1868-67c5-4c25-ab52-3ae2ae8f3aba req-eaa381bc-c3f7-4f22-91a8-ca0dc9dced60 service placement] RequestGroup(use_same_provider=False, resources={MEMORY_MB:1024, VCPU:1}, traits=[], aggregates=[]) (suffix '') returned 2 matches {{(pid=76191) _get_by_requests /opt/stack/placement/placement/objects/allocation_candidate.py:145}}
Jul 08 08:22:49.862822 chdv-799894-1 devstack@placement-api.service[76191]: DEBUG placement.objects.allocation_candidate [req-194c1868-67c5-4c25-ab52-3ae2ae8f3aba req-eaa381bc-c3f7-4f22-91a8-ca0dc9dced60 service placement] Merging candidates yields 2 allocation requests and 2 provider summaries {{(pid=76191) _merge_candidates /opt/stack/placement/placement/objects/allocation_candidate.py:783}}
Jul 08 08:22:49.865212 chdv-799894-1 devstack@placement-api.service[76191]: INFO placement.requestlog [req-194c1868-67c5-4c25-ab52-3ae2ae8f3aba req-eaa381bc-c3f7-4f22-91a8-ca0dc9dced60 service placement] 10.222.0.50 "GET /placement/allocation_candidates?limit=1000&resources=MEMORY_MB%3A1024%2CVCPU%3A1&root_required=%21COMPUTE_STATUS_DISABLED" status: 200 len: 1207 microversion: 1.35
Jul 08 08:22:49.866220 chdv-799894-1 devstack@placement-api.service[76191]: [pid: 76191|app: 0|req: 267/532] 10.222.0.50 () {60 vars in 1479 bytes} [Thu Jul 8 08:22:49 2021] GET /placement/allocation_candidates?limit=1000&resources=MEMORY_MB%3A1024%2CVCPU%3A1&root_required=%21COMPUTE_STATUS_DISABLED => generated 1207 bytes in 209 msecs (HTTP/1.1 200) 8 headers in 297 bytes (1 switches on core 0)
Jul 08 08:22:50.058703 chdv-799894-1 devstack@placement-api.service[76190]: DEBUG placement.requestlog [req-194c1868-67c5-4c25-ab52-3ae2ae8f3aba req-df454a70-c12c-4013-943f-2e8e21ef11e5 None None] Starting request: 10.222.0.50 "GET /placement/allocations/7f2a3377-4653-47f3-b561-6a9a4ceb1302" {{(pid=76190) __call__ /opt/stack/placement/placement/requestlog.py:55}}
Jul 08 08:22:50.074577 chdv-799894-1 devstack@placement-api.service[76190]: INFO placement.requestlog [req-194c1868-67c5-4c25-ab52-3ae2ae8f3aba req-df454a70-c12c-4013-943f-2e8e21ef11e5 service placement] 10.222.0.50 "GET /placement/allocations/7f2a3377-4653-47f3-b561-6a9a4ceb1302" status: 200 len: 19 microversion: 1.28
Jul 08 08:22:50.078408 chdv-799894-1 devstack@placement-api.service[76190]: [pid: 76190|app: 0|req: 266/533] 10.222.0.50 () {60 vars in 1381 bytes} [Thu Jul 8 08:22:50 2021] GET /placement/allocations/7f2a3377-4653-47f3-b561-6a9a4ceb1302 => generated 19 bytes in 20 msecs (HTTP/1.1 200) 8 headers in 295 bytes (1 switches on core 0)
Jul 08 08:22:50.087434 chdv-799894-1 devstack@placement-api.service[76191]: DEBUG placement.requestlog [req-194c1868-67c5-4c25-ab52-3ae2ae8f3aba req-cf8f8d25-e1eb-43f2-9378-fd89254b4da9 None None] Starting request: 10.222.0.50 "PUT /placement/allocations/7f2a3377-4653-47f3-b561-6a9a4ceb1302" {{(pid=76191) __call__ /opt/stack/placement/placement/requestlog.py:55}}
Jul 08 08:22:50.336318 chdv-799894-1 devstack@placement-api.service[76191]: DEBUG placement.handlers.allocation [req-194c1868-67c5-4c25-ab52-3ae2ae8f3aba req-cf8f8d25-e1eb-43f2-9378-fd89254b4da9 service placement] Successfully wrote allocations [, ] {{(pid=76191) _create_allocations /opt/stack/placement/placement/handlers/allocation.py:435}}
Jul 08 08:22:50.336873 chdv-799894-1 devstack@placement-api.service[76191]: INFO placement.requestlog [req-194c1868-67c5-4c25-ab52-3ae2ae8f3aba req-cf8f8d25-e1eb-43f2-9378-fd89254b4da9 service placement] 10.222.0.50 "PUT /placement/allocations/7f2a3377-4653-47f3-b561-6a9a4ceb1302" status: 204 len: 0 microversion: 1.35
Jul 08 08:22:50.337125 chdv-799894-1 devstack@placement-api.service[76191]: [pid: 76191|app: 0|req: 268/534] 10.222.0.50 () {64 vars in 1434 bytes} [Thu Jul 8 08:22:50 2021] PUT /placement/allocations/7f2a3377-4653-47f3-b561-6a9a4ceb1302 => generated 0 bytes in 250 msecs (HTTP/1.1 204) 5 headers in 199 bytes (1 switches on core 0)
Jul 08 08:22:51.637916 chdv-799894-1 devstack@placement-api.service[76190]: DEBUG placement.requestlog [req-194c1868-67c5-4c25-ab52-3ae2ae8f3aba req-aa2877bb-842c-4a1c-ae11-9c7d00d248ff None None] Starting request: 10.222.0.49 "GET /placement/allocations/7f2a3377-4653-47f3-b561-6a9a4ceb1302" {{(pid=76190) __call__ /opt/stack/placement/placement/requestlog.py:55}}
Jul 08 08:22:51.676072 chdv-799894-1 devstack@placement-api.service[76190]: INFO placement.requestlog [req-194c1868-67c5-4c25-ab52-3ae2ae8f3aba req-aa2877bb-842c-4a1c-ae11-9c7d00d248ff service placement] 10.222.0.49 "GET /placement/allocations/7f2a3377-4653-47f3-b561-6a9a4ceb1302" status: 200 len: 245 microversion: 1.28
Jul 08 08:22:51.677881 chdv-799894-1 devstack@placement-api.service[76190]: [pid: 76190|app: 0|req: 267/535] 10.222.0.49 () {60 vars in 1378 bytes} [Thu Jul 8 08:22:51 2021] GET /placement/allocations/7f2a3377-4653-47f3-b561-6a9a4ceb1302 => generated 245 bytes in 40 msecs (HTTP/1.1 200) 8 headers in 296 bytes (1 switches on core 0)
Jul 08 08:22:55.023123 chdv-799894-1 devstack@placement-api.service[76191]: DEBUG placement.requestlog [req-71801aa0-b43a-42c7-8cbe-733cfa426151 req-33530561-cce1-49c6-b684-00915d9a2f3c None None] Starting request: 10.222.0.49 "GET /placement/resource_providers/97482c17-d206-4c76-b496-62a0dc51a4e3/allocations" {{(pid=76191) __call__ /opt/stack/placement/placement/requestlog.py:55}}
Jul 08 08:22:55.046844 chdv-799894-1 devstack@placement-api.service[76191]: INFO placement.requestlog [req-71801aa0-b43a-42c7-8cbe-733cfa426151 req-33530561-cce1-49c6-b684-00915d9a2f3c service placement] 10.222.0.49 "GET /placement/resource_providers/97482c17-d206-4c76-b496-62a0dc51a4e3/allocations" status: 200 len: 644 microversion: 1.0
Jul 08 08:22:55.047554 chdv-799894-1 devstack@placement-api.service[76191]: [pid: 76191|app: 0|req: 269/536] 10.222.0.49 () {58 vars in 1391 bytes} [Thu Jul 8 08:22:55 2021] GET /placement/resource_providers/97482c17-d206-4c76-b496-62a0dc51a4e3/allocations => generated 644 bytes in 25 msecs (HTTP/1.1 200) 6 headers in 224 bytes (1 switches on core 0)
Jul 08 08:22:56.800929 chdv-799894-1 devstack@placement-api.service[76190]: DEBUG placement.requestlog [req-25199cc6-324c-46e6-a13e-78317533f872 req-8f1d1873-c4a8-411e-aa31-30dca51208e1 None None] Starting request: 10.222.0.50 "GET /placement/allocation_candidates?limit=1000&resources=DISK_GB%3A1%2CMEMORY_MB%3A1024%2CVCPU%3A1&root_required=%21COMPUTE_STATUS_DISABLED" {{(pid=76190) __call__ /opt/stack/placement/placement/requestlog.py:55}}
Jul 08 08:22:56.834797 chdv-799894-1 devstack@placement-api.service[76190]: DEBUG placement.objects.research_context [req-25199cc6-324c-46e6-a13e-78317533f872 req-8f1d1873-c4a8-411e-aa31-30dca51208e1 service placement] getting providers with 1 DISK_GB {{(pid=76190) __init__ /opt/stack/placement/placement/objects/research_context.py:126}}
Jul 08 08:22:56.841852 chdv-799894-1 devstack@placement-api.service[76190]: DEBUG placement.objects.research_context [req-25199cc6-324c-46e6-a13e-78317533f872 req-8f1d1873-c4a8-411e-aa31-30dca51208e1 service placement] getting providers with 1024 MEMORY_MB {{(pid=76190) __init__ /opt/stack/placement/placement/objects/research_context.py:126}}
Jul 08 08:22:56.847977 chdv-799894-1 devstack@placement-api.service[76190]: DEBUG placement.objects.research_context [req-25199cc6-324c-46e6-a13e-78317533f872 req-8f1d1873-c4a8-411e-aa31-30dca51208e1 service placement] getting providers with 1 VCPU {{(pid=76190) __init__ /opt/stack/placement/placement/objects/research_context.py:126}}
Jul 08 08:22:56.854497 chdv-799894-1 devstack@placement-api.service[76190]: DEBUG placement.objects.research_context [req-25199cc6-324c-46e6-a13e-78317533f872 req-8f1d1873-c4a8-411e-aa31-30dca51208e1 service placement] found 2 providers with available 1 DISK_GB {{(pid=76190) get_provider_ids_matching /opt/stack/placement/placement/objects/research_context.py:549}}
Jul 08 08:22:56.855057 chdv-799894-1 devstack@placement-api.service[76190]: DEBUG placement.objects.research_context [req-25199cc6-324c-46e6-a13e-78317533f872 req-8f1d1873-c4a8-411e-aa31-30dca51208e1 service placement] found 2 providers with available 1024 MEMORY_MB {{(pid=76190) get_provider_ids_matching /opt/stack/placement/placement/objects/research_context.py:549}}
Jul 08 08:22:56.855530 chdv-799894-1 devstack@placement-api.service[76190]: DEBUG placement.objects.research_context [req-25199cc6-324c-46e6-a13e-78317533f872 req-8f1d1873-c4a8-411e-aa31-30dca51208e1 service placement] found 2 providers after filtering by previous result {{(pid=76190) get_provider_ids_matching /opt/stack/placement/placement/objects/research_context.py:580}}
Jul 08 08:22:56.855994 chdv-799894-1 devstack@placement-api.service[76190]: DEBUG placement.objects.research_context [req-25199cc6-324c-46e6-a13e-78317533f872 req-8f1d1873-c4a8-411e-aa31-30dca51208e1 service placement] found 2 providers with available 1 VCPU {{(pid=76190) get_provider_ids_matching /opt/stack/placement/placement/objects/research_context.py:549}}
Jul 08 08:22:56.856490 chdv-799894-1 devstack@placement-api.service[76190]: DEBUG placement.objects.research_context [req-25199cc6-324c-46e6-a13e-78317533f872 req-8f1d1873-c4a8-411e-aa31-30dca51208e1 service placement] found 2 providers after filtering by previous result {{(pid=76190) get_provider_ids_matching /opt/stack/placement/placement/objects/research_context.py:580}}
Jul 08 08:22:56.869385 chdv-799894-1 devstack@placement-api.service[76190]: DEBUG placement.objects.allocation_candidate [req-25199cc6-324c-46e6-a13e-78317533f872 req-8f1d1873-c4a8-411e-aa31-30dca51208e1 service placement] RequestGroup(use_same_provider=False, resources={DISK_GB:1, MEMORY_MB:1024, VCPU:1}, traits=[], aggregates=[]) (suffix '') returned 2 matches {{(pid=76190) _get_by_requests /opt/stack/placement/placement/objects/allocation_candidate.py:145}}
Jul 08 08:22:56.870333 chdv-799894-1 devstack@placement-api.service[76190]: DEBUG placement.objects.allocation_candidate [req-25199cc6-324c-46e6-a13e-78317533f872 req-8f1d1873-c4a8-411e-aa31-30dca51208e1 service placement] Merging candidates yields 2 allocation requests and 2 provider summaries {{(pid=76190) _merge_candidates /opt/stack/placement/placement/objects/allocation_candidate.py:783}}
Jul 08 08:22:56.871901 chdv-799894-1 devstack@placement-api.service[76190]: INFO placement.requestlog [req-25199cc6-324c-46e6-a13e-78317533f872 req-8f1d1873-c4a8-411e-aa31-30dca51208e1 service placement] 10.222.0.50 "GET /placement/allocation_candidates?limit=1000&resources=DISK_GB%3A1%2CMEMORY_MB%3A1024%2CVCPU%3A1&root_required=%21COMPUTE_STATUS_DISABLED" status: 200 len: 1235 microversion: 1.35
Jul 08 08:22:56.872388 chdv-799894-1 devstack@placement-api.service[76190]: [pid: 76190|app: 0|req: 268/537] 10.222.0.50 () {60 vars in 1507 bytes} [Thu Jul 8 08:22:56 2021] GET /placement/allocation_candidates?limit=1000&resources=DISK_GB%3A1%2CMEMORY_MB%3A1024%2CVCPU%3A1&root_required=%21COMPUTE_STATUS_DISABLED => generated 1235 bytes in 72 msecs (HTTP/1.1 200) 8 headers in 297 bytes (2 switches on core 0)
Jul 08 08:22:56.932631 chdv-799894-1 devstack@placement-api.service[76191]: DEBUG placement.requestlog [req-25199cc6-324c-46e6-a13e-78317533f872 req-35c97885-b544-4de8-9855-81e71f6b0f01 None None] Starting request: 10.222.0.50 "GET /placement/allocations/7d321545-79e8-420c-a10a-5da52b155218" {{(pid=76191) __call__ /opt/stack/placement/placement/requestlog.py:55}}
Jul 08 08:22:56.945326 chdv-799894-1 devstack@placement-api.service[76191]: INFO placement.requestlog [req-25199cc6-324c-46e6-a13e-78317533f872 req-35c97885-b544-4de8-9855-81e71f6b0f01 service placement] 10.222.0.50 "GET /placement/allocations/7d321545-79e8-420c-a10a-5da52b155218" status: 200 len: 19 microversion: 1.28
Jul 08 08:22:56.951721 chdv-799894-1 devstack@placement-api.service[76191]: [pid: 76191|app: 0|req: 270/538] 10.222.0.50 () {60 vars in 1381 bytes} [Thu Jul 8 08:22:56 2021] GET /placement/allocations/7d321545-79e8-420c-a10a-5da52b155218 => generated 19 bytes in 19 msecs (HTTP/1.1 200) 8 headers in 295 bytes (1 switches on core 0)
Jul 08 08:22:56.955208 chdv-799894-1 devstack@placement-api.service[76190]: DEBUG placement.requestlog [req-25199cc6-324c-46e6-a13e-78317533f872 req-4db56e9a-a8e8-4dba-9c67-5285a01888f8 None None] Starting request: 10.222.0.50 "PUT /placement/allocations/7d321545-79e8-420c-a10a-5da52b155218" {{(pid=76190) __call__ /opt/stack/placement/placement/requestlog.py:55}}
Jul 08 08:22:57.390327 chdv-799894-1 devstack@placement-api.service[76190]: DEBUG placement.handlers.allocation [req-25199cc6-324c-46e6-a13e-78317533f872 req-4db56e9a-a8e8-4dba-9c67-5285a01888f8 service placement] Successfully wrote allocations [, , ] {{(pid=76190) _create_allocations /opt/stack/placement/placement/handlers/allocation.py:435}}
Jul 08 08:22:57.391067 chdv-799894-1 devstack@placement-api.service[76190]: INFO placement.requestlog [req-25199cc6-324c-46e6-a13e-78317533f872 req-4db56e9a-a8e8-4dba-9c67-5285a01888f8 service placement] 10.222.0.50 "PUT /placement/allocations/7d321545-79e8-420c-a10a-5da52b155218" status: 204 len: 0 microversion: 1.35
Jul 08 08:22:57.391719 chdv-799894-1 devstack@placement-api.service[76190]: [pid: 76190|app: 0|req: 269/539] 10.222.0.50 () {64 vars in 1434 bytes} [Thu Jul 8 08:22:56 2021] PUT /placement/allocations/7d321545-79e8-420c-a10a-5da52b155218 => generated 0 bytes in 437 msecs (HTTP/1.1 204) 5 headers in 199 bytes (2 switches on core 0)
Jul 08 08:22:58.466224 chdv-799894-1 devstack@placement-api.service[76191]: DEBUG placement.requestlog [req-25199cc6-324c-46e6-a13e-78317533f872 req-d818ee9c-7a66-4a80-9253-879e40e6006f None None] Starting request: 10.222.0.49 "GET /placement/allocations/7d321545-79e8-420c-a10a-5da52b155218" {{(pid=76191) __call__ /opt/stack/placement/placement/requestlog.py:55}}
Jul 08 08:22:58.495867 chdv-799894-1 devstack@placement-api.service[76191]: INFO placement.requestlog [req-25199cc6-324c-46e6-a13e-78317533f872 req-d818ee9c-7a66-4a80-9253-879e40e6006f service placement] 10.222.0.49 "GET /placement/allocations/7d321545-79e8-420c-a10a-5da52b155218" status: 200 len: 259 microversion: 1.28
Jul 08 08:22:58.496402 chdv-799894-1 devstack@placement-api.service[76191]: [pid: 76191|app: 0|req: 271/540] 10.222.0.49 () {60 vars in 1378 bytes} [Thu Jul 8 08:22:58 2021] GET /placement/allocations/7d321545-79e8-420c-a10a-5da52b155218 => generated 259 bytes in 30 msecs (HTTP/1.1 200) 8 headers in 296 bytes (1 switches on core 0)
Jul 08 08:23:00.658381 chdv-799894-1 devstack@placement-api.service[76190]: DEBUG placement.requestlog [req-ac07044a-fcd4-47ea-9543-491fc362117a req-0c73e136-c101-4eab-9e66-790382cd7adb None None] Starting request: 10.222.0.50 "GET /placement/allocation_candidates?limit=1000&resources=DISK_GB%3A1%2CMEMORY_MB%3A1024%2CVCPU%3A1&root_required=%21COMPUTE_STATUS_DISABLED" {{(pid=76190) __call__ /opt/stack/placement/placement/requestlog.py:55}}
Jul 08 08:23:00.691070 chdv-799894-1 devstack@placement-api.service[76190]: DEBUG placement.objects.research_context [req-ac07044a-fcd4-47ea-9543-491fc362117a req-0c73e136-c101-4eab-9e66-790382cd7adb service placement] getting providers with 1 DISK_GB {{(pid=76190) __init__ /opt/stack/placement/placement/objects/research_context.py:126}}
Jul 08 08:23:00.697535 chdv-799894-1 devstack@placement-api.service[76190]: DEBUG placement.objects.research_context [req-ac07044a-fcd4-47ea-9543-491fc362117a req-0c73e136-c101-4eab-9e66-790382cd7adb service placement] getting providers with 1024 MEMORY_MB {{(pid=76190) __init__ /opt/stack/placement/placement/objects/research_context.py:126}}
Jul 08 08:23:00.703439 chdv-799894-1 devstack@placement-api.service[76190]: DEBUG placement.objects.research_context [req-ac07044a-fcd4-47ea-9543-491fc362117a req-0c73e136-c101-4eab-9e66-790382cd7adb service placement] getting providers with 1 VCPU {{(pid=76190) __init__ /opt/stack/placement/placement/objects/research_context.py:126}}
Jul 08 08:23:00.710157 chdv-799894-1 devstack@placement-api.service[76190]: DEBUG placement.objects.research_context [req-ac07044a-fcd4-47ea-9543-491fc362117a req-0c73e136-c101-4eab-9e66-790382cd7adb service placement] found 2 providers with available 1 DISK_GB {{(pid=76190) get_provider_ids_matching /opt/stack/placement/placement/objects/research_context.py:549}}
Jul 08 08:23:00.710701 chdv-799894-1 devstack@placement-api.service[76190]: DEBUG placement.objects.research_context [req-ac07044a-fcd4-47ea-9543-491fc362117a req-0c73e136-c101-4eab-9e66-790382cd7adb service placement] found 2 providers with available 1024 MEMORY_MB {{(pid=76190) get_provider_ids_matching /opt/stack/placement/placement/objects/research_context.py:549}}
Jul 08 08:23:00.711202 chdv-799894-1 devstack@placement-api.service[76190]: DEBUG placement.objects.research_context [req-ac07044a-fcd4-47ea-9543-491fc362117a req-0c73e136-c101-4eab-9e66-790382cd7adb service placement] found 2 providers after filtering by previous result {{(pid=76190) get_provider_ids_matching /opt/stack/placement/placement/objects/research_context.py:580}}
Jul 08 08:23:00.711680 chdv-799894-1 devstack@placement-api.service[76190]: DEBUG placement.objects.research_context [req-ac07044a-fcd4-47ea-9543-491fc362117a req-0c73e136-c101-4eab-9e66-790382cd7adb service placement] found 2 providers with available 1 VCPU {{(pid=76190) get_provider_ids_matching /opt/stack/placement/placement/objects/research_context.py:549}}
Jul 08 08:23:00.712902 chdv-799894-1 devstack@placement-api.service[76190]: DEBUG placement.objects.research_context [req-ac07044a-fcd4-47ea-9543-491fc362117a req-0c73e136-c101-4eab-9e66-790382cd7adb service placement] found 2 providers after filtering by previous result {{(pid=76190) get_provider_ids_matching /opt/stack/placement/placement/objects/research_context.py:580}}
Jul 08 08:23:00.724604 chdv-799894-1 devstack@placement-api.service[76190]: DEBUG placement.objects.allocation_candidate [req-ac07044a-fcd4-47ea-9543-491fc362117a req-0c73e136-c101-4eab-9e66-790382cd7adb service placement] RequestGroup(use_same_provider=False, resources={DISK_GB:1, MEMORY_MB:1024, VCPU:1}, traits=[], aggregates=[]) (suffix '') returned 2 matches {{(pid=76190) _get_by_requests /opt/stack/placement/placement/objects/allocation_candidate.py:145}}
Jul 08 08:23:00.725332 chdv-799894-1 devstack@placement-api.service[76190]: DEBUG placement.objects.allocation_candidate [req-ac07044a-fcd4-47ea-9543-491fc362117a req-0c73e136-c101-4eab-9e66-790382cd7adb service placement] Merging candidates yields 2 allocation requests and 2 provider summaries {{(pid=76190) _merge_candidates /opt/stack/placement/placement/objects/allocation_candidate.py:783}}
Jul 08 08:23:00.727218 chdv-799894-1 devstack@placement-api.service[76190]: INFO placement.requestlog [req-ac07044a-fcd4-47ea-9543-491fc362117a req-0c73e136-c101-4eab-9e66-790382cd7adb service placement] 10.222.0.50 "GET /placement/allocation_candidates?limit=1000&resources=DISK_GB%3A1%2CMEMORY_MB%3A1024%2CVCPU%3A1&root_required=%21COMPUTE_STATUS_DISABLED" status: 200 len: 1235 microversion: 1.35
Jul 08 08:23:00.739310 chdv-799894-1 devstack@placement-api.service[76190]: [pid: 76190|app: 0|req: 270/541] 10.222.0.50 () {60 vars in 1507 bytes} [Thu Jul 8 08:23:00 2021] GET /placement/allocation_candidates?limit=1000&resources=DISK_GB%3A1%2CMEMORY_MB%3A1024%2CVCPU%3A1&root_required=%21COMPUTE_STATUS_DISABLED => generated 1235 bytes in 80 msecs (HTTP/1.1 200) 8 headers in 297 bytes (1 switches on core 0)
Jul 08 08:23:00.788261 chdv-799894-1 devstack@placement-api.service[76191]: DEBUG placement.requestlog [req-ac07044a-fcd4-47ea-9543-491fc362117a req-a2259997-164e-47d9-9a1a-4fdb67feac53 None None] Starting request: 10.222.0.50 "GET /placement/allocations/9159ffd4-a5c1-4cbd-9bdc-2eb5c170ff9a" {{(pid=76191) __call__ /opt/stack/placement/placement/requestlog.py:55}}
Jul 08 08:23:00.800677 chdv-799894-1 devstack@placement-api.service[76191]: INFO placement.requestlog [req-ac07044a-fcd4-47ea-9543-491fc362117a req-a2259997-164e-47d9-9a1a-4fdb67feac53 service placement] 10.222.0.50 "GET /placement/allocations/9159ffd4-a5c1-4cbd-9bdc-2eb5c170ff9a" status: 200 len: 19 microversion: 1.28
Jul 08 08:23:00.805981 chdv-799894-1 devstack@placement-api.service[76191]: [pid: 76191|app: 0|req: 272/542] 10.222.0.50 () {60 vars in 1381 bytes} [Thu Jul 8 08:23:00 2021] GET /placement/allocations/9159ffd4-a5c1-4cbd-9bdc-2eb5c170ff9a => generated 19 bytes in 18 msecs (HTTP/1.1 200) 8 headers in 295 bytes (1 switches on core 0)
Jul 08 08:23:00.807755 chdv-799894-1 devstack@placement-api.service[76190]: DEBUG placement.requestlog [req-ac07044a-fcd4-47ea-9543-491fc362117a req-eff83477-26e3-4b46-9096-0d93caaafb88 None None] Starting request: 10.222.0.50 "PUT /placement/allocations/9159ffd4-a5c1-4cbd-9bdc-2eb5c170ff9a" {{(pid=76190) __call__ /opt/stack/placement/placement/requestlog.py:55}}
Jul 08 08:23:01.067455 chdv-799894-1 devstack@placement-api.service[76190]: DEBUG placement.handlers.allocation [req-ac07044a-fcd4-47ea-9543-491fc362117a req-eff83477-26e3-4b46-9096-0d93caaafb88 service placement] Successfully wrote allocations [, , ] {{(pid=76190) _create_allocations /opt/stack/placement/placement/handlers/allocation.py:435}}
Jul 08 08:23:01.072088 chdv-799894-1 devstack@placement-api.service[76190]: INFO placement.requestlog [req-ac07044a-fcd4-47ea-9543-491fc362117a req-eff83477-26e3-4b46-9096-0d93caaafb88 service placement] 10.222.0.50 "PUT /placement/allocations/9159ffd4-a5c1-4cbd-9bdc-2eb5c170ff9a" status: 204 len: 0 microversion: 1.35
Jul 08 08:23:01.072088 chdv-799894-1 devstack@placement-api.service[76190]: [pid: 76190|app: 0|req: 271/543] 10.222.0.50 () {64 vars in 1434 bytes} [Thu Jul 8 08:23:00 2021] PUT /placement/allocations/9159ffd4-a5c1-4cbd-9bdc-2eb5c170ff9a => generated 0 bytes in 261 msecs (HTTP/1.1 204) 5 headers in 199 bytes (1 switches on core 0)
Jul 08 08:23:02.120516 chdv-799894-1 devstack@placement-api.service[76191]: DEBUG placement.requestlog [req-ac07044a-fcd4-47ea-9543-491fc362117a req-d3eb86d7-affb-476a-bd07-4c155628f450 None None] Starting request: 10.222.0.49 "GET /placement/allocations/9159ffd4-a5c1-4cbd-9bdc-2eb5c170ff9a" {{(pid=76191) __call__ /opt/stack/placement/placement/requestlog.py:55}}
Jul 08 08:23:02.126085 chdv-799894-1 devstack@placement-api.service[76190]: DEBUG placement.requestlog [req-5a34cb8d-fda3-4e97-bd9e-9bfad2adc2dd req-79c22999-139a-4fd8-9149-78599f604deb None None] Starting request: 10.222.0.50 "GET /placement/allocation_candidates?limit=1000&resources=DISK_GB%3A1%2CMEMORY_MB%3A1024%2CVCPU%3A1&root_required=%21COMPUTE_STATUS_DISABLED" {{(pid=76190) __call__ /opt/stack/placement/placement/requestlog.py:55}}
Jul 08 08:23:02.151767 chdv-799894-1 devstack@placement-api.service[76191]: INFO placement.requestlog [req-ac07044a-fcd4-47ea-9543-491fc362117a req-d3eb86d7-affb-476a-bd07-4c155628f450 service placement] 10.222.0.49 "GET /placement/allocations/9159ffd4-a5c1-4cbd-9bdc-2eb5c170ff9a" status: 200 len: 259 microversion: 1.28
Jul 08 08:23:02.152548 chdv-799894-1 devstack@placement-api.service[76191]: [pid: 76191|app: 0|req: 273/544] 10.222.0.49 () {60 vars in 1378 bytes} [Thu Jul 8 08:23:02 2021] GET /placement/allocations/9159ffd4-a5c1-4cbd-9bdc-2eb5c170ff9a => generated 259 bytes in 32 msecs (HTTP/1.1 200) 8 headers in 296 bytes (1 switches on core 0)
Jul 08 08:23:02.209049 chdv-799894-1 devstack@placement-api.service[76190]: DEBUG placement.objects.research_context [req-5a34cb8d-fda3-4e97-bd9e-9bfad2adc2dd req-79c22999-139a-4fd8-9149-78599f604deb service placement] getting providers with 1 DISK_GB {{(pid=76190) __init__ /opt/stack/placement/placement/objects/research_context.py:126}}
Jul 08 08:23:02.220527 chdv-799894-1 devstack@placement-api.service[76190]: DEBUG placement.objects.research_context [req-5a34cb8d-fda3-4e97-bd9e-9bfad2adc2dd req-79c22999-139a-4fd8-9149-78599f604deb service placement] getting providers with 1024 MEMORY_MB {{(pid=76190) __init__ /opt/stack/placement/placement/objects/research_context.py:126}}
Jul 08 08:23:02.236177 chdv-799894-1 devstack@placement-api.service[76190]: DEBUG placement.objects.research_context [req-5a34cb8d-fda3-4e97-bd9e-9bfad2adc2dd req-79c22999-139a-4fd8-9149-78599f604deb service placement] getting providers with 1 VCPU {{(pid=76190) __init__ /opt/stack/placement/placement/objects/research_context.py:126}}
Jul 08 08:23:02.245475 chdv-799894-1 devstack@placement-api.service[76190]: DEBUG placement.objects.research_context [req-5a34cb8d-fda3-4e97-bd9e-9bfad2adc2dd req-79c22999-139a-4fd8-9149-78599f604deb service placement] found 2 providers with available 1 DISK_GB {{(pid=76190) get_provider_ids_matching /opt/stack/placement/placement/objects/research_context.py:549}}
Jul 08 08:23:02.246024 chdv-799894-1 devstack@placement-api.service[76190]: DEBUG placement.objects.research_context [req-5a34cb8d-fda3-4e97-bd9e-9bfad2adc2dd req-79c22999-139a-4fd8-9149-78599f604deb service placement] found 2 providers with available 1024 MEMORY_MB {{(pid=76190) get_provider_ids_matching /opt/stack/placement/placement/objects/research_context.py:549}}
Jul 08 08:23:02.246476 chdv-799894-1 devstack@placement-api.service[76190]: DEBUG placement.objects.research_context [req-5a34cb8d-fda3-4e97-bd9e-9bfad2adc2dd req-79c22999-139a-4fd8-9149-78599f604deb service placement] found 2 providers after filtering by previous result {{(pid=76190) get_provider_ids_matching /opt/stack/placement/placement/objects/research_context.py:580}}
Jul 08 08:23:02.247061 chdv-799894-1 devstack@placement-api.service[76190]: DEBUG placement.objects.research_context [req-5a34cb8d-fda3-4e97-bd9e-9bfad2adc2dd req-79c22999-139a-4fd8-9149-78599f604deb service placement] found 2 providers with available 1 VCPU {{(pid=76190) get_provider_ids_matching /opt/stack/placement/placement/objects/research_context.py:549}}
Jul 08 08:23:02.247498 chdv-799894-1 devstack@placement-api.service[76190]: DEBUG placement.objects.research_context [req-5a34cb8d-fda3-4e97-bd9e-9bfad2adc2dd req-79c22999-139a-4fd8-9149-78599f604deb service placement] found 2 providers after filtering by previous result {{(pid=76190) get_provider_ids_matching /opt/stack/placement/placement/objects/research_context.py:580}}
Jul 08 08:23:02.269084 chdv-799894-1 devstack@placement-api.service[76190]: DEBUG placement.objects.allocation_candidate [req-5a34cb8d-fda3-4e97-bd9e-9bfad2adc2dd req-79c22999-139a-4fd8-9149-78599f604deb service placement] RequestGroup(use_same_provider=False, resources={DISK_GB:1, MEMORY_MB:1024, VCPU:1}, traits=[], aggregates=[]) (suffix '') returned 2 matches {{(pid=76190) _get_by_requests /opt/stack/placement/placement/objects/allocation_candidate.py:145}}
Jul 08 08:23:02.274744 chdv-799894-1 devstack@placement-api.service[76190]: DEBUG placement.objects.allocation_candidate [req-5a34cb8d-fda3-4e97-bd9e-9bfad2adc2dd req-79c22999-139a-4fd8-9149-78599f604deb service placement] Merging candidates yields 2 allocation requests and 2 provider summaries {{(pid=76190) _merge_candidates /opt/stack/placement/placement/objects/allocation_candidate.py:783}}
Jul 08 08:23:02.278970 chdv-799894-1 devstack@placement-api.service[76190]: INFO placement.requestlog [req-5a34cb8d-fda3-4e97-bd9e-9bfad2adc2dd req-79c22999-139a-4fd8-9149-78599f604deb service placement] 10.222.0.50 "GET /placement/allocation_candidates?limit=1000&resources=DISK_GB%3A1%2CMEMORY_MB%3A1024%2CVCPU%3A1&root_required=%21COMPUTE_STATUS_DISABLED" status: 200 len: 1235 microversion: 1.35
Jul 08 08:23:02.280588 chdv-799894-1 devstack@placement-api.service[76190]: [pid: 76190|app: 0|req: 272/545] 10.222.0.50 () {60 vars in 1507 bytes} [Thu Jul 8 08:23:02 2021] GET /placement/allocation_candidates?limit=1000&resources=DISK_GB%3A1%2CMEMORY_MB%3A1024%2CVCPU%3A1&root_required=%21COMPUTE_STATUS_DISABLED => generated 1235 bytes in 154 msecs (HTTP/1.1 200) 8 headers in 297 bytes (2 switches on core 0)
Jul 08 08:23:02.426373 chdv-799894-1 devstack@placement-api.service[76191]: DEBUG placement.requestlog [req-5a34cb8d-fda3-4e97-bd9e-9bfad2adc2dd req-0a7dc464-5a54-4244-b7c0-9c9cf0b741c0 None None] Starting request: 10.222.0.50 "GET /placement/allocations/895f9d7f-544b-47ad-855e-a05da5781462" {{(pid=76191) __call__ /opt/stack/placement/placement/requestlog.py:55}}
Jul 08 08:23:02.444925 chdv-799894-1 devstack@placement-api.service[76191]: INFO placement.requestlog [req-5a34cb8d-fda3-4e97-bd9e-9bfad2adc2dd req-0a7dc464-5a54-4244-b7c0-9c9cf0b741c0 service placement] 10.222.0.50 "GET /placement/allocations/895f9d7f-544b-47ad-855e-a05da5781462" status: 200 len: 19 microversion: 1.28
Jul 08 08:23:02.445382 chdv-799894-1 devstack@placement-api.service[76191]: [pid: 76191|app: 0|req: 274/546] 10.222.0.50 () {60 vars in 1381 bytes} [Thu Jul 8 08:23:02 2021] GET /placement/allocations/895f9d7f-544b-47ad-855e-a05da5781462 => generated 19 bytes in 19 msecs (HTTP/1.1 200) 8 headers in 295 bytes (1 switches on core 0)
Jul 08 08:23:02.452173 chdv-799894-1 devstack@placement-api.service[76190]: DEBUG placement.requestlog [req-5a34cb8d-fda3-4e97-bd9e-9bfad2adc2dd req-0866b758-efac-47bd-8925-5ebb9e5cee81 None None] Starting request: 10.222.0.50 "PUT /placement/allocations/895f9d7f-544b-47ad-855e-a05da5781462" {{(pid=76190) __call__ /opt/stack/placement/placement/requestlog.py:55}}
Jul 08 08:23:02.883219 chdv-799894-1 devstack@placement-api.service[76190]: DEBUG placement.handlers.allocation [req-5a34cb8d-fda3-4e97-bd9e-9bfad2adc2dd req-0866b758-efac-47bd-8925-5ebb9e5cee81 service placement] Successfully wrote allocations [, , ] {{(pid=76190) _create_allocations /opt/stack/placement/placement/handlers/allocation.py:435}}
Jul 08 08:23:02.883800 chdv-799894-1 devstack@placement-api.service[76190]: INFO placement.requestlog [req-5a34cb8d-fda3-4e97-bd9e-9bfad2adc2dd req-0866b758-efac-47bd-8925-5ebb9e5cee81 service placement] 10.222.0.50 "PUT /placement/allocations/895f9d7f-544b-47ad-855e-a05da5781462" status: 204 len: 0 microversion: 1.35
Jul 08 08:23:02.885129 chdv-799894-1 devstack@placement-api.service[76190]: [pid: 76190|app: 0|req: 273/547] 10.222.0.50 () {64 vars in 1434 bytes} [Thu Jul 8 08:23:02 2021] PUT /placement/allocations/895f9d7f-544b-47ad-855e-a05da5781462 => generated 0 bytes in 433 msecs (HTTP/1.1 204) 5 headers in 199 bytes (1 switches on core 0)
Jul 08 08:23:03.964931 chdv-799894-1 devstack@placement-api.service[76191]: DEBUG placement.requestlog [req-0e4f7de4-b61e-495c-9e3c-5ad03c6d07c6 req-edc1339f-977f-4caa-aa20-2c02662623ba None None] Starting request: 10.222.0.50 "GET /placement/allocation_candidates?limit=1000&resources=DISK_GB%3A1%2CMEMORY_MB%3A1024%2CVCPU%3A1&root_required=%21COMPUTE_STATUS_DISABLED" {{(pid=76191) __call__ /opt/stack/placement/placement/requestlog.py:55}}
Jul 08 08:23:04.006705 chdv-799894-1 devstack@placement-api.service[76191]: DEBUG placement.objects.research_context [req-0e4f7de4-b61e-495c-9e3c-5ad03c6d07c6 req-edc1339f-977f-4caa-aa20-2c02662623ba service placement] getting providers with 1 DISK_GB {{(pid=76191) __init__ /opt/stack/placement/placement/objects/research_context.py:126}}
Jul 08 08:23:04.014399 chdv-799894-1 devstack@placement-api.service[76191]: DEBUG placement.objects.research_context [req-0e4f7de4-b61e-495c-9e3c-5ad03c6d07c6 req-edc1339f-977f-4caa-aa20-2c02662623ba service placement] getting providers with 1024 MEMORY_MB {{(pid=76191) __init__ /opt/stack/placement/placement/objects/research_context.py:126}}
Jul 08 08:23:04.020784 chdv-799894-1 devstack@placement-api.service[76191]: DEBUG placement.objects.research_context [req-0e4f7de4-b61e-495c-9e3c-5ad03c6d07c6 req-edc1339f-977f-4caa-aa20-2c02662623ba service placement] getting providers with 1 VCPU {{(pid=76191) __init__ /opt/stack/placement/placement/objects/research_context.py:126}}
Jul 08 08:23:04.036019 chdv-799894-1 devstack@placement-api.service[76191]: DEBUG placement.objects.research_context [req-0e4f7de4-b61e-495c-9e3c-5ad03c6d07c6 req-edc1339f-977f-4caa-aa20-2c02662623ba service placement] found 2 providers with available 1 DISK_GB {{(pid=76191) get_provider_ids_matching /opt/stack/placement/placement/objects/research_context.py:549}}
