Nov 02 12:46:45.477437 dv-cinder-863277-1-smb neutron-server[110541]: DEBUG neutron.scheduler.dhcp_agent_scheduler [req-5b56436e-1a43-45be-9d85-765dcf6d3f77 req-a5ccb195-cbe3-4cfd-95b4-8a15db841bbc tempest-AttachVolumeNegativeTest-412799053 tempest-AttachVolumeNegativeTest-412799053-project] Network 7b4f9028-78cc-48c1-a42d-9e59f5fd0285 is already hosted by enough agents. {{(pid=110541) _get_dhcp_agents_hosting_network /opt/stack/neutron/neutron/scheduler/dhcp_agent_scheduler.py:275}}
Nov 02 12:46:45.485503 dv-cinder-863277-1-smb neutron-server[110541]: DEBUG neutron.db.l3_dvrscheduler_db [req-51d31b3a-670d-410d-9b79-c927fedb0817 req-d0b4cbc3-482f-46dc-8367-bfafea0f58c8 tempest-ServerRescueNegativeTestJSON-2110029695 tempest-ServerRescueNegativeTestJSON-2110029695-project] Received port after_create {{(pid=110541) _notify_l3_agent_new_port /opt/stack/neutron/neutron/db/l3_dvrscheduler_db.py:535}}
Nov 02 12:46:45.494398 dv-cinder-863277-1-smb neutron-server[110541]: DEBUG neutron.scheduler.base_scheduler [req-5b56436e-1a43-45be-9d85-765dcf6d3f77 req-a5ccb195-cbe3-4cfd-95b4-8a15db841bbc tempest-AttachVolumeNegativeTest-412799053 tempest-AttachVolumeNegativeTest-412799053-project] Resources bound (agent type, host, resource id): {{(pid=110541) schedule /opt/stack/neutron/neutron/scheduler/base_scheduler.py:57}}
Nov 02 12:46:45.519644 dv-cinder-863277-1-smb neutron-server[110542]: DEBUG neutron.plugins.ml2.db [req-26bf9620-eef2-4601-a72f-045313aac062 req-02a6a823-7889-46b9-9fd0-f995c682c6b9 service neutron] For port 5fd8611a-641a-4bbc-82ae-752f578ca2a7, host hv-cinder-86327, set binding levels [PortBindingLevel(driver='hyperv',host='hv-cinder-86327',level=0,port_id=5fd8611a-641a-4bbc-82ae-752f578ca2a7,segment=NetworkSegment(1865cc7c-0dbe-43bd-8d9a-0cd5d4396fce),segment_id=1865cc7c-0dbe-43bd-8d9a-0cd5d4396fce)] {{(pid=110542) set_binding_levels /opt/stack/neutron/neutron/plugins/ml2/db.py:59}}
Nov 02 12:46:45.523673 dv-cinder-863277-1-smb neutron-server[110541]: DEBUG neutron.db.l3_dvrscheduler_db [req-5b56436e-1a43-45be-9d85-765dcf6d3f77 req-a5ccb195-cbe3-4cfd-95b4-8a15db841bbc tempest-AttachVolumeNegativeTest-412799053 tempest-AttachVolumeNegativeTest-412799053-project] Received port after_create {{(pid=110541) _notify_l3_agent_new_port /opt/stack/neutron/neutron/db/l3_dvrscheduler_db.py:535}}
Nov 02 12:46:45.541683 dv-cinder-863277-1-smb neutron-server[110542]: DEBUG neutron_lib.callbacks.manager [req-26bf9620-eef2-4601-a72f-045313aac062 req-02a6a823-7889-46b9-9fd0-f995c682c6b9 service neutron] Publish callbacks ['neutron.plugins.ml2.plugin.SecurityGroupServerNotifierRpcMixin._notify_sg_on_port_change-33076504', 'neutron.plugins.ml2.ovo_rpc._ObjectChangeHandler.handle_event-405171', 'neutron.api.rpc.agentnotifiers.dhcp_rpc_agent_api.DhcpAgentNotifyAPI._native_event_send_dhcp_notification-746623', 'neutron.db.l3_db.L3RpcNotifierMixin._notify_gateway_port_ip_changed-8746348443028', 'neutron.db.l3_dvrscheduler_db._notify_l3_agent_port_update-8746347888631', 'neutron.db.l3_hascheduler_db._notify_l3_agent_ha_port_update-8746347888141'] for port (5fd8611a-641a-4bbc-82ae-752f578ca2a7), after_update {{(pid=110542) _notify_loop /usr/local/lib/python3.8/dist-packages/neutron_lib/callbacks/manager.py:176}}
Nov 02 12:46:45.545590 dv-cinder-863277-1-smb neutron-server[110542]: DEBUG neutron.pecan_wsgi.hooks.policy_enforcement [req-26bf9620-eef2-4601-a72f-045313aac062 req-02a6a823-7889-46b9-9fd0-f995c682c6b9 service neutron] Attributes excluded by policy engine: ['standard_attr_id'] {{(pid=110542) _exclude_attributes_by_policy /opt/stack/neutron/neutron/pecan_wsgi/hooks/policy_enforcement.py:259}}
Nov 02 12:46:45.546295 dv-cinder-863277-1-smb neutron-server[110542]: DEBUG neutron_lib.callbacks.manager [req-26bf9620-eef2-4601-a72f-045313aac062 req-02a6a823-7889-46b9-9fd0-f995c682c6b9 service neutron] Publish callbacks ['neutron.notifiers.nova.Notifier._send_nova_notification-519130', 'neutron.api.rpc.agentnotifiers.dhcp_rpc_agent_api.DhcpAgentNotifyAPI._send_dhcp_notification-746573'] for port (None), before_response {{(pid=110542) _notify_loop /usr/local/lib/python3.8/dist-packages/neutron_lib/callbacks/manager.py:176}}
Nov 02 12:46:45.548375 dv-cinder-863277-1-smb neutron-server[110542]: INFO neutron.wsgi [req-26bf9620-eef2-4601-a72f-045313aac062 req-02a6a823-7889-46b9-9fd0-f995c682c6b9 service neutron] 10.222.0.100 "PUT /v2.0/ports/5fd8611a-641a-4bbc-82ae-752f578ca2a7 HTTP/1.1" status: 200 len: 1093 time: 5.8845198
Nov 02 12:46:45.596458 dv-cinder-863277-1-smb neutron-server[110542]: DEBUG neutron.pecan_wsgi.hooks.policy_enforcement [req-10a93c53-b04f-4809-91f3-c9eb846af4d6 req-e8f1d8a3-0c5f-4869-ac34-7a9ab35b56d8 tempest-DeleteServersTestJSON-665356759 tempest-DeleteServersTestJSON-665356759-project] Attributes excluded by policy engine: ['standard_attr_id', 'binding:profile', 'binding:host_id', 'binding:vif_type', 'binding:vif_details'] {{(pid=110542) _exclude_attributes_by_policy /opt/stack/neutron/neutron/pecan_wsgi/hooks/policy_enforcement.py:259}}
Nov 02 12:46:45.598243 dv-cinder-863277-1-smb neutron-server[110542]: INFO neutron.wsgi [req-10a93c53-b04f-4809-91f3-c9eb846af4d6 req-e8f1d8a3-0c5f-4869-ac34-7a9ab35b56d8 tempest-DeleteServersTestJSON-665356759 tempest-DeleteServersTestJSON-665356759-project] 10.222.0.84 "GET /v2.0/ports?device_id=253b51bd-1881-4df4-be41-aa2174c64518 HTTP/1.1" status: 200 len: 943 time: 0.4913433
Nov 02 12:46:45.658218 dv-cinder-863277-1-smb neutron-server[110543]: DEBUG neutron.db.provisioning_blocks [None req-1cc084a9-237b-4bbf-a473-6a6a9a5cf174 None None] Provisioning complete for port be1e2943-851e-4cff-b6fd-f0e544962f61 triggered by entity L2. {{(pid=110543) provisioning_complete /opt/stack/neutron/neutron/db/provisioning_blocks.py:141}}
Nov 02 12:46:45.660575 dv-cinder-863277-1-smb neutron-server[110543]: DEBUG neutron_lib.callbacks.manager [None req-1cc084a9-237b-4bbf-a473-6a6a9a5cf174 None None] Publish callbacks ['neutron.plugins.ml2.plugin.Ml2Plugin._port_provisioned-33065038'] for port (be1e2943-851e-4cff-b6fd-f0e544962f61), provisioning_complete {{(pid=110543) _notify_loop /usr/local/lib/python3.8/dist-packages/neutron_lib/callbacks/manager.py:176}}
Nov 02 12:46:45.664221 dv-cinder-863277-1-smb neutron-server[110543]: INFO neutron.plugins.ml2.plugin [None req-1cc084a9-237b-4bbf-a473-6a6a9a5cf174 None None] Attempt 1 to provision port be1e2943-851e-4cff-b6fd-f0e544962f61
Nov 02 12:46:45.703697 dv-cinder-863277-1-smb neutron-server[110542]: DEBUG neutron.pecan_wsgi.hooks.policy_enforcement [req-f659ba18-d735-49f7-bef4-c4c23506efc0 req-95f8cc69-b979-44da-9984-ef2538048a75 service neutron] Attributes excluded by policy engine: ['standard_attr_id'] {{(pid=110542) _exclude_attributes_by_policy /opt/stack/neutron/neutron/pecan_wsgi/hooks/policy_enforcement.py:259}}
Nov 02 12:46:45.707069 dv-cinder-863277-1-smb neutron-server[110542]: INFO neutron.wsgi [req-f659ba18-d735-49f7-bef4-c4c23506efc0 req-95f8cc69-b979-44da-9984-ef2538048a75 service neutron] 10.222.0.100 "GET /v2.0/ports?network_id=27918ad2-5d27-4ad7-9e29-f208f684f014&device_owner=network%3Adhcp HTTP/1.1" status: 200 len: 1210 time: 0.6155589
Nov 02 12:46:45.775528 dv-cinder-863277-1-smb neutron-server[110541]: DEBUG neutron.pecan_wsgi.hooks.policy_enforcement [req-5b56436e-1a43-45be-9d85-765dcf6d3f77 req-a5ccb195-cbe3-4cfd-95b4-8a15db841bbc tempest-AttachVolumeNegativeTest-412799053 tempest-AttachVolumeNegativeTest-412799053-project] Attributes excluded by policy engine: ['standard_attr_id', 'binding:profile', 'binding:host_id', 'binding:vif_type', 'binding:vif_details', 'network'] {{(pid=110541) _exclude_attributes_by_policy /opt/stack/neutron/neutron/pecan_wsgi/hooks/policy_enforcement.py:259}}
Nov 02 12:46:45.780868 dv-cinder-863277-1-smb neutron-server[110541]: DEBUG neutron_lib.callbacks.manager [req-5b56436e-1a43-45be-9d85-765dcf6d3f77 req-a5ccb195-cbe3-4cfd-95b4-8a15db841bbc tempest-AttachVolumeNegativeTest-412799053 tempest-AttachVolumeNegativeTest-412799053-project] Publish callbacks ['neutron.notifiers.nova.Notifier._send_nova_notification-519130', 'neutron.api.rpc.agentnotifiers.dhcp_rpc_agent_api.DhcpAgentNotifyAPI._send_dhcp_notification-746573'] for port (None), before_response {{(pid=110541) _notify_loop /usr/local/lib/python3.8/dist-packages/neutron_lib/callbacks/manager.py:176}}
Nov 02 12:46:45.960129 dv-cinder-863277-1-smb neutron-server[110541]: DEBUG neutron_lib.callbacks.manager [None req-23768b4b-e49b-4205-978e-2b0dd43f1be7 admin admin] Publish callbacks ['neutron.plugins.ml2.plugin.Ml2Plugin._network_delete_after_delete_handler-33060606', 'neutron.plugins.ml2.ovo_rpc._ObjectChangeHandler.handle_event-557307', 'neutron.api.rpc.agentnotifiers.dhcp_rpc_agent_api.DhcpAgentNotifyAPI._native_event_send_dhcp_notification-746623', 'neutron.services.l3_router.l3_router_plugin.DVRResourceOperationHandler.delete_fip_namespaces_for_ext_net-544546'] for network (48156667-1865-4626-8c3d-c6871f4dbe5c), after_delete {{(pid=110541) _notify_loop /usr/local/lib/python3.8/dist-packages/neutron_lib/callbacks/manager.py:176}}
Nov 02 12:46:45.977197 dv-cinder-863277-1-smb neutron-server[110543]: DEBUG neutron.plugins.ml2.plugin [None req-1cc084a9-237b-4bbf-a473-6a6a9a5cf174 None None] Current status of the port be1e2943-851e-4cff-b6fd-f0e544962f61 is: ACTIVE; New status is: ACTIVE {{(pid=110543) _update_individual_port_db_status /opt/stack/neutron/neutron/plugins/ml2/plugin.py:2297}}
Nov 02 12:46:45.981166 dv-cinder-863277-1-smb neutron-server[110541]: INFO neutron.wsgi [req-5b56436e-1a43-45be-9d85-765dcf6d3f77 req-a5ccb195-cbe3-4cfd-95b4-8a15db841bbc tempest-AttachVolumeNegativeTest-412799053 tempest-AttachVolumeNegativeTest-412799053-project] 10.222.0.100 "POST /v2.0/ports HTTP/1.1" status: 201 len: 934 time: 6.5772066
Nov 02 12:46:45.988375 dv-cinder-863277-1-smb neutron-server[110543]: DEBUG neutron.plugins.ml2.rpc [None req-1cc084a9-237b-4bbf-a473-6a6a9a5cf174 None None] Device a70ad31f-7b8a-42c2-9f01-d8577a59e2ac up at agent ovs-agent-dv-cinder-863277-1-smb {{(pid=110543) update_device_up /opt/stack/neutron/neutron/plugins/ml2/rpc.py:296}}
Nov 02 12:46:45.999142 dv-cinder-863277-1-smb neutron-server[110542]: INFO neutron.wsgi [req-f659ba18-d735-49f7-bef4-c4c23506efc0 req-c57eadc2-e4d6-4d9f-8d8d-7891b795391d service neutron] 10.222.0.100 "GET /v2.0/networks/27918ad2-5d27-4ad7-9e29-f208f684f014?fields=segments HTTP/1.1" status: 200 len: 212 time: 0.1857078
Nov 02 12:46:46.082083 dv-cinder-863277-1-smb neutron-server[110543]: DEBUG neutron.db.provisioning_blocks [None req-91e76d26-540d-438d-b22a-6af2b584afbb None None] Provisioning complete for port 3d8c95f7-1d52-44c6-8a90-6fb973f0e1aa triggered by entity DHCP. {{(pid=110543) provisioning_complete /opt/stack/neutron/neutron/db/provisioning_blocks.py:141}}
Nov 02 12:46:46.082461 dv-cinder-863277-1-smb neutron-server[110543]: DEBUG neutron_lib.callbacks.manager [None req-91e76d26-540d-438d-b22a-6af2b584afbb None None] Publish callbacks ['neutron.plugins.ml2.plugin.Ml2Plugin._port_provisioned-33065038'] for port (3d8c95f7-1d52-44c6-8a90-6fb973f0e1aa), provisioning_complete {{(pid=110543) _notify_loop /usr/local/lib/python3.8/dist-packages/neutron_lib/callbacks/manager.py:176}}
Nov 02 12:46:46.082945 dv-cinder-863277-1-smb neutron-server[110543]: INFO neutron.plugins.ml2.plugin [None req-91e76d26-540d-438d-b22a-6af2b584afbb None None] Attempt 1 to provision port 3d8c95f7-1d52-44c6-8a90-6fb973f0e1aa
Nov 02 12:46:46.127703 dv-cinder-863277-1-smb neutron-server[110543]: DEBUG neutron.db.provisioning_blocks [None req-1cc084a9-237b-4bbf-a473-6a6a9a5cf174 None None] Provisioning complete for port a70ad31f-7b8a-42c2-9f01-d8577a59e2ac triggered by entity L2. {{(pid=110543) provisioning_complete /opt/stack/neutron/neutron/db/provisioning_blocks.py:141}}
Nov 02 12:46:46.128230 dv-cinder-863277-1-smb neutron-server[110543]: DEBUG neutron_lib.callbacks.manager [None req-1cc084a9-237b-4bbf-a473-6a6a9a5cf174 None None] Publish callbacks ['neutron.plugins.ml2.plugin.Ml2Plugin._port_provisioned-33065038'] for port (a70ad31f-7b8a-42c2-9f01-d8577a59e2ac), provisioning_complete {{(pid=110543) _notify_loop /usr/local/lib/python3.8/dist-packages/neutron_lib/callbacks/manager.py:176}}
Nov 02 12:46:46.128708 dv-cinder-863277-1-smb neutron-server[110543]: INFO neutron.plugins.ml2.plugin [None req-1cc084a9-237b-4bbf-a473-6a6a9a5cf174 None None] Attempt 1 to provision port a70ad31f-7b8a-42c2-9f01-d8577a59e2ac
Nov 02 12:46:46.132234 dv-cinder-863277-1-smb neutron-server[110543]: DEBUG neutron.plugins.ml2.plugin [None req-91e76d26-540d-438d-b22a-6af2b584afbb None None] Port 3d8c95f7-1d52-44c6-8a90-6fb973f0e1aa cannot update to ACTIVE because it is not bound. {{(pid=110543) _port_provisioned /opt/stack/neutron/neutron/plugins/ml2/plugin.py:356}}
Nov 02 12:46:46.153441 dv-cinder-863277-1-smb neutron-server[110542]: INFO neutron.wsgi [req-f659ba18-d735-49f7-bef4-c4c23506efc0 req-5c7b72d2-1dd4-4936-9b2c-64f5d5756e89 service neutron] 10.222.0.100 "GET /v2.0/networks/27918ad2-5d27-4ad7-9e29-f208f684f014?fields=provider%3Aphysical_network&fields=provider%3Anetwork_type HTTP/1.1" status: 200 len: 281 time: 0.1074464
Nov 02 12:46:46.181974 dv-cinder-863277-1-smb neutron-server[110541]: DEBUG neutron.api.v2.base [req-5b56436e-1a43-45be-9d85-765dcf6d3f77 req-13c8eaf0-30a8-4b84-a09a-ff718b4d1170 service neutron] Request body: {'port': {'device_id': 'd997461b-e1e5-4306-9789-1e0afa397fa8', 'device_owner': 'compute:nova', 'binding:host_id': 'hv-cinder-86327'}} {{(pid=110541) prepare_request_body /opt/stack/neutron/neutron/api/v2/base.py:730}}
Nov 02 12:46:46.193208 dv-cinder-863277-1-smb neutron-server[110541]: DEBUG neutron.api.rpc.handlers.resources_rpc [None req-23768b4b-e49b-4205-978e-2b0dd43f1be7 admin admin] Pushing event deleted for resources: {'Network': ['ID=48156667-1865-4626-8c3d-c6871f4dbe5c,revision_number=None']} {{(pid=110541) push /opt/stack/neutron/neutron/api/rpc/handlers/resources_rpc.py:237}}
Nov 02 12:46:46.202436 dv-cinder-863277-1-smb neutron-server[110541]: DEBUG neutron_lib.callbacks.manager [None req-23768b4b-e49b-4205-978e-2b0dd43f1be7 admin admin] Publish callbacks ['neutron.api.rpc.agentnotifiers.dhcp_rpc_agent_api.DhcpAgentNotifyAPI._send_dhcp_notification-746573'] for network (None), before_response {{(pid=110541) _notify_loop /usr/local/lib/python3.8/dist-packages/neutron_lib/callbacks/manager.py:176}}
Nov 02 12:46:46.210943 dv-cinder-863277-1-smb neutron-server[110541]: INFO neutron.wsgi [None req-23768b4b-e49b-4205-978e-2b0dd43f1be7 admin admin] 10.222.0.84 "DELETE /v2.0/networks/48156667-1865-4626-8c3d-c6871f4dbe5c HTTP/1.1" status: 204 len: 168 time: 4.2398946
Nov 02 12:46:46.210943 dv-cinder-863277-1-smb neutron-server[110541]: DEBUG neutron.api.rpc.handlers.resources_rpc [None req-a5ccb195-cbe3-4cfd-95b4-8a15db841bbc tempest-AttachVolumeNegativeTest-412799053 tempest-AttachVolumeNegativeTest-412799053-project] Pushing event updated for resources: {'Port': ['ID=1b7e8ff5-c0dc-462e-a1b7-29e250aba298,revision_number=1']} {{(pid=110541) push /opt/stack/neutron/neutron/api/rpc/handlers/resources_rpc.py:237}}
Nov 02 12:46:46.226158 dv-cinder-863277-1-smb neutron-server[110541]: DEBUG neutron.pecan_wsgi.hooks.policy_enforcement [req-a99264ce-a066-40f5-bad4-99bf19383d55 req-ef32a9d7-30db-4ea9-9868-f9e90a2c256c tempest-ServerRescueNegativeTestJSON-2110029695 tempest-ServerRescueNegativeTestJSON-2110029695-project] Attributes excluded by policy engine: ['standard_attr_id', 'binding:profile', 'binding:host_id', 'binding:vif_type', 'binding:vif_details'] {{(pid=110541) _exclude_attributes_by_policy /opt/stack/neutron/neutron/pecan_wsgi/hooks/policy_enforcement.py:259}}
Nov 02 12:46:46.239718 dv-cinder-863277-1-smb neutron-server[110541]: INFO neutron.wsgi [req-a99264ce-a066-40f5-bad4-99bf19383d55 req-ef32a9d7-30db-4ea9-9868-f9e90a2c256c tempest-ServerRescueNegativeTestJSON-2110029695 tempest-ServerRescueNegativeTestJSON-2110029695-project] 10.222.0.84 "GET /v2.0/ports?device_id=68ec53b0-4644-4a5d-8c26-4a879e5a9d1f HTTP/1.1" status: 200 len: 931 time: 3.3610251
Nov 02 12:46:46.252378 dv-cinder-863277-1-smb neutron-server[110541]: DEBUG neutron.wsgi [-] (110541) accepted ('10.222.0.84', 56266) {{(pid=110541) server /usr/local/lib/python3.8/dist-packages/eventlet/wsgi.py:1004}}
Nov 02 12:46:46.279367 dv-cinder-863277-1-smb neutron-server[110542]: INFO neutron.wsgi [req-10a93c53-b04f-4809-91f3-c9eb846af4d6 req-495b7af7-262c-4487-82d2-8141dd01740d tempest-DeleteServersTestJSON-665356759 tempest-DeleteServersTestJSON-665356759-project] 10.222.0.84 "GET /v2.0/security-groups?id=af5ca160-682a-40e3-bcf0-4bc9e4897c27&fields=id&fields=name HTTP/1.1" status: 200 len: 286 time: 0.6360044
Nov 02 12:46:46.336609 dv-cinder-863277-1-smb neutron-server[110542]: DEBUG neutron.api.rpc.handlers.resources_rpc [None req-02a6a823-7889-46b9-9fd0-f995c682c6b9 service neutron] Pushing event updated for resources: {'Port': ['ID=5fd8611a-641a-4bbc-82ae-752f578ca2a7,revision_number=3']} {{(pid=110542) push /opt/stack/neutron/neutron/api/rpc/handlers/resources_rpc.py:237}}
Nov 02 12:46:46.460865 dv-cinder-863277-1-smb neutron-server[110543]: DEBUG neutron.plugins.ml2.plugin [None req-1cc084a9-237b-4bbf-a473-6a6a9a5cf174 None None] Current status of the port a70ad31f-7b8a-42c2-9f01-d8577a59e2ac is: ACTIVE; New status is: ACTIVE {{(pid=110543) _update_individual_port_db_status /opt/stack/neutron/neutron/plugins/ml2/plugin.py:2297}}
Nov 02 12:46:46.578995 dv-cinder-863277-1-smb neutron-server[110541]: DEBUG neutron.wsgi [-] (110541) accepted ('10.222.0.100', 61763) {{(pid=110541) server /usr/local/lib/python3.8/dist-packages/eventlet/wsgi.py:1004}}
Nov 02 12:46:46.598953 dv-cinder-863277-1-smb neutron-server[110541]: INFO neutron.wsgi [req-a99264ce-a066-40f5-bad4-99bf19383d55 req-24b646ff-32ea-4207-a572-11faf76a78c0 tempest-ServerRescueNegativeTestJSON-2110029695 tempest-ServerRescueNegativeTestJSON-2110029695-project] 10.222.0.84 "GET /v2.0/security-groups?id=ad271d87-8ca5-4280-a7ce-f66ed4b74d43&fields=id&fields=name HTTP/1.1" status: 200 len: 286 time: 0.3576112
Nov 02 12:46:46.633313 dv-cinder-863277-1-smb neutron-server[110543]: INFO neutron.plugins.ml2.plugin [None req-91e76d26-540d-438d-b22a-6af2b584afbb None None] Attempt 2 to provision port 3d8c95f7-1d52-44c6-8a90-6fb973f0e1aa
Nov 02 12:46:46.691925 dv-cinder-863277-1-smb neutron-server[110541]: DEBUG neutron.pecan_wsgi.hooks.policy_enforcement [req-51d31b3a-670d-410d-9b79-c927fedb0817 req-d0b4cbc3-482f-46dc-8367-bfafea0f58c8 tempest-ServerRescueNegativeTestJSON-2110029695 tempest-ServerRescueNegativeTestJSON-2110029695-project] Attributes excluded by policy engine: ['standard_attr_id', 'binding:profile', 'binding:host_id', 'binding:vif_type', 'binding:vif_details', 'network'] {{(pid=110541) _exclude_attributes_by_policy /opt/stack/neutron/neutron/pecan_wsgi/hooks/policy_enforcement.py:259}}
Nov 02 12:46:46.692719 dv-cinder-863277-1-smb neutron-server[110541]: DEBUG neutron_lib.callbacks.manager [req-51d31b3a-670d-410d-9b79-c927fedb0817 req-d0b4cbc3-482f-46dc-8367-bfafea0f58c8 tempest-ServerRescueNegativeTestJSON-2110029695 tempest-ServerRescueNegativeTestJSON-2110029695-project] Publish callbacks ['neutron.notifiers.nova.Notifier._send_nova_notification-519130', 'neutron.api.rpc.agentnotifiers.dhcp_rpc_agent_api.DhcpAgentNotifyAPI._send_dhcp_notification-746573'] for port (None), before_response {{(pid=110541) _notify_loop /usr/local/lib/python3.8/dist-packages/neutron_lib/callbacks/manager.py:176}}
Nov 02 12:46:46.741742 dv-cinder-863277-1-smb neutron-server[110543]: DEBUG neutron.plugins.ml2.plugin [None req-91e76d26-540d-438d-b22a-6af2b584afbb None None] Port 3d8c95f7-1d52-44c6-8a90-6fb973f0e1aa cannot update to ACTIVE because it is not bound. {{(pid=110543) _port_provisioned /opt/stack/neutron/neutron/plugins/ml2/plugin.py:356}}
Nov 02 12:46:46.745638 dv-cinder-863277-1-smb neutron-server[110541]: INFO neutron.services.segments.plugin [-] Segment 0ba26808-d87c-4a05-9add-648aee612c5e resource provider aggregate not found
Nov 02 12:46:46.754287 dv-cinder-863277-1-smb neutron-server[110541]: DEBUG neutron.db.db_base_plugin_v2 [None req-7721d660-9f52-4f10-887d-439215388df7 admin admin] Deleting subnet 5e8d3d6e-5f25-43ed-96e0-ac189d58ff49 {{(pid=110541) delete_subnet /opt/stack/neutron/neutron/db/db_base_plugin_v2.py:1066}}
Nov 02 12:46:46.758347 dv-cinder-863277-1-smb neutron-server[110541]: DEBUG neutron_lib.callbacks.manager [None req-7721d660-9f52-4f10-887d-439215388df7 admin admin] Publish callbacks [] for subnet (5e8d3d6e-5f25-43ed-96e0-ac189d58ff49), before_delete {{(pid=110541) _notify_loop /usr/local/lib/python3.8/dist-packages/neutron_lib/callbacks/manager.py:176}}
Nov 02 12:46:46.811510 dv-cinder-863277-1-smb neutron-server[110541]: DEBUG neutron_lib.callbacks.manager [None req-7721d660-9f52-4f10-887d-439215388df7 admin admin] Publish callbacks ['neutron.services.segments.plugin.Plugin._validate_auto_address_subnet_delete-4147837'] for subnet (5e8d3d6e-5f25-43ed-96e0-ac189d58ff49), precommit_delete_associations {{(pid=110541) _notify_loop /usr/local/lib/python3.8/dist-packages/neutron_lib/callbacks/manager.py:176}}
Nov 02 12:46:46.909895 dv-cinder-863277-1-smb neutron-server[110541]: DEBUG neutron_lib.callbacks.manager [None req-7721d660-9f52-4f10-887d-439215388df7 admin admin] Publish callbacks ['neutron.plugins.ml2.plugin.Ml2Plugin._subnet_delete_precommit_handler-33062524'] for subnet (5e8d3d6e-5f25-43ed-96e0-ac189d58ff49), precommit_delete {{(pid=110541) _notify_loop /usr/local/lib/python3.8/dist-packages/neutron_lib/callbacks/manager.py:176}}
Nov 02 12:46:46.925770 dv-cinder-863277-1-smb neutron-server[110542]: DEBUG neutron_lib.callbacks.manager [None req-fa56aebd-1d10-4d17-9f7c-36df2e05bdc9 admin admin] Publish callbacks [] for security_group (afc014dc-1565-4e91-9e2b-160c34c26add), precommit_create {{(pid=110542) _notify_loop /usr/local/lib/python3.8/dist-packages/neutron_lib/callbacks/manager.py:176}}
Nov 02 12:46:46.961382 dv-cinder-863277-1-smb neutron-server[110542]: DEBUG neutron.pecan_wsgi.hooks.policy_enforcement [req-26bf9620-eef2-4601-a72f-045313aac062 req-665f029d-dd0e-42ef-8ab0-da874fe821b9 service neutron] Attributes excluded by policy engine: ['standard_attr_id'] {{(pid=110542) _exclude_attributes_by_policy /opt/stack/neutron/neutron/pecan_wsgi/hooks/policy_enforcement.py:259}}
Nov 02 12:46:46.963381 dv-cinder-863277-1-smb neutron-server[110542]: INFO neutron.wsgi [req-26bf9620-eef2-4601-a72f-045313aac062 req-665f029d-dd0e-42ef-8ab0-da874fe821b9 service neutron] 10.222.0.100 "GET /v2.0/ports?tenant_id=b81bd5a0381643e58aa375af89dc43f2&device_id=667657b8-d529-4226-8bd4-f5f30058f80c HTTP/1.1" status: 200 len: 1127 time: 1.2425237
Nov 02 12:46:46.978386 dv-cinder-863277-1-smb neutron-server[110542]: DEBUG neutron_lib.callbacks.manager [None req-90d8afe1-5024-4c38-ad89-df3fd65b6785 admin admin] Publish callbacks [] for security_group (9c437920-5138-4b1d-9aef-8f4b46c98169), precommit_create {{(pid=110542) _notify_loop /usr/local/lib/python3.8/dist-packages/neutron_lib/callbacks/manager.py:176}}
Nov 02 12:46:46.986124 dv-cinder-863277-1-smb neutron-server[110542]: DEBUG neutron_lib.callbacks.manager [None req-fa56aebd-1d10-4d17-9f7c-36df2e05bdc9 admin admin] Publish callbacks ['neutron.plugins.ml2.ovo_rpc._ObjectChangeHandler.handle_event-557128'] for security_group (afc014dc-1565-4e91-9e2b-160c34c26add), after_create {{(pid=110542) _notify_loop /usr/local/lib/python3.8/dist-packages/neutron_lib/callbacks/manager.py:176}}
Nov 02 12:46:47.079897 dv-cinder-863277-1-smb neutron-server[110542]: DEBUG neutron_lib.callbacks.manager [None req-90d8afe1-5024-4c38-ad89-df3fd65b6785 admin admin] Publish callbacks ['neutron.plugins.ml2.ovo_rpc._ObjectChangeHandler.handle_event-557128'] for security_group (9c437920-5138-4b1d-9aef-8f4b46c98169), after_create {{(pid=110542) _notify_loop /usr/local/lib/python3.8/dist-packages/neutron_lib/callbacks/manager.py:176}}
Nov 02 12:46:47.082814 dv-cinder-863277-1-smb neutron-server[110542]: DEBUG neutron.notifiers.nova [-] Sending events: [{'name': 'network-changed', 'server_uuid': '667657b8-d529-4226-8bd4-f5f30058f80c', 'tag': '5fd8611a-641a-4bbc-82ae-752f578ca2a7'}] {{(pid=110542) send_events /opt/stack/neutron/neutron/notifiers/nova.py:279}}
Nov 02 12:46:47.085674 dv-cinder-863277-1-smb neutron-server[110542]: DEBUG novaclient.v2.client [-] REQ: curl -g -i --cacert "/opt/stack/data/ca-bundle.pem" -X POST http://10.222.0.84/compute/v2.1/os-server-external-events -H "Accept: application/json" -H "Content-Type: application/json" -H "User-Agent: python-novaclient" -H "X-Auth-Token: {SHA256}b244b591c20d1cb9a004e68cf5fa4a4d27fad93c59b222d484ebd1d9df3ba075" -H "X-OpenStack-Nova-API-Version: 2.1" -H "X-OpenStack-Request-ID: req-3c21ab4c-0b58-4035-a1cc-1f4324eb0c50" -d '{"events": [{"name": "network-changed", "server_uuid": "667657b8-d529-4226-8bd4-f5f30058f80c", "tag": "5fd8611a-641a-4bbc-82ae-752f578ca2a7"}]}' {{(pid=110542) _http_log_request /usr/local/lib/python3.8/dist-packages/keystoneauth1/session.py:519}}
Nov 02 12:46:47.132279 dv-cinder-863277-1-smb neutron-server[110541]: INFO neutron.services.segments.plugin [-] Segment 0ba26808-d87c-4a05-9add-648aee612c5e resource provider not found; error: Placement Client Error (4xx): {"errors": [{"status": 404, "title": "Not Found", "detail": "The resource could not be found.\n\n No resource provider with uuid 0ba26808-d87c-4a05-9add-648aee612c5e found for delete ", "request_id": "req-1e7b1aa7-3438-4b1c-a6d7-55354a3e728b"}]}
Nov 02 12:46:47.133609 dv-cinder-863277-1-smb neutron-server[110541]: DEBUG neutron_lib.callbacks.manager [req-5b56436e-1a43-45be-9d85-765dcf6d3f77 req-13c8eaf0-30a8-4b84-a09a-ff718b4d1170 service neutron] Publish callbacks ['neutron.plugins.ml2.plugin.SecurityGroupDbMixin._ensure_default_security_group_handler-33271176'] for port (1b7e8ff5-c0dc-462e-a1b7-29e250aba298), before_update {{(pid=110541) _notify_loop /usr/local/lib/python3.8/dist-packages/neutron_lib/callbacks/manager.py:176}}
Nov 02 12:46:47.140898 dv-cinder-863277-1-smb neutron-server[110541]: INFO neutron.wsgi [req-51d31b3a-670d-410d-9b79-c927fedb0817 req-d0b4cbc3-482f-46dc-8367-bfafea0f58c8 tempest-ServerRescueNegativeTestJSON-2110029695 tempest-ServerRescueNegativeTestJSON-2110029695-project] 10.222.0.100 "POST /v2.0/ports HTTP/1.1" status: 201 len: 933 time: 9.7154887
Nov 02 12:46:47.151083 dv-cinder-863277-1-smb neutron-server[110542]: DEBUG neutron.api.rpc.handlers.resources_rpc [None req-fa56aebd-1d10-4d17-9f7c-36df2e05bdc9 admin admin] Pushing event updated for resources: {'SecurityGroup': ['ID=afc014dc-1565-4e91-9e2b-160c34c26add,revision_number=1']} {{(pid=110542) push /opt/stack/neutron/neutron/api/rpc/handlers/resources_rpc.py:237}}
Nov 02 12:46:47.158752 dv-cinder-863277-1-smb neutron-server[110542]: INFO neutron.wsgi [None req-fa56aebd-1d10-4d17-9f7c-36df2e05bdc9 admin admin] 10.222.0.84 "GET /v2.0/security-groups?tenant_id=1e33cdfc5f1d44a4ad605de436624e18&name=default HTTP/1.1" status: 200 len: 2996 time: 2.5107074
Nov 02 12:46:47.176052 dv-cinder-863277-1-smb neutron-server[110541]: DEBUG neutron.wsgi [-] (110541) accepted ('10.222.0.84', 56290) {{(pid=110541) server /usr/local/lib/python3.8/dist-packages/eventlet/wsgi.py:1004}}
Nov 02 12:46:47.227784 dv-cinder-863277-1-smb neutron-server[110541]: INFO neutron.wsgi [req-e0a352b6-c9ab-4c44-a9ee-f86236a417ac req-b3c2c657-a9d0-4999-978d-28f45bf77d6e tempest-AttachVolumeTestJSON-1776880313 tempest-AttachVolumeTestJSON-1776880313-project] 10.222.0.84 "GET /v2.0/ports?device_id=c9db824c-f681-402a-ae0e-d6a17faf2129 HTTP/1.1" status: 200 len: 210 time: 0.1919470
Nov 02 12:46:47.243244 dv-cinder-863277-1-smb neutron-server[110543]: INFO neutron.plugins.ml2.plugin [None req-91e76d26-540d-438d-b22a-6af2b584afbb None None] Attempt 3 to provision port 3d8c95f7-1d52-44c6-8a90-6fb973f0e1aa
Nov 02 12:46:47.268480 dv-cinder-863277-1-smb neutron-server[110542]: INFO neutron.wsgi [req-26bf9620-eef2-4601-a72f-045313aac062 req-7dc1aa43-7a78-40a2-b1b9-4e977c14116b service neutron] 10.222.0.100 "GET /v2.0/floatingips?fixed_ip_address=172.20.0.4&port_id=5fd8611a-641a-4bbc-82ae-752f578ca2a7 HTTP/1.1" status: 200 len: 217 time: 0.2878690
Nov 02 12:46:47.340273 dv-cinder-863277-1-smb neutron-server[110543]: DEBUG neutron.plugins.ml2.plugin [None req-91e76d26-540d-438d-b22a-6af2b584afbb None None] Port 3d8c95f7-1d52-44c6-8a90-6fb973f0e1aa cannot update to ACTIVE because it is not bound. {{(pid=110543) _port_provisioned /opt/stack/neutron/neutron/plugins/ml2/plugin.py:356}}
Nov 02 12:46:47.465302 dv-cinder-863277-1-smb neutron-server[110542]: DEBUG neutron.pecan_wsgi.hooks.policy_enforcement [req-d980a632-41b9-4319-9a0c-44a7ac7d15ec req-8d631a56-26de-452e-a26b-7c232032667d tempest-AttachVolumeNegativeTest-412799053 tempest-AttachVolumeNegativeTest-412799053-project] Attributes excluded by policy engine: ['standard_attr_id', 'binding:profile', 'binding:host_id', 'binding:vif_type', 'binding:vif_details'] {{(pid=110542) _exclude_attributes_by_policy /opt/stack/neutron/neutron/pecan_wsgi/hooks/policy_enforcement.py:259}}
Nov 02 12:46:47.473393 dv-cinder-863277-1-smb neutron-server[110542]: INFO neutron.wsgi [req-d980a632-41b9-4319-9a0c-44a7ac7d15ec req-8d631a56-26de-452e-a26b-7c232032667d tempest-AttachVolumeNegativeTest-412799053 tempest-AttachVolumeNegativeTest-412799053-project] 10.222.0.84 "GET /v2.0/ports?device_id=d997461b-e1e5-4306-9789-1e0afa397fa8 HTTP/1.1" status: 200 len: 932 time: 0.5569601
Nov 02 12:46:47.572676 dv-cinder-863277-1-smb neutron-server[110542]: DEBUG neutron.pecan_wsgi.hooks.policy_enforcement [req-e8a7c3f6-df2b-45e9-9949-47ce29d1686c req-51a4ce06-cdfd-497b-9342-76e1157c3444 service neutron] Attributes excluded by policy engine: ['standard_attr_id'] {{(pid=110542) _exclude_attributes_by_policy /opt/stack/neutron/neutron/pecan_wsgi/hooks/policy_enforcement.py:259}}
Nov 02 12:46:47.577512 dv-cinder-863277-1-smb neutron-server[110542]: INFO neutron.wsgi [req-e8a7c3f6-df2b-45e9-9949-47ce29d1686c req-51a4ce06-cdfd-497b-9342-76e1157c3444 service neutron] 10.222.0.100 "GET /v2.0/ports?tenant_id=47e7f76796544b4cb01562389cfa9778&device_id=253b51bd-1881-4df4-be41-aa2174c64518 HTTP/1.1" status: 200 len: 1127 time: 0.6711671
Nov 02 12:46:47.593900 dv-cinder-863277-1-smb neutron-server[110542]: DEBUG novaclient.v2.client [-] RESP: [200] Connection: close Content-Length: 179 Content-Type: application/json Date: Wed, 02 Nov 2022 12:46:47 GMT OpenStack-API-Version: compute 2.1 Server: Apache/2.4.41 (Ubuntu) Vary: OpenStack-API-Version,X-OpenStack-Nova-API-Version X-OpenStack-Nova-API-Version: 2.1 x-compute-request-id: req-43703026-74f5-4aea-a683-3808e1c3b526 x-openstack-request-id: req-43703026-74f5-4aea-a683-3808e1c3b526 {{(pid=110542) _http_log_response /usr/local/lib/python3.8/dist-packages/keystoneauth1/session.py:550}}
Nov 02 12:46:47.594504 dv-cinder-863277-1-smb neutron-server[110542]: DEBUG novaclient.v2.client [-] RESP BODY: {"events": [{"name": "network-changed", "server_uuid": "667657b8-d529-4226-8bd4-f5f30058f80c", "tag": "5fd8611a-641a-4bbc-82ae-752f578ca2a7", "status": "completed", "code": 200}]} {{(pid=110542) _http_log_response /usr/local/lib/python3.8/dist-packages/keystoneauth1/session.py:582}}
Nov 02 12:46:47.597083 dv-cinder-863277-1-smb neutron-server[110542]: DEBUG novaclient.v2.client [-] POST call to compute for http://10.222.0.84/compute/v2.1/os-server-external-events used request id req-43703026-74f5-4aea-a683-3808e1c3b526 {{(pid=110542) request /usr/local/lib/python3.8/dist-packages/keystoneauth1/session.py:954}}
Nov 02 12:46:47.597848 dv-cinder-863277-1-smb neutron-server[110542]: INFO neutron.notifiers.nova [-] Nova event matching ['req-43703026-74f5-4aea-a683-3808e1c3b526'] response: {'name': 'network-changed', 'server_uuid': '667657b8-d529-4226-8bd4-f5f30058f80c', 'tag': '5fd8611a-641a-4bbc-82ae-752f578ca2a7', 'status': 'completed', 'code': 200}
Nov 02 12:46:47.603977 dv-cinder-863277-1-smb neutron-server[110542]: INFO neutron.wsgi [None req-90d8afe1-5024-4c38-ad89-df3fd65b6785 admin admin] 10.222.0.84 "GET /v2.0/security-groups?tenant_id=98fc28d194ae4f13a584036364626559&name=default HTTP/1.1" status: 200 len: 2996 time: 2.7553296
Nov 02 12:46:47.614590 dv-cinder-863277-1-smb neutron-server[110542]: DEBUG neutron.wsgi [-] (110542) accepted ('10.222.0.84', 56300) {{(pid=110542) server /usr/local/lib/python3.8/dist-packages/eventlet/wsgi.py:1004}}
Nov 02 12:46:47.687555 dv-cinder-863277-1-smb neutron-server[110541]: DEBUG neutron.api.v2.base [req-51d31b3a-670d-410d-9b79-c927fedb0817 req-aa647ba6-1758-4d97-b968-4e6c2a697143 service neutron] Request body: {'port': {'device_id': '68ec53b0-4644-4a5d-8c26-4a879e5a9d1f', 'device_owner': 'compute:nova', 'binding:host_id': 'hv-cinder-86327'}} {{(pid=110541) prepare_request_body /opt/stack/neutron/neutron/api/v2/base.py:730}}
Nov 02 12:46:47.694915 dv-cinder-863277-1-smb neutron-server[110542]: DEBUG neutron.api.rpc.handlers.resources_rpc [None req-90d8afe1-5024-4c38-ad89-df3fd65b6785 admin admin] Pushing event updated for resources: {'SecurityGroup': ['ID=9c437920-5138-4b1d-9aef-8f4b46c98169,revision_number=1']} {{(pid=110542) push /opt/stack/neutron/neutron/api/rpc/handlers/resources_rpc.py:237}}
Nov 02 12:46:47.841424 dv-cinder-863277-1-smb neutron-server[110543]: INFO neutron.plugins.ml2.plugin [None req-91e76d26-540d-438d-b22a-6af2b584afbb None None] Attempt 4 to provision port 3d8c95f7-1d52-44c6-8a90-6fb973f0e1aa
Nov 02 12:46:47.891631 dv-cinder-863277-1-smb neutron-server[110541]: DEBUG neutron_lib.callbacks.manager [None req-7721d660-9f52-4f10-887d-439215388df7 admin admin] Publish callbacks ['neutron.plugins.ml2.plugin.Ml2Plugin._subnet_delete_after_delete_handler-33062469', 'neutron.plugins.ml2.ovo_rpc._ObjectChangeHandler.handle_event-730658', 'neutron.api.rpc.agentnotifiers.dhcp_rpc_agent_api.DhcpAgentNotifyAPI._native_event_send_dhcp_notification-746623', 'neutron.services.segments.plugin.NovaSegmentNotifier._notify_subnet_deleted-50721663', 'neutron.services.segments.plugin.SegmentHostRoutes.host_routes_after_delete-51097051'] for subnet (5e8d3d6e-5f25-43ed-96e0-ac189d58ff49), after_delete {{(pid=110541) _notify_loop /usr/local/lib/python3.8/dist-packages/neutron_lib/callbacks/manager.py:176}}
Nov 02 12:46:47.919773 dv-cinder-863277-1-smb neutron-server[110542]: DEBUG neutron.pecan_wsgi.hooks.policy_enforcement [req-26bf9620-eef2-4601-a72f-045313aac062 req-4f99304f-d01c-4fbf-b8fd-9c5d93350850 service neutron] Attributes excluded by policy engine: ['standard_attr_id', 'shared'] {{(pid=110542) _exclude_attributes_by_policy /opt/stack/neutron/neutron/pecan_wsgi/hooks/policy_enforcement.py:259}}
Nov 02 12:46:47.922226 dv-cinder-863277-1-smb neutron-server[110542]: INFO neutron.wsgi [req-26bf9620-eef2-4601-a72f-045313aac062 req-4f99304f-d01c-4fbf-b8fd-9c5d93350850 service neutron] 10.222.0.100 "GET /v2.0/subnets?id=7bdee7c1-0e8f-4617-b204-d1a7626d7827 HTTP/1.1" status: 200 len: 858 time: 0.5679188
Nov 02 12:46:47.928848 dv-cinder-863277-1-smb neutron-server[110542]: DEBUG neutron_lib.callbacks.manager [None req-1ffe991d-80c5-45ca-a0f1-2eb81dad91e3 admin admin] Publish callbacks [] for security_group (9c437920-5138-4b1d-9aef-8f4b46c98169), before_delete {{(pid=110542) _notify_loop /usr/local/lib/python3.8/dist-packages/neutron_lib/callbacks/manager.py:176}}
Nov 02 12:46:47.941036 dv-cinder-863277-1-smb neutron-server[110542]: INFO neutron.wsgi [req-d980a632-41b9-4319-9a0c-44a7ac7d15ec req-94f03b23-df5d-4a91-81fa-79515a27ac51 tempest-AttachVolumeNegativeTest-412799053 tempest-AttachVolumeNegativeTest-412799053-project] 10.222.0.84 "GET /v2.0/security-groups?id=ad99820b-26f2-42c5-a410-2d2f5b11f48e&fields=id&fields=name HTTP/1.1" status: 200 len: 313 time: 0.3805168
Nov 02 12:46:47.941853 dv-cinder-863277-1-smb neutron-server[110543]: DEBUG neutron.plugins.ml2.plugin [None req-91e76d26-540d-438d-b22a-6af2b584afbb None None] Port 3d8c95f7-1d52-44c6-8a90-6fb973f0e1aa cannot update to ACTIVE because it is not bound. {{(pid=110543) _port_provisioned /opt/stack/neutron/neutron/plugins/ml2/plugin.py:356}}
Nov 02 12:46:48.119027 dv-cinder-863277-1-smb neutron-server[110542]: DEBUG neutron_lib.callbacks.manager [None req-1ffe991d-80c5-45ca-a0f1-2eb81dad91e3 admin admin] Publish callbacks [] for security_group (9c437920-5138-4b1d-9aef-8f4b46c98169), precommit_delete {{(pid=110542) _notify_loop /usr/local/lib/python3.8/dist-packages/neutron_lib/callbacks/manager.py:176}}
Nov 02 12:46:48.124240 dv-cinder-863277-1-smb neutron-server[110541]: DEBUG neutron.api.rpc.handlers.resources_rpc [None req-7721d660-9f52-4f10-887d-439215388df7 admin admin] Pushing event deleted for resources: {'Subnet': ['ID=5e8d3d6e-5f25-43ed-96e0-ac189d58ff49,revision_number=None']} {{(pid=110541) push /opt/stack/neutron/neutron/api/rpc/handlers/resources_rpc.py:237}}
Nov 02 12:46:48.189406 dv-cinder-863277-1-smb neutron-server[110541]: DEBUG neutron_lib.callbacks.manager [None req-7721d660-9f52-4f10-887d-439215388df7 admin admin] Publish callbacks ['neutron.api.rpc.agentnotifiers.dhcp_rpc_agent_api.DhcpAgentNotifyAPI._send_dhcp_notification-746573'] for subnet (None), before_response {{(pid=110541) _notify_loop /usr/local/lib/python3.8/dist-packages/neutron_lib/callbacks/manager.py:176}}
Nov 02 12:46:48.193410 dv-cinder-863277-1-smb neutron-server[110541]: INFO neutron.wsgi [None req-7721d660-9f52-4f10-887d-439215388df7 admin admin] 10.222.0.84 "DELETE /v2.0/subnets/5e8d3d6e-5f25-43ed-96e0-ac189d58ff49 HTTP/1.1" status: 204 len: 168 time: 1.8955395
Nov 02 12:46:48.200124 dv-cinder-863277-1-smb neutron-server[110541]: DEBUG neutron.wsgi [-] (110541) accepted ('10.222.0.84', 56322) {{(pid=110541) server /usr/local/lib/python3.8/dist-packages/eventlet/wsgi.py:1004}}
Nov 02 12:46:48.240619 dv-cinder-863277-1-smb neutron-server[110541]: DEBUG neutron_lib.callbacks.manager [req-51d31b3a-670d-410d-9b79-c927fedb0817 req-aa647ba6-1758-4d97-b968-4e6c2a697143 service neutron] Publish callbacks ['neutron.plugins.ml2.plugin.SecurityGroupDbMixin._ensure_default_security_group_handler-33271176'] for port (3d8c95f7-1d52-44c6-8a90-6fb973f0e1aa), before_update {{(pid=110541) _notify_loop /usr/local/lib/python3.8/dist-packages/neutron_lib/callbacks/manager.py:176}}
Nov 02 12:46:48.285840 dv-cinder-863277-1-smb neutron-server[110542]: DEBUG neutron.pecan_wsgi.hooks.policy_enforcement [req-26bf9620-eef2-4601-a72f-045313aac062 req-28a394da-cde5-4a6c-910b-a4a0b698b5d7 service neutron] Attributes excluded by policy engine: ['standard_attr_id'] {{(pid=110542) _exclude_attributes_by_policy /opt/stack/neutron/neutron/pecan_wsgi/hooks/policy_enforcement.py:259}}
Nov 02 12:46:48.287835 dv-cinder-863277-1-smb neutron-server[110542]: INFO neutron.wsgi [req-26bf9620-eef2-4601-a72f-045313aac062 req-28a394da-cde5-4a6c-910b-a4a0b698b5d7 service neutron] 10.222.0.100 "GET /v2.0/ports?network_id=b2ef9ec4-1c4d-4c5f-937f-5b291ae2a910&device_owner=network%3Adhcp HTTP/1.1" status: 200 len: 1210 time: 0.3335991
Nov 02 12:46:48.335256 dv-cinder-863277-1-smb neutron-server[110542]: DEBUG neutron.pecan_wsgi.hooks.policy_enforcement [req-e8a7c3f6-df2b-45e9-9949-47ce29d1686c req-dc9ed0e7-971e-442e-80d3-486762394471 service neutron] Attributes excluded by policy engine: ['standard_attr_id', 'vlan_transparent'] {{(pid=110542) _exclude_attributes_by_policy /opt/stack/neutron/neutron/pecan_wsgi/hooks/policy_enforcement.py:259}}
Nov 02 12:46:48.338024 dv-cinder-863277-1-smb neutron-server[110542]: INFO neutron.wsgi [req-e8a7c3f6-df2b-45e9-9949-47ce29d1686c req-dc9ed0e7-971e-442e-80d3-486762394471 service neutron] 10.222.0.100 "GET /v2.0/networks?id=27918ad2-5d27-4ad7-9e29-f208f684f014 HTTP/1.1" status: 200 len: 913 time: 0.7160556
Nov 02 12:46:48.365407 dv-cinder-863277-1-smb neutron-server[110541]: DEBUG neutron.pecan_wsgi.hooks.policy_enforcement [req-68fee247-948b-4960-9b12-16c7715a9e44 req-6f3c5820-5393-4194-97ca-fa56a99eb66b tempest-AttachVolumeTestJSON-1776880313 tempest-AttachVolumeTestJSON-1776880313-project] Attributes excluded by policy engine: ['standard_attr_id', 'vlan_transparent', 'provider:network_type', 'provider:physical_network', 'provider:segmentation_id'] {{(pid=110541) _exclude_attributes_by_policy /opt/stack/neutron/neutron/pecan_wsgi/hooks/policy_enforcement.py:259}}
Nov 02 12:46:48.367487 dv-cinder-863277-1-smb neutron-server[110541]: INFO neutron.wsgi [req-68fee247-948b-4960-9b12-16c7715a9e44 req-6f3c5820-5393-4194-97ca-fa56a99eb66b tempest-AttachVolumeTestJSON-1776880313 tempest-AttachVolumeTestJSON-1776880313-project] 10.222.0.100 "GET /v2.0/networks?id=0ae4bdf6-1846-4bca-a449-d4c13baf11b8 HTTP/1.1" status: 200 len: 811 time: 1.7668459
Nov 02 12:46:48.440252 dv-cinder-863277-1-smb neutron-server[110541]: DEBUG neutron.notifiers.nova [req-5b56436e-1a43-45be-9d85-765dcf6d3f77 req-13c8eaf0-30a8-4b84-a09a-ff718b4d1170 service neutron] Ignoring state change previous_port_status: DOWN current_port_status: DOWN port_id 1b7e8ff5-c0dc-462e-a1b7-29e250aba298 {{(pid=110541) record_port_status_changed /opt/stack/neutron/neutron/notifiers/nova.py:235}}
Nov 02 12:46:48.443691 dv-cinder-863277-1-smb neutron-server[110543]: INFO neutron.plugins.ml2.plugin [None req-91e76d26-540d-438d-b22a-6af2b584afbb None None] Attempt 5 to provision port 3d8c95f7-1d52-44c6-8a90-6fb973f0e1aa
Nov 02 12:46:48.472328 dv-cinder-863277-1-smb neutron-server[110542]: DEBUG neutron.pecan_wsgi.hooks.policy_enforcement [req-2a69e6da-eb4e-41a5-ad5e-14dc108c3ee0 req-671c87a9-1423-4a2f-aa86-80a9f4623516 tempest-ServerRescueNegativeTestJSON-2110029695 tempest-ServerRescueNegativeTestJSON-2110029695-project] Attributes excluded by policy engine: ['standard_attr_id', 'binding:profile', 'binding:host_id', 'binding:vif_type', 'binding:vif_details'] {{(pid=110542) _exclude_attributes_by_policy /opt/stack/neutron/neutron/pecan_wsgi/hooks/policy_enforcement.py:259}}
Nov 02 12:46:48.474477 dv-cinder-863277-1-smb neutron-server[110542]: INFO neutron.wsgi [req-2a69e6da-eb4e-41a5-ad5e-14dc108c3ee0 req-671c87a9-1423-4a2f-aa86-80a9f4623516 tempest-ServerRescueNegativeTestJSON-2110029695 tempest-ServerRescueNegativeTestJSON-2110029695-project] 10.222.0.84 "GET /v2.0/ports?device_id=68ec53b0-4644-4a5d-8c26-4a879e5a9d1f HTTP/1.1" status: 200 len: 931 time: 0.3472669
Nov 02 12:46:48.532824 dv-cinder-863277-1-smb neutron-server[110543]: DEBUG neutron.plugins.ml2.plugin [None req-91e76d26-540d-438d-b22a-6af2b584afbb None None] Port 3d8c95f7-1d52-44c6-8a90-6fb973f0e1aa cannot update to ACTIVE because it is not bound. {{(pid=110543) _port_provisioned /opt/stack/neutron/neutron/plugins/ml2/plugin.py:356}}
Nov 02 12:46:48.544337 dv-cinder-863277-1-smb neutron-server[110541]: DEBUG neutron.pecan_wsgi.hooks.policy_enforcement [req-c395925f-5d13-47b0-86b2-759617e7f79b req-749f0439-7f6e-47cf-a9d8-1d7a2795d6cb tempest-DeleteServersTestJSON-665356759 tempest-DeleteServersTestJSON-665356759-project] Attributes excluded by policy engine: ['standard_attr_id', 'binding:profile', 'binding:host_id', 'binding:vif_type', 'binding:vif_details'] {{(pid=110541) _exclude_attributes_by_policy /opt/stack/neutron/neutron/pecan_wsgi/hooks/policy_enforcement.py:259}}
Nov 02 12:46:48.546839 dv-cinder-863277-1-smb neutron-server[110541]: INFO neutron.wsgi [req-c395925f-5d13-47b0-86b2-759617e7f79b req-749f0439-7f6e-47cf-a9d8-1d7a2795d6cb tempest-DeleteServersTestJSON-665356759 tempest-DeleteServersTestJSON-665356759-project] 10.222.0.84 "GET /v2.0/ports?device_id=253b51bd-1881-4df4-be41-aa2174c64518 HTTP/1.1" status: 200 len: 943 time: 0.7560551
Nov 02 12:46:48.550741 dv-cinder-863277-1-smb neutron-server[110541]: DEBUG neutron_lib.callbacks.manager [req-5b56436e-1a43-45be-9d85-765dcf6d3f77 req-13c8eaf0-30a8-4b84-a09a-ff718b4d1170 service neutron] Publish callbacks [] for port (1b7e8ff5-c0dc-462e-a1b7-29e250aba298), precommit_update {{(pid=110541) _notify_loop /usr/local/lib/python3.8/dist-packages/neutron_lib/callbacks/manager.py:176}}
Nov 02 12:46:48.565627 dv-cinder-863277-1-smb neutron-server[110541]: DEBUG neutron_lib.callbacks.manager [None req-70108b17-84b1-4292-9a37-b69d7bc24f6a admin admin] Publish callbacks ['neutron.plugins.ml2.plugin.External_net_db_mixin._before_network_delete_handler-33161892'] for network (318b5c88-8769-4086-bf35-d7f8e800b435), before_delete {{(pid=110541) _notify_loop /usr/local/lib/python3.8/dist-packages/neutron_lib/callbacks/manager.py:176}}
Nov 02 12:46:48.574547 dv-cinder-863277-1-smb neutron-server[110542]: DEBUG neutron_lib.callbacks.manager [None req-1ffe991d-80c5-45ca-a0f1-2eb81dad91e3 admin admin] Publish callbacks ['neutron.plugins.ml2.ovo_rpc._ObjectChangeHandler.handle_event-557128'] for security_group (9c437920-5138-4b1d-9aef-8f4b46c98169), after_delete {{(pid=110542) _notify_loop /usr/local/lib/python3.8/dist-packages/neutron_lib/callbacks/manager.py:176}}
Nov 02 12:46:48.577817 dv-cinder-863277-1-smb neutron-server[110542]: DEBUG neutron_lib.callbacks.manager [None req-1ffe991d-80c5-45ca-a0f1-2eb81dad91e3 admin admin] Publish callbacks [] for security_group (None), before_response {{(pid=110542) _notify_loop /usr/local/lib/python3.8/dist-packages/neutron_lib/callbacks/manager.py:176}}
Nov 02 12:46:48.583002 dv-cinder-863277-1-smb neutron-server[110542]: INFO neutron.wsgi [None req-1ffe991d-80c5-45ca-a0f1-2eb81dad91e3 admin admin] 10.222.0.84 "DELETE /v2.0/security-groups/9c437920-5138-4b1d-9aef-8f4b46c98169 HTTP/1.1" status: 204 len: 168 time: 0.8898323
Nov 02 12:46:48.608472 dv-cinder-863277-1-smb neutron-server[110541]: DEBUG neutron_lib.callbacks.manager [None req-36c11c4a-324d-456c-a8ab-cb4007ea6e2b admin admin] Publish callbacks [] for security_group (afc014dc-1565-4e91-9e2b-160c34c26add), before_delete {{(pid=110541) _notify_loop /usr/local/lib/python3.8/dist-packages/neutron_lib/callbacks/manager.py:176}}
Nov 02 12:46:48.679565 dv-cinder-863277-1-smb neutron-server[110541]: DEBUG neutron.db.provisioning_blocks [req-5b56436e-1a43-45be-9d85-765dcf6d3f77 req-13c8eaf0-30a8-4b84-a09a-ff718b4d1170 service neutron] Transition to ACTIVE for port object 1b7e8ff5-c0dc-462e-a1b7-29e250aba298 will not be triggered until provisioned by entity L2. {{(pid=110541) add_provisioning_component /opt/stack/neutron/neutron/db/provisioning_blocks.py:75}}
Nov 02 12:46:48.687328 dv-cinder-863277-1-smb neutron-server[110542]: INFO neutron.wsgi [req-e8a7c3f6-df2b-45e9-9949-47ce29d1686c req-b8d32a90-0d1a-4836-9934-93d2cda1ea7f service neutron] 10.222.0.100 "GET /v2.0/floatingips?fixed_ip_address=172.20.0.3&port_id=0b042636-0912-4e99-bf01-f24f6dc6cf4a HTTP/1.1" status: 200 len: 217 time: 0.2114973
Nov 02 12:46:48.694591 dv-cinder-863277-1-smb neutron-server[110542]: DEBUG neutron.api.rpc.handlers.resources_rpc [None req-1ffe991d-80c5-45ca-a0f1-2eb81dad91e3 admin admin] Pushing event deleted for resources: {'SecurityGroup': ['ID=9c437920-5138-4b1d-9aef-8f4b46c98169,revision_number=None']} {{(pid=110542) push /opt/stack/neutron/neutron/api/rpc/handlers/resources_rpc.py:237}}
Nov 02 12:46:48.788986 dv-cinder-863277-1-smb neutron-server[110542]: INFO neutron.wsgi [req-2a69e6da-eb4e-41a5-ad5e-14dc108c3ee0 req-246d6978-974d-4ea9-9823-afd5096c2b71 tempest-ServerRescueNegativeTestJSON-2110029695 tempest-ServerRescueNegativeTestJSON-2110029695-project] 10.222.0.84 "GET /v2.0/security-groups?id=ad271d87-8ca5-4280-a7ce-f66ed4b74d43&fields=id&fields=name HTTP/1.1" status: 200 len: 286 time: 0.2312958
Nov 02 12:46:48.805104 dv-cinder-863277-1-smb neutron-server[110541]: DEBUG neutron_lib.callbacks.manager [req-5b56436e-1a43-45be-9d85-765dcf6d3f77 req-13c8eaf0-30a8-4b84-a09a-ff718b4d1170 service neutron] Publish callbacks ['neutron.plugins.ml2.plugin.SecurityGroupServerNotifierRpcMixin._notify_sg_on_port_change-33076504', 'neutron.plugins.ml2.ovo_rpc._ObjectChangeHandler.handle_event-405171', 'neutron.api.rpc.agentnotifiers.dhcp_rpc_agent_api.DhcpAgentNotifyAPI._native_event_send_dhcp_notification-746623', 'neutron.db.l3_db.L3RpcNotifierMixin._notify_gateway_port_ip_changed-8746348443028', 'neutron.db.l3_dvrscheduler_db._notify_l3_agent_port_update-8746347888631', 'neutron.db.l3_hascheduler_db._notify_l3_agent_ha_port_update-8746347888141', 'neutron.services.segments.plugin.NovaSegmentNotifier._notify_port_updated-50722485'] for port (1b7e8ff5-c0dc-462e-a1b7-29e250aba298), after_update {{(pid=110541) _notify_loop /usr/local/lib/python3.8/dist-packages/neutron_lib/callbacks/manager.py:176}}
Nov 02 12:46:48.887861 dv-cinder-863277-1-smb neutron-server[110541]: INFO neutron.wsgi [req-68fee247-948b-4960-9b12-16c7715a9e44 req-ad97029c-21fe-4660-92ef-28541c98d5d1 tempest-AttachVolumeTestJSON-1776880313 tempest-AttachVolumeTestJSON-1776880313-project] 10.222.0.100 "GET /v2.0/security-groups?fields=id&fields=name&tenant_id=9c55c01f5304464a9d9702b196580587 HTTP/1.1" status: 200 len: 380 time: 0.4027514
Nov 02 12:46:48.921161 dv-cinder-863277-1-smb neutron-server[110542]: DEBUG neutron.pecan_wsgi.hooks.policy_enforcement [req-e8a7c3f6-df2b-45e9-9949-47ce29d1686c req-a29898d8-a65d-4c4e-83e1-6d5929076249 service neutron] Attributes excluded by policy engine: ['standard_attr_id', 'shared'] {{(pid=110542) _exclude_attributes_by_policy /opt/stack/neutron/neutron/pecan_wsgi/hooks/policy_enforcement.py:259}}
Nov 02 12:46:48.924682 dv-cinder-863277-1-smb neutron-server[110542]: INFO neutron.wsgi [req-e8a7c3f6-df2b-45e9-9949-47ce29d1686c req-a29898d8-a65d-4c4e-83e1-6d5929076249 service neutron] 10.222.0.100 "GET /v2.0/subnets?id=3c65518f-e9da-4a6c-bd42-78b8f4641930 HTTP/1.1" status: 200 len: 850 time: 0.2251866
Nov 02 12:46:48.925450 dv-cinder-863277-1-smb neutron-server[110541]: DEBUG neutron.api.rpc.handlers.resources_rpc [None req-13c8eaf0-30a8-4b84-a09a-ff718b4d1170 service neutron] Pushing event updated for resources: {'Port': ['ID=1b7e8ff5-c0dc-462e-a1b7-29e250aba298,revision_number=2']} {{(pid=110541) push /opt/stack/neutron/neutron/api/rpc/handlers/resources_rpc.py:237}}
