Nov 02 12:46:10.055883 dv-cinder-863277-1-smb neutron-server[110543]: DEBUG neutron.api.rpc.callbacks.version_manager [None req-d632f03a-9956-44eb-a11f-cf45dd7eb911 None None] Version for resource type SubPort changed None to 1.0 on consumer Open vSwitch agent@dv-cinder-863277-1-smb {{(pid=110543) _set_version /opt/stack/neutron/neutron/api/rpc/callbacks/version_manager.py:113}}
Nov 02 12:46:10.056403 dv-cinder-863277-1-smb neutron-server[110543]: DEBUG neutron.api.rpc.callbacks.version_manager [None req-d632f03a-9956-44eb-a11f-cf45dd7eb911 None None] Version for resource type Subnet changed None to 1.1 on consumer Open vSwitch agent@dv-cinder-863277-1-smb {{(pid=110543) _set_version /opt/stack/neutron/neutron/api/rpc/callbacks/version_manager.py:113}}
Nov 02 12:46:10.056993 dv-cinder-863277-1-smb neutron-server[110543]: DEBUG neutron.api.rpc.callbacks.version_manager [None req-d632f03a-9956-44eb-a11f-cf45dd7eb911 None None] Version for resource type Trunk changed None to 1.1 on consumer Open vSwitch agent@dv-cinder-863277-1-smb {{(pid=110543) _set_version /opt/stack/neutron/neutron/api/rpc/callbacks/version_manager.py:113}}
Nov 02 12:46:10.059239 dv-cinder-863277-1-smb neutron-server[110543]: DEBUG neutron.api.rpc.callbacks.version_manager [None req-d632f03a-9956-44eb-a11f-cf45dd7eb911 None None] Tracked resource versions report:
Nov 02 12:46:10.059239 dv-cinder-863277-1-smb neutron-server[110543]: pushed versions:
Nov 02 12:46:10.059239 dv-cinder-863277-1-smb neutron-server[110543]: { 'AddressGroup': {'1.2'},
Nov 02 12:46:10.059239 dv-cinder-863277-1-smb neutron-server[110543]: 'ConntrackHelper': {'1.0'},
Nov 02 12:46:10.059239 dv-cinder-863277-1-smb neutron-server[110543]: 'LocalIPAssociation': {'1.0'},
Nov 02 12:46:10.059239 dv-cinder-863277-1-smb neutron-server[110543]: 'Log': {'1.0'},
Nov 02 12:46:10.059239 dv-cinder-863277-1-smb neutron-server[110543]: 'Network': {'1.1'},
Nov 02 12:46:10.059239 dv-cinder-863277-1-smb neutron-server[110543]: 'Port': {'1.7'},
Nov 02 12:46:10.059239 dv-cinder-863277-1-smb neutron-server[110543]: 'PortForwarding': {'1.2'},
Nov 02 12:46:10.059239 dv-cinder-863277-1-smb neutron-server[110543]: 'QosPolicy': {'1.10'},
Nov 02 12:46:10.059239 dv-cinder-863277-1-smb neutron-server[110543]: 'SecurityGroup': {'1.5'},
Nov 02 12:46:10.059239 dv-cinder-863277-1-smb neutron-server[110543]: 'SecurityGroupRule': {'1.2'},
Nov 02 12:46:10.059239 dv-cinder-863277-1-smb neutron-server[110543]: 'SubPort': {'1.0'},
Nov 02 12:46:10.059239 dv-cinder-863277-1-smb neutron-server[110543]: 'Subnet': {'1.1'},
Nov 02 12:46:10.059239 dv-cinder-863277-1-smb neutron-server[110543]: 'Trunk': {'1.1'}}
Nov 02 12:46:10.059239 dv-cinder-863277-1-smb neutron-server[110543]: consumer versions:
Nov 02 12:46:10.059239 dv-cinder-863277-1-smb neutron-server[110543]: { DHCP agent@dv-cinder-863277-1-smb: {},
Nov 02 12:46:10.059239 dv-cinder-863277-1-smb neutron-server[110543]: HyperV agent@hv-cinder-86327: {},
Nov 02 12:46:10.059239 dv-cinder-863277-1-smb neutron-server[110543]: L3 agent@dv-cinder-863277-1-smb: {},
Nov 02 12:46:10.059239 dv-cinder-863277-1-smb neutron-server[110543]: Metadata agent@dv-cinder-863277-1-smb: {},
Nov 02 12:46:10.059239 dv-cinder-863277-1-smb neutron-server[110543]: Metering agent@dv-cinder-863277-1-smb: {},
Nov 02 12:46:10.059239 dv-cinder-863277-1-smb neutron-server[110543]: Open vSwitch agent@dv-cinder-863277-1-smb: { 'AddressGroup': '1.2',
Nov 02 12:46:10.059239 dv-cinder-863277-1-smb neutron-server[110543]: 'ConntrackHelper': '1.0',
Nov 02 12:46:10.059239 dv-cinder-863277-1-smb neutron-server[110543]: 'LocalIPAssociation': '1.0',
Nov 02 12:46:10.059239 dv-cinder-863277-1-smb neutron-server[110543]: 'Log': '1.0',
Nov 02 12:46:10.059239 dv-cinder-863277-1-smb neutron-server[110543]: 'Network': '1.1',
Nov 02 12:46:10.059239 dv-cinder-863277-1-smb neutron-server[110543]: 'Port': '1.7',
Nov 02 12:46:10.059239 dv-cinder-863277-1-smb neutron-server[110543]: 'PortForwarding': '1.2',
Nov 02 12:46:10.059239 dv-cinder-863277-1-smb neutron-server[110543]: 'QosPolicy': '1.10',
Nov 02 12:46:10.059239 dv-cinder-863277-1-smb neutron-server[110543]: 'SecurityGroup': '1.5',
Nov 02 12:46:10.059239 dv-cinder-863277-1-smb neutron-server[110543]: 'SecurityGroupRule': '1.2',
Nov 02 12:46:10.059239 dv-cinder-863277-1-smb neutron-server[110543]: 'SubPort': '1.0',
Nov 02 12:46:10.059239 dv-cinder-863277-1-smb neutron-server[110543]: 'Subnet': '1.1',
Nov 02 12:46:10.059239 dv-cinder-863277-1-smb neutron-server[110543]: 'Trunk': '1.1'}}
Nov 02 12:46:10.059239 dv-cinder-863277-1-smb neutron-server[110543]: {{(pid=110543) report /opt/stack/neutron/neutron/api/rpc/callbacks/version_manager.py:175}}
Nov 02 12:46:10.078773 dv-cinder-863277-1-smb neutron-server[110542]: DEBUG neutron.api.v2.base [None req-a201a20a-2eff-4794-93fe-f3a8c529eeee admin admin] Request body: {'network': {'name': 'tempest-DeleteServersTestJSON-915774364-network', 'tenant_id': '47e7f76796544b4cb01562389cfa9778'}} {{(pid=110542) prepare_request_body /opt/stack/neutron/neutron/api/v2/base.py:730}}
Nov 02 12:46:10.080269 dv-cinder-863277-1-smb neutron-server[110543]: DEBUG neutron.scheduler.dhcp_agent_scheduler [None req-d632f03a-9956-44eb-a11f-cf45dd7eb911 None None] Network 7b4f9028-78cc-48c1-a42d-9e59f5fd0285 is already hosted by enough agents. {{(pid=110543) _get_dhcp_agents_hosting_network /opt/stack/neutron/neutron/scheduler/dhcp_agent_scheduler.py:275}}
Nov 02 12:46:10.084769 dv-cinder-863277-1-smb neutron-server[110543]: DEBUG neutron.scheduler.base_scheduler [None req-d632f03a-9956-44eb-a11f-cf45dd7eb911 None None] Resources bound (agent type, host, resource id): {{(pid=110543) schedule /opt/stack/neutron/neutron/scheduler/base_scheduler.py:57}}
Nov 02 12:46:10.090453 dv-cinder-863277-1-smb neutron-server[110543]: DEBUG neutron.db.l3_dvrscheduler_db [None req-d632f03a-9956-44eb-a11f-cf45dd7eb911 None None] Received port after_create {{(pid=110543) _notify_l3_agent_new_port /opt/stack/neutron/neutron/db/l3_dvrscheduler_db.py:535}}
Nov 02 12:46:10.127084 dv-cinder-863277-1-smb neutron-server[110542]: DEBUG neutron.pecan_wsgi.hooks.quota_enforcement [None req-a201a20a-2eff-4794-93fe-f3a8c529eeee admin admin] Made reservation on behalf of 47e7f76796544b4cb01562389cfa9778 for: {'network': 1} {{(pid=110542) before /opt/stack/neutron/neutron/pecan_wsgi/hooks/quota_enforcement.py:53}}
Nov 02 12:46:10.129722 dv-cinder-863277-1-smb neutron-server[110542]: DEBUG neutron_lib.callbacks.manager [None req-a201a20a-2eff-4794-93fe-f3a8c529eeee admin admin] Publish callbacks ['neutron.plugins.ml2.plugin.SecurityGroupDbMixin._ensure_default_security_group_handler-33271176'] for network (None), before_create {{(pid=110542) _notify_loop /usr/local/lib/python3.8/dist-packages/neutron_lib/callbacks/manager.py:176}}
Nov 02 12:46:10.166118 dv-cinder-863277-1-smb neutron-server[110542]: DEBUG neutron.api.v2.base [None req-dfe1a25c-9a22-43a8-8ebe-e19d340ec732 admin admin] Request body: {'network': {'name': 'tempest-ServerRescueNegativeTestJSON-1999805248-network', 'tenant_id': 'b81bd5a0381643e58aa375af89dc43f2'}} {{(pid=110542) prepare_request_body /opt/stack/neutron/neutron/api/v2/base.py:730}}
Nov 02 12:46:10.169721 dv-cinder-863277-1-smb neutron-server[110543]: DEBUG neutron.plugins.ml2.managers [None req-d632f03a-9956-44eb-a11f-cf45dd7eb911 None None] Attempting to bind port 993cdac9-8c9b-4363-96f5-126e27f0780f on host dv-cinder-863277-1-smb for vnic_type normal with profile {{(pid=110543) bind_port /opt/stack/neutron/neutron/plugins/ml2/managers.py:811}}
Nov 02 12:46:10.170380 dv-cinder-863277-1-smb neutron-server[110543]: DEBUG neutron.plugins.ml2.managers [None req-d632f03a-9956-44eb-a11f-cf45dd7eb911 None None] Attempting to bind port 993cdac9-8c9b-4363-96f5-126e27f0780f by drivers openvswitch,hyperv on host dv-cinder-863277-1-smb at level 0 using segments [{'id': '80a6c18b-85ab-42a8-a080-9bcd43411815', 'network_type': 'vlan', 'physical_network': 'physnet1', 'segmentation_id': 1309, 'network_id': '7b4f9028-78cc-48c1-a42d-9e59f5fd0285'}] {{(pid=110543) _bind_port_level /opt/stack/neutron/neutron/plugins/ml2/managers.py:836}}
Nov 02 12:46:10.170923 dv-cinder-863277-1-smb neutron-server[110543]: DEBUG neutron.plugins.ml2.drivers.mech_agent [None req-d632f03a-9956-44eb-a11f-cf45dd7eb911 None None] Attempting to bind port 993cdac9-8c9b-4363-96f5-126e27f0780f on network 7b4f9028-78cc-48c1-a42d-9e59f5fd0285 {{(pid=110543) bind_port /opt/stack/neutron/neutron/plugins/ml2/drivers/mech_agent.py:91}}
Nov 02 12:46:10.174383 dv-cinder-863277-1-smb neutron-server[110542]: DEBUG neutron_lib.callbacks.manager [None req-a201a20a-2eff-4794-93fe-f3a8c529eeee admin admin] Publish callbacks [] for security_group (None), before_create {{(pid=110542) _notify_loop /usr/local/lib/python3.8/dist-packages/neutron_lib/callbacks/manager.py:176}}
Nov 02 12:46:10.177212 dv-cinder-863277-1-smb neutron-server[110543]: DEBUG neutron.plugins.ml2.drivers.mech_agent [None req-d632f03a-9956-44eb-a11f-cf45dd7eb911 None None] Checking agent: {'id': 'b086daf7-3576-4047-8508-03fcd7d3c9b6', 'agent_type': 'Open vSwitch agent', 'binary': 'neutron-openvswitch-agent', 'topic': 'N/A', 'host': 'dv-cinder-863277-1-smb', 'admin_state_up': True, 'created_at': datetime.datetime(2022, 11, 2, 12, 37, 2), 'started_at': datetime.datetime(2022, 11, 2, 12, 37, 32), 'heartbeat_timestamp': datetime.datetime(2022, 11, 2, 12, 46, 2), 'description': None, 'resources_synced': None, 'availability_zone': None, 'alive': True, 'configurations': {'arp_responder_enabled': False, 'baremetal_smartnic': False, 'bridge_mappings': {'physnet1': 'br-data'}, 'datapath_type': 'system', 'devices': 0, 'enable_distributed_routing': False, 'extensions': [], 'in_distributed_mode': False, 'integration_bridge': 'br-int', 'l2_population': False, 'log_agent_heartbeats': False, 'ovs_capabilities': {'datapath_types': ['netdev', 'system'], 'iface_types': ['erspan', 'geneve', 'gre', 'internal', 'ip6erspan', 'ip6gre', 'lisp', 'patch', 'stt', 'system', 'tap', 'vxlan']}, 'ovs_hybrid_plug': False, 'resource_provider_bandwidths': {}, 'resource_provider_hypervisors': {'br-data': 'dv-cinder-863277-1-smb'}, 'resource_provider_inventory_defaults': {'allocation_ratio': 1.0, 'min_unit': 1, 'step_size': 1, 'reserved': 0}, 'resource_provider_packet_processing_inventory_defaults': {'allocation_ratio': 1.0, 'min_unit': 1, 'step_size': 1, 'reserved': 0}, 'resource_provider_packet_processing_with_direction': {}, 'resource_provider_packet_processing_without_direction': {}, 'tunnel_types': [], 'tunneling_ip': None, 'vhostuser_socket_dir': '/var/run/openvswitch'}, 'resource_versions': {'AddressGroup': '1.2', 'ConntrackHelper': '1.0', 'LocalIPAssociation': '1.0', 'Log': '1.0', 'Network': '1.1', 'Port': '1.7', 'PortForwarding': '1.2', 'QosPolicy': '1.10', 'SecurityGroup': '1.5', 'SecurityGroupRule': '1.2', 'SubPort': '1.0', 'Subnet': '1.1', 'Trunk': '1.1'}} {{(pid=110543) bind_port /opt/stack/neutron/neutron/plugins/ml2/drivers/mech_agent.py:110}}
Nov 02 12:46:10.178027 dv-cinder-863277-1-smb neutron-server[110543]: DEBUG neutron.plugins.ml2.drivers.mech_agent [None req-d632f03a-9956-44eb-a11f-cf45dd7eb911 None None] Checking segment: {'id': '80a6c18b-85ab-42a8-a080-9bcd43411815', 'network_type': 'vlan', 'physical_network': 'physnet1', 'segmentation_id': 1309, 'network_id': '7b4f9028-78cc-48c1-a42d-9e59f5fd0285'} for mappings: {'physnet1': 'br-data'} with network types: ['local', 'flat', 'vlan'] {{(pid=110543) check_segment_for_agent /opt/stack/neutron/neutron/plugins/ml2/drivers/mech_agent.py:373}}
Nov 02 12:46:10.178647 dv-cinder-863277-1-smb neutron-server[110543]: DEBUG neutron_lib.callbacks.manager [None req-d632f03a-9956-44eb-a11f-cf45dd7eb911 None None] Publish callbacks [] for ovs_bridge_name (None), before_read {{(pid=110543) _notify_loop /usr/local/lib/python3.8/dist-packages/neutron_lib/callbacks/manager.py:176}}
Nov 02 12:46:10.179482 dv-cinder-863277-1-smb neutron-server[110543]: DEBUG neutron.plugins.ml2.drivers.mech_agent [None req-d632f03a-9956-44eb-a11f-cf45dd7eb911 None None] Bound using segment: {'id': '80a6c18b-85ab-42a8-a080-9bcd43411815', 'network_type': 'vlan', 'physical_network': 'physnet1', 'segmentation_id': 1309, 'network_id': '7b4f9028-78cc-48c1-a42d-9e59f5fd0285'} {{(pid=110543) bind_port /opt/stack/neutron/neutron/plugins/ml2/drivers/mech_agent.py:120}}
Nov 02 12:46:10.180189 dv-cinder-863277-1-smb neutron-server[110543]: DEBUG neutron.plugins.ml2.managers [None req-d632f03a-9956-44eb-a11f-cf45dd7eb911 None None] Bound port: 993cdac9-8c9b-4363-96f5-126e27f0780f, host: dv-cinder-863277-1-smb, vif_type: ovs, vif_details: {"connectivity": "l2", "port_filter": true, "ovs_hybrid_plug": false, "datapath_type": "system", "bridge_name": "br-int"}, binding_levels: [{'bound_driver': 'openvswitch', 'bound_segment': {'id': '80a6c18b-85ab-42a8-a080-9bcd43411815', 'network_type': 'vlan', 'physical_network': 'physnet1', 'segmentation_id': 1309, 'network_id': '7b4f9028-78cc-48c1-a42d-9e59f5fd0285'}}] {{(pid=110543) _bind_port_level /opt/stack/neutron/neutron/plugins/ml2/managers.py:948}}
Nov 02 12:46:10.180935 dv-cinder-863277-1-smb neutron-server[110543]: DEBUG neutron_lib.callbacks.manager [None req-d632f03a-9956-44eb-a11f-cf45dd7eb911 None None] Publish callbacks ['neutron.plugins.ml2.plugin.SecurityGroupDbMixin._ensure_default_security_group_handler-33271176'] for port (993cdac9-8c9b-4363-96f5-126e27f0780f), before_update {{(pid=110543) _notify_loop /usr/local/lib/python3.8/dist-packages/neutron_lib/callbacks/manager.py:176}}
Nov 02 12:46:10.257804 dv-cinder-863277-1-smb neutron-server[110542]: DEBUG neutron.api.v2.base [None req-edcd5eab-7855-4970-acae-e0542cdfc7e6 admin admin] Request body: {'network': {'name': 'tempest-AttachVolumeTestJSON-1452018189-network', 'tenant_id': '9c55c01f5304464a9d9702b196580587'}} {{(pid=110542) prepare_request_body /opt/stack/neutron/neutron/api/v2/base.py:730}}
Nov 02 12:46:10.268568 dv-cinder-863277-1-smb neutron-server[110542]: DEBUG neutron.pecan_wsgi.hooks.quota_enforcement [None req-dfe1a25c-9a22-43a8-8ebe-e19d340ec732 admin admin] Made reservation on behalf of b81bd5a0381643e58aa375af89dc43f2 for: {'network': 1} {{(pid=110542) before /opt/stack/neutron/neutron/pecan_wsgi/hooks/quota_enforcement.py:53}}
Nov 02 12:46:10.273289 dv-cinder-863277-1-smb neutron-server[110542]: DEBUG neutron_lib.callbacks.manager [None req-dfe1a25c-9a22-43a8-8ebe-e19d340ec732 admin admin] Publish callbacks ['neutron.plugins.ml2.plugin.SecurityGroupDbMixin._ensure_default_security_group_handler-33271176'] for network (None), before_create {{(pid=110542) _notify_loop /usr/local/lib/python3.8/dist-packages/neutron_lib/callbacks/manager.py:176}}
Nov 02 12:46:10.280347 dv-cinder-863277-1-smb neutron-server[110541]: DEBUG neutron_lib.callbacks.manager [None req-17538a1b-41fa-4088-b9dd-3cf4cd24f1fe admin admin] Publish callbacks [] for router_gateway (cf91b09e-3a98-4be2-8e80-58bc0e85cfe5), before_create {{(pid=110541) _notify_loop /usr/local/lib/python3.8/dist-packages/neutron_lib/callbacks/manager.py:176}}
Nov 02 12:46:10.310754 dv-cinder-863277-1-smb neutron-server[110542]: DEBUG neutron_lib.callbacks.manager [None req-dfe1a25c-9a22-43a8-8ebe-e19d340ec732 admin admin] Publish callbacks [] for security_group (None), before_create {{(pid=110542) _notify_loop /usr/local/lib/python3.8/dist-packages/neutron_lib/callbacks/manager.py:176}}
Nov 02 12:46:10.326003 dv-cinder-863277-1-smb neutron-server[110541]: DEBUG neutron_lib.callbacks.manager [None req-17538a1b-41fa-4088-b9dd-3cf4cd24f1fe admin admin] Publish callbacks ['neutron.plugins.ml2.plugin.SecurityGroupDbMixin._ensure_default_security_group_handler-33271176'] for port (None), before_create {{(pid=110541) _notify_loop /usr/local/lib/python3.8/dist-packages/neutron_lib/callbacks/manager.py:176}}
Nov 02 12:46:10.339366 dv-cinder-863277-1-smb neutron-server[110543]: DEBUG neutron.plugins.ml2.db [None req-d632f03a-9956-44eb-a11f-cf45dd7eb911 None None] For port 993cdac9-8c9b-4363-96f5-126e27f0780f, host dv-cinder-863277-1-smb, cleared binding levels {{(pid=110543) clear_binding_levels /opt/stack/neutron/neutron/plugins/ml2/db.py:87}}
Nov 02 12:46:10.347554 dv-cinder-863277-1-smb neutron-server[110543]: DEBUG neutron.plugins.ml2.db [None req-d632f03a-9956-44eb-a11f-cf45dd7eb911 None None] For port 993cdac9-8c9b-4363-96f5-126e27f0780f, host dv-cinder-863277-1-smb, set binding levels [PortBindingLevel(driver='openvswitch',host='dv-cinder-863277-1-smb',level=0,port_id=993cdac9-8c9b-4363-96f5-126e27f0780f,segment=NetworkSegment(80a6c18b-85ab-42a8-a080-9bcd43411815),segment_id=80a6c18b-85ab-42a8-a080-9bcd43411815)] {{(pid=110543) set_binding_levels /opt/stack/neutron/neutron/plugins/ml2/db.py:59}}
Nov 02 12:46:10.364343 dv-cinder-863277-1-smb neutron-server[110543]: DEBUG neutron_lib.callbacks.manager [None req-d632f03a-9956-44eb-a11f-cf45dd7eb911 None None] Publish callbacks ['neutron.plugins.ml2.plugin.SecurityGroupServerNotifierRpcMixin._notify_sg_on_port_change-33076504', 'neutron.plugins.ml2.ovo_rpc._ObjectChangeHandler.handle_event-405171', 'neutron.api.rpc.agentnotifiers.dhcp_rpc_agent_api.DhcpAgentNotifyAPI._native_event_send_dhcp_notification-746623', 'neutron.db.l3_db.L3RpcNotifierMixin._notify_gateway_port_ip_changed-8746348443028', 'neutron.db.l3_dvrscheduler_db._notify_l3_agent_port_update-8746347888631', 'neutron.db.l3_hascheduler_db._notify_l3_agent_ha_port_update-8746347888141'] for port (993cdac9-8c9b-4363-96f5-126e27f0780f), after_update {{(pid=110543) _notify_loop /usr/local/lib/python3.8/dist-packages/neutron_lib/callbacks/manager.py:176}}
Nov 02 12:46:10.413274 dv-cinder-863277-1-smb neutron-server[110542]: DEBUG neutron_lib.callbacks.manager [None req-dfe1a25c-9a22-43a8-8ebe-e19d340ec732 admin admin] Publish callbacks [] for security_group (ad271d87-8ca5-4280-a7ce-f66ed4b74d43), precommit_create {{(pid=110542) _notify_loop /usr/local/lib/python3.8/dist-packages/neutron_lib/callbacks/manager.py:176}}
Nov 02 12:46:10.414927 dv-cinder-863277-1-smb neutron-server[110542]: DEBUG neutron.pecan_wsgi.hooks.quota_enforcement [None req-edcd5eab-7855-4970-acae-e0542cdfc7e6 admin admin] Made reservation on behalf of 9c55c01f5304464a9d9702b196580587 for: {'network': 1} {{(pid=110542) before /opt/stack/neutron/neutron/pecan_wsgi/hooks/quota_enforcement.py:53}}
Nov 02 12:46:10.420058 dv-cinder-863277-1-smb neutron-server[110542]: DEBUG neutron_lib.callbacks.manager [None req-edcd5eab-7855-4970-acae-e0542cdfc7e6 admin admin] Publish callbacks ['neutron.plugins.ml2.plugin.SecurityGroupDbMixin._ensure_default_security_group_handler-33271176'] for network (None), before_create {{(pid=110542) _notify_loop /usr/local/lib/python3.8/dist-packages/neutron_lib/callbacks/manager.py:176}}
Nov 02 12:46:10.436652 dv-cinder-863277-1-smb neutron-server[110542]: DEBUG neutron_lib.callbacks.manager [None req-edcd5eab-7855-4970-acae-e0542cdfc7e6 admin admin] Publish callbacks [] for security_group (None), before_create {{(pid=110542) _notify_loop /usr/local/lib/python3.8/dist-packages/neutron_lib/callbacks/manager.py:176}}
Nov 02 12:46:10.446604 dv-cinder-863277-1-smb neutron-server[110542]: DEBUG neutron_lib.callbacks.manager [None req-dfe1a25c-9a22-43a8-8ebe-e19d340ec732 admin admin] Publish callbacks ['neutron.plugins.ml2.ovo_rpc._ObjectChangeHandler.handle_event-557128'] for security_group (ad271d87-8ca5-4280-a7ce-f66ed4b74d43), after_create {{(pid=110542) _notify_loop /usr/local/lib/python3.8/dist-packages/neutron_lib/callbacks/manager.py:176}}
Nov 02 12:46:10.465545 dv-cinder-863277-1-smb neutron-server[110542]: DEBUG neutron.plugins.ml2.drivers.helpers [None req-dfe1a25c-9a22-43a8-8ebe-e19d340ec732 admin admin] vlan segment allocate from pool success with {'physical_network': 'physnet1', 'vlan_id': 1340} {{(pid=110542) allocate_partially_specified_segment /opt/stack/neutron/neutron/plugins/ml2/drivers/helpers.py:153}}
Nov 02 12:46:10.478105 dv-cinder-863277-1-smb neutron-server[110542]: DEBUG neutron_lib.callbacks.manager [None req-dfe1a25c-9a22-43a8-8ebe-e19d340ec732 admin admin] Publish callbacks ['neutron.plugins.ml2.plugin.Ml2Plugin._handle_segment_change-33056280'] for segment (1865cc7c-0dbe-43bd-8d9a-0cd5d4396fce), precommit_create {{(pid=110542) _notify_loop /usr/local/lib/python3.8/dist-packages/neutron_lib/callbacks/manager.py:176}}
Nov 02 12:46:10.478765 dv-cinder-863277-1-smb neutron-server[110542]: INFO neutron.db.segments_db [None req-dfe1a25c-9a22-43a8-8ebe-e19d340ec732 admin admin] Added segment 1865cc7c-0dbe-43bd-8d9a-0cd5d4396fce of type vlan for network b2ef9ec4-1c4d-4c5f-937f-5b291ae2a910
Nov 02 12:46:10.494680 dv-cinder-863277-1-smb neutron-server[110543]: DEBUG neutron.api.rpc.handlers.resources_rpc [None req-d632f03a-9956-44eb-a11f-cf45dd7eb911 None None] Pushing event updated for resources: {'Port': ['ID=993cdac9-8c9b-4363-96f5-126e27f0780f,revision_number=2']} {{(pid=110543) push /opt/stack/neutron/neutron/api/rpc/handlers/resources_rpc.py:237}}
Nov 02 12:46:10.543277 dv-cinder-863277-1-smb neutron-server[110542]: DEBUG neutron_lib.callbacks.manager [None req-dfe1a25c-9a22-43a8-8ebe-e19d340ec732 admin admin] Publish callbacks ['neutron.services.auto_allocate.db._ensure_external_network_default_value_callback-8746347875916'] for network (b2ef9ec4-1c4d-4c5f-937f-5b291ae2a910), precommit_create {{(pid=110542) _notify_loop /usr/local/lib/python3.8/dist-packages/neutron_lib/callbacks/manager.py:176}}
Nov 02 12:46:10.604741 dv-cinder-863277-1-smb neutron-server[110541]: DEBUG neutron.db.db_base_plugin_common [None req-17538a1b-41fa-4088-b9dd-3cf4cd24f1fe admin admin] Allocated IP 172.28.1.158 (3fa25355-d15c-44e5-9078-ec265a6f3ad2/6c99b6e8-5735-4cbd-9764-69765ba898cf/c24e22c1-bf6b-4c84-a11d-b1e00b13b48e) {{(pid=110541) _store_ip_allocation /opt/stack/neutron/neutron/db/db_base_plugin_common.py:131}}
Nov 02 12:46:10.700903 dv-cinder-863277-1-smb neutron-server[110542]: DEBUG neutron_lib.callbacks.manager [None req-edcd5eab-7855-4970-acae-e0542cdfc7e6 admin admin] Publish callbacks [] for security_group (8ba9bd56-df81-4df9-9578-c87392e5995e), precommit_create {{(pid=110542) _notify_loop /usr/local/lib/python3.8/dist-packages/neutron_lib/callbacks/manager.py:176}}
Nov 02 12:46:10.711334 dv-cinder-863277-1-smb neutron-server[110542]: DEBUG neutron_lib.callbacks.manager [None req-dfe1a25c-9a22-43a8-8ebe-e19d340ec732 admin admin] Publish callbacks ['neutron.plugins.ml2.ovo_rpc._ObjectChangeHandler.handle_event-557307', 'neutron.api.rpc.agentnotifiers.dhcp_rpc_agent_api.DhcpAgentNotifyAPI._native_event_send_dhcp_notification-746623'] for network (b2ef9ec4-1c4d-4c5f-937f-5b291ae2a910), after_create {{(pid=110542) _notify_loop /usr/local/lib/python3.8/dist-packages/neutron_lib/callbacks/manager.py:176}}
Nov 02 12:46:10.712907 dv-cinder-863277-1-smb neutron-server[110542]: DEBUG neutron.pecan_wsgi.hooks.policy_enforcement [None req-dfe1a25c-9a22-43a8-8ebe-e19d340ec732 admin admin] Attributes excluded by policy engine: ['standard_attr_id', 'vlan_transparent'] {{(pid=110542) _exclude_attributes_by_policy /opt/stack/neutron/neutron/pecan_wsgi/hooks/policy_enforcement.py:259}}
Nov 02 12:46:10.713768 dv-cinder-863277-1-smb neutron-server[110542]: DEBUG neutron_lib.callbacks.manager [None req-dfe1a25c-9a22-43a8-8ebe-e19d340ec732 admin admin] Publish callbacks ['neutron.api.rpc.agentnotifiers.dhcp_rpc_agent_api.DhcpAgentNotifyAPI._send_dhcp_notification-746573'] for network (None), before_response {{(pid=110542) _notify_loop /usr/local/lib/python3.8/dist-packages/neutron_lib/callbacks/manager.py:176}}
Nov 02 12:46:10.734902 dv-cinder-863277-1-smb neutron-server[110542]: DEBUG neutron_lib.callbacks.manager [None req-edcd5eab-7855-4970-acae-e0542cdfc7e6 admin admin] Publish callbacks ['neutron.plugins.ml2.ovo_rpc._ObjectChangeHandler.handle_event-557128'] for security_group (8ba9bd56-df81-4df9-9578-c87392e5995e), after_create {{(pid=110542) _notify_loop /usr/local/lib/python3.8/dist-packages/neutron_lib/callbacks/manager.py:176}}
Nov 02 12:46:10.752007 dv-cinder-863277-1-smb neutron-server[110542]: DEBUG neutron.plugins.ml2.drivers.helpers [None req-edcd5eab-7855-4970-acae-e0542cdfc7e6 admin admin] vlan segment allocate from pool success with {'physical_network': 'physnet1', 'vlan_id': 1305} {{(pid=110542) allocate_partially_specified_segment /opt/stack/neutron/neutron/plugins/ml2/drivers/helpers.py:153}}
Nov 02 12:46:10.766533 dv-cinder-863277-1-smb neutron-server[110542]: DEBUG neutron_lib.callbacks.manager [None req-edcd5eab-7855-4970-acae-e0542cdfc7e6 admin admin] Publish callbacks ['neutron.plugins.ml2.plugin.Ml2Plugin._handle_segment_change-33056280'] for segment (906e343b-f2b8-47fa-9f83-1b7bc2789027), precommit_create {{(pid=110542) _notify_loop /usr/local/lib/python3.8/dist-packages/neutron_lib/callbacks/manager.py:176}}
Nov 02 12:46:10.767147 dv-cinder-863277-1-smb neutron-server[110542]: INFO neutron.db.segments_db [None req-edcd5eab-7855-4970-acae-e0542cdfc7e6 admin admin] Added segment 906e343b-f2b8-47fa-9f83-1b7bc2789027 of type vlan for network 0ae4bdf6-1846-4bca-a449-d4c13baf11b8
Nov 02 12:46:10.781932 dv-cinder-863277-1-smb neutron-server[110541]: DEBUG neutron_lib.callbacks.manager [None req-17538a1b-41fa-4088-b9dd-3cf4cd24f1fe admin admin] Publish callbacks [] for port (c24e22c1-bf6b-4c84-a11d-b1e00b13b48e), precommit_create {{(pid=110541) _notify_loop /usr/local/lib/python3.8/dist-packages/neutron_lib/callbacks/manager.py:176}}
Nov 02 12:46:10.862614 dv-cinder-863277-1-smb neutron-server[110541]: DEBUG neutron_lib.callbacks.manager [None req-17538a1b-41fa-4088-b9dd-3cf4cd24f1fe admin admin] Publish callbacks ['neutron.plugins.ml2.plugin.SecurityGroupServerNotifierRpcMixin._notify_sg_on_port_change-33076504', 'neutron.plugins.ml2.ovo_rpc._ObjectChangeHandler.handle_event-405171', 'neutron.api.rpc.agentnotifiers.dhcp_rpc_agent_api.DhcpAgentNotifyAPI._native_event_send_dhcp_notification-746623', 'neutron.db.l3_dvrscheduler_db._notify_l3_agent_new_port-8746347888613'] for port (c24e22c1-bf6b-4c84-a11d-b1e00b13b48e), after_create {{(pid=110541) _notify_loop /usr/local/lib/python3.8/dist-packages/neutron_lib/callbacks/manager.py:176}}
Nov 02 12:46:11.026463 dv-cinder-863277-1-smb neutron-server[110541]: DEBUG neutron.scheduler.dhcp_agent_scheduler [None req-17538a1b-41fa-4088-b9dd-3cf4cd24f1fe admin admin] Network 3fa25355-d15c-44e5-9078-ec265a6f3ad2 is already hosted by enough agents. {{(pid=110541) _get_dhcp_agents_hosting_network /opt/stack/neutron/neutron/scheduler/dhcp_agent_scheduler.py:275}}
Nov 02 12:46:11.030521 dv-cinder-863277-1-smb neutron-server[110541]: DEBUG neutron.scheduler.base_scheduler [None req-17538a1b-41fa-4088-b9dd-3cf4cd24f1fe admin admin] Resources bound (agent type, host, resource id): {{(pid=110541) schedule /opt/stack/neutron/neutron/scheduler/base_scheduler.py:57}}
Nov 02 12:46:11.033283 dv-cinder-863277-1-smb neutron-server[110541]: DEBUG neutron.api.rpc.handlers.resources_rpc [None req-17538a1b-41fa-4088-b9dd-3cf4cd24f1fe admin admin] Pushing event updated for resources: {'Port': ['ID=c24e22c1-bf6b-4c84-a11d-b1e00b13b48e,revision_number=1']} {{(pid=110541) push /opt/stack/neutron/neutron/api/rpc/handlers/resources_rpc.py:237}}
Nov 02 12:46:11.047309 dv-cinder-863277-1-smb neutron-server[110541]: DEBUG neutron.db.l3_dvrscheduler_db [None req-17538a1b-41fa-4088-b9dd-3cf4cd24f1fe admin admin] Received port after_create {{(pid=110541) _notify_l3_agent_new_port /opt/stack/neutron/neutron/db/l3_dvrscheduler_db.py:535}}
Nov 02 12:46:11.059784 dv-cinder-863277-1-smb neutron-server[110542]: INFO neutron.wsgi [None req-dfe1a25c-9a22-43a8-8ebe-e19d340ec732 admin admin] 10.222.0.84 "POST /v2.0/networks HTTP/1.1" status: 201 len: 893 time: 1.4005628
Nov 02 12:46:11.063310 dv-cinder-863277-1-smb neutron-server[110541]: DEBUG neutron.wsgi [-] (110541) accepted ('10.222.0.84', 55222) {{(pid=110541) server /usr/local/lib/python3.8/dist-packages/eventlet/wsgi.py:1004}}
Nov 02 12:46:11.106965 dv-cinder-863277-1-smb neutron-server[110543]: DEBUG neutron.plugins.ml2.rpc [None req-1cc084a9-237b-4bbf-a473-6a6a9a5cf174 None None] Device 993cdac9-8c9b-4363-96f5-126e27f0780f up at agent ovs-agent-dv-cinder-863277-1-smb {{(pid=110543) update_device_up /opt/stack/neutron/neutron/plugins/ml2/rpc.py:296}}
Nov 02 12:46:11.115646 dv-cinder-863277-1-smb neutron-server[110542]: DEBUG neutron.api.rpc.handlers.resources_rpc [None req-dfe1a25c-9a22-43a8-8ebe-e19d340ec732 admin admin] Pushing event updated for resources: {'SecurityGroup': ['ID=ad271d87-8ca5-4280-a7ce-f66ed4b74d43,revision_number=1']} {{(pid=110542) push /opt/stack/neutron/neutron/api/rpc/handlers/resources_rpc.py:237}}
Nov 02 12:46:11.163151 dv-cinder-863277-1-smb neutron-server[110542]: DEBUG neutron.api.rpc.handlers.resources_rpc [None req-dfe1a25c-9a22-43a8-8ebe-e19d340ec732 admin admin] Pushing event updated for resources: {'Network': ['ID=b2ef9ec4-1c4d-4c5f-937f-5b291ae2a910,revision_number=1']} {{(pid=110542) push /opt/stack/neutron/neutron/api/rpc/handlers/resources_rpc.py:237}}
Nov 02 12:46:11.192640 dv-cinder-863277-1-smb neutron-server[110543]: DEBUG neutron.plugins.ml2.rpc [None req-1cc084a9-237b-4bbf-a473-6a6a9a5cf174 None None] Network b2ef9ec4-1c4d-4c5f-937f-5b291ae2a910 details requested by agent ovs-agent-dv-cinder-863277-1-smb with host dv-cinder-863277-1-smb {{(pid=110543) get_network_details /opt/stack/neutron/neutron/plugins/ml2/rpc.py:248}}
Nov 02 12:46:11.214233 dv-cinder-863277-1-smb neutron-server[110542]: DEBUG neutron_lib.callbacks.manager [None req-edcd5eab-7855-4970-acae-e0542cdfc7e6 admin admin] Publish callbacks ['neutron.services.auto_allocate.db._ensure_external_network_default_value_callback-8746347875916'] for network (0ae4bdf6-1846-4bca-a449-d4c13baf11b8), precommit_create {{(pid=110542) _notify_loop /usr/local/lib/python3.8/dist-packages/neutron_lib/callbacks/manager.py:176}}
Nov 02 12:46:11.225305 dv-cinder-863277-1-smb neutron-server[110542]: DEBUG neutron.api.rpc.handlers.resources_rpc [None req-edcd5eab-7855-4970-acae-e0542cdfc7e6 admin admin] Pushing event updated for resources: {'SecurityGroup': ['ID=8ba9bd56-df81-4df9-9578-c87392e5995e,revision_number=1']} {{(pid=110542) push /opt/stack/neutron/neutron/api/rpc/handlers/resources_rpc.py:237}}
Nov 02 12:46:11.269496 dv-cinder-863277-1-smb neutron-server[110542]: DEBUG neutron_lib.callbacks.manager [None req-a201a20a-2eff-4794-93fe-f3a8c529eeee admin admin] Publish callbacks [] for security_group (af5ca160-682a-40e3-bcf0-4bc9e4897c27), precommit_create {{(pid=110542) _notify_loop /usr/local/lib/python3.8/dist-packages/neutron_lib/callbacks/manager.py:176}}
Nov 02 12:46:11.279345 dv-cinder-863277-1-smb neutron-server[110542]: DEBUG neutron_lib.callbacks.manager [None req-a201a20a-2eff-4794-93fe-f3a8c529eeee admin admin] Publish callbacks ['neutron.plugins.ml2.ovo_rpc._ObjectChangeHandler.handle_event-557128'] for security_group (af5ca160-682a-40e3-bcf0-4bc9e4897c27), after_create {{(pid=110542) _notify_loop /usr/local/lib/python3.8/dist-packages/neutron_lib/callbacks/manager.py:176}}
Nov 02 12:46:11.299794 dv-cinder-863277-1-smb neutron-server[110542]: DEBUG neutron_lib.callbacks.manager [None req-edcd5eab-7855-4970-acae-e0542cdfc7e6 admin admin] Publish callbacks ['neutron.plugins.ml2.ovo_rpc._ObjectChangeHandler.handle_event-557307', 'neutron.api.rpc.agentnotifiers.dhcp_rpc_agent_api.DhcpAgentNotifyAPI._native_event_send_dhcp_notification-746623'] for network (0ae4bdf6-1846-4bca-a449-d4c13baf11b8), after_create {{(pid=110542) _notify_loop /usr/local/lib/python3.8/dist-packages/neutron_lib/callbacks/manager.py:176}}
Nov 02 12:46:11.301239 dv-cinder-863277-1-smb neutron-server[110542]: DEBUG neutron.pecan_wsgi.hooks.policy_enforcement [None req-edcd5eab-7855-4970-acae-e0542cdfc7e6 admin admin] Attributes excluded by policy engine: ['standard_attr_id', 'vlan_transparent'] {{(pid=110542) _exclude_attributes_by_policy /opt/stack/neutron/neutron/pecan_wsgi/hooks/policy_enforcement.py:259}}
Nov 02 12:46:11.302176 dv-cinder-863277-1-smb neutron-server[110542]: DEBUG neutron_lib.callbacks.manager [None req-edcd5eab-7855-4970-acae-e0542cdfc7e6 admin admin] Publish callbacks ['neutron.api.rpc.agentnotifiers.dhcp_rpc_agent_api.DhcpAgentNotifyAPI._send_dhcp_notification-746573'] for network (None), before_response {{(pid=110542) _notify_loop /usr/local/lib/python3.8/dist-packages/neutron_lib/callbacks/manager.py:176}}
Nov 02 12:46:11.319837 dv-cinder-863277-1-smb neutron-server[110542]: DEBUG neutron.plugins.ml2.drivers.helpers [None req-a201a20a-2eff-4794-93fe-f3a8c529eeee admin admin] vlan segment allocate from pool success with {'physical_network': 'physnet1', 'vlan_id': 1303} {{(pid=110542) allocate_partially_specified_segment /opt/stack/neutron/neutron/plugins/ml2/drivers/helpers.py:153}}
Nov 02 12:46:11.396039 dv-cinder-863277-1-smb neutron-server[110542]: DEBUG neutron_lib.callbacks.manager [None req-a201a20a-2eff-4794-93fe-f3a8c529eeee admin admin] Publish callbacks ['neutron.plugins.ml2.plugin.Ml2Plugin._handle_segment_change-33056280'] for segment (5a4856f7-a7ce-4c2e-b3ab-d98507232f81), precommit_create {{(pid=110542) _notify_loop /usr/local/lib/python3.8/dist-packages/neutron_lib/callbacks/manager.py:176}}
Nov 02 12:46:11.396798 dv-cinder-863277-1-smb neutron-server[110542]: INFO neutron.db.segments_db [None req-a201a20a-2eff-4794-93fe-f3a8c529eeee admin admin] Added segment 5a4856f7-a7ce-4c2e-b3ab-d98507232f81 of type vlan for network 27918ad2-5d27-4ad7-9e29-f208f684f014
Nov 02 12:46:11.428529 dv-cinder-863277-1-smb neutron-server[110542]: INFO neutron.wsgi [None req-edcd5eab-7855-4970-acae-e0542cdfc7e6 admin admin] 10.222.0.84 "POST /v2.0/networks HTTP/1.1" status: 201 len: 885 time: 1.4777920
Nov 02 12:46:11.449338 dv-cinder-863277-1-smb neutron-server[110542]: DEBUG neutron.api.rpc.handlers.resources_rpc [None req-a201a20a-2eff-4794-93fe-f3a8c529eeee admin admin] Pushing event updated for resources: {'SecurityGroup': ['ID=af5ca160-682a-40e3-bcf0-4bc9e4897c27,revision_number=1']} {{(pid=110542) push /opt/stack/neutron/neutron/api/rpc/handlers/resources_rpc.py:237}}
Nov 02 12:46:11.452842 dv-cinder-863277-1-smb neutron-server[110542]: DEBUG neutron.wsgi [-] (110542) accepted ('10.222.0.84', 55232) {{(pid=110542) server /usr/local/lib/python3.8/dist-packages/eventlet/wsgi.py:1004}}
Nov 02 12:46:11.459347 dv-cinder-863277-1-smb neutron-server[110543]: DEBUG neutron.db.provisioning_blocks [None req-1cc084a9-237b-4bbf-a473-6a6a9a5cf174 None None] Provisioning complete for port 993cdac9-8c9b-4363-96f5-126e27f0780f triggered by entity L2. {{(pid=110543) provisioning_complete /opt/stack/neutron/neutron/db/provisioning_blocks.py:141}}
Nov 02 12:46:11.459983 dv-cinder-863277-1-smb neutron-server[110543]: DEBUG neutron_lib.callbacks.manager [None req-1cc084a9-237b-4bbf-a473-6a6a9a5cf174 None None] Publish callbacks ['neutron.plugins.ml2.plugin.Ml2Plugin._port_provisioned-33065038'] for port (993cdac9-8c9b-4363-96f5-126e27f0780f), provisioning_complete {{(pid=110543) _notify_loop /usr/local/lib/python3.8/dist-packages/neutron_lib/callbacks/manager.py:176}}
Nov 02 12:46:11.460753 dv-cinder-863277-1-smb neutron-server[110543]: INFO neutron.plugins.ml2.plugin [None req-1cc084a9-237b-4bbf-a473-6a6a9a5cf174 None None] Attempt 1 to provision port 993cdac9-8c9b-4363-96f5-126e27f0780f
Nov 02 12:46:11.463294 dv-cinder-863277-1-smb neutron-server[110542]: DEBUG neutron.api.v2.base [None req-b19a8f18-612c-4a82-83c3-dc0a9a63ebc5 admin admin] Request body: {'subnet': {'network_id': '0ae4bdf6-1846-4bca-a449-d4c13baf11b8', 'cidr': '172.20.0.0/28', 'name': 'tempest-AttachVolumeTestJSON-1452018189-subnet', 'tenant_id': '9c55c01f5304464a9d9702b196580587', 'enable_dhcp': True, 'ip_version': 4}} {{(pid=110542) prepare_request_body /opt/stack/neutron/neutron/api/v2/base.py:730}}
Nov 02 12:46:11.486123 dv-cinder-863277-1-smb neutron-server[110542]: DEBUG neutron.api.rpc.handlers.resources_rpc [None req-edcd5eab-7855-4970-acae-e0542cdfc7e6 admin admin] Pushing event updated for resources: {'Network': ['ID=0ae4bdf6-1846-4bca-a449-d4c13baf11b8,revision_number=1']} {{(pid=110542) push /opt/stack/neutron/neutron/api/rpc/handlers/resources_rpc.py:237}}
Nov 02 12:46:11.492496 dv-cinder-863277-1-smb neutron-server[110542]: DEBUG neutron_lib.callbacks.manager [None req-a201a20a-2eff-4794-93fe-f3a8c529eeee admin admin] Publish callbacks ['neutron.services.auto_allocate.db._ensure_external_network_default_value_callback-8746347875916'] for network (27918ad2-5d27-4ad7-9e29-f208f684f014), precommit_create {{(pid=110542) _notify_loop /usr/local/lib/python3.8/dist-packages/neutron_lib/callbacks/manager.py:176}}
Nov 02 12:46:11.492912 dv-cinder-863277-1-smb neutron-server[110541]: DEBUG neutron.api.v2.base [None req-a7ff2591-9b95-4336-b79d-2341e1724bf9 admin admin] Request body: {'subnet': {'network_id': 'b2ef9ec4-1c4d-4c5f-937f-5b291ae2a910', 'cidr': '172.20.0.0/28', 'name': 'tempest-ServerRescueNegativeTestJSON-1999805248-subnet', 'tenant_id': 'b81bd5a0381643e58aa375af89dc43f2', 'enable_dhcp': True, 'ip_version': 4}} {{(pid=110541) prepare_request_body /opt/stack/neutron/neutron/api/v2/base.py:730}}
Nov 02 12:46:11.522728 dv-cinder-863277-1-smb neutron-server[110542]: DEBUG neutron.pecan_wsgi.hooks.quota_enforcement [None req-b19a8f18-612c-4a82-83c3-dc0a9a63ebc5 admin admin] Made reservation on behalf of 9c55c01f5304464a9d9702b196580587 for: {'subnet': 1} {{(pid=110542) before /opt/stack/neutron/neutron/pecan_wsgi/hooks/quota_enforcement.py:53}}
Nov 02 12:46:11.530026 dv-cinder-863277-1-smb neutron-server[110542]: DEBUG neutron_lib.callbacks.manager [None req-b19a8f18-612c-4a82-83c3-dc0a9a63ebc5 admin admin] Publish callbacks [] for subnet (None), before_create {{(pid=110542) _notify_loop /usr/local/lib/python3.8/dist-packages/neutron_lib/callbacks/manager.py:176}}
Nov 02 12:46:11.533575 dv-cinder-863277-1-smb neutron-server[110543]: DEBUG neutron.plugins.ml2.rpc [None req-1cc084a9-237b-4bbf-a473-6a6a9a5cf174 None None] Network 0ae4bdf6-1846-4bca-a449-d4c13baf11b8 details requested by agent ovs-agent-dv-cinder-863277-1-smb with host dv-cinder-863277-1-smb {{(pid=110543) get_network_details /opt/stack/neutron/neutron/plugins/ml2/rpc.py:248}}
Nov 02 12:46:11.543019 dv-cinder-863277-1-smb neutron-server[110541]: DEBUG neutron.pecan_wsgi.hooks.quota_enforcement [None req-a7ff2591-9b95-4336-b79d-2341e1724bf9 admin admin] Made reservation on behalf of b81bd5a0381643e58aa375af89dc43f2 for: {'subnet': 1} {{(pid=110541) before /opt/stack/neutron/neutron/pecan_wsgi/hooks/quota_enforcement.py:53}}
Nov 02 12:46:11.545548 dv-cinder-863277-1-smb neutron-server[110541]: DEBUG neutron_lib.callbacks.manager [None req-a7ff2591-9b95-4336-b79d-2341e1724bf9 admin admin] Publish callbacks [] for subnet (None), before_create {{(pid=110541) _notify_loop /usr/local/lib/python3.8/dist-packages/neutron_lib/callbacks/manager.py:176}}
Nov 02 12:46:11.625235 dv-cinder-863277-1-smb neutron-server[110542]: DEBUG neutron_lib.callbacks.manager [None req-a201a20a-2eff-4794-93fe-f3a8c529eeee admin admin] Publish callbacks ['neutron.plugins.ml2.ovo_rpc._ObjectChangeHandler.handle_event-557307', 'neutron.api.rpc.agentnotifiers.dhcp_rpc_agent_api.DhcpAgentNotifyAPI._native_event_send_dhcp_notification-746623'] for network (27918ad2-5d27-4ad7-9e29-f208f684f014), after_create {{(pid=110542) _notify_loop /usr/local/lib/python3.8/dist-packages/neutron_lib/callbacks/manager.py:176}}
Nov 02 12:46:11.626592 dv-cinder-863277-1-smb neutron-server[110542]: DEBUG neutron.pecan_wsgi.hooks.policy_enforcement [None req-a201a20a-2eff-4794-93fe-f3a8c529eeee admin admin] Attributes excluded by policy engine: ['standard_attr_id', 'vlan_transparent'] {{(pid=110542) _exclude_attributes_by_policy /opt/stack/neutron/neutron/pecan_wsgi/hooks/policy_enforcement.py:259}}
Nov 02 12:46:11.627372 dv-cinder-863277-1-smb neutron-server[110542]: DEBUG neutron_lib.callbacks.manager [None req-a201a20a-2eff-4794-93fe-f3a8c529eeee admin admin] Publish callbacks ['neutron.api.rpc.agentnotifiers.dhcp_rpc_agent_api.DhcpAgentNotifyAPI._send_dhcp_notification-746573'] for network (None), before_response {{(pid=110542) _notify_loop /usr/local/lib/python3.8/dist-packages/neutron_lib/callbacks/manager.py:176}}
Nov 02 12:46:11.698482 dv-cinder-863277-1-smb neutron-server[110542]: INFO neutron.wsgi [None req-a201a20a-2eff-4794-93fe-f3a8c529eeee admin admin] 10.222.0.84 "POST /v2.0/networks HTTP/1.1" status: 201 len: 885 time: 1.9038742
Nov 02 12:46:11.702968 dv-cinder-863277-1-smb neutron-server[110542]: DEBUG neutron.wsgi [-] (110542) accepted ('10.222.0.84', 55246) {{(pid=110542) server /usr/local/lib/python3.8/dist-packages/eventlet/wsgi.py:1004}}
Nov 02 12:46:11.718618 dv-cinder-863277-1-smb neutron-server[110542]: DEBUG neutron.api.v2.base [None req-c1543250-a97c-48bd-ac47-3b312777c6fb admin admin] Request body: {'subnet': {'network_id': '27918ad2-5d27-4ad7-9e29-f208f684f014', 'cidr': '172.20.0.0/28', 'name': 'tempest-DeleteServersTestJSON-915774364-subnet', 'tenant_id': '47e7f76796544b4cb01562389cfa9778', 'enable_dhcp': True, 'ip_version': 4}} {{(pid=110542) prepare_request_body /opt/stack/neutron/neutron/api/v2/base.py:730}}
Nov 02 12:46:11.774483 dv-cinder-863277-1-smb neutron-server[110543]: DEBUG neutron.plugins.ml2.plugin [None req-1cc084a9-237b-4bbf-a473-6a6a9a5cf174 None None] Current status of the port 993cdac9-8c9b-4363-96f5-126e27f0780f is: DOWN; New status is: ACTIVE {{(pid=110543) _update_individual_port_db_status /opt/stack/neutron/neutron/plugins/ml2/plugin.py:2297}}
Nov 02 12:46:11.774902 dv-cinder-863277-1-smb neutron-server[110543]: DEBUG neutron_lib.callbacks.manager [None req-1cc084a9-237b-4bbf-a473-6a6a9a5cf174 None None] Publish callbacks ['neutron.plugins.ml2.plugin.SecurityGroupDbMixin._ensure_default_security_group_handler-33271176'] for port (993cdac9-8c9b-4363-96f5-126e27f0780f), before_update {{(pid=110543) _notify_loop /usr/local/lib/python3.8/dist-packages/neutron_lib/callbacks/manager.py:176}}
Nov 02 12:46:11.808722 dv-cinder-863277-1-smb neutron-server[110542]: DEBUG neutron.api.rpc.handlers.resources_rpc [None req-a201a20a-2eff-4794-93fe-f3a8c529eeee admin admin] Pushing event updated for resources: {'Network': ['ID=27918ad2-5d27-4ad7-9e29-f208f684f014,revision_number=1']} {{(pid=110542) push /opt/stack/neutron/neutron/api/rpc/handlers/resources_rpc.py:237}}
Nov 02 12:46:11.838088 dv-cinder-863277-1-smb neutron-server[110542]: DEBUG neutron.pecan_wsgi.hooks.quota_enforcement [None req-c1543250-a97c-48bd-ac47-3b312777c6fb admin admin] Made reservation on behalf of 47e7f76796544b4cb01562389cfa9778 for: {'subnet': 1} {{(pid=110542) before /opt/stack/neutron/neutron/pecan_wsgi/hooks/quota_enforcement.py:53}}
Nov 02 12:46:11.844370 dv-cinder-863277-1-smb neutron-server[110542]: DEBUG neutron_lib.callbacks.manager [None req-c1543250-a97c-48bd-ac47-3b312777c6fb admin admin] Publish callbacks [] for subnet (None), before_create {{(pid=110542) _notify_loop /usr/local/lib/python3.8/dist-packages/neutron_lib/callbacks/manager.py:176}}
Nov 02 12:46:11.854415 dv-cinder-863277-1-smb neutron-server[110543]: DEBUG neutron.plugins.ml2.rpc [None req-1cc084a9-237b-4bbf-a473-6a6a9a5cf174 None None] Network 27918ad2-5d27-4ad7-9e29-f208f684f014 details requested by agent ovs-agent-dv-cinder-863277-1-smb with host dv-cinder-863277-1-smb {{(pid=110543) get_network_details /opt/stack/neutron/neutron/plugins/ml2/rpc.py:248}}
Nov 02 12:46:11.937071 dv-cinder-863277-1-smb neutron-server[110543]: DEBUG neutron.plugins.ml2.db [None req-1cc084a9-237b-4bbf-a473-6a6a9a5cf174 None None] For port 993cdac9-8c9b-4363-96f5-126e27f0780f, host dv-cinder-863277-1-smb, got binding levels [PortBindingLevel(driver='openvswitch',host='dv-cinder-863277-1-smb',level=0,port_id=993cdac9-8c9b-4363-96f5-126e27f0780f,segment=NetworkSegment(80a6c18b-85ab-42a8-a080-9bcd43411815),segment_id=80a6c18b-85ab-42a8-a080-9bcd43411815)] {{(pid=110543) get_binding_level_objs /opt/stack/neutron/neutron/plugins/ml2/db.py:74}}
Nov 02 12:46:11.953950 dv-cinder-863277-1-smb neutron-server[110543]: DEBUG neutron_lib.callbacks.manager [None req-1cc084a9-237b-4bbf-a473-6a6a9a5cf174 None None] Publish callbacks ['neutron.plugins.ml2.plugin.SecurityGroupServerNotifierRpcMixin._notify_sg_on_port_change-33076504', 'neutron.plugins.ml2.ovo_rpc._ObjectChangeHandler.handle_event-405171', 'neutron.api.rpc.agentnotifiers.dhcp_rpc_agent_api.DhcpAgentNotifyAPI._native_event_send_dhcp_notification-746623', 'neutron.db.l3_db.L3RpcNotifierMixin._notify_gateway_port_ip_changed-8746348443028', 'neutron.db.l3_dvrscheduler_db._notify_l3_agent_port_update-8746347888631', 'neutron.db.l3_hascheduler_db._notify_l3_agent_ha_port_update-8746347888141'] for port (993cdac9-8c9b-4363-96f5-126e27f0780f), after_update {{(pid=110543) _notify_loop /usr/local/lib/python3.8/dist-packages/neutron_lib/callbacks/manager.py:176}}
Nov 02 12:46:11.977473 dv-cinder-863277-1-smb neutron-server[110541]: DEBUG neutron_lib.callbacks.manager [None req-a7ff2591-9b95-4336-b79d-2341e1724bf9 admin admin] Publish callbacks ['neutron.plugins.ml2.ovo_rpc._ObjectChangeHandler.handle_event-730658', 'neutron.api.rpc.agentnotifiers.dhcp_rpc_agent_api.DhcpAgentNotifyAPI._native_event_send_dhcp_notification-746623'] for subnet (7bdee7c1-0e8f-4617-b204-d1a7626d7827), after_create {{(pid=110541) _notify_loop /usr/local/lib/python3.8/dist-packages/neutron_lib/callbacks/manager.py:176}}
Nov 02 12:46:12.057212 dv-cinder-863277-1-smb neutron-server[110543]: DEBUG neutron.api.rpc.handlers.resources_rpc [None req-1cc084a9-237b-4bbf-a473-6a6a9a5cf174 None None] Pushing event updated for resources: {'Port': ['ID=993cdac9-8c9b-4363-96f5-126e27f0780f,revision_number=3']} {{(pid=110543) push /opt/stack/neutron/neutron/api/rpc/handlers/resources_rpc.py:237}}
Nov 02 12:46:12.122459 dv-cinder-863277-1-smb neutron-server[110542]: DEBUG neutron_lib.callbacks.manager [None req-b19a8f18-612c-4a82-83c3-dc0a9a63ebc5 admin admin] Publish callbacks ['neutron.plugins.ml2.ovo_rpc._ObjectChangeHandler.handle_event-730658', 'neutron.api.rpc.agentnotifiers.dhcp_rpc_agent_api.DhcpAgentNotifyAPI._native_event_send_dhcp_notification-746623'] for subnet (519fe296-51c0-4829-9d3e-66b068da8589), after_create {{(pid=110542) _notify_loop /usr/local/lib/python3.8/dist-packages/neutron_lib/callbacks/manager.py:176}}
Nov 02 12:46:12.209193 dv-cinder-863277-1-smb neutron-server[110541]: DEBUG neutron.api.rpc.handlers.resources_rpc [None req-a7ff2591-9b95-4336-b79d-2341e1724bf9 admin admin] Pushing event updated for resources: {'Subnet': ['ID=7bdee7c1-0e8f-4617-b204-d1a7626d7827,revision_number=0']} {{(pid=110541) push /opt/stack/neutron/neutron/api/rpc/handlers/resources_rpc.py:237}}
Nov 02 12:46:12.260127 dv-cinder-863277-1-smb neutron-server[110542]: DEBUG neutron.api.rpc.handlers.resources_rpc [None req-b19a8f18-612c-4a82-83c3-dc0a9a63ebc5 admin admin] Pushing event updated for resources: {'Subnet': ['ID=519fe296-51c0-4829-9d3e-66b068da8589,revision_number=0']} {{(pid=110542) push /opt/stack/neutron/neutron/api/rpc/handlers/resources_rpc.py:237}}
Nov 02 12:46:12.264164 dv-cinder-863277-1-smb neutron-server[110542]: DEBUG neutron.plugins.ml2.drivers.mech_agent [None req-b19a8f18-612c-4a82-83c3-dc0a9a63ebc5 admin admin] Checking segment: {'id': '906e343b-f2b8-47fa-9f83-1b7bc2789027', 'network_type': 'vlan', 'physical_network': 'physnet1', 'segmentation_id': 1305, 'network_id': '0ae4bdf6-1846-4bca-a449-d4c13baf11b8'} for mappings: {'physnet1': 'br-data'} with network types: ['local', 'flat', 'vlan'] {{(pid=110542) check_segment_for_agent /opt/stack/neutron/neutron/plugins/ml2/drivers/mech_agent.py:373}}
Nov 02 12:46:12.264863 dv-cinder-863277-1-smb neutron-server[110542]: DEBUG neutron.scheduler.dhcp_agent_scheduler [None req-b19a8f18-612c-4a82-83c3-dc0a9a63ebc5 admin admin] Network hostable DHCP agents. Network: 0ae4bdf6-1846-4bca-a449-d4c13baf11b8, hostable agents: ['626bd54a-1122-426b-ad24-60b1c1ac5a06'], hosted agents: [] {{(pid=110542) _get_network_hostable_dhcp_agents /opt/stack/neutron/neutron/scheduler/dhcp_agent_scheduler.py:329}}
Nov 02 12:46:12.265112 dv-cinder-863277-1-smb neutron-server[110541]: DEBUG neutron.plugins.ml2.drivers.mech_agent [None req-a7ff2591-9b95-4336-b79d-2341e1724bf9 admin admin] Checking segment: {'id': '1865cc7c-0dbe-43bd-8d9a-0cd5d4396fce', 'network_type': 'vlan', 'physical_network': 'physnet1', 'segmentation_id': 1340, 'network_id': 'b2ef9ec4-1c4d-4c5f-937f-5b291ae2a910'} for mappings: {'physnet1': 'br-data'} with network types: ['local', 'flat', 'vlan'] {{(pid=110541) check_segment_for_agent /opt/stack/neutron/neutron/plugins/ml2/drivers/mech_agent.py:373}}
Nov 02 12:46:12.265618 dv-cinder-863277-1-smb neutron-server[110541]: DEBUG neutron.scheduler.dhcp_agent_scheduler [None req-a7ff2591-9b95-4336-b79d-2341e1724bf9 admin admin] Network hostable DHCP agents. Network: b2ef9ec4-1c4d-4c5f-937f-5b291ae2a910, hostable agents: ['626bd54a-1122-426b-ad24-60b1c1ac5a06'], hosted agents: [] {{(pid=110541) _get_network_hostable_dhcp_agents /opt/stack/neutron/neutron/scheduler/dhcp_agent_scheduler.py:329}}
Nov 02 12:46:12.326914 dv-cinder-863277-1-smb neutron-server[110542]: DEBUG neutron.scheduler.dhcp_agent_scheduler [None req-b19a8f18-612c-4a82-83c3-dc0a9a63ebc5 admin admin] Network 0ae4bdf6-1846-4bca-a449-d4c13baf11b8 is scheduled to be hosted by DHCP agent 626bd54a-1122-426b-ad24-60b1c1ac5a06 with binding_index 1 {{(pid=110542) bind /opt/stack/neutron/neutron/scheduler/dhcp_agent_scheduler.py:227}}
