Nov 02 12:46:16.796505 dv-cinder-863277-1-smb devstack@n-api.service[124392]: [pid: 124392|app: 0|req: 9/20] 10.222.0.84 () {58 vars in 1245 bytes} [Wed Nov 2 12:46:16 2022] GET /compute/v2.1/os-volumes/eca7ea3d-448a-4d6f-96f0-3bfa9042abff => generated 351 bytes in 199 msecs (HTTP/1.1 200) 9 headers in 357 bytes (1 switches on core 0)
Nov 02 12:46:16.805333 dv-cinder-863277-1-smb devstack@n-api.service[124391]: DEBUG nova.api.openstack.wsgi [None req-6598db91-12a5-4533-8044-2fc716fddba4 tempest-VolumesTestJSON-1093591067 tempest-VolumesTestJSON-1093591067-project] Calling method '.version_select at 0x7efc01213310>' {{(pid=124391) _process_stack /opt/stack/nova/nova/api/openstack/wsgi.py:513}}
Nov 02 12:46:17.092472 dv-cinder-863277-1-smb devstack@n-api.service[124391]: INFO nova.api.openstack.requestlog [None req-6598db91-12a5-4533-8044-2fc716fddba4 tempest-VolumesTestJSON-1093591067 tempest-VolumesTestJSON-1093591067-project] 10.222.0.84 "GET /compute/v2.1/os-volumes" status: 200 len: 1035 microversion: 2.1 time: 0.295048
Nov 02 12:46:17.093871 dv-cinder-863277-1-smb devstack@n-api.service[124391]: [pid: 124391|app: 0|req: 12/21] 10.222.0.84 () {58 vars in 1134 bytes} [Wed Nov 2 12:46:16 2022] GET /compute/v2.1/os-volumes => generated 1035 bytes in 297 msecs (HTTP/1.1 200) 9 headers in 358 bytes (2 switches on core 0)
Nov 02 12:46:17.112755 dv-cinder-863277-1-smb devstack@n-api.service[124392]: DEBUG nova.api.openstack.wsgi [None req-c352a5bd-5bc0-4b99-b608-a88a91564c14 tempest-VolumesTestJSON-1093591067 tempest-VolumesTestJSON-1093591067-project] Calling method '.version_select at 0x7efc011c84c0>' {{(pid=124392) _process_stack /opt/stack/nova/nova/api/openstack/wsgi.py:513}}
Nov 02 12:46:17.310908 dv-cinder-863277-1-smb devstack@n-api.service[124392]: INFO nova.api.openstack.requestlog [None req-c352a5bd-5bc0-4b99-b608-a88a91564c14 tempest-VolumesTestJSON-1093591067 tempest-VolumesTestJSON-1093591067-project] 10.222.0.84 "GET /compute/v2.1/os-volumes?limit=2" status: 200 len: 695 microversion: 2.1 time: 0.203238
Nov 02 12:46:17.311484 dv-cinder-863277-1-smb devstack@n-api.service[124392]: [pid: 124392|app: 0|req: 10/22] 10.222.0.84 () {58 vars in 1149 bytes} [Wed Nov 2 12:46:17 2022] GET /compute/v2.1/os-volumes?limit=2 => generated 695 bytes in 205 msecs (HTTP/1.1 200) 9 headers in 357 bytes (1 switches on core 0)
Nov 02 12:46:17.332930 dv-cinder-863277-1-smb devstack@n-api.service[124391]: DEBUG nova.api.openstack.wsgi [None req-69d26f7a-3be1-4cf6-be00-ad294868639a tempest-VolumesTestJSON-1093591067 tempest-VolumesTestJSON-1093591067-project] Calling method '.version_select at 0x7efc0121b8b0>' {{(pid=124391) _process_stack /opt/stack/nova/nova/api/openstack/wsgi.py:513}}
Nov 02 12:46:17.540552 dv-cinder-863277-1-smb devstack@n-api.service[124391]: INFO nova.api.openstack.requestlog [None req-69d26f7a-3be1-4cf6-be00-ad294868639a tempest-VolumesTestJSON-1093591067 tempest-VolumesTestJSON-1093591067-project] 10.222.0.84 "GET /compute/v2.1/os-volumes" status: 200 len: 1035 microversion: 2.1 time: 0.216240
Nov 02 12:46:17.551890 dv-cinder-863277-1-smb devstack@n-api.service[124391]: [pid: 124391|app: 0|req: 13/23] 10.222.0.84 () {58 vars in 1134 bytes} [Wed Nov 2 12:46:17 2022] GET /compute/v2.1/os-volumes => generated 1035 bytes in 229 msecs (HTTP/1.1 200) 9 headers in 358 bytes (1 switches on core 0)
Nov 02 12:46:17.555198 dv-cinder-863277-1-smb devstack@n-api.service[124392]: DEBUG nova.api.openstack.wsgi [None req-5ac4fcd3-0f98-48f6-b720-7a224832f7b2 tempest-VolumesTestJSON-1093591067 tempest-VolumesTestJSON-1093591067-project] Calling method '.version_select at 0x7efc011d2040>' {{(pid=124392) _process_stack /opt/stack/nova/nova/api/openstack/wsgi.py:513}}
Nov 02 12:46:17.699965 dv-cinder-863277-1-smb devstack@n-api.service[124391]: DEBUG nova.api.openstack.wsgi [None req-dc14bf92-2bc8-4735-9533-ee47197e5df4 tempest-VolumesSnapshotsTestJSON-979676057 tempest-VolumesSnapshotsTestJSON-979676057-project] Calling method '.version_select at 0x7efc0121b5e0>' {{(pid=124391) _process_stack /opt/stack/nova/nova/api/openstack/wsgi.py:513}}
Nov 02 12:46:17.710814 dv-cinder-863277-1-smb devstack@n-api.service[124392]: INFO nova.api.openstack.requestlog [None req-5ac4fcd3-0f98-48f6-b720-7a224832f7b2 tempest-VolumesTestJSON-1093591067 tempest-VolumesTestJSON-1093591067-project] 10.222.0.84 "GET /compute/v2.1/os-volumes?offset=1&limit=1" status: 200 len: 354 microversion: 2.1 time: 0.159280
Nov 02 12:46:17.713233 dv-cinder-863277-1-smb devstack@n-api.service[124392]: [pid: 124392|app: 0|req: 11/24] 10.222.0.84 () {58 vars in 1167 bytes} [Wed Nov 2 12:46:17 2022] GET /compute/v2.1/os-volumes?offset=1&limit=1 => generated 354 bytes in 161 msecs (HTTP/1.1 200) 9 headers in 357 bytes (1 switches on core 0)
Nov 02 12:46:17.729703 dv-cinder-863277-1-smb devstack@n-api.service[124392]: DEBUG nova.api.openstack.wsgi [None req-b7efaf65-d611-4612-9f43-ce9c36cace76 tempest-VolumesTestJSON-1093591067 tempest-VolumesTestJSON-1093591067-project] Calling method '.version_select at 0x7efc011c81f0>' {{(pid=124392) _process_stack /opt/stack/nova/nova/api/openstack/wsgi.py:513}}
Nov 02 12:46:17.788290 dv-cinder-863277-1-smb devstack@n-api.service[124391]: INFO nova.api.openstack.wsgi [None req-dc14bf92-2bc8-4735-9533-ee47197e5df4 tempest-VolumesSnapshotsTestJSON-979676057 tempest-VolumesSnapshotsTestJSON-979676057-project] HTTP exception thrown: Snapshot 35cbb551-4118-4fb4-b315-3e41cc5b3b2f could not be found.
Nov 02 12:46:17.788941 dv-cinder-863277-1-smb devstack@n-api.service[124391]: DEBUG nova.api.openstack.wsgi [None req-dc14bf92-2bc8-4735-9533-ee47197e5df4 tempest-VolumesSnapshotsTestJSON-979676057 tempest-VolumesSnapshotsTestJSON-979676057-project] Returning 404 to user: Snapshot 35cbb551-4118-4fb4-b315-3e41cc5b3b2f could not be found. {{(pid=124391) __call__ /opt/stack/nova/nova/api/openstack/wsgi.py:936}}
Nov 02 12:46:17.789724 dv-cinder-863277-1-smb devstack@n-api.service[124391]: INFO nova.api.openstack.requestlog [None req-dc14bf92-2bc8-4735-9533-ee47197e5df4 tempest-VolumesSnapshotsTestJSON-979676057 tempest-VolumesSnapshotsTestJSON-979676057-project] 10.222.0.84 "GET /compute/v2.1/os-snapshots/35cbb551-4118-4fb4-b315-3e41cc5b3b2f" status: 404 len: 111 microversion: 2.1 time: 0.098619
Nov 02 12:46:17.790277 dv-cinder-863277-1-smb devstack@n-api.service[124391]: [pid: 124391|app: 0|req: 14/25] 10.222.0.84 () {58 vars in 1251 bytes} [Wed Nov 2 12:46:17 2022] GET /compute/v2.1/os-snapshots/35cbb551-4118-4fb4-b315-3e41cc5b3b2f => generated 111 bytes in 100 msecs (HTTP/1.1 404) 9 headers in 379 bytes (1 switches on core 0)
Nov 02 12:46:17.799986 dv-cinder-863277-1-smb devstack@n-api.service[124391]: DEBUG nova.api.openstack.wsgi [None req-de22ab38-8943-40eb-bf06-13b388d10725 tempest-VolumesSnapshotsTestJSON-979676057 tempest-VolumesSnapshotsTestJSON-979676057-project] Calling method '.version_select at 0x7efc01213f70>' {{(pid=124391) _process_stack /opt/stack/nova/nova/api/openstack/wsgi.py:513}}
Nov 02 12:46:18.015756 dv-cinder-863277-1-smb devstack@n-api.service[124391]: INFO nova.api.openstack.requestlog [None req-de22ab38-8943-40eb-bf06-13b388d10725 tempest-VolumesSnapshotsTestJSON-979676057 tempest-VolumesSnapshotsTestJSON-979676057-project] 10.222.0.84 "DELETE /compute/v2.1/os-volumes/6fc68c29-cbf1-482e-984d-4b99819b1eb6" status: 202 len: 0 microversion: 2.1 time: 0.220532
Nov 02 12:46:18.016810 dv-cinder-863277-1-smb devstack@n-api.service[124391]: [pid: 124391|app: 0|req: 15/26] 10.222.0.84 () {58 vars in 1248 bytes} [Wed Nov 2 12:46:17 2022] DELETE /compute/v2.1/os-volumes/6fc68c29-cbf1-482e-984d-4b99819b1eb6 => generated 0 bytes in 222 msecs (HTTP/1.1 202) 9 headers in 361 bytes (1 switches on core 0)
Nov 02 12:46:18.026334 dv-cinder-863277-1-smb devstack@n-api.service[124391]: DEBUG nova.api.openstack.wsgi [None req-75a4f795-9b0c-4a3c-9805-56da80f0e5de tempest-VolumesSnapshotsTestJSON-979676057 tempest-VolumesSnapshotsTestJSON-979676057-project] Calling method '.version_select at 0x7efc0121b3a0>' {{(pid=124391) _process_stack /opt/stack/nova/nova/api/openstack/wsgi.py:513}}
Nov 02 12:46:18.044065 dv-cinder-863277-1-smb devstack@n-api.service[124392]: INFO nova.api.openstack.requestlog [None req-b7efaf65-d611-4612-9f43-ce9c36cace76 tempest-VolumesTestJSON-1093591067 tempest-VolumesTestJSON-1093591067-project] 10.222.0.84 "GET /compute/v2.1/os-volumes/detail?limit=2" status: 200 len: 695 microversion: 2.1 time: 0.318120
Nov 02 12:46:18.044636 dv-cinder-863277-1-smb devstack@n-api.service[124392]: [pid: 124392|app: 0|req: 12/27] 10.222.0.84 () {58 vars in 1170 bytes} [Wed Nov 2 12:46:17 2022] GET /compute/v2.1/os-volumes/detail?limit=2 => generated 695 bytes in 319 msecs (HTTP/1.1 200) 9 headers in 357 bytes (2 switches on core 0)
Nov 02 12:46:18.059877 dv-cinder-863277-1-smb devstack@n-api.service[124392]: DEBUG nova.api.openstack.wsgi [None req-ab5be45d-bf89-4f5f-adfb-0acfcbd60be2 tempest-VolumesTestJSON-1093591067 tempest-VolumesTestJSON-1093591067-project] Calling method '.version_select at 0x7efc011c8160>' {{(pid=124392) _process_stack /opt/stack/nova/nova/api/openstack/wsgi.py:513}}
Nov 02 12:46:18.178692 dv-cinder-863277-1-smb devstack@n-api.service[124391]: INFO nova.api.openstack.requestlog [None req-75a4f795-9b0c-4a3c-9805-56da80f0e5de tempest-VolumesSnapshotsTestJSON-979676057 tempest-VolumesSnapshotsTestJSON-979676057-project] 10.222.0.84 "GET /compute/v2.1/os-volumes/6fc68c29-cbf1-482e-984d-4b99819b1eb6" status: 200 len: 345 microversion: 2.1 time: 0.157722
Nov 02 12:46:18.179804 dv-cinder-863277-1-smb devstack@n-api.service[124391]: [pid: 124391|app: 0|req: 16/28] 10.222.0.84 () {58 vars in 1245 bytes} [Wed Nov 2 12:46:18 2022] GET /compute/v2.1/os-volumes/6fc68c29-cbf1-482e-984d-4b99819b1eb6 => generated 345 bytes in 159 msecs (HTTP/1.1 200) 9 headers in 357 bytes (2 switches on core 0)
Nov 02 12:46:18.409546 dv-cinder-863277-1-smb devstack@n-api.service[124392]: INFO nova.api.openstack.requestlog [None req-ab5be45d-bf89-4f5f-adfb-0acfcbd60be2 tempest-VolumesTestJSON-1093591067 tempest-VolumesTestJSON-1093591067-project] 10.222.0.84 "GET /compute/v2.1/os-volumes/detail" status: 200 len: 1035 microversion: 2.1 time: 0.353329
Nov 02 12:46:18.411575 dv-cinder-863277-1-smb devstack@n-api.service[124392]: [pid: 124392|app: 0|req: 13/29] 10.222.0.84 () {58 vars in 1155 bytes} [Wed Nov 2 12:46:18 2022] GET /compute/v2.1/os-volumes/detail => generated 1035 bytes in 357 msecs (HTTP/1.1 200) 9 headers in 358 bytes (1 switches on core 0)
Nov 02 12:46:18.426108 dv-cinder-863277-1-smb devstack@n-api.service[124391]: DEBUG nova.api.openstack.wsgi [None req-1fe4b7ba-d9e8-4dde-8865-2f7c49b7a11b tempest-VolumesTestJSON-1093591067 tempest-VolumesTestJSON-1093591067-project] Calling method '.version_select at 0x7efc0121bee0>' {{(pid=124391) _process_stack /opt/stack/nova/nova/api/openstack/wsgi.py:513}}
Nov 02 12:46:18.573300 dv-cinder-863277-1-smb devstack@n-api.service[124391]: INFO nova.api.openstack.requestlog [None req-1fe4b7ba-d9e8-4dde-8865-2f7c49b7a11b tempest-VolumesTestJSON-1093591067 tempest-VolumesTestJSON-1093591067-project] 10.222.0.84 "GET /compute/v2.1/os-volumes/detail?offset=1&limit=1" status: 200 len: 354 microversion: 2.1 time: 0.150931
Nov 02 12:46:18.573918 dv-cinder-863277-1-smb devstack@n-api.service[124391]: [pid: 124391|app: 0|req: 17/30] 10.222.0.84 () {58 vars in 1188 bytes} [Wed Nov 2 12:46:18 2022] GET /compute/v2.1/os-volumes/detail?offset=1&limit=1 => generated 354 bytes in 153 msecs (HTTP/1.1 200) 9 headers in 357 bytes (1 switches on core 0)
Nov 02 12:46:18.588296 dv-cinder-863277-1-smb devstack@n-api.service[124392]: DEBUG nova.api.openstack.wsgi [None req-bc4f4287-2b69-4aa2-b4b5-f91c53529a5d tempest-VolumesTestJSON-1093591067 tempest-VolumesTestJSON-1093591067-project] Calling method '.version_select at 0x7efc011d24c0>' {{(pid=124392) _process_stack /opt/stack/nova/nova/api/openstack/wsgi.py:513}}
Nov 02 12:46:18.763623 dv-cinder-863277-1-smb devstack@n-api.service[124392]: INFO nova.api.openstack.requestlog [None req-bc4f4287-2b69-4aa2-b4b5-f91c53529a5d tempest-VolumesTestJSON-1093591067 tempest-VolumesTestJSON-1093591067-project] 10.222.0.84 "GET /compute/v2.1/os-volumes/detail" status: 200 len: 1035 microversion: 2.1 time: 0.179123
Nov 02 12:46:18.773769 dv-cinder-863277-1-smb devstack@n-api.service[124392]: [pid: 124392|app: 0|req: 14/31] 10.222.0.84 () {58 vars in 1155 bytes} [Wed Nov 2 12:46:18 2022] GET /compute/v2.1/os-volumes/detail => generated 1035 bytes in 190 msecs (HTTP/1.1 200) 9 headers in 358 bytes (1 switches on core 0)
Nov 02 12:46:19.194903 dv-cinder-863277-1-smb devstack@n-api.service[124391]: DEBUG nova.api.openstack.wsgi [None req-801d8c07-4ad2-4221-a9fe-25438e33963b tempest-VolumesSnapshotsTestJSON-979676057 tempest-VolumesSnapshotsTestJSON-979676057-project] Calling method '.version_select at 0x7efc01213b80>' {{(pid=124391) _process_stack /opt/stack/nova/nova/api/openstack/wsgi.py:513}}
Nov 02 12:46:19.254885 dv-cinder-863277-1-smb devstack@n-api.service[124391]: INFO nova.api.openstack.wsgi [None req-801d8c07-4ad2-4221-a9fe-25438e33963b tempest-VolumesSnapshotsTestJSON-979676057 tempest-VolumesSnapshotsTestJSON-979676057-project] HTTP exception thrown: Volume 6fc68c29-cbf1-482e-984d-4b99819b1eb6 could not be found.
Nov 02 12:46:19.255525 dv-cinder-863277-1-smb devstack@n-api.service[124391]: DEBUG nova.api.openstack.wsgi [None req-801d8c07-4ad2-4221-a9fe-25438e33963b tempest-VolumesSnapshotsTestJSON-979676057 tempest-VolumesSnapshotsTestJSON-979676057-project] Returning 404 to user: Volume 6fc68c29-cbf1-482e-984d-4b99819b1eb6 could not be found. {{(pid=124391) __call__ /opt/stack/nova/nova/api/openstack/wsgi.py:936}}
Nov 02 12:46:19.256353 dv-cinder-863277-1-smb devstack@n-api.service[124391]: INFO nova.api.openstack.requestlog [None req-801d8c07-4ad2-4221-a9fe-25438e33963b tempest-VolumesSnapshotsTestJSON-979676057 tempest-VolumesSnapshotsTestJSON-979676057-project] 10.222.0.84 "GET /compute/v2.1/os-volumes/6fc68c29-cbf1-482e-984d-4b99819b1eb6" status: 404 len: 109 microversion: 2.1 time: 0.065904
Nov 02 12:46:19.256895 dv-cinder-863277-1-smb devstack@n-api.service[124391]: [pid: 124391|app: 0|req: 18/32] 10.222.0.84 () {58 vars in 1245 bytes} [Wed Nov 2 12:46:19 2022] GET /compute/v2.1/os-volumes/6fc68c29-cbf1-482e-984d-4b99819b1eb6 => generated 109 bytes in 67 msecs (HTTP/1.1 404) 9 headers in 379 bytes (1 switches on core 0)
Nov 02 12:46:19.271747 dv-cinder-863277-1-smb devstack@n-api.service[124392]: DEBUG nova.api.openstack.wsgi [None req-27da11dc-e782-4e5b-ac84-230308db9667 tempest-VolumesSnapshotsTestJSON-979676057 tempest-VolumesSnapshotsTestJSON-979676057-project] Calling method '.version_select at 0x7efc011d2af0>' {{(pid=124392) _process_stack /opt/stack/nova/nova/api/openstack/wsgi.py:513}}
Nov 02 12:46:19.316954 dv-cinder-863277-1-smb devstack@n-api.service[124392]: INFO nova.api.openstack.wsgi [None req-27da11dc-e782-4e5b-ac84-230308db9667 tempest-VolumesSnapshotsTestJSON-979676057 tempest-VolumesSnapshotsTestJSON-979676057-project] HTTP exception thrown: Volume 6fc68c29-cbf1-482e-984d-4b99819b1eb6 could not be found.
Nov 02 12:46:19.317413 dv-cinder-863277-1-smb devstack@n-api.service[124392]: DEBUG nova.api.openstack.wsgi [None req-27da11dc-e782-4e5b-ac84-230308db9667 tempest-VolumesSnapshotsTestJSON-979676057 tempest-VolumesSnapshotsTestJSON-979676057-project] Returning 404 to user: Volume 6fc68c29-cbf1-482e-984d-4b99819b1eb6 could not be found. {{(pid=124392) __call__ /opt/stack/nova/nova/api/openstack/wsgi.py:936}}
Nov 02 12:46:19.318290 dv-cinder-863277-1-smb devstack@n-api.service[124392]: INFO nova.api.openstack.requestlog [None req-27da11dc-e782-4e5b-ac84-230308db9667 tempest-VolumesSnapshotsTestJSON-979676057 tempest-VolumesSnapshotsTestJSON-979676057-project] 10.222.0.84 "DELETE /compute/v2.1/os-volumes/6fc68c29-cbf1-482e-984d-4b99819b1eb6" status: 404 len: 109 microversion: 2.1 time: 0.051148
Nov 02 12:46:19.319171 dv-cinder-863277-1-smb devstack@n-api.service[124392]: [pid: 124392|app: 0|req: 15/33] 10.222.0.84 () {58 vars in 1248 bytes} [Wed Nov 2 12:46:19 2022] DELETE /compute/v2.1/os-volumes/6fc68c29-cbf1-482e-984d-4b99819b1eb6 => generated 109 bytes in 52 msecs (HTTP/1.1 404) 9 headers in 379 bytes (1 switches on core 0)
Nov 02 12:46:19.327007 dv-cinder-863277-1-smb devstack@n-api.service[124391]: DEBUG nova.api.openstack.wsgi [None req-6db9df34-054d-4860-9630-a9dad66c0832 tempest-VolumesSnapshotsTestJSON-979676057 tempest-VolumesSnapshotsTestJSON-979676057-project] Calling method '.version_select at 0x7efc0121b310>' {{(pid=124391) _process_stack /opt/stack/nova/nova/api/openstack/wsgi.py:513}}
Nov 02 12:46:19.377011 dv-cinder-863277-1-smb devstack@n-api.service[124391]: INFO nova.api.openstack.wsgi [None req-6db9df34-054d-4860-9630-a9dad66c0832 tempest-VolumesSnapshotsTestJSON-979676057 tempest-VolumesSnapshotsTestJSON-979676057-project] HTTP exception thrown: Volume 6fc68c29-cbf1-482e-984d-4b99819b1eb6 could not be found.
Nov 02 12:46:19.377970 dv-cinder-863277-1-smb devstack@n-api.service[124391]: DEBUG nova.api.openstack.wsgi [None req-6db9df34-054d-4860-9630-a9dad66c0832 tempest-VolumesSnapshotsTestJSON-979676057 tempest-VolumesSnapshotsTestJSON-979676057-project] Returning 404 to user: Volume 6fc68c29-cbf1-482e-984d-4b99819b1eb6 could not be found. {{(pid=124391) __call__ /opt/stack/nova/nova/api/openstack/wsgi.py:936}}
Nov 02 12:46:19.379126 dv-cinder-863277-1-smb devstack@n-api.service[124391]: INFO nova.api.openstack.requestlog [None req-6db9df34-054d-4860-9630-a9dad66c0832 tempest-VolumesSnapshotsTestJSON-979676057 tempest-VolumesSnapshotsTestJSON-979676057-project] 10.222.0.84 "GET /compute/v2.1/os-volumes/6fc68c29-cbf1-482e-984d-4b99819b1eb6" status: 404 len: 109 microversion: 2.1 time: 0.056020
Nov 02 12:46:19.380028 dv-cinder-863277-1-smb devstack@n-api.service[124391]: [pid: 124391|app: 0|req: 19/34] 10.222.0.84 () {58 vars in 1245 bytes} [Wed Nov 2 12:46:19 2022] GET /compute/v2.1/os-volumes/6fc68c29-cbf1-482e-984d-4b99819b1eb6 => generated 109 bytes in 57 msecs (HTTP/1.1 404) 9 headers in 379 bytes (1 switches on core 0)
Nov 02 12:46:22.930195 dv-cinder-863277-1-smb devstack@n-api.service[124392]: DEBUG nova.api.openstack.wsgi [None req-a92b467c-d7d0-402b-8a0c-4ad99ac55d82 tempest-AttachVolumeNegativeTest-412799053 tempest-AttachVolumeNegativeTest-412799053-project] Action: 'create', calling method: .version_select at 0x7efc011d2ee0>, body: {"keypair": {"name": "tempest-keypair-1276160630", "public_key": "ecdsa-sha2-nistp384 AAAAE2VjZHNhLXNoYTItbmlzdHAzODQAAAAIbmlzdHAzODQAAABhBF4cCn238N3NZ/Ytv+yv1ccRz+w3AepHjPvMUyNAcsVt9RzAvwU1jUINOOXZyJJw1LDcd2imBjIRurAKGgq70FMIsna+qMyQamGKWXrceicflG0dS56a/mhUnxYq1T0ZCA=="}} {{(pid=124392) _process_stack /opt/stack/nova/nova/api/openstack/wsgi.py:511}}
Nov 02 12:46:23.058334 dv-cinder-863277-1-smb devstack@n-api.service[124392]: DEBUG nova.quota [None req-a92b467c-d7d0-402b-8a0c-4ad99ac55d82 tempest-AttachVolumeNegativeTest-412799053 tempest-AttachVolumeNegativeTest-412799053-project] Getting quotas for project bdadd1bf1eff4fa3847d04acd3e83664. Resources: {'key_pairs'} {{(pid=124392) _get_quotas /opt/stack/nova/nova/quota.py:393}}
Nov 02 12:46:23.088571 dv-cinder-863277-1-smb devstack@n-api.service[124392]: DEBUG nova.quota [None req-a92b467c-d7d0-402b-8a0c-4ad99ac55d82 tempest-AttachVolumeNegativeTest-412799053 tempest-AttachVolumeNegativeTest-412799053-project] Getting quotas for user 088297ee1b8643efb472cb22a29f0f84 and project bdadd1bf1eff4fa3847d04acd3e83664. Resources: {'key_pairs'} {{(pid=124392) _get_quotas /opt/stack/nova/nova/quota.py:383}}
Nov 02 12:46:23.230782 dv-cinder-863277-1-smb devstack@n-api.service[124392]: INFO nova.api.openstack.requestlog [None req-a92b467c-d7d0-402b-8a0c-4ad99ac55d82 tempest-AttachVolumeNegativeTest-412799053 tempest-AttachVolumeNegativeTest-412799053-project] 10.222.0.84 "POST /compute/v2.1/os-keypairs" status: 200 len: 386 microversion: 2.1 time: 0.743519
Nov 02 12:46:23.232270 dv-cinder-863277-1-smb devstack@n-api.service[124392]: [pid: 124392|app: 0|req: 16/35] 10.222.0.84 () {60 vars in 1159 bytes} [Wed Nov 2 12:46:22 2022] POST /compute/v2.1/os-keypairs => generated 386 bytes in 746 msecs (HTTP/1.1 200) 9 headers in 357 bytes (1 switches on core 0)
Nov 02 12:46:24.901049 dv-cinder-863277-1-smb devstack@n-api.service[124391]: DEBUG nova.api.openstack.wsgi [None req-f659ba18-d735-49f7-bef4-c4c23506efc0 tempest-DeleteServersTestJSON-665356759 tempest-DeleteServersTestJSON-665356759-project] Action: 'create', calling method: >, body: {"server": {"name": "tempest-DeleteServersTestJSON-server-1023699648", "imageRef": "94ec131e-fd79-4e8f-92fe-8d701dd32d31", "flavorRef": "452", "networks": [{"uuid": "27918ad2-5d27-4ad7-9e29-f208f684f014"}]}} {{(pid=124391) _process_stack /opt/stack/nova/nova/api/openstack/wsgi.py:511}}
Nov 02 12:46:25.108715 dv-cinder-863277-1-smb devstack@n-api.service[124391]: DEBUG nova.network.neutron [None req-f659ba18-d735-49f7-bef4-c4c23506efc0 tempest-DeleteServersTestJSON-665356759 tempest-DeleteServersTestJSON-665356759-project] validate_networks() for [('27918ad2-5d27-4ad7-9e29-f208f684f014', None, None, None, None, None)] {{(pid=124391) validate_networks /opt/stack/nova/nova/network/neutron.py:2633}}
Nov 02 12:46:26.970910 dv-cinder-863277-1-smb devstack@n-api.service[124391]: DEBUG nova.virt.hardware [None req-f659ba18-d735-49f7-bef4-c4c23506efc0 tempest-DeleteServersTestJSON-665356759 tempest-DeleteServersTestJSON-665356759-project] Flavor limits 0:0:0 {{(pid=124391) get_cpu_topology_constraints /opt/stack/nova/nova/virt/hardware.py:343}}
Nov 02 12:46:26.971559 dv-cinder-863277-1-smb devstack@n-api.service[124391]: DEBUG nova.virt.hardware [None req-f659ba18-d735-49f7-bef4-c4c23506efc0 tempest-DeleteServersTestJSON-665356759 tempest-DeleteServersTestJSON-665356759-project] Image limits 0:0:0 {{(pid=124391) get_cpu_topology_constraints /opt/stack/nova/nova/virt/hardware.py:347}}
Nov 02 12:46:26.973278 dv-cinder-863277-1-smb devstack@n-api.service[124391]: DEBUG nova.virt.hardware [None req-f659ba18-d735-49f7-bef4-c4c23506efc0 tempest-DeleteServersTestJSON-665356759 tempest-DeleteServersTestJSON-665356759-project] Flavor pref 0:0:0 {{(pid=124391) get_cpu_topology_constraints /opt/stack/nova/nova/virt/hardware.py:383}}
Nov 02 12:46:26.973741 dv-cinder-863277-1-smb devstack@n-api.service[124391]: DEBUG nova.virt.hardware [None req-f659ba18-d735-49f7-bef4-c4c23506efc0 tempest-DeleteServersTestJSON-665356759 tempest-DeleteServersTestJSON-665356759-project] Image pref 0:0:0 {{(pid=124391) get_cpu_topology_constraints /opt/stack/nova/nova/virt/hardware.py:387}}
Nov 02 12:46:26.974153 dv-cinder-863277-1-smb devstack@n-api.service[124391]: DEBUG nova.virt.hardware [None req-f659ba18-d735-49f7-bef4-c4c23506efc0 tempest-DeleteServersTestJSON-665356759 tempest-DeleteServersTestJSON-665356759-project] Chose sockets=0, cores=0, threads=0; limits were sockets=65536, cores=65536, threads=65536 {{(pid=124391) get_cpu_topology_constraints /opt/stack/nova/nova/virt/hardware.py:425}}
Nov 02 12:46:27.019213 dv-cinder-863277-1-smb devstack@n-api.service[124391]: DEBUG oslo_concurrency.lockutils [None req-f659ba18-d735-49f7-bef4-c4c23506efc0 tempest-DeleteServersTestJSON-665356759 tempest-DeleteServersTestJSON-665356759-project] Lock "00000000-0000-0000-0000-000000000000" acquired by "nova.context.set_target_cell..get_or_set_cached_cell_and_set_connections" :: waited 0.000s {{(pid=124391) inner /usr/local/lib/python3.8/dist-packages/oslo_concurrency/lockutils.py:386}}
Nov 02 12:46:27.019706 dv-cinder-863277-1-smb devstack@n-api.service[124391]: DEBUG oslo_concurrency.lockutils [None req-f659ba18-d735-49f7-bef4-c4c23506efc0 tempest-DeleteServersTestJSON-665356759 tempest-DeleteServersTestJSON-665356759-project] Lock "00000000-0000-0000-0000-000000000000" "released" by "nova.context.set_target_cell..get_or_set_cached_cell_and_set_connections" :: held 0.001s {{(pid=124391) inner /usr/local/lib/python3.8/dist-packages/oslo_concurrency/lockutils.py:400}}
Nov 02 12:46:27.023216 dv-cinder-863277-1-smb devstack@n-api.service[124391]: DEBUG oslo_concurrency.lockutils [None req-f659ba18-d735-49f7-bef4-c4c23506efc0 tempest-DeleteServersTestJSON-665356759 tempest-DeleteServersTestJSON-665356759-project] Lock "d19067d8-5c98-481f-81c3-f813d6276742" acquired by "nova.context.set_target_cell..get_or_set_cached_cell_and_set_connections" :: waited 0.000s {{(pid=124391) inner /usr/local/lib/python3.8/dist-packages/oslo_concurrency/lockutils.py:386}}
Nov 02 12:46:27.023740 dv-cinder-863277-1-smb devstack@n-api.service[124391]: DEBUG oslo_concurrency.lockutils [None req-f659ba18-d735-49f7-bef4-c4c23506efc0 tempest-DeleteServersTestJSON-665356759 tempest-DeleteServersTestJSON-665356759-project] Lock "d19067d8-5c98-481f-81c3-f813d6276742" "released" by "nova.context.set_target_cell..get_or_set_cached_cell_and_set_connections" :: held 0.003s {{(pid=124391) inner /usr/local/lib/python3.8/dist-packages/oslo_concurrency/lockutils.py:400}}
Nov 02 12:46:27.120835 dv-cinder-863277-1-smb devstack@n-api.service[124391]: DEBUG nova.quota [None req-f659ba18-d735-49f7-bef4-c4c23506efc0 tempest-DeleteServersTestJSON-665356759 tempest-DeleteServersTestJSON-665356759-project] Getting quotas for project 47e7f76796544b4cb01562389cfa9778. Resources: {'ram', 'cores', 'instances'} {{(pid=124391) _get_quotas /opt/stack/nova/nova/quota.py:393}}
Nov 02 12:46:27.137055 dv-cinder-863277-1-smb devstack@n-api.service[124391]: DEBUG nova.quota [None req-f659ba18-d735-49f7-bef4-c4c23506efc0 tempest-DeleteServersTestJSON-665356759 tempest-DeleteServersTestJSON-665356759-project] Getting quotas for user 320c334c70a043ea85bee1809e0f45f4 and project 47e7f76796544b4cb01562389cfa9778. Resources: {'ram', 'cores', 'instances'} {{(pid=124391) _get_quotas /opt/stack/nova/nova/quota.py:383}}
Nov 02 12:46:27.178623 dv-cinder-863277-1-smb devstack@n-api.service[124391]: DEBUG nova.compute.api [None req-f659ba18-d735-49f7-bef4-c4c23506efc0 tempest-DeleteServersTestJSON-665356759 tempest-DeleteServersTestJSON-665356759-project] Going to run 1 instances... {{(pid=124391) _provision_instances /opt/stack/nova/nova/compute/api.py:1389}}
Nov 02 12:46:27.187449 dv-cinder-863277-1-smb devstack@n-api.service[124391]: DEBUG nova.compute.api [None req-f659ba18-d735-49f7-bef4-c4c23506efc0 tempest-DeleteServersTestJSON-665356759 tempest-DeleteServersTestJSON-665356759-project] [instance: 253b51bd-1881-4df4-be41-aa2174c64518] block_device_mapping [BlockDeviceMapping(attachment_id=,boot_index=0,connection_info=None,created_at=,delete_on_termination=True,deleted=,deleted_at=,destination_type='local',device_name=None,device_type='disk',disk_bus=None,guest_format=None,id=,image_id='94ec131e-fd79-4e8f-92fe-8d701dd32d31',instance=,instance_uuid=,no_device=False,snapshot_id=None,source_type='image',tag=None,updated_at=,uuid=,volume_id=None,volume_size=None,volume_type=None)] {{(pid=124391) _bdm_validate_set_size_and_instance /opt/stack/nova/nova/compute/api.py:1807}}
Nov 02 12:46:27.386654 dv-cinder-863277-1-smb devstack@n-api.service[124391]: INFO nova.api.openstack.requestlog [None req-f659ba18-d735-49f7-bef4-c4c23506efc0 tempest-DeleteServersTestJSON-665356759 tempest-DeleteServersTestJSON-665356759-project] 10.222.0.84 "POST /compute/v2.1/servers" status: 202 len: 380 microversion: 2.1 time: 3.086206
Nov 02 12:46:27.387385 dv-cinder-863277-1-smb devstack@n-api.service[124391]: [pid: 124391|app: 0|req: 20/36] 10.222.0.84 () {60 vars in 1147 bytes} [Wed Nov 2 12:46:24 2022] POST /compute/v2.1/servers => generated 380 bytes in 3088 msecs (HTTP/1.1 202) 10 headers in 451 bytes (1 switches on core 0)
Nov 02 12:46:27.399612 dv-cinder-863277-1-smb devstack@n-api.service[124392]: DEBUG nova.api.openstack.wsgi [None req-267a724e-697e-44da-a95a-74188ef56b31 tempest-DeleteServersTestJSON-665356759 tempest-DeleteServersTestJSON-665356759-project] Calling method '>' {{(pid=124392) _process_stack /opt/stack/nova/nova/api/openstack/wsgi.py:513}}
Nov 02 12:46:27.400619 dv-cinder-863277-1-smb devstack@n-api.service[124392]: DEBUG nova.compute.api [None req-267a724e-697e-44da-a95a-74188ef56b31 tempest-DeleteServersTestJSON-665356759 tempest-DeleteServersTestJSON-665356759-project] [instance: 253b51bd-1881-4df4-be41-aa2174c64518] Fetching instance by UUID {{(pid=124392) get /opt/stack/nova/nova/compute/api.py:2918}}
Nov 02 12:46:27.821527 dv-cinder-863277-1-smb devstack@n-api.service[124392]: DEBUG nova.policy [None req-267a724e-697e-44da-a95a-74188ef56b31 tempest-DeleteServersTestJSON-665356759 tempest-DeleteServersTestJSON-665356759-project] Policy check for os_compute_api:os-extended-server-attributes failed with credentials {'is_admin': False, 'user_id': '320c334c70a043ea85bee1809e0f45f4', 'user_domain_id': 'default', 'system_scope': None, 'domain_id': None, 'project_id': '47e7f76796544b4cb01562389cfa9778', 'project_domain_id': 'default', 'roles': ['member', 'reader'], 'is_admin_project': True, 'service_user_id': None, 'service_user_domain_id': None, 'service_project_id': None, 'service_project_domain_id': None, 'service_roles': []} {{(pid=124392) authorize /opt/stack/nova/nova/policy.py:199}}
Nov 02 12:46:27.848348 dv-cinder-863277-1-smb devstack@n-api.service[124392]: INFO nova.api.openstack.requestlog [None req-267a724e-697e-44da-a95a-74188ef56b31 tempest-DeleteServersTestJSON-665356759 tempest-DeleteServersTestJSON-665356759-project] 10.222.0.84 "GET /compute/v2.1/servers/253b51bd-1881-4df4-be41-aa2174c64518" status: 200 len: 1215 microversion: 2.1 time: 0.451322
Nov 02 12:46:27.867535 dv-cinder-863277-1-smb devstack@n-api.service[124392]: [pid: 124392|app: 0|req: 17/37] 10.222.0.84 () {58 vars in 1236 bytes} [Wed Nov 2 12:46:27 2022] GET /compute/v2.1/servers/253b51bd-1881-4df4-be41-aa2174c64518 => generated 1215 bytes in 458 msecs (HTTP/1.1 200) 9 headers in 358 bytes (1 switches on core 0)
Nov 02 12:46:28.721638 dv-cinder-863277-1-smb devstack@n-api.service[124391]: DEBUG nova.api.openstack.wsgi [None req-26bf9620-eef2-4601-a72f-045313aac062 tempest-ServerRescueNegativeTestJSON-2110029695 tempest-ServerRescueNegativeTestJSON-2110029695-project] Action: 'create', calling method: >, body: {"server": {"name": "tempest-ServerRescueNegativeTestJSON-server-2036061698", "imageRef": "94ec131e-fd79-4e8f-92fe-8d701dd32d31", "flavorRef": "452", "adminPass": "***", "networks": [{"uuid": "}]}} {{(pid=124391) _process_stack /opt/stack/nova/nova/api/openstack/wsgi.py:511}}
Nov 02 12:46:28.876773 dv-cinder-863277-1-smb devstack@n-api.service[124392]: DEBUG nova.api.openstack.wsgi [None req-6ca89c37-8e34-4000-a1e1-1313cb5668d6 tempest-DeleteServersTestJSON-665356759 tempest-DeleteServersTestJSON-665356759-project] Calling method '>' {{(pid=124392) _process_stack /opt/stack/nova/nova/api/openstack/wsgi.py:513}}
Nov 02 12:46:28.877493 dv-cinder-863277-1-smb devstack@n-api.service[124392]: DEBUG nova.compute.api [None req-6ca89c37-8e34-4000-a1e1-1313cb5668d6 tempest-DeleteServersTestJSON-665356759 tempest-DeleteServersTestJSON-665356759-project] [instance: 253b51bd-1881-4df4-be41-aa2174c64518] Fetching instance by UUID {{(pid=124392) get /opt/stack/nova/nova/compute/api.py:2918}}
Nov 02 12:46:28.908273 dv-cinder-863277-1-smb devstack@n-api.service[124391]: DEBUG nova.network.neutron [None req-26bf9620-eef2-4601-a72f-045313aac062 tempest-ServerRescueNegativeTestJSON-2110029695 tempest-ServerRescueNegativeTestJSON-2110029695-project] validate_networks() for [('b2ef9ec4-1c4d-4c5f-937f-5b291ae2a910', None, None, None, None, None)] {{(pid=124391) validate_networks /opt/stack/nova/nova/network/neutron.py:2633}}
Nov 02 12:46:29.044483 dv-cinder-863277-1-smb devstack@n-api.service[124392]: DEBUG nova.policy [None req-6ca89c37-8e34-4000-a1e1-1313cb5668d6 tempest-DeleteServersTestJSON-665356759 tempest-DeleteServersTestJSON-665356759-project] Policy check for os_compute_api:os-extended-server-attributes failed with credentials {'is_admin': False, 'user_id': '320c334c70a043ea85bee1809e0f45f4', 'user_domain_id': 'default', 'system_scope': None, 'domain_id': None, 'project_id': '47e7f76796544b4cb01562389cfa9778', 'project_domain_id': 'default', 'roles': ['member', 'reader'], 'is_admin_project': True, 'service_user_id': None, 'service_user_domain_id': None, 'service_project_id': None, 'service_project_domain_id': None, 'service_roles': []} {{(pid=124392) authorize /opt/stack/nova/nova/policy.py:199}}
Nov 02 12:46:29.052718 dv-cinder-863277-1-smb devstack@n-api.service[124392]: INFO nova.api.openstack.requestlog [None req-6ca89c37-8e34-4000-a1e1-1313cb5668d6 tempest-DeleteServersTestJSON-665356759 tempest-DeleteServersTestJSON-665356759-project] 10.222.0.84 "GET /compute/v2.1/servers/253b51bd-1881-4df4-be41-aa2174c64518" status: 200 len: 1215 microversion: 2.1 time: 0.181865
Nov 02 12:46:29.059525 dv-cinder-863277-1-smb devstack@n-api.service[124392]: [pid: 124392|app: 0|req: 18/38] 10.222.0.84 () {58 vars in 1236 bytes} [Wed Nov 2 12:46:28 2022] GET /compute/v2.1/servers/253b51bd-1881-4df4-be41-aa2174c64518 => generated 1215 bytes in 190 msecs (HTTP/1.1 200) 9 headers in 358 bytes (2 switches on core 0)
Nov 02 12:46:29.983808 dv-cinder-863277-1-smb devstack@n-api.service[124391]: DEBUG nova.virt.hardware [None req-26bf9620-eef2-4601-a72f-045313aac062 tempest-ServerRescueNegativeTestJSON-2110029695 tempest-ServerRescueNegativeTestJSON-2110029695-project] Flavor limits 0:0:0 {{(pid=124391) get_cpu_topology_constraints /opt/stack/nova/nova/virt/hardware.py:343}}
Nov 02 12:46:29.984285 dv-cinder-863277-1-smb devstack@n-api.service[124391]: DEBUG nova.virt.hardware [None req-26bf9620-eef2-4601-a72f-045313aac062 tempest-ServerRescueNegativeTestJSON-2110029695 tempest-ServerRescueNegativeTestJSON-2110029695-project] Image limits 0:0:0 {{(pid=124391) get_cpu_topology_constraints /opt/stack/nova/nova/virt/hardware.py:347}}
Nov 02 12:46:29.984685 dv-cinder-863277-1-smb devstack@n-api.service[124391]: DEBUG nova.virt.hardware [None req-26bf9620-eef2-4601-a72f-045313aac062 tempest-ServerRescueNegativeTestJSON-2110029695 tempest-ServerRescueNegativeTestJSON-2110029695-project] Flavor pref 0:0:0 {{(pid=124391) get_cpu_topology_constraints /opt/stack/nova/nova/virt/hardware.py:383}}
Nov 02 12:46:29.985149 dv-cinder-863277-1-smb devstack@n-api.service[124391]: DEBUG nova.virt.hardware [None req-26bf9620-eef2-4601-a72f-045313aac062 tempest-ServerRescueNegativeTestJSON-2110029695 tempest-ServerRescueNegativeTestJSON-2110029695-project] Image pref 0:0:0 {{(pid=124391) get_cpu_topology_constraints /opt/stack/nova/nova/virt/hardware.py:387}}
Nov 02 12:46:29.985562 dv-cinder-863277-1-smb devstack@n-api.service[124391]: DEBUG nova.virt.hardware [None req-26bf9620-eef2-4601-a72f-045313aac062 tempest-ServerRescueNegativeTestJSON-2110029695 tempest-ServerRescueNegativeTestJSON-2110029695-project] Chose sockets=0, cores=0, threads=0; limits were sockets=65536, cores=65536, threads=65536 {{(pid=124391) get_cpu_topology_constraints /opt/stack/nova/nova/virt/hardware.py:425}}
Nov 02 12:46:29.999094 dv-cinder-863277-1-smb devstack@n-api.service[124391]: DEBUG oslo_concurrency.lockutils [None req-26bf9620-eef2-4601-a72f-045313aac062 tempest-ServerRescueNegativeTestJSON-2110029695 tempest-ServerRescueNegativeTestJSON-2110029695-project] Lock "00000000-0000-0000-0000-000000000000" acquired by "nova.context.set_target_cell..get_or_set_cached_cell_and_set_connections" :: waited 0.000s {{(pid=124391) inner /usr/local/lib/python3.8/dist-packages/oslo_concurrency/lockutils.py:386}}
Nov 02 12:46:29.999671 dv-cinder-863277-1-smb devstack@n-api.service[124391]: DEBUG oslo_concurrency.lockutils [None req-26bf9620-eef2-4601-a72f-045313aac062 tempest-ServerRescueNegativeTestJSON-2110029695 tempest-ServerRescueNegativeTestJSON-2110029695-project] Lock "00000000-0000-0000-0000-000000000000" "released" by "nova.context.set_target_cell..get_or_set_cached_cell_and_set_connections" :: held 0.001s {{(pid=124391) inner /usr/local/lib/python3.8/dist-packages/oslo_concurrency/lockutils.py:400}}
Nov 02 12:46:30.000379 dv-cinder-863277-1-smb devstack@n-api.service[124391]: DEBUG oslo_concurrency.lockutils [None req-26bf9620-eef2-4601-a72f-045313aac062 tempest-ServerRescueNegativeTestJSON-2110029695 tempest-ServerRescueNegativeTestJSON-2110029695-project] Lock "d19067d8-5c98-481f-81c3-f813d6276742" acquired by "nova.context.set_target_cell..get_or_set_cached_cell_and_set_connections" :: waited 0.000s {{(pid=124391) inner /usr/local/lib/python3.8/dist-packages/oslo_concurrency/lockutils.py:386}}
Nov 02 12:46:30.000979 dv-cinder-863277-1-smb devstack@n-api.service[124391]: DEBUG oslo_concurrency.lockutils [None req-26bf9620-eef2-4601-a72f-045313aac062 tempest-ServerRescueNegativeTestJSON-2110029695 tempest-ServerRescueNegativeTestJSON-2110029695-project] Lock "d19067d8-5c98-481f-81c3-f813d6276742" "released" by "nova.context.set_target_cell..get_or_set_cached_cell_and_set_connections" :: held 0.001s {{(pid=124391) inner /usr/local/lib/python3.8/dist-packages/oslo_concurrency/lockutils.py:400}}
Nov 02 12:46:30.024526 dv-cinder-863277-1-smb devstack@n-api.service[124392]: DEBUG nova.api.openstack.wsgi [None req-fd27a2d2-64fb-431f-91c0-6645d1f98f5d tempest-AttachVolumeTestJSON-1776880313 tempest-AttachVolumeTestJSON-1776880313-project] Action: 'create', calling method: .version_select at 0x7efc011d2820>, body: {"keypair": {"name": "tempest-keypair-141306437", "public_key": "ecdsa-sha2-nistp384 AAAAE2VjZHNhLXNoYTItbmlzdHAzODQAAAAIbmlzdHAzODQAAABhBMl23do38+BfxFBIanu+sTVjIww9pzQKZHWKQI11pxnlozAg+ANMHJCTvzdHaMxKo8pLPeYbAlYbpIk/+eDvP2kU3rSfdN0tgFJJ66V2NAt1y8SS15K4oV1HDLBQ5B9skg=="}} {{(pid=124392) _process_stack /opt/stack/nova/nova/api/openstack/wsgi.py:511}}
Nov 02 12:46:30.061449 dv-cinder-863277-1-smb devstack@n-api.service[124391]: DEBUG nova.quota [None req-26bf9620-eef2-4601-a72f-045313aac062 tempest-ServerRescueNegativeTestJSON-2110029695 tempest-ServerRescueNegativeTestJSON-2110029695-project] Getting quotas for project b81bd5a0381643e58aa375af89dc43f2. Resources: {'ram', 'cores', 'instances'} {{(pid=124391) _get_quotas /opt/stack/nova/nova/quota.py:393}}
Nov 02 12:46:30.065601 dv-cinder-863277-1-smb devstack@n-api.service[124392]: DEBUG nova.quota [None req-fd27a2d2-64fb-431f-91c0-6645d1f98f5d tempest-AttachVolumeTestJSON-1776880313 tempest-AttachVolumeTestJSON-1776880313-project] Getting quotas for project 9c55c01f5304464a9d9702b196580587. Resources: {'key_pairs'} {{(pid=124392) _get_quotas /opt/stack/nova/nova/quota.py:393}}
Nov 02 12:46:30.080221 dv-cinder-863277-1-smb devstack@n-api.service[124391]: DEBUG nova.quota [None req-26bf9620-eef2-4601-a72f-045313aac062 tempest-ServerRescueNegativeTestJSON-2110029695 tempest-ServerRescueNegativeTestJSON-2110029695-project] Getting quotas for user 69ea8dd708194494a6de73a2c30e09a8 and project b81bd5a0381643e58aa375af89dc43f2. Resources: {'ram', 'cores', 'instances'} {{(pid=124391) _get_quotas /opt/stack/nova/nova/quota.py:383}}
Nov 02 12:46:30.083641 dv-cinder-863277-1-smb devstack@n-api.service[124392]: DEBUG nova.quota [None req-fd27a2d2-64fb-431f-91c0-6645d1f98f5d tempest-AttachVolumeTestJSON-1776880313 tempest-AttachVolumeTestJSON-1776880313-project] Getting quotas for user 0515f67c064044ee998e1729dc827d6e and project 9c55c01f5304464a9d9702b196580587. Resources: {'key_pairs'} {{(pid=124392) _get_quotas /opt/stack/nova/nova/quota.py:383}}
Nov 02 12:46:30.128912 dv-cinder-863277-1-smb devstack@n-api.service[124391]: DEBUG nova.compute.api [None req-26bf9620-eef2-4601-a72f-045313aac062 tempest-ServerRescueNegativeTestJSON-2110029695 tempest-ServerRescueNegativeTestJSON-2110029695-project] Going to run 1 instances... {{(pid=124391) _provision_instances /opt/stack/nova/nova/compute/api.py:1389}}
Nov 02 12:46:30.138423 dv-cinder-863277-1-smb devstack@n-api.service[124391]: DEBUG nova.compute.api [None req-26bf9620-eef2-4601-a72f-045313aac062 tempest-ServerRescueNegativeTestJSON-2110029695 tempest-ServerRescueNegativeTestJSON-2110029695-project] [instance: 667657b8-d529-4226-8bd4-f5f30058f80c] block_device_mapping [BlockDeviceMapping(attachment_id=,boot_index=0,connection_info=None,created_at=,delete_on_termination=True,deleted=,deleted_at=,destination_type='local',device_name=None,device_type='disk',disk_bus=None,guest_format=None,id=,image_id='94ec131e-fd79-4e8f-92fe-8d701dd32d31',instance=,instance_uuid=,no_device=False,snapshot_id=None,source_type='image',tag=None,updated_at=,uuid=,volume_id=None,volume_size=None,volume_type=None)] {{(pid=124391) _bdm_validate_set_size_and_instance /opt/stack/nova/nova/compute/api.py:1807}}
Nov 02 12:46:30.187918 dv-cinder-863277-1-smb devstack@n-api.service[124392]: INFO nova.api.openstack.requestlog [None req-fd27a2d2-64fb-431f-91c0-6645d1f98f5d tempest-AttachVolumeTestJSON-1776880313 tempest-AttachVolumeTestJSON-1776880313-project] 10.222.0.84 "POST /compute/v2.1/os-keypairs" status: 200 len: 385 microversion: 2.1 time: 1.126058
Nov 02 12:46:30.197708 dv-cinder-863277-1-smb devstack@n-api.service[124392]: [pid: 124392|app: 0|req: 19/39] 10.222.0.84 () {60 vars in 1159 bytes} [Wed Nov 2 12:46:29 2022] POST /compute/v2.1/os-keypairs => generated 385 bytes in 1135 msecs (HTTP/1.1 200) 9 headers in 357 bytes (1 switches on core 0)
Nov 02 12:46:30.220404 dv-cinder-863277-1-smb devstack@n-api.service[124392]: DEBUG nova.api.openstack.wsgi [None req-5b56436e-1a43-45be-9d85-765dcf6d3f77 tempest-AttachVolumeNegativeTest-412799053 tempest-AttachVolumeNegativeTest-412799053-project] Action: 'create', calling method: >, body: {"server": {"name": "tempest-AttachVolumeNegativeTest-server-1835664830", "imageRef": "94ec131e-fd79-4e8f-92fe-8d701dd32d31", "flavorRef": "452", "adminPass": "***", "networks": [{"uuid": "7b4f9028-78cc-48c1-a42d-9e59f5fd0285"}], "security_groups": [{"name": "tempest-securitygroup--1973795527"}], "key_name": "tempest-keypair-1276160630", "user_data": "}} {{(pid=124392) _process_stack /opt/stack/nova/nova/api/openstack/wsgi.py:511}}
Nov 02 12:46:30.262649 dv-cinder-863277-1-smb devstack@n-api.service[124391]: INFO nova.api.openstack.requestlog [None req-26bf9620-eef2-4601-a72f-045313aac062 tempest-ServerRescueNegativeTestJSON-2110029695 tempest-ServerRescueNegativeTestJSON-2110029695-project] 10.222.0.84 "POST /compute/v2.1/servers" status: 202 len: 383 microversion: 2.1 time: 2.276547
Nov 02 12:46:30.263368 dv-cinder-863277-1-smb devstack@n-api.service[124391]: [pid: 124391|app: 0|req: 21/40] 10.222.0.84 () {60 vars in 1147 bytes} [Wed Nov 2 12:46:27 2022] POST /compute/v2.1/servers => generated 383 bytes in 2279 msecs (HTTP/1.1 202) 10 headers in 451 bytes (1 switches on core 0)
Nov 02 12:46:30.275159 dv-cinder-863277-1-smb devstack@n-api.service[124391]: DEBUG nova.api.openstack.wsgi [None req-48a898bb-219d-4d16-81f2-34d833c30c2a tempest-DeleteServersTestJSON-665356759 tempest-DeleteServersTestJSON-665356759-project] Calling method '>' {{(pid=124391) _process_stack /opt/stack/nova/nova/api/openstack/wsgi.py:513}}
Nov 02 12:46:30.275819 dv-cinder-863277-1-smb devstack@n-api.service[124391]: DEBUG nova.compute.api [None req-48a898bb-219d-4d16-81f2-34d833c30c2a tempest-DeleteServersTestJSON-665356759 tempest-DeleteServersTestJSON-665356759-project] [instance: 253b51bd-1881-4df4-be41-aa2174c64518] Fetching instance by UUID {{(pid=124391) get /opt/stack/nova/nova/compute/api.py:2918}}
Nov 02 12:46:30.545609 dv-cinder-863277-1-smb devstack@n-api.service[124391]: DEBUG nova.policy [None req-48a898bb-219d-4d16-81f2-34d833c30c2a tempest-DeleteServersTestJSON-665356759 tempest-DeleteServersTestJSON-665356759-project] Policy check for os_compute_api:os-extended-server-attributes failed with credentials {'is_admin': False, 'user_id': '320c334c70a043ea85bee1809e0f45f4', 'user_domain_id': 'default', 'system_scope': None, 'domain_id': None, 'project_id': '47e7f76796544b4cb01562389cfa9778', 'project_domain_id': 'default', 'roles': ['member', 'reader'], 'is_admin_project': True, 'service_user_id': None, 'service_user_domain_id': None, 'service_project_id': None, 'service_project_domain_id': None, 'service_roles': []} {{(pid=124391) authorize /opt/stack/nova/nova/policy.py:199}}
Nov 02 12:46:30.573071 dv-cinder-863277-1-smb devstack@n-api.service[124391]: INFO nova.api.openstack.requestlog [None req-48a898bb-219d-4d16-81f2-34d833c30c2a tempest-DeleteServersTestJSON-665356759 tempest-DeleteServersTestJSON-665356759-project] 10.222.0.84 "GET /compute/v2.1/servers/253b51bd-1881-4df4-be41-aa2174c64518" status: 200 len: 1215 microversion: 2.1 time: 0.301826
Nov 02 12:46:30.576573 dv-cinder-863277-1-smb devstack@n-api.service[124391]: [pid: 124391|app: 0|req: 22/41] 10.222.0.84 () {58 vars in 1236 bytes} [Wed Nov 2 12:46:30 2022] GET /compute/v2.1/servers/253b51bd-1881-4df4-be41-aa2174c64518 => generated 1215 bytes in 312 msecs (HTTP/1.1 200) 9 headers in 358 bytes (1 switches on core 0)
Nov 02 12:46:30.584695 dv-cinder-863277-1-smb devstack@n-api.service[124391]: DEBUG nova.api.openstack.wsgi [None req-344bffa4-4cdb-41a3-88ab-3c8760c94b8c tempest-ServerRescueNegativeTestJSON-2110029695 tempest-ServerRescueNegativeTestJSON-2110029695-project] Calling method '>' {{(pid=124391) _process_stack /opt/stack/nova/nova/api/openstack/wsgi.py:513}}
Nov 02 12:46:30.592825 dv-cinder-863277-1-smb devstack@n-api.service[124391]: DEBUG nova.compute.api [None req-344bffa4-4cdb-41a3-88ab-3c8760c94b8c tempest-ServerRescueNegativeTestJSON-2110029695 tempest-ServerRescueNegativeTestJSON-2110029695-project] [instance: 667657b8-d529-4226-8bd4-f5f30058f80c] Fetching instance by UUID {{(pid=124391) get /opt/stack/nova/nova/compute/api.py:2918}}
Nov 02 12:46:30.710756 dv-cinder-863277-1-smb devstack@n-api.service[124392]: DEBUG nova.network.neutron [None req-5b56436e-1a43-45be-9d85-765dcf6d3f77 tempest-AttachVolumeNegativeTest-412799053 tempest-AttachVolumeNegativeTest-412799053-project] validate_networks() for [('7b4f9028-78cc-48c1-a42d-9e59f5fd0285', None, None, None, None, None)] {{(pid=124392) validate_networks /opt/stack/nova/nova/network/neutron.py:2633}}
Nov 02 12:46:30.711417 dv-cinder-863277-1-smb devstack@n-api.service[124391]: DEBUG nova.policy [None req-344bffa4-4cdb-41a3-88ab-3c8760c94b8c tempest-ServerRescueNegativeTestJSON-2110029695 tempest-ServerRescueNegativeTestJSON-2110029695-project] Policy check for os_compute_api:os-extended-server-attributes failed with credentials {'is_admin': False, 'user_id': '69ea8dd708194494a6de73a2c30e09a8', 'user_domain_id': 'default', 'system_scope': None, 'domain_id': None, 'project_id': 'b81bd5a0381643e58aa375af89dc43f2', 'project_domain_id': 'default', 'roles': ['member', 'reader'], 'is_admin_project': True, 'service_user_id': None, 'service_user_domain_id': None, 'service_project_id': None, 'service_project_domain_id': None, 'service_roles': []} {{(pid=124391) authorize /opt/stack/nova/nova/policy.py:199}}
Nov 02 12:46:30.719115 dv-cinder-863277-1-smb devstack@n-api.service[124391]: INFO nova.api.openstack.requestlog [None req-344bffa4-4cdb-41a3-88ab-3c8760c94b8c tempest-ServerRescueNegativeTestJSON-2110029695 tempest-ServerRescueNegativeTestJSON-2110029695-project] 10.222.0.84 "GET /compute/v2.1/servers/667657b8-d529-4226-8bd4-f5f30058f80c" status: 200 len: 1222 microversion: 2.1 time: 0.138458
Nov 02 12:46:30.722567 dv-cinder-863277-1-smb devstack@n-api.service[124391]: [pid: 124391|app: 0|req: 23/42] 10.222.0.84 () {58 vars in 1236 bytes} [Wed Nov 2 12:46:30 2022] GET /compute/v2.1/servers/667657b8-d529-4226-8bd4-f5f30058f80c => generated 1222 bytes in 145 msecs (HTTP/1.1 200) 9 headers in 358 bytes (1 switches on core 0)
Nov 02 12:46:31.050555 dv-cinder-863277-1-smb devstack@n-api.service[124391]: DEBUG nova.api.openstack.wsgi [None req-51d31b3a-670d-410d-9b79-c927fedb0817 tempest-ServerRescueNegativeTestJSON-2110029695 tempest-ServerRescueNegativeTestJSON-2110029695-project] Action: 'create', calling method: >, body: {"server": {"name": "tempest-ServerRescueNegativeTestJSON-server-928383378", "imageRef": "94ec131e-fd79-4e8f-92fe-8d701dd32d31", "flavorRef": "452", "adminPass": "***", "networks": [{"uuid": "}]}} {{(pid=124391) _process_stack /opt/stack/nova/nova/api/openstack/wsgi.py:511}}
Nov 02 12:46:31.165100 dv-cinder-863277-1-smb devstack@n-api.service[124391]: DEBUG nova.network.neutron [None req-51d31b3a-670d-410d-9b79-c927fedb0817 tempest-ServerRescueNegativeTestJSON-2110029695 tempest-ServerRescueNegativeTestJSON-2110029695-project] validate_networks() for [('b2ef9ec4-1c4d-4c5f-937f-5b291ae2a910', None, None, None, None, None)] {{(pid=124391) validate_networks /opt/stack/nova/nova/network/neutron.py:2633}}
Nov 02 12:46:32.583643 dv-cinder-863277-1-smb devstack@n-api.service[124391]: DEBUG nova.virt.hardware [None req-51d31b3a-670d-410d-9b79-c927fedb0817 tempest-ServerRescueNegativeTestJSON-2110029695 tempest-ServerRescueNegativeTestJSON-2110029695-project] Flavor limits 0:0:0 {{(pid=124391) get_cpu_topology_constraints /opt/stack/nova/nova/virt/hardware.py:343}}
Nov 02 12:46:32.584261 dv-cinder-863277-1-smb devstack@n-api.service[124391]: DEBUG nova.virt.hardware [None req-51d31b3a-670d-410d-9b79-c927fedb0817 tempest-ServerRescueNegativeTestJSON-2110029695 tempest-ServerRescueNegativeTestJSON-2110029695-project] Image limits 0:0:0 {{(pid=124391) get_cpu_topology_constraints /opt/stack/nova/nova/virt/hardware.py:347}}
Nov 02 12:46:32.584534 dv-cinder-863277-1-smb devstack@n-api.service[124391]: DEBUG nova.virt.hardware [None req-51d31b3a-670d-410d-9b79-c927fedb0817 tempest-ServerRescueNegativeTestJSON-2110029695 tempest-ServerRescueNegativeTestJSON-2110029695-project] Flavor pref 0:0:0 {{(pid=124391) get_cpu_topology_constraints /opt/stack/nova/nova/virt/hardware.py:383}}
