Nov 02 13:00:52.580169 dv-cinder-863276-1-smb devstack@c-api.service[117620]: DEBUG cinder.api.openstack.wsgi [None req-18044a00-6e57-471b-aa2a-4882d91a3e29 tempest-UserMessagesTest-2142274737 tempest-UserMessagesTest-2142274737-project-admin] Action: 'create', calling method: _create, body: {"volume_type": {"name": "tempest-UserMessagesTest-volume-type-1474521265", "extra_specs": {"storage_protocol": "tempest-storage_protocol-622597844", "vendor_name": "tempest-vendor_name-2059826467"}}} {{(pid=117620) _process_stack /opt/stack/cinder/cinder/api/openstack/wsgi.py:866}}
Nov 02 13:00:52.792628 dv-cinder-863276-1-smb devstack@c-api.service[117620]: INFO cinder.api.openstack.wsgi [None req-18044a00-6e57-471b-aa2a-4882d91a3e29 tempest-UserMessagesTest-2142274737 tempest-UserMessagesTest-2142274737-project-admin] http://10.222.0.73/volume/v3/33a82cd6c12f4b4e9817d1e341f18cd1/types returned with HTTP 200
Nov 02 13:00:52.793387 dv-cinder-863276-1-smb devstack@c-api.service[117620]: [pid: 117620|app: 0|req: 33/65] 10.222.0.73 () {60 vars in 1230 bytes} [Wed Nov 2 13:00:52 2022] POST /volume/v3/33a82cd6c12f4b4e9817d1e341f18cd1/types => generated 327 bytes in 477 msecs (HTTP/1.1 200) 7 headers in 285 bytes (1 switches on core 0)
Nov 02 13:00:52.802339 dv-cinder-863276-1-smb devstack@c-api.service[117619]: DEBUG cinder.api.middleware.request_id [None req-e5cf2cd4-bc7d-4faa-bbf1-106ec5fd303c None None] RequestId filter calling following filter/app {{(pid=117619) _context_setter /opt/stack/cinder/cinder/api/middleware/request_id.py:62}}
Nov 02 13:00:53.150866 dv-cinder-863276-1-smb devstack@c-api.service[117619]: INFO cinder.api.openstack.wsgi [None req-e5cf2cd4-bc7d-4faa-bbf1-106ec5fd303c tempest-UserMessagesTest-1686005362 tempest-UserMessagesTest-1686005362-project] POST http://10.222.0.73/volume/v3/e4a4dcd0b0c04078bd68ccbb4482c13e/volumes
Nov 02 13:00:53.151682 dv-cinder-863276-1-smb devstack@c-api.service[117619]: DEBUG cinder.api.openstack.wsgi [None req-e5cf2cd4-bc7d-4faa-bbf1-106ec5fd303c tempest-UserMessagesTest-1686005362 tempest-UserMessagesTest-1686005362-project] Action: 'create', calling method: create, body: {"volume": {"volume_type": "f020367d-07e2-446c-886a-165bb115fd8a", "size": 1, "name": "tempest-UserMessagesTest-Volume-1260089965"}} {{(pid=117619) _process_stack /opt/stack/cinder/cinder/api/openstack/wsgi.py:866}}
Nov 02 13:00:53.153144 dv-cinder-863276-1-smb devstack@c-api.service[117619]: DEBUG cinder.api.v3.volumes [None req-e5cf2cd4-bc7d-4faa-bbf1-106ec5fd303c tempest-UserMessagesTest-1686005362 tempest-UserMessagesTest-1686005362-project] Create volume request body: {'volume': {'volume_type': 'f020367d-07e2-446c-886a-165bb115fd8a', 'size': 1, 'name': 'tempest-UserMessagesTest-Volume-1260089965'}} {{(pid=117619) create /opt/stack/cinder/cinder/api/v3/volumes.py:298}}
Nov 02 13:00:53.175845 dv-cinder-863276-1-smb devstack@c-api.service[117619]: INFO cinder.api.v3.volumes [None req-e5cf2cd4-bc7d-4faa-bbf1-106ec5fd303c tempest-UserMessagesTest-1686005362 tempest-UserMessagesTest-1686005362-project] Create volume of 1 GB
Nov 02 13:00:53.178554 dv-cinder-863276-1-smb devstack@c-api.service[117619]: /usr/local/lib/python3.8/dist-packages/oslo_context/context.py:100: DeprecationWarning: Policy enforcement is depending on the value of is_admin. This key is deprecated. Please update your policy file to use the standard policy values.
Nov 02 13:00:53.178554 dv-cinder-863276-1-smb devstack@c-api.service[117619]: warnings.warn('Policy enforcement is depending on the value of '
Nov 02 13:00:53.184329 dv-cinder-863276-1-smb devstack@c-api.service[117619]: INFO cinder.volume.api [None req-e5cf2cd4-bc7d-4faa-bbf1-106ec5fd303c tempest-UserMessagesTest-1686005362 tempest-UserMessagesTest-1686005362-project] Availability Zones retrieved successfully.
Nov 02 13:00:53.233756 dv-cinder-863276-1-smb devstack@c-api.service[117619]: DEBUG cinder.volume.api [None req-e5cf2cd4-bc7d-4faa-bbf1-106ec5fd303c tempest-UserMessagesTest-1686005362 tempest-UserMessagesTest-1686005362-project] Flow 'volume_create_api' (54799d6b-531e-447f-8e17-5a633d50e8d6) transitioned into state 'RUNNING' from state 'PENDING' {{(pid=117619) _flow_receiver /usr/local/lib/python3.8/dist-packages/taskflow/listeners/logging.py:141}}
Nov 02 13:00:53.242789 dv-cinder-863276-1-smb devstack@c-api.service[117619]: DEBUG cinder.volume.api [None req-e5cf2cd4-bc7d-4faa-bbf1-106ec5fd303c tempest-UserMessagesTest-1686005362 tempest-UserMessagesTest-1686005362-project] Task 'cinder.volume.flows.api.create_volume.ExtractVolumeRequestTask;volume:create' (27336e53-cdd1-4c4e-8d0f-44109f99e0cf) transitioned into state 'RUNNING' from state 'PENDING' {{(pid=117619) _task_receiver /usr/local/lib/python3.8/dist-packages/taskflow/listeners/logging.py:190}}
Nov 02 13:00:53.246224 dv-cinder-863276-1-smb devstack@c-api.service[117619]: DEBUG cinder.volume.flows.api.create_volume [None req-e5cf2cd4-bc7d-4faa-bbf1-106ec5fd303c tempest-UserMessagesTest-1686005362 tempest-UserMessagesTest-1686005362-project] Validating volume size '1' using validate_int {{(pid=117619) _extract_size /opt/stack/cinder/cinder/volume/flows/api/create_volume.py:225}}
Nov 02 13:00:53.309167 dv-cinder-863276-1-smb devstack@c-api.service[117619]: DEBUG cinder.volume.api [None req-e5cf2cd4-bc7d-4faa-bbf1-106ec5fd303c tempest-UserMessagesTest-1686005362 tempest-UserMessagesTest-1686005362-project] Task 'cinder.volume.flows.api.create_volume.ExtractVolumeRequestTask;volume:create' (27336e53-cdd1-4c4e-8d0f-44109f99e0cf) transitioned into state 'SUCCESS' from state 'RUNNING' with result '{'size': 1, 'snapshot_id': None, 'source_volid': None, 'volume_type': VolumeType(created_at=2022-11-02T13:00:53Z,deleted=False,deleted_at=None,description=None,extra_specs={storage_protocol='tempest-storage_protocol-622597844',vendor_name='tempest-vendor_name-2059826467'},id=f020367d-07e2-446c-886a-165bb115fd8a,is_public=True,name='tempest-UserMessagesTest-volume-type-1474521265',projects=[],qos_specs=,qos_specs_id=None,updated_at=None), 'volume_type_id': 'f020367d-07e2-446c-886a-165bb115fd8a', 'encryption_key_id': None, 'qos_specs': None, 'consistencygroup_id': None, 'cgsnapshot_id': None, 'group_id': None, 'replication_status': 'disabled', 'refresh_az': False, 'backup_id': None, 'multiattach': False, 'availability_zones': ['nova']}' {{(pid=117619) _task_receiver /usr/local/lib/python3.8/dist-packages/taskflow/listeners/logging.py:178}}
Nov 02 13:00:53.314763 dv-cinder-863276-1-smb devstack@c-api.service[117619]: DEBUG cinder.volume.api [None req-e5cf2cd4-bc7d-4faa-bbf1-106ec5fd303c tempest-UserMessagesTest-1686005362 tempest-UserMessagesTest-1686005362-project] Task 'cinder.volume.flows.api.create_volume.QuotaReserveTask;volume:create' (4f8818fc-2c24-48d3-ad65-b01ec6d3c824) transitioned into state 'RUNNING' from state 'PENDING' {{(pid=117619) _task_receiver /usr/local/lib/python3.8/dist-packages/taskflow/listeners/logging.py:190}}
Nov 02 13:00:53.384234 dv-cinder-863276-1-smb devstack@c-api.service[117619]: WARNING cinder.quota [None req-e5cf2cd4-bc7d-4faa-bbf1-106ec5fd303c tempest-UserMessagesTest-1686005362 tempest-UserMessagesTest-1686005362-project] Deprecated: Default quota for resource: volumes_tempest-UserMessagesTest-volume-type-1474521265 is set by the default quota flag: quota_volumes_tempest-UserMessagesTest-volume-type-1474521265, it is now deprecated. Please use the default quota class for default quota.
Nov 02 13:00:53.389362 dv-cinder-863276-1-smb devstack@c-api.service[117619]: WARNING cinder.quota [None req-e5cf2cd4-bc7d-4faa-bbf1-106ec5fd303c tempest-UserMessagesTest-1686005362 tempest-UserMessagesTest-1686005362-project] Deprecated: Default quota for resource: gigabytes_tempest-UserMessagesTest-volume-type-1474521265 is set by the default quota flag: quota_gigabytes_tempest-UserMessagesTest-volume-type-1474521265, it is now deprecated. Please use the default quota class for default quota.
Nov 02 13:00:53.661363 dv-cinder-863276-1-smb devstack@c-api.service[117619]: DEBUG cinder.quota [None req-e5cf2cd4-bc7d-4faa-bbf1-106ec5fd303c tempest-UserMessagesTest-1686005362 tempest-UserMessagesTest-1686005362-project] Created reservations ['6955f9db-13d4-47dc-b9bb-b40f34638d6c', 'b19d53d8-4337-4d67-a122-13920402499c', '1bbc9e55-7728-473e-85f3-dafef7be2bdb', '6ee90c0b-e2ef-48f0-8c04-e3e1c01b7976'] {{(pid=117619) reserve /opt/stack/cinder/cinder/quota.py:755}}
Nov 02 13:00:53.663288 dv-cinder-863276-1-smb devstack@c-api.service[117619]: DEBUG cinder.volume.api [None req-e5cf2cd4-bc7d-4faa-bbf1-106ec5fd303c tempest-UserMessagesTest-1686005362 tempest-UserMessagesTest-1686005362-project] Task 'cinder.volume.flows.api.create_volume.QuotaReserveTask;volume:create' (4f8818fc-2c24-48d3-ad65-b01ec6d3c824) transitioned into state 'SUCCESS' from state 'RUNNING' with result '{'reservations': ['6955f9db-13d4-47dc-b9bb-b40f34638d6c', 'b19d53d8-4337-4d67-a122-13920402499c', '1bbc9e55-7728-473e-85f3-dafef7be2bdb', '6ee90c0b-e2ef-48f0-8c04-e3e1c01b7976']}' {{(pid=117619) _task_receiver /usr/local/lib/python3.8/dist-packages/taskflow/listeners/logging.py:178}}
Nov 02 13:00:53.666139 dv-cinder-863276-1-smb devstack@c-api.service[117619]: DEBUG cinder.volume.api [None req-e5cf2cd4-bc7d-4faa-bbf1-106ec5fd303c tempest-UserMessagesTest-1686005362 tempest-UserMessagesTest-1686005362-project] Task 'cinder.volume.flows.api.create_volume.EntryCreateTask;volume:create' (17b53f71-5175-466e-8e9d-ab05a4a2b62e) transitioned into state 'RUNNING' from state 'PENDING' {{(pid=117619) _task_receiver /usr/local/lib/python3.8/dist-packages/taskflow/listeners/logging.py:190}}
Nov 02 13:00:53.837462 dv-cinder-863276-1-smb devstack@c-api.service[117619]: DEBUG cinder.volume.api [None req-e5cf2cd4-bc7d-4faa-bbf1-106ec5fd303c tempest-UserMessagesTest-1686005362 tempest-UserMessagesTest-1686005362-project] Task 'cinder.volume.flows.api.create_volume.EntryCreateTask;volume:create' (17b53f71-5175-466e-8e9d-ab05a4a2b62e) transitioned into state 'SUCCESS' from state 'RUNNING' with result '{'volume_id': 'eec6e9b6-2383-4595-a46a-12fbb66af1bc', 'volume_properties': VolumeProperties(attach_status='detached',availability_zone='nova',cgsnapshot_id=None,consistencygroup_id=None,display_description=None,display_name='tempest-UserMessagesTest-Volume-1260089965',encryption_key_id=None,group_id=None,group_type_id=,metadata={},multiattach=False,project_id='e4a4dcd0b0c04078bd68ccbb4482c13e',qos_specs=None,replication_status=,reservations=['6955f9db-13d4-47dc-b9bb-b40f34638d6c','b19d53d8-4337-4d67-a122-13920402499c','1bbc9e55-7728-473e-85f3-dafef7be2bdb','6ee90c0b-e2ef-48f0-8c04-e3e1c01b7976'],size=1,snapshot_id=None,source_replicaid=,source_volid=None,status='creating',user_id='a81aa78de143431ea7c04e4b6af60d33',volume_type_id=f020367d-07e2-446c-886a-165bb115fd8a), 'volume': Volume(_name_id=None,admin_metadata=,attach_status='detached',availability_zone='nova',bootable=False,cluster=,cluster_name=None,consistencygroup=,consistencygroup_id=None,created_at=2022-11-02T13:00:53Z,deleted=False,deleted_at=None,display_description=None,display_name='tempest-UserMessagesTest-Volume-1260089965',ec2_id=None,encryption_key_id=None,glance_metadata=,group=,group_id=None,host=None,id=eec6e9b6-2383-4595-a46a-12fbb66af1bc,launched_at=None,metadata={},migration_status=None,multiattach=False,previous_status=None,project_id='e4a4dcd0b0c04078bd68ccbb4482c13e',provider_auth=None,provider_geometry=None,provider_id=None,provider_location=None,replication_driver_data=None,replication_extended_status=None,replication_status=None,scheduled_at=None,service_uuid=None,shared_targets=True,size=1,snapshot_id=None,snapshots=,source_volid=None,status='creating',terminated_at=None,updated_at=None,use_quota=True,user_id='a81aa78de143431ea7c04e4b6af60d33',volume_attachment=VolumeAttachmentList,volume_type=VolumeType(f020367d-07e2-446c-886a-165bb115fd8a),volume_type_id=f020367d-07e2-446c-886a-165bb115fd8a)}' {{(pid=117619) _task_receiver /usr/local/lib/python3.8/dist-packages/taskflow/listeners/logging.py:178}}
Nov 02 13:00:53.851602 dv-cinder-863276-1-smb devstack@c-api.service[117619]: DEBUG cinder.volume.api [None req-e5cf2cd4-bc7d-4faa-bbf1-106ec5fd303c tempest-UserMessagesTest-1686005362 tempest-UserMessagesTest-1686005362-project] Task 'cinder.volume.flows.api.create_volume.QuotaCommitTask;volume:create' (631c2dbe-1077-4426-978d-01654cbe7f9a) transitioned into state 'RUNNING' from state 'PENDING' {{(pid=117619) _task_receiver /usr/local/lib/python3.8/dist-packages/taskflow/listeners/logging.py:190}}
Nov 02 13:00:54.023972 dv-cinder-863276-1-smb devstack@c-api.service[117619]: DEBUG cinder.volume.api [None req-e5cf2cd4-bc7d-4faa-bbf1-106ec5fd303c tempest-UserMessagesTest-1686005362 tempest-UserMessagesTest-1686005362-project] Task 'cinder.volume.flows.api.create_volume.QuotaCommitTask;volume:create' (631c2dbe-1077-4426-978d-01654cbe7f9a) transitioned into state 'SUCCESS' from state 'RUNNING' with result '{'volume_properties': VolumeProperties(attach_status='detached',availability_zone='nova',cgsnapshot_id=None,consistencygroup_id=None,display_description=None,display_name='tempest-UserMessagesTest-Volume-1260089965',encryption_key_id=None,group_id=None,group_type_id=,metadata={},multiattach=False,project_id='e4a4dcd0b0c04078bd68ccbb4482c13e',qos_specs=None,replication_status=,reservations=['6955f9db-13d4-47dc-b9bb-b40f34638d6c','b19d53d8-4337-4d67-a122-13920402499c','1bbc9e55-7728-473e-85f3-dafef7be2bdb','6ee90c0b-e2ef-48f0-8c04-e3e1c01b7976'],size=1,snapshot_id=None,source_replicaid=,source_volid=None,status='creating',user_id='a81aa78de143431ea7c04e4b6af60d33',volume_type_id=f020367d-07e2-446c-886a-165bb115fd8a)}' {{(pid=117619) _task_receiver /usr/local/lib/python3.8/dist-packages/taskflow/listeners/logging.py:178}}
Nov 02 13:00:54.025926 dv-cinder-863276-1-smb devstack@c-api.service[117619]: DEBUG cinder.volume.api [None req-e5cf2cd4-bc7d-4faa-bbf1-106ec5fd303c tempest-UserMessagesTest-1686005362 tempest-UserMessagesTest-1686005362-project] Task 'cinder.volume.flows.api.create_volume.VolumeCastTask;volume:create' (d1cfee68-9597-4df2-99dd-59ff422266fe) transitioned into state 'RUNNING' from state 'PENDING' {{(pid=117619) _task_receiver /usr/local/lib/python3.8/dist-packages/taskflow/listeners/logging.py:190}}
Nov 02 13:00:54.178271 dv-cinder-863276-1-smb devstack@c-api.service[117619]: DEBUG cinder.volume.api [None req-e5cf2cd4-bc7d-4faa-bbf1-106ec5fd303c tempest-UserMessagesTest-1686005362 tempest-UserMessagesTest-1686005362-project] Task 'cinder.volume.flows.api.create_volume.VolumeCastTask;volume:create' (d1cfee68-9597-4df2-99dd-59ff422266fe) transitioned into state 'SUCCESS' from state 'RUNNING' with result 'None' {{(pid=117619) _task_receiver /usr/local/lib/python3.8/dist-packages/taskflow/listeners/logging.py:178}}
Nov 02 13:00:54.180989 dv-cinder-863276-1-smb devstack@c-api.service[117619]: DEBUG cinder.volume.api [None req-e5cf2cd4-bc7d-4faa-bbf1-106ec5fd303c tempest-UserMessagesTest-1686005362 tempest-UserMessagesTest-1686005362-project] Flow 'volume_create_api' (54799d6b-531e-447f-8e17-5a633d50e8d6) transitioned into state 'SUCCESS' from state 'RUNNING' {{(pid=117619) _flow_receiver /usr/local/lib/python3.8/dist-packages/taskflow/listeners/logging.py:141}}
Nov 02 13:00:54.185091 dv-cinder-863276-1-smb devstack@c-api.service[117619]: INFO cinder.volume.api [None req-e5cf2cd4-bc7d-4faa-bbf1-106ec5fd303c tempest-UserMessagesTest-1686005362 tempest-UserMessagesTest-1686005362-project] Create volume request issued successfully.
Nov 02 13:00:54.187100 dv-cinder-863276-1-smb devstack@c-api.service[117619]: INFO cinder.api.openstack.wsgi [None req-e5cf2cd4-bc7d-4faa-bbf1-106ec5fd303c tempest-UserMessagesTest-1686005362 tempest-UserMessagesTest-1686005362-project] http://10.222.0.73/volume/v3/e4a4dcd0b0c04078bd68ccbb4482c13e/volumes returned with HTTP 202
Nov 02 13:00:54.205616 dv-cinder-863276-1-smb devstack@c-api.service[117619]: [pid: 117619|app: 0|req: 33/66] 10.222.0.73 () {62 vars in 1276 bytes} [Wed Nov 2 13:00:52 2022] POST /volume/v3/e4a4dcd0b0c04078bd68ccbb4482c13e/volumes => generated 852 bytes in 1404 msecs (HTTP/1.1 202) 7 headers in 291 bytes (1 switches on core 0)
Nov 02 13:00:54.210642 dv-cinder-863276-1-smb devstack@c-api.service[117620]: DEBUG cinder.api.middleware.request_id [None req-96511a8b-c9b9-44fc-8e66-bf66a0551c46 None None] RequestId filter calling following filter/app {{(pid=117620) _context_setter /opt/stack/cinder/cinder/api/middleware/request_id.py:62}}
Nov 02 13:00:54.215803 dv-cinder-863276-1-smb devstack@c-api.service[117620]: INFO cinder.api.openstack.wsgi [None req-96511a8b-c9b9-44fc-8e66-bf66a0551c46 tempest-UserMessagesTest-1686005362 tempest-UserMessagesTest-1686005362-project] GET http://10.222.0.73/volume/v3/e4a4dcd0b0c04078bd68ccbb4482c13e/volumes/eec6e9b6-2383-4595-a46a-12fbb66af1bc
Nov 02 13:00:54.216640 dv-cinder-863276-1-smb devstack@c-api.service[117620]: DEBUG cinder.api.openstack.wsgi [None req-96511a8b-c9b9-44fc-8e66-bf66a0551c46 tempest-UserMessagesTest-1686005362 tempest-UserMessagesTest-1686005362-project] Empty body provided in request {{(pid=117620) get_body /opt/stack/cinder/cinder/api/openstack/wsgi.py:715}}
Nov 02 13:00:54.217372 dv-cinder-863276-1-smb devstack@c-api.service[117620]: DEBUG cinder.api.openstack.wsgi [None req-96511a8b-c9b9-44fc-8e66-bf66a0551c46 tempest-UserMessagesTest-1686005362 tempest-UserMessagesTest-1686005362-project] Calling method 'show' {{(pid=117620) _process_stack /opt/stack/cinder/cinder/api/openstack/wsgi.py:868}}
Nov 02 13:00:54.222343 dv-cinder-863276-1-smb devstack@c-api.service[117619]: DEBUG cinder.api.middleware.request_id [None req-c284daa8-d5e0-4549-b059-fd9cd7dac610 None None] RequestId filter calling following filter/app {{(pid=117619) _context_setter /opt/stack/cinder/cinder/api/middleware/request_id.py:62}}
Nov 02 13:00:54.260643 dv-cinder-863276-1-smb devstack@c-api.service[117620]: /usr/local/lib/python3.8/dist-packages/oslo_context/context.py:100: DeprecationWarning: Policy enforcement is depending on the value of is_admin. This key is deprecated. Please update your policy file to use the standard policy values.
Nov 02 13:00:54.260643 dv-cinder-863276-1-smb devstack@c-api.service[117620]: warnings.warn('Policy enforcement is depending on the value of '
Nov 02 13:00:54.272081 dv-cinder-863276-1-smb devstack@c-api.service[117620]: INFO cinder.volume.api [None req-96511a8b-c9b9-44fc-8e66-bf66a0551c46 tempest-UserMessagesTest-1686005362 tempest-UserMessagesTest-1686005362-project] Volume info retrieved successfully.
Nov 02 13:00:54.285907 dv-cinder-863276-1-smb devstack@c-api.service[117620]: INFO cinder.api.openstack.wsgi [None req-96511a8b-c9b9-44fc-8e66-bf66a0551c46 tempest-UserMessagesTest-1686005362 tempest-UserMessagesTest-1686005362-project] http://10.222.0.73/volume/v3/e4a4dcd0b0c04078bd68ccbb4482c13e/volumes/eec6e9b6-2383-4595-a46a-12fbb66af1bc returned with HTTP 200
Nov 02 13:00:54.287457 dv-cinder-863276-1-smb devstack@c-api.service[117620]: [pid: 117620|app: 0|req: 34/67] 10.222.0.73 () {60 vars in 1365 bytes} [Wed Nov 2 13:00:54 2022] GET /volume/v3/e4a4dcd0b0c04078bd68ccbb4482c13e/volumes/eec6e9b6-2383-4595-a46a-12fbb66af1bc => generated 920 bytes in 78 msecs (HTTP/1.1 200) 7 headers in 285 bytes (1 switches on core 0)
Nov 02 13:00:55.131781 dv-cinder-863276-1-smb devstack@c-api.service[117619]: INFO cinder.api.openstack.wsgi [None req-c284daa8-d5e0-4549-b059-fd9cd7dac610 tempest-QosSpecsTestJSON-1696924661 tempest-QosSpecsTestJSON-1696924661-project-admin] POST http://10.222.0.73/volume/v3/b850667e54d8414ab85ff6145a005b0b/qos-specs
Nov 02 13:00:55.132942 dv-cinder-863276-1-smb devstack@c-api.service[117619]: DEBUG cinder.api.openstack.wsgi [None req-c284daa8-d5e0-4549-b059-fd9cd7dac610 tempest-QosSpecsTestJSON-1696924661 tempest-QosSpecsTestJSON-1696924661-project-admin] Action: 'create', calling method: create, body: {"qos_specs": {"name": "tempest-QosSpecsTestJSON-QoS-1780398805", "consumer": "front-end", "read_iops_sec": "2000"}} {{(pid=117619) _process_stack /opt/stack/cinder/cinder/api/openstack/wsgi.py:866}}
Nov 02 13:00:55.139393 dv-cinder-863276-1-smb devstack@c-api.service[117619]: /usr/local/lib/python3.8/dist-packages/oslo_context/context.py:100: DeprecationWarning: Policy enforcement is depending on the value of is_admin. This key is deprecated. Please update your policy file to use the standard policy values.
Nov 02 13:00:55.139393 dv-cinder-863276-1-smb devstack@c-api.service[117619]: warnings.warn('Policy enforcement is depending on the value of '
Nov 02 13:00:55.140237 dv-cinder-863276-1-smb devstack@c-api.service[117619]: DEBUG cinder.volume.qos_specs [None req-c284daa8-d5e0-4549-b059-fd9cd7dac610 tempest-QosSpecsTestJSON-1696924661 tempest-QosSpecsTestJSON-1696924661-project-admin] Dict for qos_specs: {'name': 'tempest-QosSpecsTestJSON-QoS-1780398805', 'consumer': 'front-end', 'specs': {'read_iops_sec': '2000'}} {{(pid=117619) create /opt/stack/cinder/cinder/volume/qos_specs.py:64}}
Nov 02 13:00:55.172683 dv-cinder-863276-1-smb devstack@c-api.service[117619]: DEBUG cinder.db.sqlalchemy.api [None req-c284daa8-d5e0-4549-b059-fd9cd7dac610 tempest-QosSpecsTestJSON-1696924661 tempest-QosSpecsTestJSON-1696924661-project-admin] DB qos_specs_create(): root {'id': 'd274bac1-4d4c-4adf-bc1a-37de63858496', 'key': 'QoS_Specs_Name', 'value': 'tempest-QosSpecsTestJSON-QoS-1780398805'} {{(pid=117619) qos_specs_create /opt/stack/cinder/cinder/db/sqlalchemy/api.py:4853}}
Nov 02 13:00:55.309863 dv-cinder-863276-1-smb devstack@c-api.service[117620]: DEBUG cinder.api.middleware.request_id [None req-2e363ebb-db67-4598-ae91-237ed4868172 None None] RequestId filter calling following filter/app {{(pid=117620) _context_setter /opt/stack/cinder/cinder/api/middleware/request_id.py:62}}
Nov 02 13:00:55.313631 dv-cinder-863276-1-smb devstack@c-api.service[117620]: INFO cinder.api.openstack.wsgi [None req-2e363ebb-db67-4598-ae91-237ed4868172 tempest-UserMessagesTest-1686005362 tempest-UserMessagesTest-1686005362-project] GET http://10.222.0.73/volume/v3/e4a4dcd0b0c04078bd68ccbb4482c13e/volumes/eec6e9b6-2383-4595-a46a-12fbb66af1bc
Nov 02 13:00:55.314288 dv-cinder-863276-1-smb devstack@c-api.service[117620]: DEBUG cinder.api.openstack.wsgi [None req-2e363ebb-db67-4598-ae91-237ed4868172 tempest-UserMessagesTest-1686005362 tempest-UserMessagesTest-1686005362-project] Empty body provided in request {{(pid=117620) get_body /opt/stack/cinder/cinder/api/openstack/wsgi.py:715}}
Nov 02 13:00:55.314814 dv-cinder-863276-1-smb devstack@c-api.service[117620]: DEBUG cinder.api.openstack.wsgi [None req-2e363ebb-db67-4598-ae91-237ed4868172 tempest-UserMessagesTest-1686005362 tempest-UserMessagesTest-1686005362-project] Calling method 'show' {{(pid=117620) _process_stack /opt/stack/cinder/cinder/api/openstack/wsgi.py:868}}
Nov 02 13:00:55.329293 dv-cinder-863276-1-smb devstack@c-api.service[117619]: INFO cinder.api.openstack.wsgi [None req-c284daa8-d5e0-4549-b059-fd9cd7dac610 tempest-QosSpecsTestJSON-1696924661 tempest-QosSpecsTestJSON-1696924661-project-admin] http://10.222.0.73/volume/v3/b850667e54d8414ab85ff6145a005b0b/qos-specs returned with HTTP 200
Nov 02 13:00:55.329744 dv-cinder-863276-1-smb devstack@c-api.service[117620]: /usr/local/lib/python3.8/dist-packages/oslo_context/context.py:100: DeprecationWarning: Policy enforcement is depending on the value of is_admin. This key is deprecated. Please update your policy file to use the standard policy values.
Nov 02 13:00:55.329744 dv-cinder-863276-1-smb devstack@c-api.service[117620]: warnings.warn('Policy enforcement is depending on the value of '
Nov 02 13:00:55.332466 dv-cinder-863276-1-smb devstack@c-api.service[117619]: [pid: 117619|app: 0|req: 34/68] 10.222.0.73 () {60 vars in 1242 bytes} [Wed Nov 2 13:00:54 2022] POST /volume/v3/b850667e54d8414ab85ff6145a005b0b/qos-specs => generated 459 bytes in 1112 msecs (HTTP/1.1 200) 7 headers in 285 bytes (1 switches on core 0)
Nov 02 13:00:55.340878 dv-cinder-863276-1-smb devstack@c-api.service[117620]: INFO cinder.volume.api [None req-2e363ebb-db67-4598-ae91-237ed4868172 tempest-UserMessagesTest-1686005362 tempest-UserMessagesTest-1686005362-project] Volume info retrieved successfully.
Nov 02 13:00:55.346808 dv-cinder-863276-1-smb devstack@c-api.service[117619]: DEBUG cinder.api.middleware.request_id [None req-62b34987-2cf7-46aa-bf0e-2e705c28dd47 None None] RequestId filter calling following filter/app {{(pid=117619) _context_setter /opt/stack/cinder/cinder/api/middleware/request_id.py:62}}
Nov 02 13:00:55.347519 dv-cinder-863276-1-smb devstack@c-api.service[117620]: INFO cinder.api.openstack.wsgi [None req-2e363ebb-db67-4598-ae91-237ed4868172 tempest-UserMessagesTest-1686005362 tempest-UserMessagesTest-1686005362-project] http://10.222.0.73/volume/v3/e4a4dcd0b0c04078bd68ccbb4482c13e/volumes/eec6e9b6-2383-4595-a46a-12fbb66af1bc returned with HTTP 200
Nov 02 13:00:55.348320 dv-cinder-863276-1-smb devstack@c-api.service[117620]: [pid: 117620|app: 0|req: 35/69] 10.222.0.73 () {60 vars in 1365 bytes} [Wed Nov 2 13:00:55 2022] GET /volume/v3/e4a4dcd0b0c04078bd68ccbb4482c13e/volumes/eec6e9b6-2383-4595-a46a-12fbb66af1bc => generated 941 bytes in 40 msecs (HTTP/1.1 200) 7 headers in 285 bytes (2 switches on core 0)
Nov 02 13:00:55.350894 dv-cinder-863276-1-smb devstack@c-api.service[117619]: INFO cinder.api.openstack.wsgi [None req-62b34987-2cf7-46aa-bf0e-2e705c28dd47 tempest-QosSpecsTestJSON-1696924661 tempest-QosSpecsTestJSON-1696924661-project-admin] POST http://10.222.0.73/volume/v3/b850667e54d8414ab85ff6145a005b0b/types
Nov 02 13:00:55.352471 dv-cinder-863276-1-smb devstack@c-api.service[117619]: DEBUG cinder.api.openstack.wsgi [None req-62b34987-2cf7-46aa-bf0e-2e705c28dd47 tempest-QosSpecsTestJSON-1696924661 tempest-QosSpecsTestJSON-1696924661-project-admin] Action: 'create', calling method: _create, body: {"volume_type": {"name": "tempest-QosSpecsTestJSON-volume-type-619274854"}} {{(pid=117619) _process_stack /opt/stack/cinder/cinder/api/openstack/wsgi.py:866}}
Nov 02 13:00:55.356057 dv-cinder-863276-1-smb devstack@c-api.service[117619]: /usr/local/lib/python3.8/dist-packages/oslo_context/context.py:100: DeprecationWarning: Policy enforcement is depending on the value of is_admin. This key is deprecated. Please update your policy file to use the standard policy values.
Nov 02 13:00:55.356057 dv-cinder-863276-1-smb devstack@c-api.service[117619]: warnings.warn('Policy enforcement is depending on the value of '
Nov 02 13:00:55.367254 dv-cinder-863276-1-smb devstack@c-api.service[117620]: DEBUG cinder.api.middleware.request_id [None req-b71a1c06-df85-45c4-a95a-0397a41bc853 None None] RequestId filter calling following filter/app {{(pid=117620) _context_setter /opt/stack/cinder/cinder/api/middleware/request_id.py:62}}
Nov 02 13:00:55.373432 dv-cinder-863276-1-smb devstack@c-api.service[117620]: INFO cinder.api.openstack.wsgi [None req-b71a1c06-df85-45c4-a95a-0397a41bc853 tempest-UserMessagesTest-1686005362 tempest-UserMessagesTest-1686005362-project] GET http://10.222.0.73/volume/v3/e4a4dcd0b0c04078bd68ccbb4482c13e/messages
Nov 02 13:00:55.373933 dv-cinder-863276-1-smb devstack@c-api.service[117620]: DEBUG cinder.api.openstack.wsgi [None req-b71a1c06-df85-45c4-a95a-0397a41bc853 tempest-UserMessagesTest-1686005362 tempest-UserMessagesTest-1686005362-project] Empty body provided in request {{(pid=117620) get_body /opt/stack/cinder/cinder/api/openstack/wsgi.py:715}}
Nov 02 13:00:55.375451 dv-cinder-863276-1-smb devstack@c-api.service[117620]: DEBUG cinder.api.openstack.wsgi [None req-b71a1c06-df85-45c4-a95a-0397a41bc853 tempest-UserMessagesTest-1686005362 tempest-UserMessagesTest-1686005362-project] Calling method 'version_select' {{(pid=117620) _process_stack /opt/stack/cinder/cinder/api/openstack/wsgi.py:868}}
Nov 02 13:00:55.389601 dv-cinder-863276-1-smb devstack@c-api.service[117620]: INFO cinder.api.openstack.wsgi [None req-b71a1c06-df85-45c4-a95a-0397a41bc853 tempest-UserMessagesTest-1686005362 tempest-UserMessagesTest-1686005362-project] http://10.222.0.73/volume/v3/e4a4dcd0b0c04078bd68ccbb4482c13e/messages returned with HTTP 200
Nov 02 13:00:55.390807 dv-cinder-863276-1-smb devstack@c-api.service[117620]: [pid: 117620|app: 0|req: 36/70] 10.222.0.73 () {60 vars in 1257 bytes} [Wed Nov 2 13:00:55 2022] GET /volume/v3/e4a4dcd0b0c04078bd68ccbb4482c13e/messages => generated 736 bytes in 24 msecs (HTTP/1.1 200) 7 headers in 285 bytes (2 switches on core 0)
Nov 02 13:00:55.411539 dv-cinder-863276-1-smb devstack@c-api.service[117620]: DEBUG cinder.api.middleware.request_id [None req-04d88fa6-970a-48c7-8e2f-5f572dac2646 None None] RequestId filter calling following filter/app {{(pid=117620) _context_setter /opt/stack/cinder/cinder/api/middleware/request_id.py:62}}
Nov 02 13:00:55.418985 dv-cinder-863276-1-smb devstack@c-api.service[117620]: INFO cinder.api.openstack.wsgi [None req-04d88fa6-970a-48c7-8e2f-5f572dac2646 tempest-UserMessagesTest-1686005362 tempest-UserMessagesTest-1686005362-project] DELETE http://10.222.0.73/volume/v3/e4a4dcd0b0c04078bd68ccbb4482c13e/messages/2f7ea891-f8e1-4eea-b0d3-e15f8a6759f1
Nov 02 13:00:55.419533 dv-cinder-863276-1-smb devstack@c-api.service[117620]: DEBUG cinder.api.openstack.wsgi [None req-04d88fa6-970a-48c7-8e2f-5f572dac2646 tempest-UserMessagesTest-1686005362 tempest-UserMessagesTest-1686005362-project] Empty body provided in request {{(pid=117620) get_body /opt/stack/cinder/cinder/api/openstack/wsgi.py:715}}
Nov 02 13:00:55.420028 dv-cinder-863276-1-smb devstack@c-api.service[117620]: DEBUG cinder.api.openstack.wsgi [None req-04d88fa6-970a-48c7-8e2f-5f572dac2646 tempest-UserMessagesTest-1686005362 tempest-UserMessagesTest-1686005362-project] Calling method 'version_select' {{(pid=117620) _process_stack /opt/stack/cinder/cinder/api/openstack/wsgi.py:868}}
Nov 02 13:00:55.497095 dv-cinder-863276-1-smb devstack@c-api.service[117619]: INFO cinder.api.openstack.wsgi [None req-62b34987-2cf7-46aa-bf0e-2e705c28dd47 tempest-QosSpecsTestJSON-1696924661 tempest-QosSpecsTestJSON-1696924661-project-admin] http://10.222.0.73/volume/v3/b850667e54d8414ab85ff6145a005b0b/types returned with HTTP 200
Nov 02 13:00:55.497394 dv-cinder-863276-1-smb devstack@c-api.service[117619]: [pid: 117619|app: 0|req: 35/71] 10.222.0.73 () {60 vars in 1229 bytes} [Wed Nov 2 13:00:55 2022] POST /volume/v3/b850667e54d8414ab85ff6145a005b0b/types => generated 221 bytes in 153 msecs (HTTP/1.1 200) 7 headers in 285 bytes (1 switches on core 0)
Nov 02 13:00:55.506210 dv-cinder-863276-1-smb devstack@c-api.service[117619]: DEBUG cinder.api.middleware.request_id [None req-7724db7f-f193-47d6-9e0b-489e04517b9a None None] RequestId filter calling following filter/app {{(pid=117619) _context_setter /opt/stack/cinder/cinder/api/middleware/request_id.py:62}}
Nov 02 13:00:55.517018 dv-cinder-863276-1-smb devstack@c-api.service[117619]: INFO cinder.api.openstack.wsgi [None req-7724db7f-f193-47d6-9e0b-489e04517b9a tempest-QosSpecsTestJSON-1696924661 tempest-QosSpecsTestJSON-1696924661-project-admin] POST http://10.222.0.73/volume/v3/b850667e54d8414ab85ff6145a005b0b/types
Nov 02 13:00:55.518456 dv-cinder-863276-1-smb devstack@c-api.service[117619]: DEBUG cinder.api.openstack.wsgi [None req-7724db7f-f193-47d6-9e0b-489e04517b9a tempest-QosSpecsTestJSON-1696924661 tempest-QosSpecsTestJSON-1696924661-project-admin] Action: 'create', calling method: _create, body: {"volume_type": {"name": "tempest-QosSpecsTestJSON-volume-type-661589380"}} {{(pid=117619) _process_stack /opt/stack/cinder/cinder/api/openstack/wsgi.py:866}}
Nov 02 13:00:55.599417 dv-cinder-863276-1-smb devstack@c-api.service[117620]: INFO cinder.api.openstack.wsgi [None req-04d88fa6-970a-48c7-8e2f-5f572dac2646 tempest-UserMessagesTest-1686005362 tempest-UserMessagesTest-1686005362-project] http://10.222.0.73/volume/v3/e4a4dcd0b0c04078bd68ccbb4482c13e/messages/2f7ea891-f8e1-4eea-b0d3-e15f8a6759f1 returned with HTTP 204
Nov 02 13:00:55.603585 dv-cinder-863276-1-smb devstack@c-api.service[117620]: [pid: 117620|app: 0|req: 37/72] 10.222.0.73 () {60 vars in 1371 bytes} [Wed Nov 2 13:00:55 2022] DELETE /volume/v3/e4a4dcd0b0c04078bd68ccbb4482c13e/messages/2f7ea891-f8e1-4eea-b0d3-e15f8a6759f1 => generated 0 bytes in 190 msecs (HTTP/1.1 204) 6 headers in 235 bytes (1 switches on core 0)
Nov 02 13:00:55.605014 dv-cinder-863276-1-smb devstack@c-api.service[117620]: DEBUG cinder.api.middleware.request_id [None req-cd487847-ecd6-46e4-bae6-4ed86b6be38b None None] RequestId filter calling following filter/app {{(pid=117620) _context_setter /opt/stack/cinder/cinder/api/middleware/request_id.py:62}}
Nov 02 13:00:55.614172 dv-cinder-863276-1-smb devstack@c-api.service[117620]: INFO cinder.api.openstack.wsgi [None req-cd487847-ecd6-46e4-bae6-4ed86b6be38b tempest-UserMessagesTest-1686005362 tempest-UserMessagesTest-1686005362-project] GET http://10.222.0.73/volume/v3/e4a4dcd0b0c04078bd68ccbb4482c13e/messages/2f7ea891-f8e1-4eea-b0d3-e15f8a6759f1
Nov 02 13:00:55.614172 dv-cinder-863276-1-smb devstack@c-api.service[117620]: DEBUG cinder.api.openstack.wsgi [None req-cd487847-ecd6-46e4-bae6-4ed86b6be38b tempest-UserMessagesTest-1686005362 tempest-UserMessagesTest-1686005362-project] Empty body provided in request {{(pid=117620) get_body /opt/stack/cinder/cinder/api/openstack/wsgi.py:715}}
Nov 02 13:00:55.614172 dv-cinder-863276-1-smb devstack@c-api.service[117620]: DEBUG cinder.api.openstack.wsgi [None req-cd487847-ecd6-46e4-bae6-4ed86b6be38b tempest-UserMessagesTest-1686005362 tempest-UserMessagesTest-1686005362-project] Calling method 'version_select' {{(pid=117620) _process_stack /opt/stack/cinder/cinder/api/openstack/wsgi.py:868}}
Nov 02 13:00:55.618800 dv-cinder-863276-1-smb devstack@c-api.service[117620]: INFO cinder.api.openstack.wsgi [None req-cd487847-ecd6-46e4-bae6-4ed86b6be38b tempest-UserMessagesTest-1686005362 tempest-UserMessagesTest-1686005362-project] http://10.222.0.73/volume/v3/e4a4dcd0b0c04078bd68ccbb4482c13e/messages/2f7ea891-f8e1-4eea-b0d3-e15f8a6759f1 returned with HTTP 404
Nov 02 13:00:55.638746 dv-cinder-863276-1-smb devstack@c-api.service[117620]: [pid: 117620|app: 0|req: 38/73] 10.222.0.73 () {60 vars in 1368 bytes} [Wed Nov 2 13:00:55 2022] GET /volume/v3/e4a4dcd0b0c04078bd68ccbb4482c13e/messages/2f7ea891-f8e1-4eea-b0d3-e15f8a6759f1 => generated 110 bytes in 35 msecs (HTTP/1.1 404) 7 headers in 292 bytes (1 switches on core 0)
Nov 02 13:00:55.642791 dv-cinder-863276-1-smb devstack@c-api.service[117620]: DEBUG cinder.api.middleware.request_id [None req-506ed048-4201-442c-9353-9b8faf0f33a4 None None] RequestId filter calling following filter/app {{(pid=117620) _context_setter /opt/stack/cinder/cinder/api/middleware/request_id.py:62}}
Nov 02 13:00:55.644733 dv-cinder-863276-1-smb devstack@c-api.service[117620]: INFO cinder.api.openstack.wsgi [None req-506ed048-4201-442c-9353-9b8faf0f33a4 tempest-UserMessagesTest-2142274737 tempest-UserMessagesTest-2142274737-project-admin] POST http://10.222.0.73/volume/v3/33a82cd6c12f4b4e9817d1e341f18cd1/types
Nov 02 13:00:55.645640 dv-cinder-863276-1-smb devstack@c-api.service[117620]: DEBUG cinder.api.openstack.wsgi [None req-506ed048-4201-442c-9353-9b8faf0f33a4 tempest-UserMessagesTest-2142274737 tempest-UserMessagesTest-2142274737-project-admin] Action: 'create', calling method: _create, body: {"volume_type": {"name": "tempest-UserMessagesTest-volume-type-1834675396", "extra_specs": {"storage_protocol": "tempest-storage_protocol-793687557", "vendor_name": "tempest-vendor_name-1514395934"}}} {{(pid=117620) _process_stack /opt/stack/cinder/cinder/api/openstack/wsgi.py:866}}
Nov 02 13:00:55.674813 dv-cinder-863276-1-smb devstack@c-api.service[117619]: INFO cinder.api.openstack.wsgi [None req-7724db7f-f193-47d6-9e0b-489e04517b9a tempest-QosSpecsTestJSON-1696924661 tempest-QosSpecsTestJSON-1696924661-project-admin] http://10.222.0.73/volume/v3/b850667e54d8414ab85ff6145a005b0b/types returned with HTTP 200
Nov 02 13:00:55.683033 dv-cinder-863276-1-smb devstack@c-api.service[117619]: [pid: 117619|app: 0|req: 36/74] 10.222.0.73 () {60 vars in 1229 bytes} [Wed Nov 2 13:00:55 2022] POST /volume/v3/b850667e54d8414ab85ff6145a005b0b/types => generated 221 bytes in 170 msecs (HTTP/1.1 200) 7 headers in 285 bytes (1 switches on core 0)
Nov 02 13:00:55.683241 dv-cinder-863276-1-smb devstack@c-api.service[117619]: DEBUG cinder.api.middleware.request_id [None req-3af3bed2-6d08-40aa-a5c4-7a757d444dbc None None] RequestId filter calling following filter/app {{(pid=117619) _context_setter /opt/stack/cinder/cinder/api/middleware/request_id.py:62}}
Nov 02 13:00:55.687596 dv-cinder-863276-1-smb devstack@c-api.service[117619]: INFO cinder.api.openstack.wsgi [None req-3af3bed2-6d08-40aa-a5c4-7a757d444dbc tempest-QosSpecsTestJSON-1696924661 tempest-QosSpecsTestJSON-1696924661-project-admin] POST http://10.222.0.73/volume/v3/b850667e54d8414ab85ff6145a005b0b/types
Nov 02 13:00:55.688362 dv-cinder-863276-1-smb devstack@c-api.service[117619]: DEBUG cinder.api.openstack.wsgi [None req-3af3bed2-6d08-40aa-a5c4-7a757d444dbc tempest-QosSpecsTestJSON-1696924661 tempest-QosSpecsTestJSON-1696924661-project-admin] Action: 'create', calling method: _create, body: {"volume_type": {"name": "tempest-QosSpecsTestJSON-volume-type-9530394"}} {{(pid=117619) _process_stack /opt/stack/cinder/cinder/api/openstack/wsgi.py:866}}
Nov 02 13:00:55.797549 dv-cinder-863276-1-smb devstack@c-api.service[117619]: INFO cinder.api.openstack.wsgi [None req-3af3bed2-6d08-40aa-a5c4-7a757d444dbc tempest-QosSpecsTestJSON-1696924661 tempest-QosSpecsTestJSON-1696924661-project-admin] http://10.222.0.73/volume/v3/b850667e54d8414ab85ff6145a005b0b/types returned with HTTP 200
Nov 02 13:00:55.805770 dv-cinder-863276-1-smb devstack@c-api.service[117619]: [pid: 117619|app: 0|req: 37/75] 10.222.0.73 () {60 vars in 1229 bytes} [Wed Nov 2 13:00:55 2022] POST /volume/v3/b850667e54d8414ab85ff6145a005b0b/types => generated 219 bytes in 123 msecs (HTTP/1.1 200) 7 headers in 285 bytes (2 switches on core 0)
Nov 02 13:00:55.808599 dv-cinder-863276-1-smb devstack@c-api.service[117619]: DEBUG cinder.api.middleware.request_id [None req-df998155-3526-457f-a42b-df2d2bd436d1 None None] RequestId filter calling following filter/app {{(pid=117619) _context_setter /opt/stack/cinder/cinder/api/middleware/request_id.py:62}}
Nov 02 13:00:55.817627 dv-cinder-863276-1-smb devstack@c-api.service[117620]: INFO cinder.api.openstack.wsgi [None req-506ed048-4201-442c-9353-9b8faf0f33a4 tempest-UserMessagesTest-2142274737 tempest-UserMessagesTest-2142274737-project-admin] http://10.222.0.73/volume/v3/33a82cd6c12f4b4e9817d1e341f18cd1/types returned with HTTP 200
Nov 02 13:00:55.818947 dv-cinder-863276-1-smb devstack@c-api.service[117620]: [pid: 117620|app: 0|req: 39/76] 10.222.0.73 () {60 vars in 1230 bytes} [Wed Nov 2 13:00:55 2022] POST /volume/v3/33a82cd6c12f4b4e9817d1e341f18cd1/types => generated 327 bytes in 179 msecs (HTTP/1.1 200) 7 headers in 285 bytes (1 switches on core 0)
Nov 02 13:00:55.823634 dv-cinder-863276-1-smb devstack@c-api.service[117619]: INFO cinder.api.openstack.wsgi [None req-df998155-3526-457f-a42b-df2d2bd436d1 tempest-QosSpecsTestJSON-1696924661 tempest-QosSpecsTestJSON-1696924661-project-admin] GET http://10.222.0.73/volume/v3/b850667e54d8414ab85ff6145a005b0b/qos-specs/d274bac1-4d4c-4adf-bc1a-37de63858496/associate?vol_type_id=8c0cc7e8-ffe7-4c79-9062-72c65bfdbebe
Nov 02 13:00:55.825201 dv-cinder-863276-1-smb devstack@c-api.service[117619]: DEBUG cinder.api.openstack.wsgi [None req-df998155-3526-457f-a42b-df2d2bd436d1 tempest-QosSpecsTestJSON-1696924661 tempest-QosSpecsTestJSON-1696924661-project-admin] Empty body provided in request {{(pid=117619) get_body /opt/stack/cinder/cinder/api/openstack/wsgi.py:715}}
Nov 02 13:00:55.827367 dv-cinder-863276-1-smb devstack@c-api.service[117620]: DEBUG cinder.api.middleware.request_id [None req-66b55ccf-d170-4a8e-ae01-bf3e17e5ae5b None None] RequestId filter calling following filter/app {{(pid=117620) _context_setter /opt/stack/cinder/cinder/api/middleware/request_id.py:62}}
Nov 02 13:00:55.836996 dv-cinder-863276-1-smb devstack@c-api.service[117619]: DEBUG cinder.api.openstack.wsgi [None req-df998155-3526-457f-a42b-df2d2bd436d1 tempest-QosSpecsTestJSON-1696924661 tempest-QosSpecsTestJSON-1696924661-project-admin] Calling method 'associate' {{(pid=117619) _process_stack /opt/stack/cinder/cinder/api/openstack/wsgi.py:868}}
Nov 02 13:00:55.839719 dv-cinder-863276-1-smb devstack@c-api.service[117620]: INFO cinder.api.openstack.wsgi [None req-66b55ccf-d170-4a8e-ae01-bf3e17e5ae5b tempest-UserMessagesTest-1686005362 tempest-UserMessagesTest-1686005362-project] POST http://10.222.0.73/volume/v3/e4a4dcd0b0c04078bd68ccbb4482c13e/volumes
Nov 02 13:00:55.840531 dv-cinder-863276-1-smb devstack@c-api.service[117620]: DEBUG cinder.api.openstack.wsgi [None req-66b55ccf-d170-4a8e-ae01-bf3e17e5ae5b tempest-UserMessagesTest-1686005362 tempest-UserMessagesTest-1686005362-project] Action: 'create', calling method: create, body: {"volume": {"volume_type": "b5079b9e-9e73-4f28-a0d1-c708d9d19090", "size": 1, "name": "tempest-UserMessagesTest-Volume-1309428720"}} {{(pid=117620) _process_stack /opt/stack/cinder/cinder/api/openstack/wsgi.py:866}}
Nov 02 13:00:55.843389 dv-cinder-863276-1-smb devstack@c-api.service[117619]: DEBUG cinder.api.contrib.qos_specs_manage [None req-df998155-3526-457f-a42b-df2d2bd436d1 tempest-QosSpecsTestJSON-1696924661 tempest-QosSpecsTestJSON-1696924661-project-admin] Associate qos_spec: d274bac1-4d4c-4adf-bc1a-37de63858496 with type: 8c0cc7e8-ffe7-4c79-9062-72c65bfdbebe {{(pid=117619) associate /opt/stack/cinder/cinder/api/contrib/qos_specs_manage.py:275}}
Nov 02 13:00:55.846473 dv-cinder-863276-1-smb devstack@c-api.service[117620]: DEBUG cinder.api.v3.volumes [None req-66b55ccf-d170-4a8e-ae01-bf3e17e5ae5b tempest-UserMessagesTest-1686005362 tempest-UserMessagesTest-1686005362-project] Create volume request body: {'volume': {'volume_type': 'b5079b9e-9e73-4f28-a0d1-c708d9d19090', 'size': 1, 'name': 'tempest-UserMessagesTest-Volume-1309428720'}} {{(pid=117620) create /opt/stack/cinder/cinder/api/v3/volumes.py:298}}
Nov 02 13:00:55.869120 dv-cinder-863276-1-smb devstack@c-api.service[117620]: INFO cinder.api.v3.volumes [None req-66b55ccf-d170-4a8e-ae01-bf3e17e5ae5b tempest-UserMessagesTest-1686005362 tempest-UserMessagesTest-1686005362-project] Create volume of 1 GB
Nov 02 13:00:55.869843 dv-cinder-863276-1-smb devstack@c-api.service[117620]: /usr/local/lib/python3.8/dist-packages/oslo_context/context.py:100: DeprecationWarning: Policy enforcement is depending on the value of is_admin. This key is deprecated. Please update your policy file to use the standard policy values.
Nov 02 13:00:55.869843 dv-cinder-863276-1-smb devstack@c-api.service[117620]: warnings.warn('Policy enforcement is depending on the value of '
Nov 02 13:00:55.870932 dv-cinder-863276-1-smb devstack@c-api.service[117620]: INFO cinder.volume.api [None req-66b55ccf-d170-4a8e-ae01-bf3e17e5ae5b tempest-UserMessagesTest-1686005362 tempest-UserMessagesTest-1686005362-project] Availability Zones retrieved successfully.
Nov 02 13:00:55.910909 dv-cinder-863276-1-smb devstack@c-api.service[117620]: DEBUG cinder.volume.api [None req-66b55ccf-d170-4a8e-ae01-bf3e17e5ae5b tempest-UserMessagesTest-1686005362 tempest-UserMessagesTest-1686005362-project] Flow 'volume_create_api' (20b3edbf-9c73-4677-b73a-e3d9fd29f7eb) transitioned into state 'RUNNING' from state 'PENDING' {{(pid=117620) _flow_receiver /usr/local/lib/python3.8/dist-packages/taskflow/listeners/logging.py:141}}
Nov 02 13:00:55.915062 dv-cinder-863276-1-smb devstack@c-api.service[117620]: DEBUG cinder.volume.api [None req-66b55ccf-d170-4a8e-ae01-bf3e17e5ae5b tempest-UserMessagesTest-1686005362 tempest-UserMessagesTest-1686005362-project] Task 'cinder.volume.flows.api.create_volume.ExtractVolumeRequestTask;volume:create' (f1da6be2-1e82-43f5-8022-69170d718da2) transitioned into state 'RUNNING' from state 'PENDING' {{(pid=117620) _task_receiver /usr/local/lib/python3.8/dist-packages/taskflow/listeners/logging.py:190}}
Nov 02 13:00:55.918485 dv-cinder-863276-1-smb devstack@c-api.service[117620]: DEBUG cinder.volume.flows.api.create_volume [None req-66b55ccf-d170-4a8e-ae01-bf3e17e5ae5b tempest-UserMessagesTest-1686005362 tempest-UserMessagesTest-1686005362-project] Validating volume size '1' using validate_int {{(pid=117620) _extract_size /opt/stack/cinder/cinder/volume/flows/api/create_volume.py:225}}
Nov 02 13:00:55.951296 dv-cinder-863276-1-smb devstack@c-api.service[117620]: DEBUG cinder.volume.api [None req-66b55ccf-d170-4a8e-ae01-bf3e17e5ae5b tempest-UserMessagesTest-1686005362 tempest-UserMessagesTest-1686005362-project] Task 'cinder.volume.flows.api.create_volume.ExtractVolumeRequestTask;volume:create' (f1da6be2-1e82-43f5-8022-69170d718da2) transitioned into state 'SUCCESS' from state 'RUNNING' with result '{'size': 1, 'snapshot_id': None, 'source_volid': None, 'volume_type': VolumeType(created_at=2022-11-02T13:00:56Z,deleted=False,deleted_at=None,description=None,extra_specs={storage_protocol='tempest-storage_protocol-793687557',vendor_name='tempest-vendor_name-1514395934'},id=b5079b9e-9e73-4f28-a0d1-c708d9d19090,is_public=True,name='tempest-UserMessagesTest-volume-type-1834675396',projects=[],qos_specs=,qos_specs_id=None,updated_at=None), 'volume_type_id': 'b5079b9e-9e73-4f28-a0d1-c708d9d19090', 'encryption_key_id': None, 'qos_specs': None, 'consistencygroup_id': None, 'cgsnapshot_id': None, 'group_id': None, 'replication_status': 'disabled', 'refresh_az': False, 'backup_id': None, 'multiattach': False, 'availability_zones': ['nova']}' {{(pid=117620) _task_receiver /usr/local/lib/python3.8/dist-packages/taskflow/listeners/logging.py:178}}
Nov 02 13:00:55.954132 dv-cinder-863276-1-smb devstack@c-api.service[117620]: DEBUG cinder.volume.api [None req-66b55ccf-d170-4a8e-ae01-bf3e17e5ae5b tempest-UserMessagesTest-1686005362 tempest-UserMessagesTest-1686005362-project] Task 'cinder.volume.flows.api.create_volume.QuotaReserveTask;volume:create' (8782db82-2407-4cf8-ae60-253105d24d2a) transitioned into state 'RUNNING' from state 'PENDING' {{(pid=117620) _task_receiver /usr/local/lib/python3.8/dist-packages/taskflow/listeners/logging.py:190}}
Nov 02 13:00:55.969789 dv-cinder-863276-1-smb devstack@c-api.service[117619]: INFO cinder.api.openstack.wsgi [None req-df998155-3526-457f-a42b-df2d2bd436d1 tempest-QosSpecsTestJSON-1696924661 tempest-QosSpecsTestJSON-1696924661-project-admin] http://10.222.0.73/volume/v3/b850667e54d8414ab85ff6145a005b0b/qos-specs/d274bac1-4d4c-4adf-bc1a-37de63858496/associate?vol_type_id=8c0cc7e8-ffe7-4c79-9062-72c65bfdbebe returned with HTTP 202
Nov 02 13:00:55.970579 dv-cinder-863276-1-smb devstack@c-api.service[117619]: [pid: 117619|app: 0|req: 38/77] 10.222.0.73 () {58 vars in 1458 bytes} [Wed Nov 2 13:00:55 2022] GET /volume/v3/b850667e54d8414ab85ff6145a005b0b/qos-specs/d274bac1-4d4c-4adf-bc1a-37de63858496/associate?vol_type_id=8c0cc7e8-ffe7-4c79-9062-72c65bfdbebe => generated 0 bytes in 164 msecs (HTTP/1.1 202) 6 headers in 233 bytes (1 switches on core 0)
Nov 02 13:00:55.975802 dv-cinder-863276-1-smb devstack@c-api.service[117619]: DEBUG cinder.api.middleware.request_id [None req-234baae3-fc8a-464f-a108-4754bd93ab8f None None] RequestId filter calling following filter/app {{(pid=117619) _context_setter /opt/stack/cinder/cinder/api/middleware/request_id.py:62}}
Nov 02 13:00:55.983056 dv-cinder-863276-1-smb devstack@c-api.service[117619]: INFO cinder.api.openstack.wsgi [None req-234baae3-fc8a-464f-a108-4754bd93ab8f tempest-QosSpecsTestJSON-1696924661 tempest-QosSpecsTestJSON-1696924661-project-admin] GET http://10.222.0.73/volume/v3/b850667e54d8414ab85ff6145a005b0b/qos-specs/d274bac1-4d4c-4adf-bc1a-37de63858496/associate?vol_type_id=21be48cb-451c-4628-8b09-0fe54ad4b076
Nov 02 13:00:55.983780 dv-cinder-863276-1-smb devstack@c-api.service[117619]: DEBUG cinder.api.openstack.wsgi [None req-234baae3-fc8a-464f-a108-4754bd93ab8f tempest-QosSpecsTestJSON-1696924661 tempest-QosSpecsTestJSON-1696924661-project-admin] Empty body provided in request {{(pid=117619) get_body /opt/stack/cinder/cinder/api/openstack/wsgi.py:715}}
Nov 02 13:00:55.984374 dv-cinder-863276-1-smb devstack@c-api.service[117619]: DEBUG cinder.api.openstack.wsgi [None req-234baae3-fc8a-464f-a108-4754bd93ab8f tempest-QosSpecsTestJSON-1696924661 tempest-QosSpecsTestJSON-1696924661-project-admin] Calling method 'associate' {{(pid=117619) _process_stack /opt/stack/cinder/cinder/api/openstack/wsgi.py:868}}
Nov 02 13:00:55.985171 dv-cinder-863276-1-smb devstack@c-api.service[117619]: /usr/local/lib/python3.8/dist-packages/oslo_context/context.py:100: DeprecationWarning: Policy enforcement is depending on the value of is_admin. This key is deprecated. Please update your policy file to use the standard policy values.
Nov 02 13:00:55.985171 dv-cinder-863276-1-smb devstack@c-api.service[117619]: warnings.warn('Policy enforcement is depending on the value of '
Nov 02 13:00:55.988330 dv-cinder-863276-1-smb devstack@c-api.service[117619]: DEBUG cinder.api.contrib.qos_specs_manage [None req-234baae3-fc8a-464f-a108-4754bd93ab8f tempest-QosSpecsTestJSON-1696924661 tempest-QosSpecsTestJSON-1696924661-project-admin] Associate qos_spec: d274bac1-4d4c-4adf-bc1a-37de63858496 with type: 21be48cb-451c-4628-8b09-0fe54ad4b076 {{(pid=117619) associate /opt/stack/cinder/cinder/api/contrib/qos_specs_manage.py:275}}
Nov 02 13:00:55.997910 dv-cinder-863276-1-smb devstack@c-api.service[117620]: WARNING cinder.quota [None req-66b55ccf-d170-4a8e-ae01-bf3e17e5ae5b tempest-UserMessagesTest-1686005362 tempest-UserMessagesTest-1686005362-project] Deprecated: Default quota for resource: volumes_tempest-UserMessagesTest-volume-type-1834675396 is set by the default quota flag: quota_volumes_tempest-UserMessagesTest-volume-type-1834675396, it is now deprecated. Please use the default quota class for default quota.
