Oct 31 19:08:22.753116 dv-cinder-863097-1-smb devstack@keystone.service[81458]: DEBUG keystone.auth.core [None req-086d645a-9a00-4bea-8837-e1d9c969595f None None] MFA Rules not processed for user `c283501180e146e19c1574f09f326f1e`. Rule list: `[]` (Enabled: `True`). {{(pid=81458) check_auth_methods_against_rules /opt/stack/keystone/keystone/auth/core.py:438}}
Oct 31 19:08:22.754662 dv-cinder-863097-1-smb devstack@keystone.service[81458]: DEBUG keystone.common.fernet_utils [None req-086d645a-9a00-4bea-8837-e1d9c969595f None None] Loaded 2 Fernet keys from /etc/keystone/fernet-keys/, but `[fernet_tokens] max_active_keys = 3`; perhaps there have not been enough key rotations to reach `max_active_keys` yet? {{(pid=81458) load_keys /opt/stack/keystone/keystone/common/fernet_utils.py:286}}
Oct 31 19:08:22.759263 dv-cinder-863097-1-smb devstack@keystone.service[81457]: [pid: 81457|app: 0|req: 174/341] 10.222.0.23 () {58 vars in 1024 bytes} [Mon Oct 31 19:08:22 2022] POST /identity/v3/auth/tokens => generated 799 bytes in 102 msecs (HTTP/1.1 201) 6 headers in 363 bytes (1 switches on core 0)
Oct 31 19:08:22.851807 dv-cinder-863097-1-smb devstack@keystone.service[81458]: [pid: 81458|app: 0|req: 168/342] 10.222.0.23 () {58 vars in 1024 bytes} [Mon Oct 31 19:08:22 2022] POST /identity/v3/auth/tokens => generated 799 bytes in 134 msecs (HTTP/1.1 201) 6 headers in 363 bytes (2 switches on core 0)
Oct 31 19:08:22.877859 dv-cinder-863097-1-smb devstack@keystone.service[81457]: DEBUG keystone.server.flask.request_processing.middleware.auth_context [None req-b89dc1c7-2c73-4c91-a071-e6123f36aad5 None None] Authenticating user token {{(pid=81457) process_request /usr/local/lib/python3.8/dist-packages/keystonemiddleware/auth_token/__init__.py:407}}
Oct 31 19:08:22.880865 dv-cinder-863097-1-smb devstack@keystone.service[81457]: DEBUG dbcounter [-] [81457] Writing DB stats keystone:SELECT=100 {{(pid=81457) stat_writer /usr/local/lib/python3.8/dist-packages/dbcounter.py:114}}
Oct 31 19:08:23.020903 dv-cinder-863097-1-smb devstack@keystone.service[81457]: DEBUG keystone.server.flask.request_processing.middleware.auth_context [None req-b89dc1c7-2c73-4c91-a071-e6123f36aad5 None None] Validating token access rules against request {{(pid=81457) validate_allowed_request /usr/local/lib/python3.8/dist-packages/keystonemiddleware/auth_token/__init__.py:545}}
Oct 31 19:08:23.070047 dv-cinder-863097-1-smb devstack@keystone.service[81457]: DEBUG keystone.server.flask.request_processing.middleware.auth_context [None req-cafaaeb3-e934-493f-af57-723c4ef69330 None admin] RBAC: auth_context: {'token': , 'domain_id': None, 'trust_id': None, 'trustor_id': None, 'trustee_id': None, 'domain_name': None, 'group_ids': [], 'user_id': 'c283501180e146e19c1574f09f326f1e', 'user_domain_id': 'default', 'system_scope': 'all', 'project_id': None, 'project_domain_id': None, 'roles': ['admin', 'member', 'reader'], 'is_admin_project': True, 'service_user_id': None, 'service_user_domain_id': None, 'service_project_id': None, 'service_project_domain_id': None, 'service_roles': []} {{(pid=81457) fill_context /opt/stack/keystone/keystone/server/flask/request_processing/middleware/auth_context.py:478}}
Oct 31 19:08:23.071298 dv-cinder-863097-1-smb devstack@keystone.service[81457]: DEBUG keystone.server.flask.request_processing.req_logging [None req-cafaaeb3-e934-493f-af57-723c4ef69330 None admin] REQUEST_METHOD: `GET` {{(pid=81457) log_request_info /opt/stack/keystone/keystone/server/flask/request_processing/req_logging.py:27}}
Oct 31 19:08:23.071575 dv-cinder-863097-1-smb devstack@keystone.service[81457]: DEBUG keystone.server.flask.request_processing.req_logging [None req-cafaaeb3-e934-493f-af57-723c4ef69330 None admin] SCRIPT_NAME: `/identity` {{(pid=81457) log_request_info /opt/stack/keystone/keystone/server/flask/request_processing/req_logging.py:28}}
Oct 31 19:08:23.071890 dv-cinder-863097-1-smb devstack@keystone.service[81457]: DEBUG keystone.server.flask.request_processing.req_logging [None req-cafaaeb3-e934-493f-af57-723c4ef69330 None admin] PATH_INFO: `/v3/domains/Default` {{(pid=81457) log_request_info /opt/stack/keystone/keystone/server/flask/request_processing/req_logging.py:29}}
Oct 31 19:08:23.088225 dv-cinder-863097-1-smb devstack@keystone.service[81457]: DEBUG keystone.common.rbac_enforcer.enforcer [None req-cafaaeb3-e934-493f-af57-723c4ef69330 None admin] RBAC: Authorizing `identity:get_domain(domain_id=Default)` {{(pid=81457) enforce_call /opt/stack/keystone/keystone/common/rbac_enforcer/enforcer.py:449}}
Oct 31 19:08:23.089705 dv-cinder-863097-1-smb devstack@keystone.service[81457]: DEBUG keystone.common.rbac_enforcer.enforcer [None req-cafaaeb3-e934-493f-af57-723c4ef69330 None admin] RBAC: Authorization granted {{(pid=81457) enforce_call /opt/stack/keystone/keystone/common/rbac_enforcer/enforcer.py:457}}
Oct 31 19:08:23.109525 dv-cinder-863097-1-smb devstack@keystone.service[81457]: ERROR keystone.server.flask.application [None req-cafaaeb3-e934-493f-af57-723c4ef69330 None admin] Could not find domain: Default.: keystone.exception.DomainNotFound: Could not find domain: Default.
Oct 31 19:08:23.109525 dv-cinder-863097-1-smb devstack@keystone.service[81457]: ERROR keystone.server.flask.application
Traceback (most recent call last):
Oct 31 19:08:23.109525 dv-cinder-863097-1-smb devstack@keystone.service[81457]: ERROR keystone.server.flask.application
File "/usr/local/lib/python3.8/dist-packages/flask/app.py", line 1820, in full_dispatch_request
Oct 31 19:08:23.109525 dv-cinder-863097-1-smb devstack@keystone.service[81457]: ERROR keystone.server.flask.application rv = self.dispatch_request()
Oct 31 19:08:23.109525 dv-cinder-863097-1-smb devstack@keystone.service[81457]: ERROR keystone.server.flask.application
File "/usr/local/lib/python3.8/dist-packages/flask/app.py", line 1796, in dispatch_request
Oct 31 19:08:23.109525 dv-cinder-863097-1-smb devstack@keystone.service[81457]: ERROR keystone.server.flask.application return self.ensure_sync(self.view_functions[rule.endpoint])(**view_args)
Oct 31 19:08:23.109525 dv-cinder-863097-1-smb devstack@keystone.service[81457]: ERROR keystone.server.flask.application
File "/usr/local/lib/python3.8/dist-packages/flask_restful/__init__.py", line 467, in wrapper
Oct 31 19:08:23.109525 dv-cinder-863097-1-smb devstack@keystone.service[81457]: ERROR keystone.server.flask.application resp = resource(*args, **kwargs)
Oct 31 19:08:23.109525 dv-cinder-863097-1-smb devstack@keystone.service[81457]: ERROR keystone.server.flask.application
File "/usr/local/lib/python3.8/dist-packages/flask/views.py", line 107, in view
Oct 31 19:08:23.109525 dv-cinder-863097-1-smb devstack@keystone.service[81457]: ERROR keystone.server.flask.application return current_app.ensure_sync(self.dispatch_request)(**kwargs)
Oct 31 19:08:23.109525 dv-cinder-863097-1-smb devstack@keystone.service[81457]: ERROR keystone.server.flask.application
File "/usr/local/lib/python3.8/dist-packages/flask_restful/__init__.py", line 582, in dispatch_request
Oct 31 19:08:23.109525 dv-cinder-863097-1-smb devstack@keystone.service[81457]: ERROR keystone.server.flask.application resp = meth(*args, **kwargs)
Oct 31 19:08:23.109525 dv-cinder-863097-1-smb devstack@keystone.service[81457]: ERROR keystone.server.flask.application
File "/opt/stack/keystone/keystone/api/domains.py", line 89, in get
Oct 31 19:08:23.109525 dv-cinder-863097-1-smb devstack@keystone.service[81457]: ERROR keystone.server.flask.application return self._get_domain(domain_id)
Oct 31 19:08:23.109525 dv-cinder-863097-1-smb devstack@keystone.service[81457]: ERROR keystone.server.flask.application
File "/opt/stack/keystone/keystone/api/domains.py", line 97, in _get_domain
Oct 31 19:08:23.109525 dv-cinder-863097-1-smb devstack@keystone.service[81457]: ERROR keystone.server.flask.application domain = PROVIDERS.resource_api.get_domain(domain_id)
Oct 31 19:08:23.110536 dv-cinder-863097-1-smb devstack@keystone.service[81457]: ERROR keystone.server.flask.application
File "/opt/stack/keystone/keystone/common/manager.py", line 115, in wrapped
Oct 31 19:08:23.110536 dv-cinder-863097-1-smb devstack@keystone.service[81457]: ERROR keystone.server.flask.application __ret_val = __f(*args, **kwargs)
Oct 31 19:08:23.110536 dv-cinder-863097-1-smb devstack@keystone.service[81457]: ERROR keystone.server.flask.application
File "/usr/local/lib/python3.8/dist-packages/decorator.py", line 232, in fun
Oct 31 19:08:23.110536 dv-cinder-863097-1-smb devstack@keystone.service[81457]: ERROR keystone.server.flask.application return caller(func, *(extras + args), **kw)
Oct 31 19:08:23.110536 dv-cinder-863097-1-smb devstack@keystone.service[81457]: ERROR keystone.server.flask.application
File "/usr/local/lib/python3.8/dist-packages/dogpile/cache/region.py", line 1577, in get_or_create_for_user_func
Oct 31 19:08:23.110536 dv-cinder-863097-1-smb devstack@keystone.service[81457]: ERROR keystone.server.flask.application return self.get_or_create(
Oct 31 19:08:23.110536 dv-cinder-863097-1-smb devstack@keystone.service[81457]: ERROR keystone.server.flask.application
File "/usr/local/lib/python3.8/dist-packages/dogpile/cache/region.py", line 1042, in get_or_create
Oct 31 19:08:23.110536 dv-cinder-863097-1-smb devstack@keystone.service[81457]: ERROR keystone.server.flask.application with Lock(
Oct 31 19:08:23.110536 dv-cinder-863097-1-smb devstack@keystone.service[81457]: ERROR keystone.server.flask.application
File "/usr/local/lib/python3.8/dist-packages/dogpile/lock.py", line 185, in __enter__
Oct 31 19:08:23.110536 dv-cinder-863097-1-smb devstack@keystone.service[81457]: ERROR keystone.server.flask.application return self._enter()
Oct 31 19:08:23.110536 dv-cinder-863097-1-smb devstack@keystone.service[81457]: ERROR keystone.server.flask.application
File "/usr/local/lib/python3.8/dist-packages/dogpile/lock.py", line 94, in _enter
Oct 31 19:08:23.110536 dv-cinder-863097-1-smb devstack@keystone.service[81457]: ERROR keystone.server.flask.application generated = self._enter_create(value, createdtime)
Oct 31 19:08:23.110536 dv-cinder-863097-1-smb devstack@keystone.service[81457]: ERROR keystone.server.flask.application
File "/usr/local/lib/python3.8/dist-packages/dogpile/lock.py", line 178, in _enter_create
Oct 31 19:08:23.110536 dv-cinder-863097-1-smb devstack@keystone.service[81457]: ERROR keystone.server.flask.application return self.creator()
Oct 31 19:08:23.110536 dv-cinder-863097-1-smb devstack@keystone.service[81457]: ERROR keystone.server.flask.application
File "/usr/local/lib/python3.8/dist-packages/dogpile/cache/region.py", line 995, in gen_value
Oct 31 19:08:23.110536 dv-cinder-863097-1-smb devstack@keystone.service[81457]: ERROR keystone.server.flask.application created_value = creator(
Oct 31 19:08:23.110536 dv-cinder-863097-1-smb devstack@keystone.service[81457]: ERROR keystone.server.flask.application
File "/opt/stack/keystone/keystone/resource/core.py", line 716, in get_domain
Oct 31 19:08:23.112013 dv-cinder-863097-1-smb devstack@keystone.service[81457]: ERROR keystone.server.flask.application raise exception.DomainNotFound(domain_id=domain_id)
Oct 31 19:08:23.112013 dv-cinder-863097-1-smb devstack@keystone.service[81457]: ERROR keystone.server.flask.application keystone.exception.DomainNotFound: Could not find domain: Default.
Oct 31 19:08:23.112013 dv-cinder-863097-1-smb devstack@keystone.service[81457]: ERROR keystone.server.flask.application
Oct 31 19:08:23.112013 dv-cinder-863097-1-smb devstack@keystone.service[81457]: [pid: 81457|app: 0|req: 175/343] 10.222.0.23 () {56 vars in 1108 bytes} [Mon Oct 31 19:08:22 2022] GET /identity/v3/domains/Default => generated 87 bytes in 233 msecs (HTTP/1.1 404) 5 headers in 183 bytes (1 switches on core 0)
Oct 31 19:08:23.116620 dv-cinder-863097-1-smb devstack@keystone.service[81458]: DEBUG keystone.server.flask.request_processing.middleware.auth_context [None req-086d645a-9a00-4bea-8837-e1d9c969595f None None] Authenticating user token {{(pid=81458) process_request /usr/local/lib/python3.8/dist-packages/keystonemiddleware/auth_token/__init__.py:407}}
Oct 31 19:08:23.117195 dv-cinder-863097-1-smb devstack@keystone.service[81457]: DEBUG keystone.server.flask.request_processing.middleware.auth_context [None req-cafaaeb3-e934-493f-af57-723c4ef69330 None admin] Authenticating user token {{(pid=81457) process_request /usr/local/lib/python3.8/dist-packages/keystonemiddleware/auth_token/__init__.py:407}}
Oct 31 19:08:23.186729 dv-cinder-863097-1-smb devstack@keystone.service[81457]: DEBUG dbcounter [-] [81457] Writing DB stats keystone:SELECT=100 {{(pid=81457) stat_writer /usr/local/lib/python3.8/dist-packages/dbcounter.py:114}}
Oct 31 19:08:23.196631 dv-cinder-863097-1-smb devstack@keystone.service[81458]: DEBUG dbcounter [-] [81458] Writing DB stats keystone:SELECT=100 {{(pid=81458) stat_writer /usr/local/lib/python3.8/dist-packages/dbcounter.py:114}}
Oct 31 19:08:23.239873 dv-cinder-863097-1-smb devstack@keystone.service[81457]: DEBUG keystone.server.flask.request_processing.middleware.auth_context [None req-cafaaeb3-e934-493f-af57-723c4ef69330 None admin] Validating token access rules against request {{(pid=81457) validate_allowed_request /usr/local/lib/python3.8/dist-packages/keystonemiddleware/auth_token/__init__.py:545}}
Oct 31 19:08:23.244240 dv-cinder-863097-1-smb devstack@keystone.service[81458]: DEBUG keystone.server.flask.request_processing.middleware.auth_context [None req-086d645a-9a00-4bea-8837-e1d9c969595f None None] Validating token access rules against request {{(pid=81458) validate_allowed_request /usr/local/lib/python3.8/dist-packages/keystonemiddleware/auth_token/__init__.py:545}}
Oct 31 19:08:23.275942 dv-cinder-863097-1-smb devstack@keystone.service[81457]: DEBUG keystone.server.flask.request_processing.middleware.auth_context [None req-6a083617-9f1f-4adc-8426-27cb44202806 None admin] RBAC: auth_context: {'token': , 'domain_id': None, 'trust_id': None, 'trustor_id': None, 'trustee_id': None, 'domain_name': None, 'group_ids': [], 'user_id': 'c283501180e146e19c1574f09f326f1e', 'user_domain_id': 'default', 'system_scope': 'all', 'project_id': None, 'project_domain_id': None, 'roles': ['admin', 'member', 'reader'], 'is_admin_project': True, 'service_user_id': None, 'service_user_domain_id': None, 'service_project_id': None, 'service_project_domain_id': None, 'service_roles': []} {{(pid=81457) fill_context /opt/stack/keystone/keystone/server/flask/request_processing/middleware/auth_context.py:478}}
Oct 31 19:08:23.276700 dv-cinder-863097-1-smb devstack@keystone.service[81457]: DEBUG keystone.server.flask.request_processing.req_logging [None req-6a083617-9f1f-4adc-8426-27cb44202806 None admin] REQUEST_METHOD: `GET` {{(pid=81457) log_request_info /opt/stack/keystone/keystone/server/flask/request_processing/req_logging.py:27}}
Oct 31 19:08:23.277143 dv-cinder-863097-1-smb devstack@keystone.service[81457]: DEBUG keystone.server.flask.request_processing.req_logging [None req-6a083617-9f1f-4adc-8426-27cb44202806 None admin] SCRIPT_NAME: `/identity` {{(pid=81457) log_request_info /opt/stack/keystone/keystone/server/flask/request_processing/req_logging.py:28}}
Oct 31 19:08:23.277430 dv-cinder-863097-1-smb devstack@keystone.service[81457]: DEBUG keystone.server.flask.request_processing.req_logging [None req-6a083617-9f1f-4adc-8426-27cb44202806 None admin] PATH_INFO: `/v3/domains/Default` {{(pid=81457) log_request_info /opt/stack/keystone/keystone/server/flask/request_processing/req_logging.py:29}}
Oct 31 19:08:23.282201 dv-cinder-863097-1-smb devstack@keystone.service[81458]: DEBUG keystone.server.flask.request_processing.middleware.auth_context [None req-6a4ea7c3-37d6-4e8f-b22c-60bf253340ba None admin] RBAC: auth_context: {'token': , 'domain_id': None, 'trust_id': None, 'trustor_id': None, 'trustee_id': None, 'domain_name': None, 'group_ids': [], 'user_id': 'c283501180e146e19c1574f09f326f1e', 'user_domain_id': 'default', 'system_scope': 'all', 'project_id': None, 'project_domain_id': None, 'roles': ['admin', 'member', 'reader'], 'is_admin_project': True, 'service_user_id': None, 'service_user_domain_id': None, 'service_project_id': None, 'service_project_domain_id': None, 'service_roles': []} {{(pid=81458) fill_context /opt/stack/keystone/keystone/server/flask/request_processing/middleware/auth_context.py:478}}
Oct 31 19:08:23.282812 dv-cinder-863097-1-smb devstack@keystone.service[81458]: DEBUG keystone.server.flask.request_processing.req_logging [None req-6a4ea7c3-37d6-4e8f-b22c-60bf253340ba None admin] REQUEST_METHOD: `GET` {{(pid=81458) log_request_info /opt/stack/keystone/keystone/server/flask/request_processing/req_logging.py:27}}
Oct 31 19:08:23.283090 dv-cinder-863097-1-smb devstack@keystone.service[81458]: DEBUG keystone.server.flask.request_processing.req_logging [None req-6a4ea7c3-37d6-4e8f-b22c-60bf253340ba None admin] SCRIPT_NAME: `/identity` {{(pid=81458) log_request_info /opt/stack/keystone/keystone/server/flask/request_processing/req_logging.py:28}}
Oct 31 19:08:23.283362 dv-cinder-863097-1-smb devstack@keystone.service[81458]: DEBUG keystone.server.flask.request_processing.req_logging [None req-6a4ea7c3-37d6-4e8f-b22c-60bf253340ba None admin] PATH_INFO: `/v3/domains` {{(pid=81458) log_request_info /opt/stack/keystone/keystone/server/flask/request_processing/req_logging.py:29}}
Oct 31 19:08:23.284006 dv-cinder-863097-1-smb devstack@keystone.service[81458]: DEBUG keystone.common.rbac_enforcer.enforcer [None req-6a4ea7c3-37d6-4e8f-b22c-60bf253340ba None admin] RBAC: Adding query filter params (name=Default) {{(pid=81458) _extract_filter_values /opt/stack/keystone/keystone/common/rbac_enforcer/enforcer.py:167}}
Oct 31 19:08:23.284310 dv-cinder-863097-1-smb devstack@keystone.service[81458]: DEBUG keystone.common.rbac_enforcer.enforcer [None req-6a4ea7c3-37d6-4e8f-b22c-60bf253340ba None admin] RBAC: Authorizing `identity:list_domains()` {{(pid=81458) enforce_call /opt/stack/keystone/keystone/common/rbac_enforcer/enforcer.py:449}}
Oct 31 19:08:23.285772 dv-cinder-863097-1-smb devstack@keystone.service[81458]: DEBUG keystone.common.rbac_enforcer.enforcer [None req-6a4ea7c3-37d6-4e8f-b22c-60bf253340ba None admin] RBAC: Authorization granted {{(pid=81458) enforce_call /opt/stack/keystone/keystone/common/rbac_enforcer/enforcer.py:457}}
Oct 31 19:08:23.288861 dv-cinder-863097-1-smb devstack@keystone.service[81457]: DEBUG keystone.common.rbac_enforcer.enforcer [None req-6a083617-9f1f-4adc-8426-27cb44202806 None admin] RBAC: Authorizing `identity:get_domain(domain_id=Default)` {{(pid=81457) enforce_call /opt/stack/keystone/keystone/common/rbac_enforcer/enforcer.py:449}}
Oct 31 19:08:23.290460 dv-cinder-863097-1-smb devstack@keystone.service[81457]: DEBUG keystone.common.rbac_enforcer.enforcer [None req-6a083617-9f1f-4adc-8426-27cb44202806 None admin] RBAC: Authorization granted {{(pid=81457) enforce_call /opt/stack/keystone/keystone/common/rbac_enforcer/enforcer.py:457}}
Oct 31 19:08:23.310736 dv-cinder-863097-1-smb devstack@keystone.service[81458]: [pid: 81458|app: 0|req: 169/344] 10.222.0.23 () {56 vars in 1109 bytes} [Mon Oct 31 19:08:23 2022] GET /identity/v3/domains?name=Default => generated 308 bytes in 188 msecs (HTTP/1.1 200) 5 headers in 177 bytes (1 switches on core 0)
Oct 31 19:08:23.311261 dv-cinder-863097-1-smb devstack@keystone.service[81457]: ERROR keystone.server.flask.application [None req-6a083617-9f1f-4adc-8426-27cb44202806 None admin] Could not find domain: Default.: keystone.exception.DomainNotFound: Could not find domain: Default.
Oct 31 19:08:23.311261 dv-cinder-863097-1-smb devstack@keystone.service[81457]: ERROR keystone.server.flask.application
Traceback (most recent call last):
Oct 31 19:08:23.311261 dv-cinder-863097-1-smb devstack@keystone.service[81457]: ERROR keystone.server.flask.application
File "/usr/local/lib/python3.8/dist-packages/flask/app.py", line 1820, in full_dispatch_request
Oct 31 19:08:23.311261 dv-cinder-863097-1-smb devstack@keystone.service[81457]: ERROR keystone.server.flask.application rv = self.dispatch_request()
Oct 31 19:08:23.311261 dv-cinder-863097-1-smb devstack@keystone.service[81457]: ERROR keystone.server.flask.application
File "/usr/local/lib/python3.8/dist-packages/flask/app.py", line 1796, in dispatch_request
Oct 31 19:08:23.311261 dv-cinder-863097-1-smb devstack@keystone.service[81457]: ERROR keystone.server.flask.application return self.ensure_sync(self.view_functions[rule.endpoint])(**view_args)
Oct 31 19:08:23.311261 dv-cinder-863097-1-smb devstack@keystone.service[81457]: ERROR keystone.server.flask.application
File "/usr/local/lib/python3.8/dist-packages/flask_restful/__init__.py", line 467, in wrapper
Oct 31 19:08:23.311261 dv-cinder-863097-1-smb devstack@keystone.service[81457]: ERROR keystone.server.flask.application resp = resource(*args, **kwargs)
Oct 31 19:08:23.311261 dv-cinder-863097-1-smb devstack@keystone.service[81457]: ERROR keystone.server.flask.application
File "/usr/local/lib/python3.8/dist-packages/flask/views.py", line 107, in view
Oct 31 19:08:23.311261 dv-cinder-863097-1-smb devstack@keystone.service[81457]: ERROR keystone.server.flask.application return current_app.ensure_sync(self.dispatch_request)(**kwargs)
Oct 31 19:08:23.311261 dv-cinder-863097-1-smb devstack@keystone.service[81457]: ERROR keystone.server.flask.application
File "/usr/local/lib/python3.8/dist-packages/flask_restful/__init__.py", line 582, in dispatch_request
Oct 31 19:08:23.311261 dv-cinder-863097-1-smb devstack@keystone.service[81457]: ERROR keystone.server.flask.application resp = meth(*args, **kwargs)
Oct 31 19:08:23.311261 dv-cinder-863097-1-smb devstack@keystone.service[81457]: ERROR keystone.server.flask.application
File "/opt/stack/keystone/keystone/api/domains.py", line 89, in get
Oct 31 19:08:23.311261 dv-cinder-863097-1-smb devstack@keystone.service[81457]: ERROR keystone.server.flask.application return self._get_domain(domain_id)
Oct 31 19:08:23.311261 dv-cinder-863097-1-smb devstack@keystone.service[81457]: ERROR keystone.server.flask.application
File "/opt/stack/keystone/keystone/api/domains.py", line 97, in _get_domain
Oct 31 19:08:23.311261 dv-cinder-863097-1-smb devstack@keystone.service[81457]: ERROR keystone.server.flask.application domain = PROVIDERS.resource_api.get_domain(domain_id)
Oct 31 19:08:23.312363 dv-cinder-863097-1-smb devstack@keystone.service[81457]: ERROR keystone.server.flask.application
File "/opt/stack/keystone/keystone/common/manager.py", line 115, in wrapped
Oct 31 19:08:23.312363 dv-cinder-863097-1-smb devstack@keystone.service[81457]: ERROR keystone.server.flask.application __ret_val = __f(*args, **kwargs)
Oct 31 19:08:23.312363 dv-cinder-863097-1-smb devstack@keystone.service[81457]: ERROR keystone.server.flask.application
File "/usr/local/lib/python3.8/dist-packages/decorator.py", line 232, in fun
Oct 31 19:08:23.312363 dv-cinder-863097-1-smb devstack@keystone.service[81457]: ERROR keystone.server.flask.application return caller(func, *(extras + args), **kw)
Oct 31 19:08:23.312363 dv-cinder-863097-1-smb devstack@keystone.service[81457]: ERROR keystone.server.flask.application
File "/usr/local/lib/python3.8/dist-packages/dogpile/cache/region.py", line 1577, in get_or_create_for_user_func
Oct 31 19:08:23.312363 dv-cinder-863097-1-smb devstack@keystone.service[81457]: ERROR keystone.server.flask.application return self.get_or_create(
Oct 31 19:08:23.312363 dv-cinder-863097-1-smb devstack@keystone.service[81457]: ERROR keystone.server.flask.application
File "/usr/local/lib/python3.8/dist-packages/dogpile/cache/region.py", line 1042, in get_or_create
Oct 31 19:08:23.312363 dv-cinder-863097-1-smb devstack@keystone.service[81457]: ERROR keystone.server.flask.application with Lock(
Oct 31 19:08:23.312363 dv-cinder-863097-1-smb devstack@keystone.service[81457]: ERROR keystone.server.flask.application
File "/usr/local/lib/python3.8/dist-packages/dogpile/lock.py", line 185, in __enter__
Oct 31 19:08:23.312363 dv-cinder-863097-1-smb devstack@keystone.service[81457]: ERROR keystone.server.flask.application return self._enter()
Oct 31 19:08:23.312363 dv-cinder-863097-1-smb devstack@keystone.service[81457]: ERROR keystone.server.flask.application
File "/usr/local/lib/python3.8/dist-packages/dogpile/lock.py", line 94, in _enter
Oct 31 19:08:23.312363 dv-cinder-863097-1-smb devstack@keystone.service[81457]: ERROR keystone.server.flask.application generated = self._enter_create(value, createdtime)
Oct 31 19:08:23.312363 dv-cinder-863097-1-smb devstack@keystone.service[81457]: ERROR keystone.server.flask.application
File "/usr/local/lib/python3.8/dist-packages/dogpile/lock.py", line 178, in _enter_create
Oct 31 19:08:23.312363 dv-cinder-863097-1-smb devstack@keystone.service[81457]: ERROR keystone.server.flask.application return self.creator()
Oct 31 19:08:23.312363 dv-cinder-863097-1-smb devstack@keystone.service[81457]: ERROR keystone.server.flask.application
File "/usr/local/lib/python3.8/dist-packages/dogpile/cache/region.py", line 995, in gen_value
Oct 31 19:08:23.312363 dv-cinder-863097-1-smb devstack@keystone.service[81457]: ERROR keystone.server.flask.application created_value = creator(
Oct 31 19:08:23.312363 dv-cinder-863097-1-smb devstack@keystone.service[81457]: ERROR keystone.server.flask.application
File "/opt/stack/keystone/keystone/resource/core.py", line 716, in get_domain
Oct 31 19:08:23.313266 dv-cinder-863097-1-smb devstack@keystone.service[81457]: ERROR keystone.server.flask.application raise exception.DomainNotFound(domain_id=domain_id)
Oct 31 19:08:23.313266 dv-cinder-863097-1-smb devstack@keystone.service[81457]: ERROR keystone.server.flask.application keystone.exception.DomainNotFound: Could not find domain: Default.
Oct 31 19:08:23.313266 dv-cinder-863097-1-smb devstack@keystone.service[81457]: ERROR keystone.server.flask.application
Oct 31 19:08:23.313433 dv-cinder-863097-1-smb devstack@keystone.service[81458]: DEBUG keystone.server.flask.request_processing.req_logging [None req-56b70098-6936-467e-a569-a7c5b2fa1b52 None None] REQUEST_METHOD: `GET` {{(pid=81458) log_request_info /opt/stack/keystone/keystone/server/flask/request_processing/req_logging.py:27}}
Oct 31 19:08:23.313433 dv-cinder-863097-1-smb devstack@keystone.service[81458]: DEBUG keystone.server.flask.request_processing.req_logging [None req-56b70098-6936-467e-a569-a7c5b2fa1b52 None None] SCRIPT_NAME: `/identity` {{(pid=81458) log_request_info /opt/stack/keystone/keystone/server/flask/request_processing/req_logging.py:28}}
Oct 31 19:08:23.313433 dv-cinder-863097-1-smb devstack@keystone.service[81458]: DEBUG keystone.server.flask.request_processing.req_logging [None req-56b70098-6936-467e-a569-a7c5b2fa1b52 None None] PATH_INFO: `/` {{(pid=81458) log_request_info /opt/stack/keystone/keystone/server/flask/request_processing/req_logging.py:29}}
Oct 31 19:08:23.313619 dv-cinder-863097-1-smb devstack@keystone.service[81457]: [pid: 81457|app: 0|req: 176/345] 10.222.0.23 () {56 vars in 1108 bytes} [Mon Oct 31 19:08:23 2022] GET /identity/v3/domains/Default => generated 87 bytes in 190 msecs (HTTP/1.1 404) 5 headers in 183 bytes (2 switches on core 0)
Oct 31 19:08:23.313619 dv-cinder-863097-1-smb devstack@keystone.service[81457]: DEBUG keystone.server.flask.request_processing.middleware.auth_context [None req-6a083617-9f1f-4adc-8426-27cb44202806 None admin] Authenticating user token {{(pid=81457) process_request /usr/local/lib/python3.8/dist-packages/keystonemiddleware/auth_token/__init__.py:407}}
Oct 31 19:08:23.313746 dv-cinder-863097-1-smb devstack@keystone.service[81458]: [pid: 81458|app: 0|req: 170/346] 10.222.0.23 () {54 vars in 927 bytes} [Mon Oct 31 19:08:23 2022] GET /identity => generated 270 bytes in 3 msecs (HTTP/1.1 300) 6 headers in 234 bytes (1 switches on core 0)
Oct 31 19:08:23.314452 dv-cinder-863097-1-smb devstack@keystone.service[81458]: DEBUG keystone.server.flask.request_processing.middleware.auth_context [None req-56b70098-6936-467e-a569-a7c5b2fa1b52 None None] Authenticating user token {{(pid=81458) process_request /usr/local/lib/python3.8/dist-packages/keystonemiddleware/auth_token/__init__.py:407}}
Oct 31 19:08:23.416520 dv-cinder-863097-1-smb devstack@keystone.service[81457]: DEBUG keystone.server.flask.request_processing.middleware.auth_context [None req-6a083617-9f1f-4adc-8426-27cb44202806 None admin] Validating token access rules against request {{(pid=81457) validate_allowed_request /usr/local/lib/python3.8/dist-packages/keystonemiddleware/auth_token/__init__.py:545}}
Oct 31 19:08:23.423940 dv-cinder-863097-1-smb devstack@keystone.service[81457]: DEBUG dbcounter [-] [81457] Writing DB stats keystone:SELECT=100 {{(pid=81457) stat_writer /usr/local/lib/python3.8/dist-packages/dbcounter.py:114}}
Oct 31 19:08:23.427472 dv-cinder-863097-1-smb devstack@keystone.service[81458]: DEBUG keystone.server.flask.request_processing.middleware.auth_context [None req-56b70098-6936-467e-a569-a7c5b2fa1b52 None None] Validating token access rules against request {{(pid=81458) validate_allowed_request /usr/local/lib/python3.8/dist-packages/keystonemiddleware/auth_token/__init__.py:545}}
Oct 31 19:08:23.452764 dv-cinder-863097-1-smb devstack@keystone.service[81457]: DEBUG keystone.server.flask.request_processing.middleware.auth_context [None req-b585418e-1bdb-4148-ba91-bab347657d03 None admin] RBAC: auth_context: {'token': , 'domain_id': None, 'trust_id': None, 'trustor_id': None, 'trustee_id': None, 'domain_name': None, 'group_ids': [], 'user_id': 'c283501180e146e19c1574f09f326f1e', 'user_domain_id': 'default', 'system_scope': 'all', 'project_id': None, 'project_domain_id': None, 'roles': ['admin', 'member', 'reader'], 'is_admin_project': True, 'service_user_id': None, 'service_user_domain_id': None, 'service_project_id': None, 'service_project_domain_id': None, 'service_roles': []} {{(pid=81457) fill_context /opt/stack/keystone/keystone/server/flask/request_processing/middleware/auth_context.py:478}}
Oct 31 19:08:23.453383 dv-cinder-863097-1-smb devstack@keystone.service[81458]: DEBUG dbcounter [-] [81458] Writing DB stats keystone:SELECT=100 {{(pid=81458) stat_writer /usr/local/lib/python3.8/dist-packages/dbcounter.py:114}}
Oct 31 19:08:23.453516 dv-cinder-863097-1-smb devstack@keystone.service[81457]: DEBUG keystone.server.flask.request_processing.req_logging [None req-b585418e-1bdb-4148-ba91-bab347657d03 None admin] REQUEST_METHOD: `GET` {{(pid=81457) log_request_info /opt/stack/keystone/keystone/server/flask/request_processing/req_logging.py:27}}
Oct 31 19:08:23.453660 dv-cinder-863097-1-smb devstack@keystone.service[81457]: DEBUG keystone.server.flask.request_processing.req_logging [None req-b585418e-1bdb-4148-ba91-bab347657d03 None admin] SCRIPT_NAME: `/identity` {{(pid=81457) log_request_info /opt/stack/keystone/keystone/server/flask/request_processing/req_logging.py:28}}
Oct 31 19:08:23.454098 dv-cinder-863097-1-smb devstack@keystone.service[81457]: DEBUG keystone.server.flask.request_processing.req_logging [None req-b585418e-1bdb-4148-ba91-bab347657d03 None admin] PATH_INFO: `/v3/domains/Default` {{(pid=81457) log_request_info /opt/stack/keystone/keystone/server/flask/request_processing/req_logging.py:29}}
Oct 31 19:08:23.466534 dv-cinder-863097-1-smb devstack@keystone.service[81457]: DEBUG keystone.common.rbac_enforcer.enforcer [None req-b585418e-1bdb-4148-ba91-bab347657d03 None admin] RBAC: Authorizing `identity:get_domain(domain_id=Default)` {{(pid=81457) enforce_call /opt/stack/keystone/keystone/common/rbac_enforcer/enforcer.py:449}}
Oct 31 19:08:23.466909 dv-cinder-863097-1-smb devstack@keystone.service[81458]: DEBUG keystone.server.flask.request_processing.middleware.auth_context [None req-a467064d-e543-49fa-ba48-4a1ebb78c9c0 None admin] RBAC: auth_context: {'token': , 'domain_id': None, 'trust_id': None, 'trustor_id': None, 'trustee_id': None, 'domain_name': None, 'group_ids': [], 'user_id': 'c283501180e146e19c1574f09f326f1e', 'user_domain_id': 'default', 'system_scope': 'all', 'project_id': None, 'project_domain_id': None, 'roles': ['admin', 'member', 'reader'], 'is_admin_project': True, 'service_user_id': None, 'service_user_domain_id': None, 'service_project_id': None, 'service_project_domain_id': None, 'service_roles': []} {{(pid=81458) fill_context /opt/stack/keystone/keystone/server/flask/request_processing/middleware/auth_context.py:478}}
Oct 31 19:08:23.467522 dv-cinder-863097-1-smb devstack@keystone.service[81458]: DEBUG keystone.server.flask.request_processing.req_logging [None req-a467064d-e543-49fa-ba48-4a1ebb78c9c0 None admin] REQUEST_METHOD: `POST` {{(pid=81458) log_request_info /opt/stack/keystone/keystone/server/flask/request_processing/req_logging.py:27}}
Oct 31 19:08:23.467787 dv-cinder-863097-1-smb devstack@keystone.service[81458]: DEBUG keystone.server.flask.request_processing.req_logging [None req-a467064d-e543-49fa-ba48-4a1ebb78c9c0 None admin] SCRIPT_NAME: `/identity` {{(pid=81458) log_request_info /opt/stack/keystone/keystone/server/flask/request_processing/req_logging.py:28}}
Oct 31 19:08:23.468000 dv-cinder-863097-1-smb devstack@keystone.service[81457]: DEBUG keystone.common.rbac_enforcer.enforcer [None req-b585418e-1bdb-4148-ba91-bab347657d03 None admin] RBAC: Authorization granted {{(pid=81457) enforce_call /opt/stack/keystone/keystone/common/rbac_enforcer/enforcer.py:457}}
Oct 31 19:08:23.468096 dv-cinder-863097-1-smb devstack@keystone.service[81458]: DEBUG keystone.server.flask.request_processing.req_logging [None req-a467064d-e543-49fa-ba48-4a1ebb78c9c0 None admin] PATH_INFO: `/v3/users` {{(pid=81458) log_request_info /opt/stack/keystone/keystone/server/flask/request_processing/req_logging.py:29}}
Oct 31 19:08:23.468901 dv-cinder-863097-1-smb devstack@keystone.service[81458]: DEBUG keystone.common.rbac_enforcer.enforcer [None req-a467064d-e543-49fa-ba48-4a1ebb78c9c0 None admin] RBAC: Authorizing `identity:create_user()` {{(pid=81458) enforce_call /opt/stack/keystone/keystone/common/rbac_enforcer/enforcer.py:449}}
Oct 31 19:08:23.470545 dv-cinder-863097-1-smb devstack@keystone.service[81458]: DEBUG keystone.common.rbac_enforcer.enforcer [None req-a467064d-e543-49fa-ba48-4a1ebb78c9c0 None admin] RBAC: Authorization granted {{(pid=81458) enforce_call /opt/stack/keystone/keystone/common/rbac_enforcer/enforcer.py:457}}
Oct 31 19:08:23.482373 dv-cinder-863097-1-smb devstack@keystone.service[81457]: ERROR keystone.server.flask.application [None req-b585418e-1bdb-4148-ba91-bab347657d03 None admin] Could not find domain: Default.: keystone.exception.DomainNotFound: Could not find domain: Default.
Oct 31 19:08:23.482373 dv-cinder-863097-1-smb devstack@keystone.service[81457]: ERROR keystone.server.flask.application
Traceback (most recent call last):
Oct 31 19:08:23.482373 dv-cinder-863097-1-smb devstack@keystone.service[81457]: ERROR keystone.server.flask.application
File "/usr/local/lib/python3.8/dist-packages/flask/app.py", line 1820, in full_dispatch_request
Oct 31 19:08:23.482373 dv-cinder-863097-1-smb devstack@keystone.service[81457]: ERROR keystone.server.flask.application rv = self.dispatch_request()
Oct 31 19:08:23.482373 dv-cinder-863097-1-smb devstack@keystone.service[81457]: ERROR keystone.server.flask.application
File "/usr/local/lib/python3.8/dist-packages/flask/app.py", line 1796, in dispatch_request
Oct 31 19:08:23.482373 dv-cinder-863097-1-smb devstack@keystone.service[81457]: ERROR keystone.server.flask.application return self.ensure_sync(self.view_functions[rule.endpoint])(**view_args)
Oct 31 19:08:23.482373 dv-cinder-863097-1-smb devstack@keystone.service[81457]: ERROR keystone.server.flask.application
File "/usr/local/lib/python3.8/dist-packages/flask_restful/__init__.py", line 467, in wrapper
Oct 31 19:08:23.482373 dv-cinder-863097-1-smb devstack@keystone.service[81457]: ERROR keystone.server.flask.application resp = resource(*args, **kwargs)
Oct 31 19:08:23.482373 dv-cinder-863097-1-smb devstack@keystone.service[81457]: ERROR keystone.server.flask.application
File "/usr/local/lib/python3.8/dist-packages/flask/views.py", line 107, in view
Oct 31 19:08:23.482373 dv-cinder-863097-1-smb devstack@keystone.service[81457]: ERROR keystone.server.flask.application return current_app.ensure_sync(self.dispatch_request)(**kwargs)
Oct 31 19:08:23.482373 dv-cinder-863097-1-smb devstack@keystone.service[81457]: ERROR keystone.server.flask.application
File "/usr/local/lib/python3.8/dist-packages/flask_restful/__init__.py", line 582, in dispatch_request
Oct 31 19:08:23.482373 dv-cinder-863097-1-smb devstack@keystone.service[81457]: ERROR keystone.server.flask.application resp = meth(*args, **kwargs)
Oct 31 19:08:23.482373 dv-cinder-863097-1-smb devstack@keystone.service[81457]: ERROR keystone.server.flask.application
File "/opt/stack/keystone/keystone/api/domains.py", line 89, in get
Oct 31 19:08:23.482373 dv-cinder-863097-1-smb devstack@keystone.service[81457]: ERROR keystone.server.flask.application return self._get_domain(domain_id)
Oct 31 19:08:23.482373 dv-cinder-863097-1-smb devstack@keystone.service[81457]: ERROR keystone.server.flask.application
File "/opt/stack/keystone/keystone/api/domains.py", line 97, in _get_domain
Oct 31 19:08:23.482373 dv-cinder-863097-1-smb devstack@keystone.service[81457]: ERROR keystone.server.flask.application domain = PROVIDERS.resource_api.get_domain(domain_id)
Oct 31 19:08:23.483261 dv-cinder-863097-1-smb devstack@keystone.service[81457]: ERROR keystone.server.flask.application
File "/opt/stack/keystone/keystone/common/manager.py", line 115, in wrapped
Oct 31 19:08:23.483261 dv-cinder-863097-1-smb devstack@keystone.service[81457]: ERROR keystone.server.flask.application __ret_val = __f(*args, **kwargs)
Oct 31 19:08:23.483261 dv-cinder-863097-1-smb devstack@keystone.service[81457]: ERROR keystone.server.flask.application
File "/usr/local/lib/python3.8/dist-packages/decorator.py", line 232, in fun
Oct 31 19:08:23.483261 dv-cinder-863097-1-smb devstack@keystone.service[81457]: ERROR keystone.server.flask.application return caller(func, *(extras + args), **kw)
Oct 31 19:08:23.483261 dv-cinder-863097-1-smb devstack@keystone.service[81457]: ERROR keystone.server.flask.application
File "/usr/local/lib/python3.8/dist-packages/dogpile/cache/region.py", line 1577, in get_or_create_for_user_func
Oct 31 19:08:23.483261 dv-cinder-863097-1-smb devstack@keystone.service[81457]: ERROR keystone.server.flask.application return self.get_or_create(
Oct 31 19:08:23.483261 dv-cinder-863097-1-smb devstack@keystone.service[81457]: ERROR keystone.server.flask.application
File "/usr/local/lib/python3.8/dist-packages/dogpile/cache/region.py", line 1042, in get_or_create
Oct 31 19:08:23.483261 dv-cinder-863097-1-smb devstack@keystone.service[81457]: ERROR keystone.server.flask.application with Lock(
Oct 31 19:08:23.483261 dv-cinder-863097-1-smb devstack@keystone.service[81457]: ERROR keystone.server.flask.application
File "/usr/local/lib/python3.8/dist-packages/dogpile/lock.py", line 185, in __enter__
Oct 31 19:08:23.483261 dv-cinder-863097-1-smb devstack@keystone.service[81457]: ERROR keystone.server.flask.application return self._enter()
Oct 31 19:08:23.483261 dv-cinder-863097-1-smb devstack@keystone.service[81457]: ERROR keystone.server.flask.application
File "/usr/local/lib/python3.8/dist-packages/dogpile/lock.py", line 94, in _enter
Oct 31 19:08:23.483261 dv-cinder-863097-1-smb devstack@keystone.service[81457]: ERROR keystone.server.flask.application generated = self._enter_create(value, createdtime)
Oct 31 19:08:23.483261 dv-cinder-863097-1-smb devstack@keystone.service[81457]: ERROR keystone.server.flask.application
File "/usr/local/lib/python3.8/dist-packages/dogpile/lock.py", line 178, in _enter_create
Oct 31 19:08:23.483261 dv-cinder-863097-1-smb devstack@keystone.service[81457]: ERROR keystone.server.flask.application return self.creator()
Oct 31 19:08:23.483261 dv-cinder-863097-1-smb devstack@keystone.service[81457]: ERROR keystone.server.flask.application
File "/usr/local/lib/python3.8/dist-packages/dogpile/cache/region.py", line 995, in gen_value
Oct 31 19:08:23.483261 dv-cinder-863097-1-smb devstack@keystone.service[81457]: ERROR keystone.server.flask.application created_value = creator(
Oct 31 19:08:23.483261 dv-cinder-863097-1-smb devstack@keystone.service[81457]: ERROR keystone.server.flask.application
File "/opt/stack/keystone/keystone/resource/core.py", line 716, in get_domain
Oct 31 19:08:23.484059 dv-cinder-863097-1-smb devstack@keystone.service[81457]: ERROR keystone.server.flask.application raise exception.DomainNotFound(domain_id=domain_id)
Oct 31 19:08:23.484059 dv-cinder-863097-1-smb devstack@keystone.service[81457]: ERROR keystone.server.flask.application keystone.exception.DomainNotFound: Could not find domain: Default.
Oct 31 19:08:23.484059 dv-cinder-863097-1-smb devstack@keystone.service[81457]: ERROR keystone.server.flask.application
Oct 31 19:08:23.488498 dv-cinder-863097-1-smb devstack@keystone.service[81457]: [pid: 81457|app: 0|req: 177/347] 10.222.0.23 () {56 vars in 1108 bytes} [Mon Oct 31 19:08:23 2022] GET /identity/v3/domains/Default => generated 87 bytes in 181 msecs (HTTP/1.1 404) 5 headers in 183 bytes (1 switches on core 0)
Oct 31 19:08:23.489736 dv-cinder-863097-1-smb devstack@keystone.service[81457]: DEBUG keystone.server.flask.request_processing.req_logging [None req-d3b3738c-7d48-40d1-8b86-b0a0ae149919 None None] REQUEST_METHOD: `POST` {{(pid=81457) log_request_info /opt/stack/keystone/keystone/server/flask/request_processing/req_logging.py:27}}
Oct 31 19:08:23.490215 dv-cinder-863097-1-smb devstack@keystone.service[81457]: DEBUG keystone.server.flask.request_processing.req_logging [None req-d3b3738c-7d48-40d1-8b86-b0a0ae149919 None None] SCRIPT_NAME: `/identity` {{(pid=81457) log_request_info /opt/stack/keystone/keystone/server/flask/request_processing/req_logging.py:28}}
Oct 31 19:08:23.490498 dv-cinder-863097-1-smb devstack@keystone.service[81457]: DEBUG keystone.server.flask.request_processing.req_logging [None req-d3b3738c-7d48-40d1-8b86-b0a0ae149919 None None] PATH_INFO: `/v3/auth/tokens` {{(pid=81457) log_request_info /opt/stack/keystone/keystone/server/flask/request_processing/req_logging.py:29}}
Oct 31 19:08:23.500774 dv-cinder-863097-1-smb devstack@keystone.service[81458]: [pid: 81458|app: 0|req: 171/348] 10.222.0.23 () {60 vars in 1132 bytes} [Mon Oct 31 19:08:23 2022] POST /identity/v3/users => generated 246 bytes in 182 msecs (HTTP/1.1 201) 5 headers in 182 bytes (1 switches on core 0)
Oct 31 19:08:23.500774 dv-cinder-863097-1-smb devstack@keystone.service[81458]: DEBUG keystone.server.flask.request_processing.middleware.auth_context [None req-a467064d-e543-49fa-ba48-4a1ebb78c9c0 None admin] Authenticating user token {{(pid=81458) process_request /usr/local/lib/python3.8/dist-packages/keystonemiddleware/auth_token/__init__.py:407}}
Oct 31 19:08:23.522642 dv-cinder-863097-1-smb devstack@keystone.service[81457]: DEBUG keystone.auth.core [None req-d3b3738c-7d48-40d1-8b86-b0a0ae149919 None None] MFA Rules not processed for user `c283501180e146e19c1574f09f326f1e`. Rule list: `[]` (Enabled: `True`). {{(pid=81457) check_auth_methods_against_rules /opt/stack/keystone/keystone/auth/core.py:438}}
Oct 31 19:08:23.524706 dv-cinder-863097-1-smb devstack@keystone.service[81457]: DEBUG keystone.common.fernet_utils [None req-d3b3738c-7d48-40d1-8b86-b0a0ae149919 None None] Loaded 2 Fernet keys from /etc/keystone/fernet-keys/, but `[fernet_tokens] max_active_keys = 3`; perhaps there have not been enough key rotations to reach `max_active_keys` yet? {{(pid=81457) load_keys /opt/stack/keystone/keystone/common/fernet_utils.py:286}}
Oct 31 19:08:23.621689 dv-cinder-863097-1-smb devstack@keystone.service[81458]: DEBUG keystone.server.flask.request_processing.middleware.auth_context [None req-a467064d-e543-49fa-ba48-4a1ebb78c9c0 None admin] Validating token access rules against request {{(pid=81458) validate_allowed_request /usr/local/lib/python3.8/dist-packages/keystonemiddleware/auth_token/__init__.py:545}}
Oct 31 19:08:23.633693 dv-cinder-863097-1-smb devstack@keystone.service[81457]: [pid: 81457|app: 0|req: 178/349] 10.222.0.23 () {58 vars in 1024 bytes} [Mon Oct 31 19:08:23 2022] POST /identity/v3/auth/tokens => generated 799 bytes in 145 msecs (HTTP/1.1 201) 6 headers in 363 bytes (1 switches on core 0)
Oct 31 19:08:23.634883 dv-cinder-863097-1-smb devstack@keystone.service[81457]: DEBUG keystone.server.flask.request_processing.middleware.auth_context [None req-d3b3738c-7d48-40d1-8b86-b0a0ae149919 None None] Authenticating user token {{(pid=81457) process_request /usr/local/lib/python3.8/dist-packages/keystonemiddleware/auth_token/__init__.py:407}}
Oct 31 19:08:23.693939 dv-cinder-863097-1-smb devstack@keystone.service[81458]: DEBUG keystone.server.flask.request_processing.middleware.auth_context [None req-0deb866c-e9b6-460b-8915-85657249c7f5 None admin] RBAC: auth_context: {'token': , 'domain_id': None, 'trust_id': None, 'trustor_id': None, 'trustee_id': None, 'domain_name': None, 'group_ids': [], 'user_id': 'c283501180e146e19c1574f09f326f1e', 'user_domain_id': 'default', 'system_scope': 'all', 'project_id': None, 'project_domain_id': None, 'roles': ['admin', 'member', 'reader'], 'is_admin_project': True, 'service_user_id': None, 'service_user_domain_id': None, 'service_project_id': None, 'service_project_domain_id': None, 'service_roles': []} {{(pid=81458) fill_context /opt/stack/keystone/keystone/server/flask/request_processing/middleware/auth_context.py:478}}
Oct 31 19:08:23.694981 dv-cinder-863097-1-smb devstack@keystone.service[81458]: DEBUG keystone.server.flask.request_processing.req_logging [None req-0deb866c-e9b6-460b-8915-85657249c7f5 None admin] REQUEST_METHOD: `GET` {{(pid=81458) log_request_info /opt/stack/keystone/keystone/server/flask/request_processing/req_logging.py:27}}
Oct 31 19:08:23.695583 dv-cinder-863097-1-smb devstack@keystone.service[81458]: DEBUG keystone.server.flask.request_processing.req_logging [None req-0deb866c-e9b6-460b-8915-85657249c7f5 None admin] SCRIPT_NAME: `/identity` {{(pid=81458) log_request_info /opt/stack/keystone/keystone/server/flask/request_processing/req_logging.py:28}}
Oct 31 19:08:23.696089 dv-cinder-863097-1-smb devstack@keystone.service[81458]: DEBUG keystone.server.flask.request_processing.req_logging [None req-0deb866c-e9b6-460b-8915-85657249c7f5 None admin] PATH_INFO: `/v3/domains` {{(pid=81458) log_request_info /opt/stack/keystone/keystone/server/flask/request_processing/req_logging.py:29}}
Oct 31 19:08:23.697088 dv-cinder-863097-1-smb devstack@keystone.service[81458]: DEBUG keystone.common.rbac_enforcer.enforcer [None req-0deb866c-e9b6-460b-8915-85657249c7f5 None admin] RBAC: Adding query filter params (name=Default) {{(pid=81458) _extract_filter_values /opt/stack/keystone/keystone/common/rbac_enforcer/enforcer.py:167}}
Oct 31 19:08:23.702389 dv-cinder-863097-1-smb devstack@keystone.service[81458]: DEBUG keystone.common.rbac_enforcer.enforcer [None req-0deb866c-e9b6-460b-8915-85657249c7f5 None admin] RBAC: Authorizing `identity:list_domains()` {{(pid=81458) enforce_call /opt/stack/keystone/keystone/common/rbac_enforcer/enforcer.py:449}}
Oct 31 19:08:23.704391 dv-cinder-863097-1-smb devstack@keystone.service[81458]: DEBUG keystone.common.rbac_enforcer.enforcer [None req-0deb866c-e9b6-460b-8915-85657249c7f5 None admin] RBAC: Authorization granted {{(pid=81458) enforce_call /opt/stack/keystone/keystone/common/rbac_enforcer/enforcer.py:457}}
Oct 31 19:08:23.725092 dv-cinder-863097-1-smb devstack@keystone.service[81458]: [pid: 81458|app: 0|req: 172/350] 10.222.0.23 () {56 vars in 1109 bytes} [Mon Oct 31 19:08:23 2022] GET /identity/v3/domains?name=Default => generated 308 bytes in 229 msecs (HTTP/1.1 200) 5 headers in 177 bytes (1 switches on core 0)
Oct 31 19:08:23.726999 dv-cinder-863097-1-smb devstack@keystone.service[81458]: DEBUG keystone.server.flask.request_processing.req_logging [None req-db8313a7-29fc-4329-ac50-48f8e814ca47 None None] REQUEST_METHOD: `GET` {{(pid=81458) log_request_info /opt/stack/keystone/keystone/server/flask/request_processing/req_logging.py:27}}
Oct 31 19:08:23.727290 dv-cinder-863097-1-smb devstack@keystone.service[81458]: DEBUG keystone.server.flask.request_processing.req_logging [None req-db8313a7-29fc-4329-ac50-48f8e814ca47 None None] SCRIPT_NAME: `/identity` {{(pid=81458) log_request_info /opt/stack/keystone/keystone/server/flask/request_processing/req_logging.py:28}}
Oct 31 19:08:23.727566 dv-cinder-863097-1-smb devstack@keystone.service[81458]: DEBUG keystone.server.flask.request_processing.req_logging [None req-db8313a7-29fc-4329-ac50-48f8e814ca47 None None] PATH_INFO: `/` {{(pid=81458) log_request_info /opt/stack/keystone/keystone/server/flask/request_processing/req_logging.py:29}}
Oct 31 19:08:23.729062 dv-cinder-863097-1-smb devstack@keystone.service[81458]: [pid: 81458|app: 0|req: 173/351] 10.222.0.23 () {54 vars in 927 bytes} [Mon Oct 31 19:08:23 2022] GET /identity => generated 270 bytes in 3 msecs (HTTP/1.1 300) 6 headers in 234 bytes (1 switches on core 0)
Oct 31 19:08:23.731778 dv-cinder-863097-1-smb devstack@keystone.service[81458]: DEBUG keystone.server.flask.request_processing.middleware.auth_context [None req-db8313a7-29fc-4329-ac50-48f8e814ca47 None None] Authenticating user token {{(pid=81458) process_request /usr/local/lib/python3.8/dist-packages/keystonemiddleware/auth_token/__init__.py:407}}
Oct 31 19:08:23.751797 dv-cinder-863097-1-smb devstack@keystone.service[81457]: DEBUG dbcounter [-] [81457] Writing DB stats keystone:SELECT=100 {{(pid=81457) stat_writer /usr/local/lib/python3.8/dist-packages/dbcounter.py:114}}
