Oct 31 19:21:04.643531 dv-cinder-863097-1-smb devstack@c-api.service[111556]: DEBUG cinder.api.openstack.wsgi [None req-766503b4-b5ca-4652-8a52-c4ce3249b0e8 tempest-GroupsV314Test-208541933 tempest-GroupsV314Test-208541933-project] Empty body provided in request {{(pid=111556) get_body /opt/stack/cinder/cinder/api/openstack/wsgi.py:715}}
Oct 31 19:21:04.643986 dv-cinder-863097-1-smb devstack@c-api.service[111556]: DEBUG cinder.api.openstack.wsgi [None req-766503b4-b5ca-4652-8a52-c4ce3249b0e8 tempest-GroupsV314Test-208541933 tempest-GroupsV314Test-208541933-project] Calling method 'version_select' {{(pid=111556) _process_stack /opt/stack/cinder/cinder/api/openstack/wsgi.py:868}}
Oct 31 19:21:04.644885 dv-cinder-863097-1-smb devstack@c-api.service[111556]: DEBUG cinder.api.v3.groups [None req-766503b4-b5ca-4652-8a52-c4ce3249b0e8 tempest-GroupsV314Test-208541933 tempest-GroupsV314Test-208541933-project] show called for member 5fbb6ca0-4254-4ad1-80bf-584165d4dc2d {{(pid=111556) show /opt/stack/cinder/cinder/api/v3/groups.py:58}}
Oct 31 19:21:04.654521 dv-cinder-863097-1-smb devstack@c-api.service[111556]: INFO cinder.api.openstack.wsgi [None req-766503b4-b5ca-4652-8a52-c4ce3249b0e8 tempest-GroupsV314Test-208541933 tempest-GroupsV314Test-208541933-project] http://10.222.0.23/volume/v3/f1f9b7becc454dac95ff6bd7fcc40972/groups/5fbb6ca0-4254-4ad1-80bf-584165d4dc2d returned with HTTP 404
Oct 31 19:21:04.655489 dv-cinder-863097-1-smb devstack@c-api.service[111556]: [pid: 111556|app: 0|req: 56/108] 10.222.0.23 () {60 vars in 1363 bytes} [Mon Oct 31 19:21:04 2022] GET /volume/v3/f1f9b7becc454dac95ff6bd7fcc40972/groups/5fbb6ca0-4254-4ad1-80bf-584165d4dc2d => generated 108 bytes in 18 msecs (HTTP/1.1 404) 7 headers in 293 bytes (1 switches on core 0)
Oct 31 19:21:04.661391 dv-cinder-863097-1-smb devstack@c-api.service[111557]: DEBUG cinder.api.middleware.request_id [None req-ad237386-eba3-4104-9cbf-50ce582a09e3 None None] RequestId filter calling following filter/app {{(pid=111557) _context_setter /opt/stack/cinder/cinder/api/middleware/request_id.py:62}}
Oct 31 19:21:04.670655 dv-cinder-863097-1-smb devstack@c-api.service[111557]: INFO cinder.api.openstack.wsgi [None req-ad237386-eba3-4104-9cbf-50ce582a09e3 tempest-GroupsV314Test-1977553603 tempest-GroupsV314Test-1977553603-project-admin] DELETE http://10.222.0.23/volume/v3/18fd4d5700474500bf3f83062c84c601/group_types/5031416c-5919-4ab3-bc62-33225483fae6
Oct 31 19:21:04.676526 dv-cinder-863097-1-smb devstack@c-api.service[111557]: DEBUG cinder.api.openstack.wsgi [None req-ad237386-eba3-4104-9cbf-50ce582a09e3 tempest-GroupsV314Test-1977553603 tempest-GroupsV314Test-1977553603-project-admin] Empty body provided in request {{(pid=111557) get_body /opt/stack/cinder/cinder/api/openstack/wsgi.py:715}}
Oct 31 19:21:04.677183 dv-cinder-863097-1-smb devstack@c-api.service[111557]: DEBUG cinder.api.openstack.wsgi [None req-ad237386-eba3-4104-9cbf-50ce582a09e3 tempest-GroupsV314Test-1977553603 tempest-GroupsV314Test-1977553603-project-admin] Calling method 'version_select' {{(pid=111557) _process_stack /opt/stack/cinder/cinder/api/openstack/wsgi.py:868}}
Oct 31 19:21:04.735045 dv-cinder-863097-1-smb devstack@c-api.service[111557]: INFO cinder.api.openstack.wsgi [None req-ad237386-eba3-4104-9cbf-50ce582a09e3 tempest-GroupsV314Test-1977553603 tempest-GroupsV314Test-1977553603-project-admin] http://10.222.0.23/volume/v3/18fd4d5700474500bf3f83062c84c601/group_types/5031416c-5919-4ab3-bc62-33225483fae6 returned with HTTP 202
Oct 31 19:21:04.736185 dv-cinder-863097-1-smb devstack@c-api.service[111557]: [pid: 111557|app: 0|req: 53/109] 10.222.0.23 () {60 vars in 1381 bytes} [Mon Oct 31 19:21:04 2022] DELETE /volume/v3/18fd4d5700474500bf3f83062c84c601/group_types/5031416c-5919-4ab3-bc62-33225483fae6 => generated 0 bytes in 76 msecs (HTTP/1.1 202) 6 headers in 234 bytes (1 switches on core 0)
Oct 31 19:21:04.742956 dv-cinder-863097-1-smb devstack@c-api.service[111556]: DEBUG cinder.api.middleware.request_id [None req-cb4c4767-d773-4dfe-b37c-c644ffe71ef8 None None] RequestId filter calling following filter/app {{(pid=111556) _context_setter /opt/stack/cinder/cinder/api/middleware/request_id.py:62}}
Oct 31 19:21:04.747947 dv-cinder-863097-1-smb devstack@c-api.service[111556]: INFO cinder.api.openstack.wsgi [None req-cb4c4767-d773-4dfe-b37c-c644ffe71ef8 tempest-GroupsV314Test-208541933 tempest-GroupsV314Test-208541933-project] DELETE http://10.222.0.23/volume/v3/f1f9b7becc454dac95ff6bd7fcc40972/volumes/8c5139ca-497b-48bd-adff-a3312be6e791
Oct 31 19:21:04.749076 dv-cinder-863097-1-smb devstack@c-api.service[111556]: DEBUG cinder.api.openstack.wsgi [None req-cb4c4767-d773-4dfe-b37c-c644ffe71ef8 tempest-GroupsV314Test-208541933 tempest-GroupsV314Test-208541933-project] Empty body provided in request {{(pid=111556) get_body /opt/stack/cinder/cinder/api/openstack/wsgi.py:715}}
Oct 31 19:21:04.749539 dv-cinder-863097-1-smb devstack@c-api.service[111556]: DEBUG cinder.api.openstack.wsgi [None req-cb4c4767-d773-4dfe-b37c-c644ffe71ef8 tempest-GroupsV314Test-208541933 tempest-GroupsV314Test-208541933-project] Calling method 'delete' {{(pid=111556) _process_stack /opt/stack/cinder/cinder/api/openstack/wsgi.py:868}}
Oct 31 19:21:04.749944 dv-cinder-863097-1-smb devstack@c-api.service[111556]: INFO cinder.api.v3.volumes [None req-cb4c4767-d773-4dfe-b37c-c644ffe71ef8 tempest-GroupsV314Test-208541933 tempest-GroupsV314Test-208541933-project] Delete volume with id: 8c5139ca-497b-48bd-adff-a3312be6e791
Oct 31 19:21:04.806999 dv-cinder-863097-1-smb devstack@c-api.service[111556]: INFO cinder.api.openstack.wsgi [None req-cb4c4767-d773-4dfe-b37c-c644ffe71ef8 tempest-GroupsV314Test-208541933 tempest-GroupsV314Test-208541933-project] http://10.222.0.23/volume/v3/f1f9b7becc454dac95ff6bd7fcc40972/volumes/8c5139ca-497b-48bd-adff-a3312be6e791 returned with HTTP 404
Oct 31 19:21:04.813957 dv-cinder-863097-1-smb devstack@c-api.service[111556]: [pid: 111556|app: 0|req: 57/110] 10.222.0.23 () {60 vars in 1369 bytes} [Mon Oct 31 19:21:04 2022] DELETE /volume/v3/f1f9b7becc454dac95ff6bd7fcc40972/volumes/8c5139ca-497b-48bd-adff-a3312be6e791 => generated 109 bytes in 70 msecs (HTTP/1.1 404) 7 headers in 293 bytes (1 switches on core 0)
Oct 31 19:21:04.815698 dv-cinder-863097-1-smb devstack@c-api.service[111557]: DEBUG cinder.api.middleware.request_id [None req-f5519a5c-a794-47d6-9c69-943be98632b3 None None] RequestId filter calling following filter/app {{(pid=111557) _context_setter /opt/stack/cinder/cinder/api/middleware/request_id.py:62}}
Oct 31 19:21:04.819879 dv-cinder-863097-1-smb devstack@c-api.service[111557]: INFO cinder.api.openstack.wsgi [None req-f5519a5c-a794-47d6-9c69-943be98632b3 tempest-GroupsV314Test-1977553603 tempest-GroupsV314Test-1977553603-project-admin] DELETE http://10.222.0.23/volume/v3/18fd4d5700474500bf3f83062c84c601/types/aac5826b-d660-443a-86bf-cf45382feb6f
Oct 31 19:21:04.820570 dv-cinder-863097-1-smb devstack@c-api.service[111557]: DEBUG cinder.api.openstack.wsgi [None req-f5519a5c-a794-47d6-9c69-943be98632b3 tempest-GroupsV314Test-1977553603 tempest-GroupsV314Test-1977553603-project-admin] Empty body provided in request {{(pid=111557) get_body /opt/stack/cinder/cinder/api/openstack/wsgi.py:715}}
Oct 31 19:21:04.821213 dv-cinder-863097-1-smb devstack@c-api.service[111557]: DEBUG cinder.api.openstack.wsgi [None req-f5519a5c-a794-47d6-9c69-943be98632b3 tempest-GroupsV314Test-1977553603 tempest-GroupsV314Test-1977553603-project-admin] Calling method '_delete' {{(pid=111557) _process_stack /opt/stack/cinder/cinder/api/openstack/wsgi.py:868}}
Oct 31 19:21:04.904411 dv-cinder-863097-1-smb devstack@c-api.service[111557]: INFO cinder.api.openstack.wsgi [None req-f5519a5c-a794-47d6-9c69-943be98632b3 tempest-GroupsV314Test-1977553603 tempest-GroupsV314Test-1977553603-project-admin] http://10.222.0.23/volume/v3/18fd4d5700474500bf3f83062c84c601/types/aac5826b-d660-443a-86bf-cf45382feb6f returned with HTTP 202
Oct 31 19:21:04.905943 dv-cinder-863097-1-smb devstack@c-api.service[111557]: [pid: 111557|app: 0|req: 54/111] 10.222.0.23 () {58 vars in 1322 bytes} [Mon Oct 31 19:21:04 2022] DELETE /volume/v3/18fd4d5700474500bf3f83062c84c601/types/aac5826b-d660-443a-86bf-cf45382feb6f => generated 0 bytes in 91 msecs (HTTP/1.1 202) 6 headers in 233 bytes (1 switches on core 0)
Oct 31 19:21:04.910923 dv-cinder-863097-1-smb devstack@c-api.service[111556]: DEBUG cinder.api.middleware.request_id [None req-b8420395-37e9-437f-86cc-44124240fc7c None None] RequestId filter calling following filter/app {{(pid=111556) _context_setter /opt/stack/cinder/cinder/api/middleware/request_id.py:62}}
Oct 31 19:21:04.944410 dv-cinder-863097-1-smb devstack@c-api.service[111556]: INFO cinder.api.openstack.wsgi [None req-b8420395-37e9-437f-86cc-44124240fc7c tempest-GroupsV314Test-1977553603 tempest-GroupsV314Test-1977553603-project-admin] GET http://10.222.0.23/volume/v3/18fd4d5700474500bf3f83062c84c601/types/aac5826b-d660-443a-86bf-cf45382feb6f
Oct 31 19:21:04.944410 dv-cinder-863097-1-smb devstack@c-api.service[111556]: DEBUG cinder.api.openstack.wsgi [None req-b8420395-37e9-437f-86cc-44124240fc7c tempest-GroupsV314Test-1977553603 tempest-GroupsV314Test-1977553603-project-admin] Empty body provided in request {{(pid=111556) get_body /opt/stack/cinder/cinder/api/openstack/wsgi.py:715}}
Oct 31 19:21:04.944410 dv-cinder-863097-1-smb devstack@c-api.service[111556]: DEBUG cinder.api.openstack.wsgi [None req-b8420395-37e9-437f-86cc-44124240fc7c tempest-GroupsV314Test-1977553603 tempest-GroupsV314Test-1977553603-project-admin] Calling method 'show' {{(pid=111556) _process_stack /opt/stack/cinder/cinder/api/openstack/wsgi.py:868}}
Oct 31 19:21:04.944410 dv-cinder-863097-1-smb devstack@c-api.service[111556]: INFO cinder.api.openstack.wsgi [None req-b8420395-37e9-437f-86cc-44124240fc7c tempest-GroupsV314Test-1977553603 tempest-GroupsV314Test-1977553603-project-admin] http://10.222.0.23/volume/v3/18fd4d5700474500bf3f83062c84c601/types/aac5826b-d660-443a-86bf-cf45382feb6f returned with HTTP 404
Oct 31 19:21:04.944410 dv-cinder-863097-1-smb devstack@c-api.service[111556]: [pid: 111556|app: 0|req: 58/112] 10.222.0.23 () {58 vars in 1319 bytes} [Mon Oct 31 19:21:04 2022] GET /volume/v3/18fd4d5700474500bf3f83062c84c601/types/aac5826b-d660-443a-86bf-cf45382feb6f => generated 114 bytes in 22 msecs (HTTP/1.1 404) 7 headers in 292 bytes (1 switches on core 0)
Oct 31 19:21:11.116739 dv-cinder-863097-1-smb devstack@c-api.service[111557]: DEBUG cinder.api.middleware.request_id [None req-50cf0459-d752-461c-a901-0ba9efacda20 None None] RequestId filter calling following filter/app {{(pid=111557) _context_setter /opt/stack/cinder/cinder/api/middleware/request_id.py:62}}
Oct 31 19:21:11.575546 dv-cinder-863097-1-smb devstack@c-api.service[111557]: INFO cinder.api.openstack.wsgi [None req-50cf0459-d752-461c-a901-0ba9efacda20 tempest-GroupTypeSpecsTest-105291887 tempest-GroupTypeSpecsTest-105291887-project-admin] POST http://10.222.0.23/volume/v3/de25d1aae6604463b116acd4291ea77b/group_types
Oct 31 19:21:11.576583 dv-cinder-863097-1-smb devstack@c-api.service[111557]: DEBUG cinder.api.openstack.wsgi [None req-50cf0459-d752-461c-a901-0ba9efacda20 tempest-GroupTypeSpecsTest-105291887 tempest-GroupTypeSpecsTest-105291887-project-admin] Action: 'create', calling method: version_select, body: {"group_type": {"name": "tempest-GroupTypeSpecsTest-group-type-1124172145"}} {{(pid=111557) _process_stack /opt/stack/cinder/cinder/api/openstack/wsgi.py:866}}
Oct 31 19:21:11.649563 dv-cinder-863097-1-smb devstack@c-api.service[111557]: INFO cinder.api.openstack.wsgi [None req-50cf0459-d752-461c-a901-0ba9efacda20 tempest-GroupTypeSpecsTest-105291887 tempest-GroupTypeSpecsTest-105291887-project-admin] http://10.222.0.23/volume/v3/de25d1aae6604463b116acd4291ea77b/group_types returned with HTTP 202
Oct 31 19:21:11.662826 dv-cinder-863097-1-smb devstack@c-api.service[111556]: DEBUG cinder.api.middleware.request_id [None req-f7ca37b2-36a3-4447-b34c-2c7a4ca7e77a None None] RequestId filter calling following filter/app {{(pid=111556) _context_setter /opt/stack/cinder/cinder/api/middleware/request_id.py:62}}
Oct 31 19:21:11.668644 dv-cinder-863097-1-smb devstack@c-api.service[111556]: INFO cinder.api.openstack.wsgi [None req-f7ca37b2-36a3-4447-b34c-2c7a4ca7e77a tempest-GroupTypeSpecsTest-105291887 tempest-GroupTypeSpecsTest-105291887-project-admin] POST http://10.222.0.23/volume/v3/de25d1aae6604463b116acd4291ea77b/group_types/640fa4fb-f804-4f02-b75a-8c4355e683ae/group_specs
Oct 31 19:21:11.669511 dv-cinder-863097-1-smb devstack@c-api.service[111556]: DEBUG cinder.api.openstack.wsgi [None req-f7ca37b2-36a3-4447-b34c-2c7a4ca7e77a tempest-GroupTypeSpecsTest-105291887 tempest-GroupTypeSpecsTest-105291887-project-admin] Action: 'create', calling method: version_select, body: {"group_specs": {"key1": "value1", "key2": "value2"}} {{(pid=111556) _process_stack /opt/stack/cinder/cinder/api/openstack/wsgi.py:866}}
Oct 31 19:21:11.672347 dv-cinder-863097-1-smb devstack@c-api.service[111557]: [pid: 111557|app: 0|req: 55/113] 10.222.0.23 () {62 vars in 1288 bytes} [Mon Oct 31 19:21:11 2022] POST /volume/v3/de25d1aae6604463b116acd4291ea77b/group_types => generated 181 bytes in 557 msecs (HTTP/1.1 202) 7 headers in 292 bytes (1 switches on core 0)
Oct 31 19:21:11.759611 dv-cinder-863097-1-smb devstack@c-api.service[111556]: INFO cinder.api.openstack.wsgi [None req-f7ca37b2-36a3-4447-b34c-2c7a4ca7e77a tempest-GroupTypeSpecsTest-105291887 tempest-GroupTypeSpecsTest-105291887-project-admin] http://10.222.0.23/volume/v3/de25d1aae6604463b116acd4291ea77b/group_types/640fa4fb-f804-4f02-b75a-8c4355e683ae/group_specs returned with HTTP 202
Oct 31 19:21:11.766895 dv-cinder-863097-1-smb devstack@c-api.service[111557]: DEBUG cinder.api.middleware.request_id [None req-090ca8f6-951e-4e40-b1a2-cbc3aa9e2fa1 None None] RequestId filter calling following filter/app {{(pid=111557) _context_setter /opt/stack/cinder/cinder/api/middleware/request_id.py:62}}
Oct 31 19:21:11.771373 dv-cinder-863097-1-smb devstack@c-api.service[111557]: INFO cinder.api.openstack.wsgi [None req-090ca8f6-951e-4e40-b1a2-cbc3aa9e2fa1 tempest-GroupTypeSpecsTest-105291887 tempest-GroupTypeSpecsTest-105291887-project-admin] POST http://10.222.0.23/volume/v3/de25d1aae6604463b116acd4291ea77b/group_types/640fa4fb-f804-4f02-b75a-8c4355e683ae/group_specs
Oct 31 19:21:11.772134 dv-cinder-863097-1-smb devstack@c-api.service[111557]: DEBUG cinder.api.openstack.wsgi [None req-090ca8f6-951e-4e40-b1a2-cbc3aa9e2fa1 tempest-GroupTypeSpecsTest-105291887 tempest-GroupTypeSpecsTest-105291887-project-admin] Action: 'create', calling method: version_select, body: {"group_specs": {"key2": "value2-updated", "key3": "value3"}} {{(pid=111557) _process_stack /opt/stack/cinder/cinder/api/openstack/wsgi.py:866}}
Oct 31 19:21:11.785609 dv-cinder-863097-1-smb devstack@c-api.service[111556]: [pid: 111556|app: 0|req: 59/114] 10.222.0.23 () {62 vars in 1435 bytes} [Mon Oct 31 19:21:11 2022] POST /volume/v3/de25d1aae6604463b116acd4291ea77b/group_types/640fa4fb-f804-4f02-b75a-8c4355e683ae/group_specs => generated 53 bytes in 124 msecs (HTTP/1.1 202) 7 headers in 291 bytes (1 switches on core 0)
Oct 31 19:21:11.843317 dv-cinder-863097-1-smb devstack@c-api.service[111557]: INFO cinder.api.openstack.wsgi [None req-090ca8f6-951e-4e40-b1a2-cbc3aa9e2fa1 tempest-GroupTypeSpecsTest-105291887 tempest-GroupTypeSpecsTest-105291887-project-admin] http://10.222.0.23/volume/v3/de25d1aae6604463b116acd4291ea77b/group_types/640fa4fb-f804-4f02-b75a-8c4355e683ae/group_specs returned with HTTP 202
Oct 31 19:21:11.846145 dv-cinder-863097-1-smb devstack@c-api.service[111557]: [pid: 111557|app: 0|req: 56/115] 10.222.0.23 () {62 vars in 1435 bytes} [Mon Oct 31 19:21:11 2022] POST /volume/v3/de25d1aae6604463b116acd4291ea77b/group_types/640fa4fb-f804-4f02-b75a-8c4355e683ae/group_specs => generated 61 bytes in 80 msecs (HTTP/1.1 202) 7 headers in 291 bytes (2 switches on core 0)
Oct 31 19:21:11.854015 dv-cinder-863097-1-smb devstack@c-api.service[111556]: DEBUG cinder.api.middleware.request_id [None req-cf54c1f7-c220-4f3a-89ff-36839e213f7d None None] RequestId filter calling following filter/app {{(pid=111556) _context_setter /opt/stack/cinder/cinder/api/middleware/request_id.py:62}}
Oct 31 19:21:11.860081 dv-cinder-863097-1-smb devstack@c-api.service[111556]: INFO cinder.api.openstack.wsgi [None req-cf54c1f7-c220-4f3a-89ff-36839e213f7d tempest-GroupTypeSpecsTest-105291887 tempest-GroupTypeSpecsTest-105291887-project-admin] GET http://10.222.0.23/volume/v3/de25d1aae6604463b116acd4291ea77b/group_types/640fa4fb-f804-4f02-b75a-8c4355e683ae/group_specs/key2
Oct 31 19:21:11.861511 dv-cinder-863097-1-smb devstack@c-api.service[111556]: DEBUG cinder.api.openstack.wsgi [None req-cf54c1f7-c220-4f3a-89ff-36839e213f7d tempest-GroupTypeSpecsTest-105291887 tempest-GroupTypeSpecsTest-105291887-project-admin] Empty body provided in request {{(pid=111556) get_body /opt/stack/cinder/cinder/api/openstack/wsgi.py:715}}
Oct 31 19:21:11.862080 dv-cinder-863097-1-smb devstack@c-api.service[111556]: DEBUG cinder.api.openstack.wsgi [None req-cf54c1f7-c220-4f3a-89ff-36839e213f7d tempest-GroupTypeSpecsTest-105291887 tempest-GroupTypeSpecsTest-105291887-project-admin] Calling method 'version_select' {{(pid=111556) _process_stack /opt/stack/cinder/cinder/api/openstack/wsgi.py:868}}
Oct 31 19:21:11.882197 dv-cinder-863097-1-smb devstack@c-api.service[111556]: INFO cinder.api.openstack.wsgi [None req-cf54c1f7-c220-4f3a-89ff-36839e213f7d tempest-GroupTypeSpecsTest-105291887 tempest-GroupTypeSpecsTest-105291887-project-admin] http://10.222.0.23/volume/v3/de25d1aae6604463b116acd4291ea77b/group_types/640fa4fb-f804-4f02-b75a-8c4355e683ae/group_specs/key2 returned with HTTP 200
Oct 31 19:21:11.883663 dv-cinder-863097-1-smb devstack@c-api.service[111556]: [pid: 111556|app: 0|req: 60/116] 10.222.0.23 () {60 vars in 1429 bytes} [Mon Oct 31 19:21:11 2022] GET /volume/v3/de25d1aae6604463b116acd4291ea77b/group_types/640fa4fb-f804-4f02-b75a-8c4355e683ae/group_specs/key2 => generated 26 bytes in 31 msecs (HTTP/1.1 200) 7 headers in 285 bytes (1 switches on core 0)
Oct 31 19:21:11.889095 dv-cinder-863097-1-smb devstack@c-api.service[111557]: DEBUG cinder.api.middleware.request_id [None req-82b73471-438f-4bca-a754-d933877c113f None None] RequestId filter calling following filter/app {{(pid=111557) _context_setter /opt/stack/cinder/cinder/api/middleware/request_id.py:62}}
Oct 31 19:21:11.893493 dv-cinder-863097-1-smb devstack@c-api.service[111557]: INFO cinder.api.openstack.wsgi [None req-82b73471-438f-4bca-a754-d933877c113f tempest-GroupTypeSpecsTest-105291887 tempest-GroupTypeSpecsTest-105291887-project-admin] GET http://10.222.0.23/volume/v3/de25d1aae6604463b116acd4291ea77b/group_types/640fa4fb-f804-4f02-b75a-8c4355e683ae/group_specs/key3
Oct 31 19:21:11.894832 dv-cinder-863097-1-smb devstack@c-api.service[111557]: DEBUG cinder.api.openstack.wsgi [None req-82b73471-438f-4bca-a754-d933877c113f tempest-GroupTypeSpecsTest-105291887 tempest-GroupTypeSpecsTest-105291887-project-admin] Empty body provided in request {{(pid=111557) get_body /opt/stack/cinder/cinder/api/openstack/wsgi.py:715}}
Oct 31 19:21:11.896904 dv-cinder-863097-1-smb devstack@c-api.service[111557]: DEBUG cinder.api.openstack.wsgi [None req-82b73471-438f-4bca-a754-d933877c113f tempest-GroupTypeSpecsTest-105291887 tempest-GroupTypeSpecsTest-105291887-project-admin] Calling method 'version_select' {{(pid=111557) _process_stack /opt/stack/cinder/cinder/api/openstack/wsgi.py:868}}
Oct 31 19:21:11.934913 dv-cinder-863097-1-smb devstack@c-api.service[111557]: INFO cinder.api.openstack.wsgi [None req-82b73471-438f-4bca-a754-d933877c113f tempest-GroupTypeSpecsTest-105291887 tempest-GroupTypeSpecsTest-105291887-project-admin] http://10.222.0.23/volume/v3/de25d1aae6604463b116acd4291ea77b/group_types/640fa4fb-f804-4f02-b75a-8c4355e683ae/group_specs/key3 returned with HTTP 200
Oct 31 19:21:11.935849 dv-cinder-863097-1-smb devstack@c-api.service[111557]: [pid: 111557|app: 0|req: 57/117] 10.222.0.23 () {60 vars in 1429 bytes} [Mon Oct 31 19:21:11 2022] GET /volume/v3/de25d1aae6604463b116acd4291ea77b/group_types/640fa4fb-f804-4f02-b75a-8c4355e683ae/group_specs/key3 => generated 18 bytes in 48 msecs (HTTP/1.1 200) 7 headers in 285 bytes (1 switches on core 0)
Oct 31 19:21:11.942758 dv-cinder-863097-1-smb devstack@c-api.service[111556]: DEBUG cinder.api.middleware.request_id [None req-8f3bebea-0753-4a77-b417-e9c576b32e3a None None] RequestId filter calling following filter/app {{(pid=111556) _context_setter /opt/stack/cinder/cinder/api/middleware/request_id.py:62}}
Oct 31 19:21:11.947092 dv-cinder-863097-1-smb devstack@c-api.service[111556]: INFO cinder.api.openstack.wsgi [None req-8f3bebea-0753-4a77-b417-e9c576b32e3a tempest-GroupTypeSpecsTest-105291887 tempest-GroupTypeSpecsTest-105291887-project-admin] PUT http://10.222.0.23/volume/v3/de25d1aae6604463b116acd4291ea77b/group_types/640fa4fb-f804-4f02-b75a-8c4355e683ae/group_specs/key3
Oct 31 19:21:11.948037 dv-cinder-863097-1-smb devstack@c-api.service[111556]: DEBUG cinder.api.openstack.wsgi [None req-8f3bebea-0753-4a77-b417-e9c576b32e3a tempest-GroupTypeSpecsTest-105291887 tempest-GroupTypeSpecsTest-105291887-project-admin] Action: 'update', calling method: version_select, body: {"key3": "value3-updated"} {{(pid=111556) _process_stack /opt/stack/cinder/cinder/api/openstack/wsgi.py:866}}
Oct 31 19:21:11.990104 dv-cinder-863097-1-smb devstack@c-api.service[111556]: INFO cinder.api.openstack.wsgi [None req-8f3bebea-0753-4a77-b417-e9c576b32e3a tempest-GroupTypeSpecsTest-105291887 tempest-GroupTypeSpecsTest-105291887-project-admin] http://10.222.0.23/volume/v3/de25d1aae6604463b116acd4291ea77b/group_types/640fa4fb-f804-4f02-b75a-8c4355e683ae/group_specs/key3 returned with HTTP 200
Oct 31 19:21:11.995063 dv-cinder-863097-1-smb devstack@c-api.service[111556]: [pid: 111556|app: 0|req: 61/118] 10.222.0.23 () {62 vars in 1449 bytes} [Mon Oct 31 19:21:11 2022] PUT /volume/v3/de25d1aae6604463b116acd4291ea77b/group_types/640fa4fb-f804-4f02-b75a-8c4355e683ae/group_specs/key3 => generated 26 bytes in 50 msecs (HTTP/1.1 200) 7 headers in 285 bytes (2 switches on core 0)
Oct 31 19:21:11.997647 dv-cinder-863097-1-smb devstack@c-api.service[111557]: DEBUG cinder.api.middleware.request_id [None req-8a010739-81fb-4201-ae02-4861abc83381 None None] RequestId filter calling following filter/app {{(pid=111557) _context_setter /opt/stack/cinder/cinder/api/middleware/request_id.py:62}}
Oct 31 19:21:12.001680 dv-cinder-863097-1-smb devstack@c-api.service[111557]: INFO cinder.api.openstack.wsgi [None req-8a010739-81fb-4201-ae02-4861abc83381 tempest-GroupTypeSpecsTest-105291887 tempest-GroupTypeSpecsTest-105291887-project-admin] GET http://10.222.0.23/volume/v3/de25d1aae6604463b116acd4291ea77b/group_types/640fa4fb-f804-4f02-b75a-8c4355e683ae/group_specs
Oct 31 19:21:12.002398 dv-cinder-863097-1-smb devstack@c-api.service[111557]: DEBUG cinder.api.openstack.wsgi [None req-8a010739-81fb-4201-ae02-4861abc83381 tempest-GroupTypeSpecsTest-105291887 tempest-GroupTypeSpecsTest-105291887-project-admin] Empty body provided in request {{(pid=111557) get_body /opt/stack/cinder/cinder/api/openstack/wsgi.py:715}}
Oct 31 19:21:12.002867 dv-cinder-863097-1-smb devstack@c-api.service[111557]: DEBUG cinder.api.openstack.wsgi [None req-8a010739-81fb-4201-ae02-4861abc83381 tempest-GroupTypeSpecsTest-105291887 tempest-GroupTypeSpecsTest-105291887-project-admin] Calling method 'version_select' {{(pid=111557) _process_stack /opt/stack/cinder/cinder/api/openstack/wsgi.py:868}}
Oct 31 19:21:12.032406 dv-cinder-863097-1-smb devstack@c-api.service[111557]: DEBUG dbcounter [-] [111557] Writing DB stats cinder:SELECT=87,cinder:UPDATE=11,cinder:INSERT=2 {{(pid=111557) stat_writer /usr/local/lib/python3.8/dist-packages/dbcounter.py:114}}
Oct 31 19:21:12.041363 dv-cinder-863097-1-smb devstack@c-api.service[111557]: INFO cinder.api.openstack.wsgi [None req-8a010739-81fb-4201-ae02-4861abc83381 tempest-GroupTypeSpecsTest-105291887 tempest-GroupTypeSpecsTest-105291887-project-admin] http://10.222.0.23/volume/v3/de25d1aae6604463b116acd4291ea77b/group_types/640fa4fb-f804-4f02-b75a-8c4355e683ae/group_specs returned with HTTP 200
Oct 31 19:21:12.042567 dv-cinder-863097-1-smb devstack@c-api.service[111557]: [pid: 111557|app: 0|req: 58/119] 10.222.0.23 () {60 vars in 1414 bytes} [Mon Oct 31 19:21:11 2022] GET /volume/v3/de25d1aae6604463b116acd4291ea77b/group_types/640fa4fb-f804-4f02-b75a-8c4355e683ae/group_specs => generated 87 bytes in 46 msecs (HTTP/1.1 200) 7 headers in 285 bytes (1 switches on core 0)
Oct 31 19:21:12.049287 dv-cinder-863097-1-smb devstack@c-api.service[111556]: DEBUG cinder.api.middleware.request_id [None req-4d2d6982-7cd4-401c-a5fd-9ff12498ab72 None None] RequestId filter calling following filter/app {{(pid=111556) _context_setter /opt/stack/cinder/cinder/api/middleware/request_id.py:62}}
Oct 31 19:21:12.054170 dv-cinder-863097-1-smb devstack@c-api.service[111556]: INFO cinder.api.openstack.wsgi [None req-4d2d6982-7cd4-401c-a5fd-9ff12498ab72 tempest-GroupTypeSpecsTest-105291887 tempest-GroupTypeSpecsTest-105291887-project-admin] DELETE http://10.222.0.23/volume/v3/de25d1aae6604463b116acd4291ea77b/group_types/640fa4fb-f804-4f02-b75a-8c4355e683ae/group_specs/key1
Oct 31 19:21:12.055480 dv-cinder-863097-1-smb devstack@c-api.service[111556]: DEBUG cinder.api.openstack.wsgi [None req-4d2d6982-7cd4-401c-a5fd-9ff12498ab72 tempest-GroupTypeSpecsTest-105291887 tempest-GroupTypeSpecsTest-105291887-project-admin] Empty body provided in request {{(pid=111556) get_body /opt/stack/cinder/cinder/api/openstack/wsgi.py:715}}
Oct 31 19:21:12.056098 dv-cinder-863097-1-smb devstack@c-api.service[111556]: DEBUG cinder.api.openstack.wsgi [None req-4d2d6982-7cd4-401c-a5fd-9ff12498ab72 tempest-GroupTypeSpecsTest-105291887 tempest-GroupTypeSpecsTest-105291887-project-admin] Calling method 'version_select' {{(pid=111556) _process_stack /opt/stack/cinder/cinder/api/openstack/wsgi.py:868}}
Oct 31 19:21:12.093968 dv-cinder-863097-1-smb devstack@c-api.service[111556]: INFO cinder.api.openstack.wsgi [None req-4d2d6982-7cd4-401c-a5fd-9ff12498ab72 tempest-GroupTypeSpecsTest-105291887 tempest-GroupTypeSpecsTest-105291887-project-admin] http://10.222.0.23/volume/v3/de25d1aae6604463b116acd4291ea77b/group_types/640fa4fb-f804-4f02-b75a-8c4355e683ae/group_specs/key1 returned with HTTP 202
Oct 31 19:21:12.095128 dv-cinder-863097-1-smb devstack@c-api.service[111556]: [pid: 111556|app: 0|req: 62/120] 10.222.0.23 () {60 vars in 1432 bytes} [Mon Oct 31 19:21:12 2022] DELETE /volume/v3/de25d1aae6604463b116acd4291ea77b/group_types/640fa4fb-f804-4f02-b75a-8c4355e683ae/group_specs/key1 => generated 0 bytes in 47 msecs (HTTP/1.1 202) 6 headers in 234 bytes (1 switches on core 0)
Oct 31 19:21:12.102403 dv-cinder-863097-1-smb devstack@c-api.service[111557]: DEBUG cinder.api.middleware.request_id [None req-2c5260fb-1147-4429-b235-0eb719577bc4 None None] RequestId filter calling following filter/app {{(pid=111557) _context_setter /opt/stack/cinder/cinder/api/middleware/request_id.py:62}}
Oct 31 19:21:12.106843 dv-cinder-863097-1-smb devstack@c-api.service[111557]: INFO cinder.api.openstack.wsgi [None req-2c5260fb-1147-4429-b235-0eb719577bc4 tempest-GroupTypeSpecsTest-105291887 tempest-GroupTypeSpecsTest-105291887-project-admin] GET http://10.222.0.23/volume/v3/de25d1aae6604463b116acd4291ea77b/group_types/640fa4fb-f804-4f02-b75a-8c4355e683ae/group_specs/key1
Oct 31 19:21:12.107529 dv-cinder-863097-1-smb devstack@c-api.service[111557]: DEBUG cinder.api.openstack.wsgi [None req-2c5260fb-1147-4429-b235-0eb719577bc4 tempest-GroupTypeSpecsTest-105291887 tempest-GroupTypeSpecsTest-105291887-project-admin] Empty body provided in request {{(pid=111557) get_body /opt/stack/cinder/cinder/api/openstack/wsgi.py:715}}
Oct 31 19:21:12.108081 dv-cinder-863097-1-smb devstack@c-api.service[111557]: DEBUG cinder.api.openstack.wsgi [None req-2c5260fb-1147-4429-b235-0eb719577bc4 tempest-GroupTypeSpecsTest-105291887 tempest-GroupTypeSpecsTest-105291887-project-admin] Calling method 'version_select' {{(pid=111557) _process_stack /opt/stack/cinder/cinder/api/openstack/wsgi.py:868}}
Oct 31 19:21:12.125687 dv-cinder-863097-1-smb devstack@c-api.service[111557]: INFO cinder.api.openstack.wsgi [None req-2c5260fb-1147-4429-b235-0eb719577bc4 tempest-GroupTypeSpecsTest-105291887 tempest-GroupTypeSpecsTest-105291887-project-admin] HTTP exception thrown: Group Type 640fa4fb-f804-4f02-b75a-8c4355e683ae has no extra spec with key key1.
Oct 31 19:21:12.127067 dv-cinder-863097-1-smb devstack@c-api.service[111557]: INFO cinder.api.openstack.wsgi [None req-2c5260fb-1147-4429-b235-0eb719577bc4 tempest-GroupTypeSpecsTest-105291887 tempest-GroupTypeSpecsTest-105291887-project-admin] http://10.222.0.23/volume/v3/de25d1aae6604463b116acd4291ea77b/group_types/640fa4fb-f804-4f02-b75a-8c4355e683ae/group_specs/key1 returned with HTTP 404
Oct 31 19:21:12.135591 dv-cinder-863097-1-smb devstack@c-api.service[111556]: DEBUG cinder.api.middleware.request_id [None req-fd4a1730-ee26-41f1-a84a-0cab138f4579 None None] RequestId filter calling following filter/app {{(pid=111556) _context_setter /opt/stack/cinder/cinder/api/middleware/request_id.py:62}}
Oct 31 19:21:12.147510 dv-cinder-863097-1-smb devstack@c-api.service[111556]: INFO cinder.api.openstack.wsgi [None req-fd4a1730-ee26-41f1-a84a-0cab138f4579 tempest-GroupTypeSpecsTest-105291887 tempest-GroupTypeSpecsTest-105291887-project-admin] DELETE http://10.222.0.23/volume/v3/de25d1aae6604463b116acd4291ea77b/group_types/640fa4fb-f804-4f02-b75a-8c4355e683ae/group_specs/key2
Oct 31 19:21:12.148250 dv-cinder-863097-1-smb devstack@c-api.service[111556]: DEBUG cinder.api.openstack.wsgi [None req-fd4a1730-ee26-41f1-a84a-0cab138f4579 tempest-GroupTypeSpecsTest-105291887 tempest-GroupTypeSpecsTest-105291887-project-admin] Empty body provided in request {{(pid=111556) get_body /opt/stack/cinder/cinder/api/openstack/wsgi.py:715}}
Oct 31 19:21:12.148956 dv-cinder-863097-1-smb devstack@c-api.service[111556]: DEBUG cinder.api.openstack.wsgi [None req-fd4a1730-ee26-41f1-a84a-0cab138f4579 tempest-GroupTypeSpecsTest-105291887 tempest-GroupTypeSpecsTest-105291887-project-admin] Calling method 'version_select' {{(pid=111556) _process_stack /opt/stack/cinder/cinder/api/openstack/wsgi.py:868}}
Oct 31 19:21:12.153153 dv-cinder-863097-1-smb devstack@c-api.service[111557]: [pid: 111557|app: 0|req: 59/121] 10.222.0.23 () {60 vars in 1429 bytes} [Mon Oct 31 19:21:12 2022] GET /volume/v3/de25d1aae6604463b116acd4291ea77b/group_types/640fa4fb-f804-4f02-b75a-8c4355e683ae/group_specs/key1 => generated 126 bytes in 52 msecs (HTTP/1.1 404) 7 headers in 293 bytes (1 switches on core 0)
Oct 31 19:21:12.189551 dv-cinder-863097-1-smb devstack@c-api.service[111556]: INFO cinder.api.openstack.wsgi [None req-fd4a1730-ee26-41f1-a84a-0cab138f4579 tempest-GroupTypeSpecsTest-105291887 tempest-GroupTypeSpecsTest-105291887-project-admin] http://10.222.0.23/volume/v3/de25d1aae6604463b116acd4291ea77b/group_types/640fa4fb-f804-4f02-b75a-8c4355e683ae/group_specs/key2 returned with HTTP 202
Oct 31 19:21:12.194576 dv-cinder-863097-1-smb devstack@c-api.service[111556]: [pid: 111556|app: 0|req: 63/122] 10.222.0.23 () {60 vars in 1432 bytes} [Mon Oct 31 19:21:12 2022] DELETE /volume/v3/de25d1aae6604463b116acd4291ea77b/group_types/640fa4fb-f804-4f02-b75a-8c4355e683ae/group_specs/key2 => generated 0 bytes in 60 msecs (HTTP/1.1 202) 6 headers in 234 bytes (1 switches on core 0)
Oct 31 19:21:12.197297 dv-cinder-863097-1-smb devstack@c-api.service[111557]: DEBUG cinder.api.middleware.request_id [None req-83c55e91-77cc-4f40-be26-52000da1ff0e None None] RequestId filter calling following filter/app {{(pid=111557) _context_setter /opt/stack/cinder/cinder/api/middleware/request_id.py:62}}
Oct 31 19:21:12.203917 dv-cinder-863097-1-smb devstack@c-api.service[111557]: INFO cinder.api.openstack.wsgi [None req-83c55e91-77cc-4f40-be26-52000da1ff0e tempest-GroupTypeSpecsTest-105291887 tempest-GroupTypeSpecsTest-105291887-project-admin] GET http://10.222.0.23/volume/v3/de25d1aae6604463b116acd4291ea77b/group_types/640fa4fb-f804-4f02-b75a-8c4355e683ae/group_specs/key2
Oct 31 19:21:12.204726 dv-cinder-863097-1-smb devstack@c-api.service[111557]: DEBUG cinder.api.openstack.wsgi [None req-83c55e91-77cc-4f40-be26-52000da1ff0e tempest-GroupTypeSpecsTest-105291887 tempest-GroupTypeSpecsTest-105291887-project-admin] Empty body provided in request {{(pid=111557) get_body /opt/stack/cinder/cinder/api/openstack/wsgi.py:715}}
Oct 31 19:21:12.205385 dv-cinder-863097-1-smb devstack@c-api.service[111557]: DEBUG cinder.api.openstack.wsgi [None req-83c55e91-77cc-4f40-be26-52000da1ff0e tempest-GroupTypeSpecsTest-105291887 tempest-GroupTypeSpecsTest-105291887-project-admin] Calling method 'version_select' {{(pid=111557) _process_stack /opt/stack/cinder/cinder/api/openstack/wsgi.py:868}}
Oct 31 19:21:12.225678 dv-cinder-863097-1-smb devstack@c-api.service[111557]: INFO cinder.api.openstack.wsgi [None req-83c55e91-77cc-4f40-be26-52000da1ff0e tempest-GroupTypeSpecsTest-105291887 tempest-GroupTypeSpecsTest-105291887-project-admin] HTTP exception thrown: Group Type 640fa4fb-f804-4f02-b75a-8c4355e683ae has no extra spec with key key2.
Oct 31 19:21:12.235781 dv-cinder-863097-1-smb devstack@c-api.service[111557]: INFO cinder.api.openstack.wsgi [None req-83c55e91-77cc-4f40-be26-52000da1ff0e tempest-GroupTypeSpecsTest-105291887 tempest-GroupTypeSpecsTest-105291887-project-admin] http://10.222.0.23/volume/v3/de25d1aae6604463b116acd4291ea77b/group_types/640fa4fb-f804-4f02-b75a-8c4355e683ae/group_specs/key2 returned with HTTP 404
Oct 31 19:21:12.246149 dv-cinder-863097-1-smb devstack@c-api.service[111556]: DEBUG cinder.api.middleware.request_id [None req-940ea71c-3b01-4004-bccc-4288efa996ca None None] RequestId filter calling following filter/app {{(pid=111556) _context_setter /opt/stack/cinder/cinder/api/middleware/request_id.py:62}}
Oct 31 19:21:12.251572 dv-cinder-863097-1-smb devstack@c-api.service[111556]: INFO cinder.api.openstack.wsgi [None req-940ea71c-3b01-4004-bccc-4288efa996ca tempest-GroupTypeSpecsTest-105291887 tempest-GroupTypeSpecsTest-105291887-project-admin] DELETE http://10.222.0.23/volume/v3/de25d1aae6604463b116acd4291ea77b/group_types/640fa4fb-f804-4f02-b75a-8c4355e683ae/group_specs/key3
Oct 31 19:21:12.252412 dv-cinder-863097-1-smb devstack@c-api.service[111556]: DEBUG cinder.api.openstack.wsgi [None req-940ea71c-3b01-4004-bccc-4288efa996ca tempest-GroupTypeSpecsTest-105291887 tempest-GroupTypeSpecsTest-105291887-project-admin] Empty body provided in request {{(pid=111556) get_body /opt/stack/cinder/cinder/api/openstack/wsgi.py:715}}
Oct 31 19:21:12.253092 dv-cinder-863097-1-smb devstack@c-api.service[111556]: DEBUG cinder.api.openstack.wsgi [None req-940ea71c-3b01-4004-bccc-4288efa996ca tempest-GroupTypeSpecsTest-105291887 tempest-GroupTypeSpecsTest-105291887-project-admin] Calling method 'version_select' {{(pid=111556) _process_stack /opt/stack/cinder/cinder/api/openstack/wsgi.py:868}}
Oct 31 19:21:12.255872 dv-cinder-863097-1-smb devstack@c-api.service[111557]: [pid: 111557|app: 0|req: 60/123] 10.222.0.23 () {60 vars in 1429 bytes} [Mon Oct 31 19:21:12 2022] GET /volume/v3/de25d1aae6604463b116acd4291ea77b/group_types/640fa4fb-f804-4f02-b75a-8c4355e683ae/group_specs/key2 => generated 126 bytes in 49 msecs (HTTP/1.1 404) 7 headers in 293 bytes (1 switches on core 0)
Oct 31 19:21:12.277405 dv-cinder-863097-1-smb devstack@c-api.service[111556]: INFO cinder.api.openstack.wsgi [None req-940ea71c-3b01-4004-bccc-4288efa996ca tempest-GroupTypeSpecsTest-105291887 tempest-GroupTypeSpecsTest-105291887-project-admin] http://10.222.0.23/volume/v3/de25d1aae6604463b116acd4291ea77b/group_types/640fa4fb-f804-4f02-b75a-8c4355e683ae/group_specs/key3 returned with HTTP 202
Oct 31 19:21:12.285033 dv-cinder-863097-1-smb devstack@c-api.service[111557]: DEBUG cinder.api.middleware.request_id [None req-2cafeebf-8e78-42ca-ad9a-01ae028dd55f None None] RequestId filter calling following filter/app {{(pid=111557) _context_setter /opt/stack/cinder/cinder/api/middleware/request_id.py:62}}
Oct 31 19:21:12.290754 dv-cinder-863097-1-smb devstack@c-api.service[111557]: INFO cinder.api.openstack.wsgi [None req-2cafeebf-8e78-42ca-ad9a-01ae028dd55f tempest-GroupTypeSpecsTest-105291887 tempest-GroupTypeSpecsTest-105291887-project-admin] GET http://10.222.0.23/volume/v3/de25d1aae6604463b116acd4291ea77b/group_types/640fa4fb-f804-4f02-b75a-8c4355e683ae/group_specs/key3
Oct 31 19:21:12.291600 dv-cinder-863097-1-smb devstack@c-api.service[111557]: DEBUG cinder.api.openstack.wsgi [None req-2cafeebf-8e78-42ca-ad9a-01ae028dd55f tempest-GroupTypeSpecsTest-105291887 tempest-GroupTypeSpecsTest-105291887-project-admin] Empty body provided in request {{(pid=111557) get_body /opt/stack/cinder/cinder/api/openstack/wsgi.py:715}}
Oct 31 19:21:12.292699 dv-cinder-863097-1-smb devstack@c-api.service[111557]: DEBUG cinder.api.openstack.wsgi [None req-2cafeebf-8e78-42ca-ad9a-01ae028dd55f tempest-GroupTypeSpecsTest-105291887 tempest-GroupTypeSpecsTest-105291887-project-admin] Calling method 'version_select' {{(pid=111557) _process_stack /opt/stack/cinder/cinder/api/openstack/wsgi.py:868}}
Oct 31 19:21:12.295349 dv-cinder-863097-1-smb devstack@c-api.service[111556]: [pid: 111556|app: 0|req: 64/124] 10.222.0.23 () {60 vars in 1432 bytes} [Mon Oct 31 19:21:12 2022] DELETE /volume/v3/de25d1aae6604463b116acd4291ea77b/group_types/640fa4fb-f804-4f02-b75a-8c4355e683ae/group_specs/key3 => generated 0 bytes in 50 msecs (HTTP/1.1 202) 6 headers in 234 bytes (1 switches on core 0)
Oct 31 19:21:12.306509 dv-cinder-863097-1-smb devstack@c-api.service[111557]: INFO cinder.api.openstack.wsgi [None req-2cafeebf-8e78-42ca-ad9a-01ae028dd55f tempest-GroupTypeSpecsTest-105291887 tempest-GroupTypeSpecsTest-105291887-project-admin] HTTP exception thrown: Group Type 640fa4fb-f804-4f02-b75a-8c4355e683ae has no extra spec with key key3.
Oct 31 19:21:12.307127 dv-cinder-863097-1-smb devstack@c-api.service[111557]: INFO cinder.api.openstack.wsgi [None req-2cafeebf-8e78-42ca-ad9a-01ae028dd55f tempest-GroupTypeSpecsTest-105291887 tempest-GroupTypeSpecsTest-105291887-project-admin] http://10.222.0.23/volume/v3/de25d1aae6604463b116acd4291ea77b/group_types/640fa4fb-f804-4f02-b75a-8c4355e683ae/group_specs/key3 returned with HTTP 404
Oct 31 19:21:12.308414 dv-cinder-863097-1-smb devstack@c-api.service[111557]: [pid: 111557|app: 0|req: 61/125] 10.222.0.23 () {60 vars in 1429 bytes} [Mon Oct 31 19:21:12 2022] GET /volume/v3/de25d1aae6604463b116acd4291ea77b/group_types/640fa4fb-f804-4f02-b75a-8c4355e683ae/group_specs/key3 => generated 126 bytes in 25 msecs (HTTP/1.1 404) 7 headers in 293 bytes (2 switches on core 0)
Oct 31 19:21:12.314887 dv-cinder-863097-1-smb devstack@c-api.service[111556]: DEBUG cinder.api.middleware.request_id [None req-667dcb80-a372-4d7f-af96-cd0c53820e43 None None] RequestId filter calling following filter/app {{(pid=111556) _context_setter /opt/stack/cinder/cinder/api/middleware/request_id.py:62}}
Oct 31 19:21:12.319536 dv-cinder-863097-1-smb devstack@c-api.service[111556]: INFO cinder.api.openstack.wsgi [None req-667dcb80-a372-4d7f-af96-cd0c53820e43 tempest-GroupTypeSpecsTest-105291887 tempest-GroupTypeSpecsTest-105291887-project-admin] DELETE http://10.222.0.23/volume/v3/de25d1aae6604463b116acd4291ea77b/group_types/640fa4fb-f804-4f02-b75a-8c4355e683ae
Oct 31 19:21:12.320350 dv-cinder-863097-1-smb devstack@c-api.service[111556]: DEBUG cinder.api.openstack.wsgi [None req-667dcb80-a372-4d7f-af96-cd0c53820e43 tempest-GroupTypeSpecsTest-105291887 tempest-GroupTypeSpecsTest-105291887-project-admin] Empty body provided in request {{(pid=111556) get_body /opt/stack/cinder/cinder/api/openstack/wsgi.py:715}}
Oct 31 19:21:12.321613 dv-cinder-863097-1-smb devstack@c-api.service[111556]: DEBUG cinder.api.openstack.wsgi [None req-667dcb80-a372-4d7f-af96-cd0c53820e43 tempest-GroupTypeSpecsTest-105291887 tempest-GroupTypeSpecsTest-105291887-project-admin] Calling method 'version_select' {{(pid=111556) _process_stack /opt/stack/cinder/cinder/api/openstack/wsgi.py:868}}
Oct 31 19:21:12.350029 dv-cinder-863097-1-smb devstack@c-api.service[111556]: DEBUG dbcounter [-] [111556] Writing DB stats cinder:SELECT=90,cinder:UPDATE=7,cinder:INSERT=3 {{(pid=111556) stat_writer /usr/local/lib/python3.8/dist-packages/dbcounter.py:114}}
Oct 31 19:21:12.356117 dv-cinder-863097-1-smb devstack@c-api.service[111556]: INFO cinder.api.openstack.wsgi [None req-667dcb80-a372-4d7f-af96-cd0c53820e43 tempest-GroupTypeSpecsTest-105291887 tempest-GroupTypeSpecsTest-105291887-project-admin] http://10.222.0.23/volume/v3/de25d1aae6604463b116acd4291ea77b/group_types/640fa4fb-f804-4f02-b75a-8c4355e683ae returned with HTTP 202
Oct 31 19:21:12.367136 dv-cinder-863097-1-smb devstack@c-api.service[111556]: [pid: 111556|app: 0|req: 65/126] 10.222.0.23 () {60 vars in 1381 bytes} [Mon Oct 31 19:21:12 2022] DELETE /volume/v3/de25d1aae6604463b116acd4291ea77b/group_types/640fa4fb-f804-4f02-b75a-8c4355e683ae => generated 0 bytes in 52 msecs (HTTP/1.1 202) 6 headers in 234 bytes (1 switches on core 0)
Oct 31 19:21:14.318292 dv-cinder-863097-1-smb devstack@c-api.service[111557]: DEBUG cinder.api.middleware.request_id [None req-2cb240b1-154e-4e0e-99ee-7b068dadf2c7 None None] RequestId filter calling following filter/app {{(pid=111557) _context_setter /opt/stack/cinder/cinder/api/middleware/request_id.py:62}}
Oct 31 19:21:14.653488 dv-cinder-863097-1-smb devstack@c-api.service[111556]: DEBUG cinder.api.middleware.request_id [None req-fe60828d-7e21-43c8-9d9c-46a39b0be4f9 None None] RequestId filter calling following filter/app {{(pid=111556) _context_setter /opt/stack/cinder/cinder/api/middleware/request_id.py:62}}
Oct 31 19:21:15.041902 dv-cinder-863097-1-smb devstack@c-api.service[111557]: INFO cinder.api.openstack.wsgi [None req-2cb240b1-154e-4e0e-99ee-7b068dadf2c7 tempest-VolumesDeleteCascade-1169612723 tempest-VolumesDeleteCascade-1169612723-project] POST http://10.222.0.23/volume/v3/c4cc22bc0db140068e5e9582e665050e/volumes
Oct 31 19:21:15.042955 dv-cinder-863097-1-smb devstack@c-api.service[111557]: DEBUG cinder.api.openstack.wsgi [None req-2cb240b1-154e-4e0e-99ee-7b068dadf2c7 tempest-VolumesDeleteCascade-1169612723 tempest-VolumesDeleteCascade-1169612723-project] Action: 'create', calling method: create, body: {"volume": {"size": 1, "name": "tempest-VolumesDeleteCascade-Volume-1741870731"}} {{(pid=111557) _process_stack /opt/stack/cinder/cinder/api/openstack/wsgi.py:866}}
Oct 31 19:21:15.045708 dv-cinder-863097-1-smb devstack@c-api.service[111557]: DEBUG cinder.api.v3.volumes [None req-2cb240b1-154e-4e0e-99ee-7b068dadf2c7 tempest-VolumesDeleteCascade-1169612723 tempest-VolumesDeleteCascade-1169612723-project] Create volume request body: {'volume': {'size': 1, 'name': 'tempest-VolumesDeleteCascade-Volume-1741870731'}} {{(pid=111557) create /opt/stack/cinder/cinder/api/v3/volumes.py:298}}
Oct 31 19:21:15.046281 dv-cinder-863097-1-smb devstack@c-api.service[111557]: INFO cinder.api.v3.volumes [None req-2cb240b1-154e-4e0e-99ee-7b068dadf2c7 tempest-VolumesDeleteCascade-1169612723 tempest-VolumesDeleteCascade-1169612723-project] Create volume of 1 GB
Oct 31 19:21:15.072156 dv-cinder-863097-1-smb devstack@c-api.service[111557]: INFO cinder.volume.api [None req-2cb240b1-154e-4e0e-99ee-7b068dadf2c7 tempest-VolumesDeleteCascade-1169612723 tempest-VolumesDeleteCascade-1169612723-project] Availability Zones retrieved successfully.
Oct 31 19:21:15.132986 dv-cinder-863097-1-smb devstack@c-api.service[111557]: DEBUG cinder.volume.api [None req-2cb240b1-154e-4e0e-99ee-7b068dadf2c7 tempest-VolumesDeleteCascade-1169612723 tempest-VolumesDeleteCascade-1169612723-project] Flow 'volume_create_api' (bc9210c9-0e44-4133-847c-285876997e85) transitioned into state 'RUNNING' from state 'PENDING' {{(pid=111557) _flow_receiver /usr/local/lib/python3.8/dist-packages/taskflow/listeners/logging.py:141}}
Oct 31 19:21:15.136108 dv-cinder-863097-1-smb devstack@c-api.service[111557]: DEBUG cinder.volume.api [None req-2cb240b1-154e-4e0e-99ee-7b068dadf2c7 tempest-VolumesDeleteCascade-1169612723 tempest-VolumesDeleteCascade-1169612723-project] Task 'cinder.volume.flows.api.create_volume.ExtractVolumeRequestTask;volume:create' (d7350989-8605-4321-8e68-0f969b11a590) transitioned into state 'RUNNING' from state 'PENDING' {{(pid=111557) _task_receiver /usr/local/lib/python3.8/dist-packages/taskflow/listeners/logging.py:190}}
Oct 31 19:21:15.141998 dv-cinder-863097-1-smb devstack@c-api.service[111557]: DEBUG cinder.volume.flows.api.create_volume [None req-2cb240b1-154e-4e0e-99ee-7b068dadf2c7 tempest-VolumesDeleteCascade-1169612723 tempest-VolumesDeleteCascade-1169612723-project] Validating volume size '1' using validate_int {{(pid=111557) _extract_size /opt/stack/cinder/cinder/volume/flows/api/create_volume.py:228}}
Oct 31 19:21:15.260231 dv-cinder-863097-1-smb devstack@c-api.service[111557]: DEBUG cinder.volume.api [None req-2cb240b1-154e-4e0e-99ee-7b068dadf2c7 tempest-VolumesDeleteCascade-1169612723 tempest-VolumesDeleteCascade-1169612723-project] Task 'cinder.volume.flows.api.create_volume.ExtractVolumeRequestTask;volume:create' (d7350989-8605-4321-8e68-0f969b11a590) transitioned into state 'SUCCESS' from state 'RUNNING' with result '{'size': 1, 'snapshot_id': None, 'source_volid': None, 'volume_type': VolumeType(created_at=2022-10-31T19:11:03Z,deleted=False,deleted_at=None,description='Default Volume Type',extra_specs={},id=7511203d-d266-4221-a188-c7d14f832cf2,is_public=True,name='__DEFAULT__',projects=[],qos_specs=,qos_specs_id=None,updated_at=2022-10-31T19:11:03Z), 'volume_type_id': '7511203d-d266-4221-a188-c7d14f832cf2', 'encryption_key_id': None, 'qos_specs': None, 'consistencygroup_id': None, 'cgsnapshot_id': None, 'group_id': None, 'replication_status': 'disabled', 'refresh_az': False, 'backup_id': None, 'multiattach': False, 'availability_zones': ['nova']}' {{(pid=111557) _task_receiver /usr/local/lib/python3.8/dist-packages/taskflow/listeners/logging.py:178}}
Oct 31 19:21:15.263568 dv-cinder-863097-1-smb devstack@c-api.service[111557]: DEBUG cinder.volume.api [None req-2cb240b1-154e-4e0e-99ee-7b068dadf2c7 tempest-VolumesDeleteCascade-1169612723 tempest-VolumesDeleteCascade-1169612723-project] Task 'cinder.volume.flows.api.create_volume.QuotaReserveTask;volume:create' (e71df87e-cb37-4a9d-a4f4-88aed7b1fdda) transitioned into state 'RUNNING' from state 'PENDING' {{(pid=111557) _task_receiver /usr/local/lib/python3.8/dist-packages/taskflow/listeners/logging.py:190}}
Oct 31 19:21:15.277792 dv-cinder-863097-1-smb devstack@c-api.service[111556]: INFO cinder.api.openstack.wsgi [None req-fe60828d-7e21-43c8-9d9c-46a39b0be4f9 tempest-VolumePoolsAdminTestsJSON-1602916286 tempest-VolumePoolsAdminTestsJSON-1602916286-project-admin] GET http://10.222.0.23/volume/v3/3ba82581e3d34484a6de688227e6c2f7/scheduler-stats/get_pools?detail=True
Oct 31 19:21:15.278600 dv-cinder-863097-1-smb devstack@c-api.service[111556]: DEBUG cinder.api.openstack.wsgi [None req-fe60828d-7e21-43c8-9d9c-46a39b0be4f9 tempest-VolumePoolsAdminTestsJSON-1602916286 tempest-VolumePoolsAdminTestsJSON-1602916286-project-admin] Empty body provided in request {{(pid=111556) get_body /opt/stack/cinder/cinder/api/openstack/wsgi.py:715}}
Oct 31 19:21:15.279272 dv-cinder-863097-1-smb devstack@c-api.service[111556]: DEBUG cinder.api.openstack.wsgi [None req-fe60828d-7e21-43c8-9d9c-46a39b0be4f9 tempest-VolumePoolsAdminTestsJSON-1602916286 tempest-VolumePoolsAdminTestsJSON-1602916286-project-admin] Calling method 'get_pools' {{(pid=111556) _process_stack /opt/stack/cinder/cinder/api/openstack/wsgi.py:868}}
Oct 31 19:21:15.309679 dv-cinder-863097-1-smb devstack@c-api.service[111556]: INFO cinder.api.openstack.wsgi [None req-fe60828d-7e21-43c8-9d9c-46a39b0be4f9 tempest-VolumePoolsAdminTestsJSON-1602916286 tempest-VolumePoolsAdminTestsJSON-1602916286-project-admin] http://10.222.0.23/volume/v3/3ba82581e3d34484a6de688227e6c2f7/scheduler-stats/get_pools?detail=True returned with HTTP 200
Oct 31 19:21:15.323451 dv-cinder-863097-1-smb devstack@c-api.service[111556]: [pid: 111556|app: 0|req: 66/127] 10.222.0.23 () {58 vars in 1291 bytes} [Mon Oct 31 19:21:14 2022] GET /volume/v3/3ba82581e3d34484a6de688227e6c2f7/scheduler-stats/get_pools?detail=True => generated 618 bytes in 671 msecs (HTTP/1.1 200) 7 headers in 285 bytes (1 switches on core 0)
Oct 31 19:21:15.327903 dv-cinder-863097-1-smb devstack@c-api.service[111556]: DEBUG cinder.api.middleware.request_id [None req-661ea8e0-5eec-48fe-b517-9ac89b38b3fd None None] RequestId filter calling following filter/app {{(pid=111556) _context_setter /opt/stack/cinder/cinder/api/middleware/request_id.py:62}}
Oct 31 19:21:15.360656 dv-cinder-863097-1-smb devstack@c-api.service[111556]: INFO cinder.api.openstack.wsgi [None req-661ea8e0-5eec-48fe-b517-9ac89b38b3fd tempest-VolumePoolsAdminTestsJSON-1602916286 tempest-VolumePoolsAdminTestsJSON-1602916286-project-admin] GET http://10.222.0.23/volume/v3/3ba82581e3d34484a6de688227e6c2f7/scheduler-stats/get_pools
Oct 31 19:21:15.371947 dv-cinder-863097-1-smb devstack@c-api.service[111556]: DEBUG cinder.api.openstack.wsgi [None req-661ea8e0-5eec-48fe-b517-9ac89b38b3fd tempest-VolumePoolsAdminTestsJSON-1602916286 tempest-VolumePoolsAdminTestsJSON-1602916286-project-admin] Empty body provided in request {{(pid=111556) get_body /opt/stack/cinder/cinder/api/openstack/wsgi.py:715}}
Oct 31 19:21:15.372430 dv-cinder-863097-1-smb devstack@c-api.service[111556]: DEBUG cinder.api.openstack.wsgi [None req-661ea8e0-5eec-48fe-b517-9ac89b38b3fd tempest-VolumePoolsAdminTestsJSON-1602916286 tempest-VolumePoolsAdminTestsJSON-1602916286-project-admin] Calling method 'get_pools' {{(pid=111556) _process_stack /opt/stack/cinder/cinder/api/openstack/wsgi.py:868}}
