Oct 31 19:21:25.924471 dv-cinder-863097-1-iscsi neutron-server[104475]: DEBUG neutron.plugins.ml2.drivers.mech_agent [None req-231f7d0f-933d-4f79-9088-540623e860e3 admin admin] Checking segment: {'id': 'ff3a450a-104c-44ea-a107-6c45da73311b', 'network_type': 'vlan', 'physical_network': 'physnet1', 'segmentation_id': 377, 'network_id': '0408671e-a6a8-48ec-95cd-a30e04e3dd4f'} for mappings: {'physnet1': 'br-data'} with network types: ['local', 'flat', 'vlan'] {{(pid=104475) check_segment_for_agent /opt/stack/neutron/neutron/plugins/ml2/drivers/mech_agent.py:399}}
Oct 31 19:21:25.925058 dv-cinder-863097-1-iscsi neutron-server[104475]: DEBUG neutron.scheduler.dhcp_agent_scheduler [None req-231f7d0f-933d-4f79-9088-540623e860e3 admin admin] Network hostable DHCP agents. Network: 0408671e-a6a8-48ec-95cd-a30e04e3dd4f, hostable agents: ['12d3e1f0-0839-40ca-b5f6-cbe6012b488c'], hosted agents: [] {{(pid=104475) _get_network_hostable_dhcp_agents /opt/stack/neutron/neutron/scheduler/dhcp_agent_scheduler.py:329}}
Oct 31 19:21:25.945727 dv-cinder-863097-1-iscsi neutron-server[104475]: DEBUG neutron.scheduler.dhcp_agent_scheduler [None req-231f7d0f-933d-4f79-9088-540623e860e3 admin admin] Network 0408671e-a6a8-48ec-95cd-a30e04e3dd4f is scheduled to be hosted by DHCP agent 12d3e1f0-0839-40ca-b5f6-cbe6012b488c with binding_index 1 {{(pid=104475) bind /opt/stack/neutron/neutron/scheduler/dhcp_agent_scheduler.py:227}}
Oct 31 19:21:25.956482 dv-cinder-863097-1-iscsi neutron-server[104475]: DEBUG neutron.scheduler.base_scheduler [None req-231f7d0f-933d-4f79-9088-540623e860e3 admin admin] Resources bound (agent type, host, resource id): (DHCP agent, dv-cinder-863097-1-iscsi, 0408671e-a6a8-48ec-95cd-a30e04e3dd4f) {{(pid=104475) schedule /opt/stack/neutron/neutron/scheduler/base_scheduler.py:57}}
Oct 31 19:21:25.962350 dv-cinder-863097-1-iscsi neutron-server[104475]: DEBUG neutron.pecan_wsgi.hooks.policy_enforcement [None req-231f7d0f-933d-4f79-9088-540623e860e3 admin admin] Attributes excluded by policy engine: ['standard_attr_id', 'shared', 'network'] {{(pid=104475) _exclude_attributes_by_policy /opt/stack/neutron/neutron/pecan_wsgi/hooks/policy_enforcement.py:259}}
Oct 31 19:21:25.963141 dv-cinder-863097-1-iscsi neutron-server[104475]: DEBUG neutron_lib.callbacks.manager [None req-231f7d0f-933d-4f79-9088-540623e860e3 admin admin] Publish callbacks ['neutron.api.rpc.agentnotifiers.dhcp_rpc_agent_api.DhcpAgentNotifyAPI._send_dhcp_notification-1642265'] for subnet (None), before_response {{(pid=104475) _notify_loop /usr/local/lib/python3.8/dist-packages/neutron_lib/callbacks/manager.py:176}}
Oct 31 19:21:25.968831 dv-cinder-863097-1-iscsi neutron-server[104477]: DEBUG neutron.api.rpc.handlers.dhcp_rpc [None req-0ef345eb-4485-4e1b-a4e8-4d7f91aeca02 None None] Network 0408671e-a6a8-48ec-95cd-a30e04e3dd4f requested from dv-cinder-863097-1-iscsi {{(pid=104477) get_network_info /opt/stack/neutron/neutron/api/rpc/handlers/dhcp_rpc.py:193}}
Oct 31 19:21:25.993729 dv-cinder-863097-1-iscsi neutron-server[104475]: INFO neutron.wsgi [None req-231f7d0f-933d-4f79-9088-540623e860e3 admin admin] 10.222.0.16 "POST /networking/v2.0/subnets HTTP/1.1" status: 201 len: 846 time: 0.5488987
Oct 31 19:21:26.107215 dv-cinder-863097-1-iscsi neutron-server[104477]: DEBUG neutron.api.rpc.handlers.dhcp_rpc [None req-9a70d695-9e40-491d-aa45-f913e7340ae0 None None] Network 0408671e-a6a8-48ec-95cd-a30e04e3dd4f requested from dv-cinder-863097-1-iscsi {{(pid=104477) get_network_info /opt/stack/neutron/neutron/api/rpc/handlers/dhcp_rpc.py:193}}
Oct 31 19:21:26.201420 dv-cinder-863097-1-iscsi neutron-server[104477]: DEBUG neutron.plugins.ml2.rpc [None req-f2f96da0-b12b-45e8-ba75-ae5f9998a2f7 None None] Device 810ffdd3-13de-43d5-a09c-221911cc3bcf up at agent hyperv_hv-cinder-86309 {{(pid=104477) update_device_up /opt/stack/neutron/neutron/plugins/ml2/rpc.py:296}}
Oct 31 19:21:26.211468 dv-cinder-863097-1-iscsi neutron-server[104476]: DEBUG neutron.pecan_wsgi.hooks.policy_enforcement [req-10cb2b16-578d-4143-a32f-df19b1d07045 req-be7b81bc-527c-4069-a21a-1f027ddc8095 tempest-AttachVolumeShelveTestJSON-1845869762 tempest-AttachVolumeShelveTestJSON-1845869762-project] Attributes excluded by policy engine: ['standard_attr_id', 'binding:profile', 'binding:host_id', 'binding:vif_type', 'binding:vif_details'] {{(pid=104476) _exclude_attributes_by_policy /opt/stack/neutron/neutron/pecan_wsgi/hooks/policy_enforcement.py:259}}
Oct 31 19:21:26.213059 dv-cinder-863097-1-iscsi neutron-server[104476]: INFO neutron.wsgi [req-10cb2b16-578d-4143-a32f-df19b1d07045 req-be7b81bc-527c-4069-a21a-1f027ddc8095 tempest-AttachVolumeShelveTestJSON-1845869762 tempest-AttachVolumeShelveTestJSON-1845869762-project] 10.222.0.16 "GET /networking/v2.0/ports?device_id=24ad6e3e-6043-4eff-afb4-0c6039e825fa HTTP/1.1" status: 200 len: 945 time: 0.1088526
Oct 31 19:21:26.310199 dv-cinder-863097-1-iscsi neutron-server[104477]: DEBUG neutron.db.provisioning_blocks [None req-f2f96da0-b12b-45e8-ba75-ae5f9998a2f7 None None] Provisioning for port 810ffdd3-13de-43d5-a09c-221911cc3bcf completed by entity L2. {{(pid=104477) provisioning_complete /opt/stack/neutron/neutron/db/provisioning_blocks.py:136}}
Oct 31 19:21:26.326952 dv-cinder-863097-1-iscsi neutron-server[104477]: DEBUG neutron.db.provisioning_blocks [None req-f2f96da0-b12b-45e8-ba75-ae5f9998a2f7 None None] Provisioning complete for port 810ffdd3-13de-43d5-a09c-221911cc3bcf triggered by entity L2. {{(pid=104477) provisioning_complete /opt/stack/neutron/neutron/db/provisioning_blocks.py:144}}
Oct 31 19:21:26.327582 dv-cinder-863097-1-iscsi neutron-server[104477]: DEBUG neutron_lib.callbacks.manager [None req-f2f96da0-b12b-45e8-ba75-ae5f9998a2f7 None None] Publish callbacks ['neutron.plugins.ml2.plugin.Ml2Plugin._port_provisioned-983438'] for port (810ffdd3-13de-43d5-a09c-221911cc3bcf), provisioning_complete {{(pid=104477) _notify_loop /usr/local/lib/python3.8/dist-packages/neutron_lib/callbacks/manager.py:176}}
Oct 31 19:21:26.328048 dv-cinder-863097-1-iscsi neutron-server[104477]: INFO neutron.plugins.ml2.plugin [None req-f2f96da0-b12b-45e8-ba75-ae5f9998a2f7 None None] Attempt 1 to provision port 810ffdd3-13de-43d5-a09c-221911cc3bcf
Oct 31 19:21:26.352926 dv-cinder-863097-1-iscsi neutron-server[104476]: INFO neutron.wsgi [req-10cb2b16-578d-4143-a32f-df19b1d07045 req-eb6c9ba5-b358-47f2-a85e-3669f71b4fc0 tempest-AttachVolumeShelveTestJSON-1845869762 tempest-AttachVolumeShelveTestJSON-1845869762-project] 10.222.0.16 "GET /networking/v2.0/security-groups?id=0e918cd3-ebec-4206-997d-5efde11f6563&fields=id&fields=name HTTP/1.1" status: 200 len: 313 time: 0.1322231
Oct 31 19:21:26.405287 dv-cinder-863097-1-iscsi neutron-server[104475]: DEBUG neutron.pecan_wsgi.hooks.policy_enforcement [req-93232b19-c217-4e4d-af5a-8ee3619d02d9 req-199c962a-4ffc-4b88-b7fe-62b1d973529e tempest-DeleteServersTestJSON-1267500742 tempest-DeleteServersTestJSON-1267500742-project] Attributes excluded by policy engine: ['standard_attr_id', 'binding:profile', 'binding:host_id', 'binding:vif_type', 'binding:vif_details'] {{(pid=104475) _exclude_attributes_by_policy /opt/stack/neutron/neutron/pecan_wsgi/hooks/policy_enforcement.py:259}}
Oct 31 19:21:26.413925 dv-cinder-863097-1-iscsi neutron-server[104475]: INFO neutron.wsgi [req-93232b19-c217-4e4d-af5a-8ee3619d02d9 req-199c962a-4ffc-4b88-b7fe-62b1d973529e tempest-DeleteServersTestJSON-1267500742 tempest-DeleteServersTestJSON-1267500742-project] 10.222.0.16 "GET /networking/v2.0/ports?device_id=98a9a544-4553-4083-aa26-1dc327369d54 HTTP/1.1" status: 200 len: 945 time: 0.0594811
Oct 31 19:21:26.458224 dv-cinder-863097-1-iscsi neutron-server[104477]: DEBUG neutron.plugins.ml2.plugin [None req-f2f96da0-b12b-45e8-ba75-ae5f9998a2f7 None None] Current status of the port 810ffdd3-13de-43d5-a09c-221911cc3bcf is: BUILD; New status is: ACTIVE {{(pid=104477) _update_individual_port_db_status /opt/stack/neutron/neutron/plugins/ml2/plugin.py:2333}}
Oct 31 19:21:26.459583 dv-cinder-863097-1-iscsi neutron-server[104477]: DEBUG neutron_lib.callbacks.manager [None req-f2f96da0-b12b-45e8-ba75-ae5f9998a2f7 None None] Publish callbacks ['neutron.plugins.ml2.plugin.SecurityGroupDbMixin._ensure_default_security_group_handler-812850'] for port (810ffdd3-13de-43d5-a09c-221911cc3bcf), before_update {{(pid=104477) _notify_loop /usr/local/lib/python3.8/dist-packages/neutron_lib/callbacks/manager.py:176}}
Oct 31 19:21:26.486623 dv-cinder-863097-1-iscsi neutron-server[104475]: INFO neutron.wsgi [req-93232b19-c217-4e4d-af5a-8ee3619d02d9 req-91000beb-4cf2-4ca1-8851-79e12e0faa77 tempest-DeleteServersTestJSON-1267500742 tempest-DeleteServersTestJSON-1267500742-project] 10.222.0.16 "GET /networking/v2.0/security-groups?id=a55f0215-a54b-49eb-aff6-5bdb66af8153&fields=id&fields=name HTTP/1.1" status: 200 len: 286 time: 0.0713561
Oct 31 19:21:26.513029 dv-cinder-863097-1-iscsi neutron-server[104477]: DEBUG neutron.plugins.ml2.db [None req-f2f96da0-b12b-45e8-ba75-ae5f9998a2f7 None None] For port 810ffdd3-13de-43d5-a09c-221911cc3bcf, host hv-cinder-86309, got binding levels [PortBindingLevel(driver='hyperv',host='hv-cinder-86309',level=0,port_id=810ffdd3-13de-43d5-a09c-221911cc3bcf,segment=NetworkSegment(f8e8f60f-31c8-4f06-ac72-adbed7afc379),segment_id=f8e8f60f-31c8-4f06-ac72-adbed7afc379)] {{(pid=104477) get_binding_level_objs /opt/stack/neutron/neutron/plugins/ml2/db.py:74}}
Oct 31 19:21:26.519075 dv-cinder-863097-1-iscsi neutron-server[104477]: DEBUG neutron_lib.callbacks.manager [None req-f2f96da0-b12b-45e8-ba75-ae5f9998a2f7 None None] Publish callbacks ['neutron.plugins.ml2.plugin.SecurityGroupServerNotifierRpcMixin._notify_sg_on_port_change-812917', 'neutron.plugins.ml2.ovo_rpc._ObjectChangeHandler.handle_event-131864', 'neutron.api.rpc.agentnotifiers.dhcp_rpc_agent_api.DhcpAgentNotifyAPI._native_event_send_dhcp_notification-1642251', 'neutron.db.l3_db.L3RpcNotifierMixin._notify_gateway_port_ip_changed-8766604128121', 'neutron.db.l3_dvrscheduler_db._notify_l3_agent_port_update-8766603683997', 'neutron.db.l3_hascheduler_db._notify_l3_agent_ha_port_update-8766603684015'] for port (810ffdd3-13de-43d5-a09c-221911cc3bcf), after_update {{(pid=104477) _notify_loop /usr/local/lib/python3.8/dist-packages/neutron_lib/callbacks/manager.py:176}}
Oct 31 19:21:26.582025 dv-cinder-863097-1-iscsi neutron-server[104477]: DEBUG neutron.api.rpc.handlers.resources_rpc [None req-f2f96da0-b12b-45e8-ba75-ae5f9998a2f7 None None] Pushing event updated for resources: {'Port': ['ID=810ffdd3-13de-43d5-a09c-221911cc3bcf,revision_number=5']} {{(pid=104477) push /opt/stack/neutron/neutron/api/rpc/handlers/resources_rpc.py:237}}
Oct 31 19:21:26.586728 dv-cinder-863097-1-iscsi neutron-server[104476]: DEBUG neutron.pecan_wsgi.hooks.policy_enforcement [req-e43671af-eb14-4792-9e9c-f70f6d5d5970 req-737a16b9-342f-4389-af3d-39cb12c55bd4 tempest-AttachVolumeShelveTestJSON-1845869762 tempest-AttachVolumeShelveTestJSON-1845869762-project] Attributes excluded by policy engine: ['standard_attr_id', 'binding:profile', 'binding:host_id', 'binding:vif_type', 'binding:vif_details'] {{(pid=104476) _exclude_attributes_by_policy /opt/stack/neutron/neutron/pecan_wsgi/hooks/policy_enforcement.py:259}}
Oct 31 19:21:26.588326 dv-cinder-863097-1-iscsi neutron-server[104476]: INFO neutron.wsgi [req-e43671af-eb14-4792-9e9c-f70f6d5d5970 req-737a16b9-342f-4389-af3d-39cb12c55bd4 tempest-AttachVolumeShelveTestJSON-1845869762 tempest-AttachVolumeShelveTestJSON-1845869762-project] 10.222.0.16 "GET /networking/v2.0/ports?device_id=24ad6e3e-6043-4eff-afb4-0c6039e825fa HTTP/1.1" status: 200 len: 945 time: 0.0552421
Oct 31 19:21:26.599655 dv-cinder-863097-1-iscsi neutron-server[104475]: DEBUG neutron.wsgi [-] (104475) accepted ('10.222.0.16', 46668) {{(pid=104475) server /usr/local/lib/python3.8/dist-packages/eventlet/wsgi.py:1004}}
Oct 31 19:21:26.605407 dv-cinder-863097-1-iscsi neutron-server[104475]: DEBUG neutron.api.v2.base [None req-3f25a0f8-0ad4-45d5-8a00-1a782202333e tempest-AttachVolumeShelveTestJSON-1845869762 tempest-AttachVolumeShelveTestJSON-1845869762-project] Request body: {'floatingip': {'port_id': '3807af14-6f9a-4bcc-86d0-c9961d4697ae'}} {{(pid=104475) prepare_request_body /opt/stack/neutron/neutron/api/v2/base.py:730}}
Oct 31 19:21:26.674942 dv-cinder-863097-1-iscsi neutron-server[104477]: DEBUG neutron.notifiers.nova [-] Sending events: [{'server_uuid': '98a9a544-4553-4083-aa26-1dc327369d54', 'name': 'network-vif-plugged', 'status': 'completed', 'tag': 'c411fd72-ddd2-4429-98b0-69e862f32b98'}, {'server_uuid': '7a47cd33-e4a0-4b78-9afc-2f371e4a9d10', 'name': 'network-vif-plugged', 'status': 'completed', 'tag': 'c1f5b141-b428-4cbf-9938-2df49ece4368'}, {'server_uuid': '0a122a08-bc0f-40fd-8139-74c9e8a70ebe', 'name': 'network-vif-plugged', 'status': 'completed', 'tag': '810ffdd3-13de-43d5-a09c-221911cc3bcf'}] {{(pid=104477) send_events /opt/stack/neutron/neutron/notifiers/nova.py:279}}
Oct 31 19:21:26.678458 dv-cinder-863097-1-iscsi neutron-server[104477]: DEBUG novaclient.v2.client [-] REQ: curl -g -i --cacert "/opt/stack/data/ca-bundle.pem" -X POST http://10.222.0.16/compute/v2.1/os-server-external-events -H "Accept: application/json" -H "Content-Type: application/json" -H "User-Agent: python-novaclient" -H "X-Auth-Token: {SHA256}2d6ee64b62112f5e2b683591a270dd4049ba88f29d6959ce8ad94cff0024d36a" -H "X-OpenStack-Nova-API-Version: 2.1" -H "X-OpenStack-Request-ID: req-81cfdbeb-2303-4b78-9141-08a8c06f3aee" -d '{"events": [{"server_uuid": "98a9a544-4553-4083-aa26-1dc327369d54", "name": "network-vif-plugged", "status": "completed", "tag": "c411fd72-ddd2-4429-98b0-69e862f32b98"}, {"server_uuid": "7a47cd33-e4a0-4b78-9afc-2f371e4a9d10", "name": "network-vif-plugged", "status": "completed", "tag": "c1f5b141-b428-4cbf-9938-2df49ece4368"}, {"server_uuid": "0a122a08-bc0f-40fd-8139-74c9e8a70ebe", "name": "network-vif-plugged", "status": "completed", "tag": "810ffdd3-13de-43d5-a09c-221911cc3bcf"}]}' {{(pid=104477) _http_log_request /usr/local/lib/python3.8/dist-packages/keystoneauth1/session.py:519}}
Oct 31 19:21:26.693526 dv-cinder-863097-1-iscsi neutron-server[104475]: DEBUG neutron_lib.callbacks.manager [None req-3f25a0f8-0ad4-45d5-8a00-1a782202333e tempest-AttachVolumeShelveTestJSON-1845869762 tempest-AttachVolumeShelveTestJSON-1845869762-project] Publish callbacks [] for floatingip (fcaff8b7-c34e-4aae-8f2d-9b42743f478b), before_update {{(pid=104475) _notify_loop /usr/local/lib/python3.8/dist-packages/neutron_lib/callbacks/manager.py:176}}
Oct 31 19:21:26.781144 dv-cinder-863097-1-iscsi neutron-server[104477]: DEBUG novaclient.v2.client [-] RESP: [200] Connection: close Content-Length: 525 Content-Type: application/json Date: Mon, 31 Oct 2022 19:21:26 GMT OpenStack-API-Version: compute 2.1 Server: Apache/2.4.41 (Ubuntu) Vary: OpenStack-API-Version,X-OpenStack-Nova-API-Version X-OpenStack-Nova-API-Version: 2.1 x-compute-request-id: req-8cf5b449-b3e5-4e97-afc2-2a32c2424246 x-openstack-request-id: req-8cf5b449-b3e5-4e97-afc2-2a32c2424246 {{(pid=104477) _http_log_response /usr/local/lib/python3.8/dist-packages/keystoneauth1/session.py:550}}
Oct 31 19:21:26.781440 dv-cinder-863097-1-iscsi neutron-server[104477]: DEBUG novaclient.v2.client [-] RESP BODY: {"events": [{"server_uuid": "98a9a544-4553-4083-aa26-1dc327369d54", "name": "network-vif-plugged", "status": "completed", "tag": "c411fd72-ddd2-4429-98b0-69e862f32b98", "code": 200}, {"server_uuid": "7a47cd33-e4a0-4b78-9afc-2f371e4a9d10", "name": "network-vif-plugged", "status": "completed", "tag": "c1f5b141-b428-4cbf-9938-2df49ece4368", "code": 200}, {"server_uuid": "0a122a08-bc0f-40fd-8139-74c9e8a70ebe", "name": "network-vif-plugged", "status": "completed", "tag": "810ffdd3-13de-43d5-a09c-221911cc3bcf", "code": 200}]} {{(pid=104477) _http_log_response /usr/local/lib/python3.8/dist-packages/keystoneauth1/session.py:582}}
Oct 31 19:21:26.782032 dv-cinder-863097-1-iscsi neutron-server[104477]: DEBUG novaclient.v2.client [-] POST call to compute for http://10.222.0.16/compute/v2.1/os-server-external-events used request id req-8cf5b449-b3e5-4e97-afc2-2a32c2424246 {{(pid=104477) request /usr/local/lib/python3.8/dist-packages/keystoneauth1/session.py:954}}
Oct 31 19:21:26.782436 dv-cinder-863097-1-iscsi neutron-server[104477]: INFO neutron.notifiers.nova [-] Nova event matching ['req-8cf5b449-b3e5-4e97-afc2-2a32c2424246'] response: {'server_uuid': '98a9a544-4553-4083-aa26-1dc327369d54', 'name': 'network-vif-plugged', 'status': 'completed', 'tag': 'c411fd72-ddd2-4429-98b0-69e862f32b98', 'code': 200}
Oct 31 19:21:26.783191 dv-cinder-863097-1-iscsi neutron-server[104477]: INFO neutron.notifiers.nova [-] Nova event matching ['req-8cf5b449-b3e5-4e97-afc2-2a32c2424246'] response: {'server_uuid': '7a47cd33-e4a0-4b78-9afc-2f371e4a9d10', 'name': 'network-vif-plugged', 'status': 'completed', 'tag': 'c1f5b141-b428-4cbf-9938-2df49ece4368', 'code': 200}
Oct 31 19:21:26.783481 dv-cinder-863097-1-iscsi neutron-server[104477]: INFO neutron.notifiers.nova [-] Nova event matching ['req-8cf5b449-b3e5-4e97-afc2-2a32c2424246'] response: {'server_uuid': '0a122a08-bc0f-40fd-8139-74c9e8a70ebe', 'name': 'network-vif-plugged', 'status': 'completed', 'tag': '810ffdd3-13de-43d5-a09c-221911cc3bcf', 'code': 200}
Oct 31 19:21:27.039471 dv-cinder-863097-1-iscsi neutron-server[104476]: DEBUG neutron.pecan_wsgi.hooks.policy_enforcement [req-d8fea86d-40d7-43ea-8028-81f2b067c468 req-06d4c480-5b1d-42b4-bc82-c6f344ed0c62 tempest-ServerRescueNegativeTestJSON-466281787 tempest-ServerRescueNegativeTestJSON-466281787-project] Attributes excluded by policy engine: ['standard_attr_id', 'binding:profile', 'binding:host_id', 'binding:vif_type', 'binding:vif_details'] {{(pid=104476) _exclude_attributes_by_policy /opt/stack/neutron/neutron/pecan_wsgi/hooks/policy_enforcement.py:259}}
Oct 31 19:21:27.054261 dv-cinder-863097-1-iscsi neutron-server[104476]: INFO neutron.wsgi [req-d8fea86d-40d7-43ea-8028-81f2b067c468 req-06d4c480-5b1d-42b4-bc82-c6f344ed0c62 tempest-ServerRescueNegativeTestJSON-466281787 tempest-ServerRescueNegativeTestJSON-466281787-project] 10.222.0.16 "GET /networking/v2.0/ports?device_id=37698c73-94da-4904-a8d5-636936092fba HTTP/1.1" status: 200 len: 945 time: 0.1224062
Oct 31 19:21:27.104550 dv-cinder-863097-1-iscsi neutron-server[104476]: DEBUG neutron.wsgi [-] (104476) accepted ('10.222.0.16', 46688) {{(pid=104476) server /usr/local/lib/python3.8/dist-packages/eventlet/wsgi.py:1004}}
Oct 31 19:21:27.113275 dv-cinder-863097-1-iscsi neutron-server[104476]: DEBUG neutron.api.v2.base [None req-221fa2f9-ff2e-44e6-b93c-d3a57925106b admin admin] Request body: {'network': {'name': 'tempest-VolumesActionsTest-1025469254-network', 'tenant_id': 'c315ef3851f5405eab6e597830d19c30'}} {{(pid=104476) prepare_request_body /opt/stack/neutron/neutron/api/v2/base.py:730}}
Oct 31 19:21:27.193889 dv-cinder-863097-1-iscsi neutron-server[104476]: DEBUG neutron.pecan_wsgi.hooks.policy_enforcement [req-356ec564-27e3-4ed1-8209-26136db027ee req-0a562a4a-250e-47c1-96db-4f6e5260f0d3 service neutron] Attributes excluded by policy engine: ['standard_attr_id'] {{(pid=104476) _exclude_attributes_by_policy /opt/stack/neutron/neutron/pecan_wsgi/hooks/policy_enforcement.py:259}}
Oct 31 19:21:27.195915 dv-cinder-863097-1-iscsi neutron-server[104476]: INFO neutron.wsgi [req-356ec564-27e3-4ed1-8209-26136db027ee req-0a562a4a-250e-47c1-96db-4f6e5260f0d3 service neutron] 10.222.0.33 "GET /networking/v2.0/ports?device_id=0a122a08-bc0f-40fd-8139-74c9e8a70ebe HTTP/1.1" status: 200 len: 1130 time: 0.1116676
Oct 31 19:21:27.203011 dv-cinder-863097-1-iscsi neutron-server[104476]: DEBUG neutron.pecan_wsgi.hooks.quota_enforcement [None req-221fa2f9-ff2e-44e6-b93c-d3a57925106b admin admin] Made reservation on behalf of c315ef3851f5405eab6e597830d19c30 for: {'network': 1} {{(pid=104476) before /opt/stack/neutron/neutron/pecan_wsgi/hooks/quota_enforcement.py:53}}
Oct 31 19:21:27.206732 dv-cinder-863097-1-iscsi neutron-server[104476]: DEBUG neutron_lib.callbacks.manager [None req-221fa2f9-ff2e-44e6-b93c-d3a57925106b admin admin] Publish callbacks ['neutron.plugins.ml2.plugin.SecurityGroupDbMixin._ensure_default_security_group_handler-812850'] for network (None), before_create {{(pid=104476) _notify_loop /usr/local/lib/python3.8/dist-packages/neutron_lib/callbacks/manager.py:176}}
Oct 31 19:21:27.223071 dv-cinder-863097-1-iscsi neutron-server[104476]: DEBUG neutron_lib.callbacks.manager [None req-221fa2f9-ff2e-44e6-b93c-d3a57925106b admin admin] Publish callbacks [] for security_group (None), before_create {{(pid=104476) _notify_loop /usr/local/lib/python3.8/dist-packages/neutron_lib/callbacks/manager.py:176}}
Oct 31 19:21:27.228268 dv-cinder-863097-1-iscsi neutron-server[104476]: INFO neutron.wsgi [req-d8fea86d-40d7-43ea-8028-81f2b067c468 req-a00fd75c-db35-4a37-ad19-a6a85b130f55 tempest-ServerRescueNegativeTestJSON-466281787 tempest-ServerRescueNegativeTestJSON-466281787-project] 10.222.0.16 "GET /networking/v2.0/security-groups?id=799f8da6-422d-4735-83cf-1657b2610f74&fields=id&fields=name HTTP/1.1" status: 200 len: 286 time: 0.1667759
Oct 31 19:21:27.248848 dv-cinder-863097-1-iscsi neutron-server[104475]: DEBUG dbcounter [-] [104475] Writing DB stats neutron:SELECT=96,neutron:INSERT=2,neutron:UPDATE=1,neutron:DELETE=1 {{(pid=104475) stat_writer /usr/local/lib/python3.8/dist-packages/dbcounter.py:114}}
Oct 31 19:21:27.356653 dv-cinder-863097-1-iscsi neutron-server[104476]: DEBUG neutron_lib.callbacks.manager [None req-221fa2f9-ff2e-44e6-b93c-d3a57925106b admin admin] Publish callbacks [] for security_group (33036543-1c30-4179-83f1-8111c9dfc28e), precommit_create {{(pid=104476) _notify_loop /usr/local/lib/python3.8/dist-packages/neutron_lib/callbacks/manager.py:176}}
Oct 31 19:21:27.365310 dv-cinder-863097-1-iscsi neutron-server[104476]: DEBUG neutron_lib.callbacks.manager [None req-221fa2f9-ff2e-44e6-b93c-d3a57925106b admin admin] Publish callbacks ['neutron.plugins.ml2.ovo_rpc._ObjectChangeHandler.handle_event-1992202'] for security_group (33036543-1c30-4179-83f1-8111c9dfc28e), after_create {{(pid=104476) _notify_loop /usr/local/lib/python3.8/dist-packages/neutron_lib/callbacks/manager.py:176}}
Oct 31 19:21:27.383104 dv-cinder-863097-1-iscsi neutron-server[104475]: DEBUG neutron.pecan_wsgi.hooks.policy_enforcement [req-1494ad1c-e984-4106-b19e-cc8146e240af req-0bd1ef0d-29fc-4c1e-934d-c0acabf6e3e0 tempest-AttachVolumeTestJSON-190527948 tempest-AttachVolumeTestJSON-190527948-project] Attributes excluded by policy engine: ['standard_attr_id', 'binding:profile', 'binding:host_id', 'binding:vif_type', 'binding:vif_details'] {{(pid=104475) _exclude_attributes_by_policy /opt/stack/neutron/neutron/pecan_wsgi/hooks/policy_enforcement.py:259}}
Oct 31 19:21:27.384883 dv-cinder-863097-1-iscsi neutron-server[104475]: INFO neutron.wsgi [req-1494ad1c-e984-4106-b19e-cc8146e240af req-0bd1ef0d-29fc-4c1e-934d-c0acabf6e3e0 tempest-AttachVolumeTestJSON-190527948 tempest-AttachVolumeTestJSON-190527948-project] 10.222.0.16 "GET /networking/v2.0/ports?device_id=0a122a08-bc0f-40fd-8139-74c9e8a70ebe HTTP/1.1" status: 200 len: 946 time: 0.2862797
Oct 31 19:21:27.406827 dv-cinder-863097-1-iscsi neutron-server[104476]: DEBUG neutron.plugins.ml2.drivers.helpers [None req-221fa2f9-ff2e-44e6-b93c-d3a57925106b admin admin] vlan segment allocate from pool success with {'vlan_id': 352, 'physical_network': 'physnet1'} {{(pid=104476) allocate_partially_specified_segment /opt/stack/neutron/neutron/plugins/ml2/drivers/helpers.py:153}}
Oct 31 19:21:27.414543 dv-cinder-863097-1-iscsi neutron-server[104476]: DEBUG neutron.api.rpc.handlers.resources_rpc [None req-221fa2f9-ff2e-44e6-b93c-d3a57925106b admin admin] Pushing event updated for resources: {'SecurityGroup': ['ID=33036543-1c30-4179-83f1-8111c9dfc28e,revision_number=1']} {{(pid=104476) push /opt/stack/neutron/neutron/api/rpc/handlers/resources_rpc.py:237}}
Oct 31 19:21:27.424993 dv-cinder-863097-1-iscsi neutron-server[104476]: DEBUG neutron_lib.callbacks.manager [None req-221fa2f9-ff2e-44e6-b93c-d3a57925106b admin admin] Publish callbacks ['neutron.plugins.ml2.plugin.Ml2Plugin._handle_segment_change-676644'] for segment (0d920474-791e-4dad-a5f5-d439929357c4), precommit_create {{(pid=104476) _notify_loop /usr/local/lib/python3.8/dist-packages/neutron_lib/callbacks/manager.py:176}}
Oct 31 19:21:27.425802 dv-cinder-863097-1-iscsi neutron-server[104476]: INFO neutron.db.segments_db [None req-221fa2f9-ff2e-44e6-b93c-d3a57925106b admin admin] Added segment 0d920474-791e-4dad-a5f5-d439929357c4 of type vlan for network 879ac472-c3fe-4f45-8a11-6f01b0e8b162
Oct 31 19:21:27.486259 dv-cinder-863097-1-iscsi neutron-server[104476]: DEBUG neutron_lib.callbacks.manager [None req-221fa2f9-ff2e-44e6-b93c-d3a57925106b admin admin] Publish callbacks ['neutron.services.auto_allocate.db._ensure_external_network_default_value_callback-8766603662529'] for network (879ac472-c3fe-4f45-8a11-6f01b0e8b162), precommit_create {{(pid=104476) _notify_loop /usr/local/lib/python3.8/dist-packages/neutron_lib/callbacks/manager.py:176}}
Oct 31 19:21:27.515898 dv-cinder-863097-1-iscsi neutron-server[104476]: DEBUG neutron_lib.callbacks.manager [None req-221fa2f9-ff2e-44e6-b93c-d3a57925106b admin admin] Publish callbacks ['neutron.plugins.ml2.ovo_rpc._ObjectChangeHandler.handle_event-1992281', 'neutron.api.rpc.agentnotifiers.dhcp_rpc_agent_api.DhcpAgentNotifyAPI._native_event_send_dhcp_notification-1642251'] for network (879ac472-c3fe-4f45-8a11-6f01b0e8b162), after_create {{(pid=104476) _notify_loop /usr/local/lib/python3.8/dist-packages/neutron_lib/callbacks/manager.py:176}}
Oct 31 19:21:27.517077 dv-cinder-863097-1-iscsi neutron-server[104476]: DEBUG neutron.pecan_wsgi.hooks.policy_enforcement [None req-221fa2f9-ff2e-44e6-b93c-d3a57925106b admin admin] Attributes excluded by policy engine: ['standard_attr_id', 'vlan_transparent'] {{(pid=104476) _exclude_attributes_by_policy /opt/stack/neutron/neutron/pecan_wsgi/hooks/policy_enforcement.py:259}}
Oct 31 19:21:27.517816 dv-cinder-863097-1-iscsi neutron-server[104476]: DEBUG neutron_lib.callbacks.manager [None req-221fa2f9-ff2e-44e6-b93c-d3a57925106b admin admin] Publish callbacks ['neutron.api.rpc.agentnotifiers.dhcp_rpc_agent_api.DhcpAgentNotifyAPI._send_dhcp_notification-1642265'] for network (None), before_response {{(pid=104476) _notify_loop /usr/local/lib/python3.8/dist-packages/neutron_lib/callbacks/manager.py:176}}
Oct 31 19:21:27.521080 dv-cinder-863097-1-iscsi neutron-server[104475]: INFO neutron.wsgi [req-1494ad1c-e984-4106-b19e-cc8146e240af req-52a586f4-887e-4c79-b06a-44d13c2dbd71 tempest-AttachVolumeTestJSON-190527948 tempest-AttachVolumeTestJSON-190527948-project] 10.222.0.16 "GET /networking/v2.0/security-groups?id=dc7ffa67-2b23-4574-9c77-71cf38bc18a9&fields=id&fields=name HTTP/1.1" status: 200 len: 312 time: 0.1166806
Oct 31 19:21:27.570091 dv-cinder-863097-1-iscsi neutron-server[104475]: DEBUG neutron_lib.db.resource_extend [None req-3f25a0f8-0ad4-45d5-8a00-1a782202333e tempest-AttachVolumeShelveTestJSON-1845869762 tempest-AttachVolumeShelveTestJSON-1845869762-project] It took 0.10 seconds to run function 'neutron_lib.db.resource_extend.apply_funcs' {{(pid=104475) wrapper /usr/local/lib/python3.8/dist-packages/oslo_utils/timeutils.py:322}}
Oct 31 19:21:27.653697 dv-cinder-863097-1-iscsi neutron-server[104476]: INFO neutron.wsgi [None req-221fa2f9-ff2e-44e6-b93c-d3a57925106b admin admin] 10.222.0.16 "POST /networking/v2.0/networks HTTP/1.1" status: 201 len: 882 time: 0.5446091
Oct 31 19:21:27.654616 dv-cinder-863097-1-iscsi neutron-server[104476]: DEBUG neutron.api.rpc.handlers.resources_rpc [None req-221fa2f9-ff2e-44e6-b93c-d3a57925106b admin admin] Pushing event updated for resources: {'Network': ['ID=879ac472-c3fe-4f45-8a11-6f01b0e8b162,revision_number=1']} {{(pid=104476) push /opt/stack/neutron/neutron/api/rpc/handlers/resources_rpc.py:237}}
Oct 31 19:21:27.678038 dv-cinder-863097-1-iscsi neutron-server[104477]: DEBUG neutron.plugins.ml2.rpc [None req-834b4e41-2aef-47a6-895f-1e7ffeaa8816 None None] Network 879ac472-c3fe-4f45-8a11-6f01b0e8b162 details requested by agent ovs-agent-dv-cinder-863097-1-iscsi with host dv-cinder-863097-1-iscsi {{(pid=104477) get_network_details /opt/stack/neutron/neutron/plugins/ml2/rpc.py:248}}
Oct 31 19:21:27.680498 dv-cinder-863097-1-iscsi neutron-server[104476]: DEBUG neutron.wsgi [-] (104476) accepted ('10.222.0.16', 46714) {{(pid=104476) server /usr/local/lib/python3.8/dist-packages/eventlet/wsgi.py:1004}}
Oct 31 19:21:27.686406 dv-cinder-863097-1-iscsi neutron-server[104476]: DEBUG neutron.api.v2.base [None req-f6077b7c-02c4-4d53-84cb-30b9dc4bcfe8 admin admin] Request body: {'subnet': {'network_id': '879ac472-c3fe-4f45-8a11-6f01b0e8b162', 'cidr': '172.20.0.0/28', 'name': 'tempest-VolumesActionsTest-1025469254-subnet', 'tenant_id': 'c315ef3851f5405eab6e597830d19c30', 'enable_dhcp': False, 'ip_version': 4}} {{(pid=104476) prepare_request_body /opt/stack/neutron/neutron/api/v2/base.py:730}}
Oct 31 19:21:27.724069 dv-cinder-863097-1-iscsi neutron-server[104476]: DEBUG dbcounter [-] [104476] Writing DB stats neutron:SELECT=87,neutron:DELETE=3,neutron:INSERT=9,neutron:UPDATE=1 {{(pid=104476) stat_writer /usr/local/lib/python3.8/dist-packages/dbcounter.py:114}}
Oct 31 19:21:27.731191 dv-cinder-863097-1-iscsi neutron-server[104476]: DEBUG neutron.pecan_wsgi.hooks.policy_enforcement [req-b41327f0-3845-4ae3-9133-0dac94132bc2 req-1456032a-a635-4175-9f58-8a417dfe3536 tempest-DeleteServersTestJSON-1267500742 tempest-DeleteServersTestJSON-1267500742-project] Attributes excluded by policy engine: ['standard_attr_id', 'binding:profile', 'binding:host_id', 'binding:vif_type', 'binding:vif_details'] {{(pid=104476) _exclude_attributes_by_policy /opt/stack/neutron/neutron/pecan_wsgi/hooks/policy_enforcement.py:259}}
Oct 31 19:21:27.732774 dv-cinder-863097-1-iscsi neutron-server[104476]: INFO neutron.wsgi [req-b41327f0-3845-4ae3-9133-0dac94132bc2 req-1456032a-a635-4175-9f58-8a417dfe3536 tempest-DeleteServersTestJSON-1267500742 tempest-DeleteServersTestJSON-1267500742-project] 10.222.0.16 "GET /networking/v2.0/ports?device_id=98a9a544-4553-4083-aa26-1dc327369d54 HTTP/1.1" status: 200 len: 945 time: 0.1416471
Oct 31 19:21:27.743465 dv-cinder-863097-1-iscsi neutron-server[104476]: DEBUG neutron.pecan_wsgi.hooks.quota_enforcement [None req-f6077b7c-02c4-4d53-84cb-30b9dc4bcfe8 admin admin] Made reservation on behalf of c315ef3851f5405eab6e597830d19c30 for: {'subnet': 1} {{(pid=104476) before /opt/stack/neutron/neutron/pecan_wsgi/hooks/quota_enforcement.py:53}}
Oct 31 19:21:27.748243 dv-cinder-863097-1-iscsi neutron-server[104476]: DEBUG neutron_lib.callbacks.manager [None req-f6077b7c-02c4-4d53-84cb-30b9dc4bcfe8 admin admin] Publish callbacks [] for subnet (None), before_create {{(pid=104476) _notify_loop /usr/local/lib/python3.8/dist-packages/neutron_lib/callbacks/manager.py:176}}
Oct 31 19:21:27.803955 dv-cinder-863097-1-iscsi neutron-server[104476]: DEBUG dbcounter [-] [104476] Writing DB stats neutron:SELECT=85,neutron:INSERT=11,neutron:UPDATE=3,neutron:DELETE=1 {{(pid=104476) stat_writer /usr/local/lib/python3.8/dist-packages/dbcounter.py:114}}
Oct 31 19:21:27.874180 dv-cinder-863097-1-iscsi neutron-server[104475]: DEBUG neutron_lib.callbacks.manager [None req-3f25a0f8-0ad4-45d5-8a00-1a782202333e tempest-AttachVolumeShelveTestJSON-1845869762 tempest-AttachVolumeShelveTestJSON-1845869762-project] Publish callbacks [] for floatingip (None), precommit_update {{(pid=104475) _notify_loop /usr/local/lib/python3.8/dist-packages/neutron_lib/callbacks/manager.py:176}}
Oct 31 19:21:27.878880 dv-cinder-863097-1-iscsi neutron-server[104475]: DEBUG neutron_lib.callbacks.manager [None req-3f25a0f8-0ad4-45d5-8a00-1a782202333e tempest-AttachVolumeShelveTestJSON-1845869762 tempest-AttachVolumeShelveTestJSON-1845869762-project] Publish callbacks ['neutron.services.l3_router.l3_router_plugin.DVRResourceOperationHandler._create_dvr_floating_gw_port-2058206'] for floatingip (fcaff8b7-c34e-4aae-8f2d-9b42743f478b), after_update {{(pid=104475) _notify_loop /usr/local/lib/python3.8/dist-packages/neutron_lib/callbacks/manager.py:176}}
Oct 31 19:21:27.943948 dv-cinder-863097-1-iscsi neutron-server[104475]: DEBUG dbcounter [-] [104475] Writing DB stats neutron:SELECT=93,neutron:INSERT=3,neutron:UPDATE=3,neutron:DELETE=1 {{(pid=104475) stat_writer /usr/local/lib/python3.8/dist-packages/dbcounter.py:114}}
Oct 31 19:21:27.956872 dv-cinder-863097-1-iscsi neutron-server[104476]: INFO neutron.wsgi [req-b41327f0-3845-4ae3-9133-0dac94132bc2 req-650483ef-8119-4190-a57f-66dfa0628282 tempest-DeleteServersTestJSON-1267500742 tempest-DeleteServersTestJSON-1267500742-project] 10.222.0.16 "GET /networking/v2.0/security-groups?id=a55f0215-a54b-49eb-aff6-5bdb66af8153&fields=id&fields=name HTTP/1.1" status: 200 len: 286 time: 0.1999500
Oct 31 19:21:28.030748 dv-cinder-863097-1-iscsi neutron-server[104476]: DEBUG neutron_lib.callbacks.manager [None req-f6077b7c-02c4-4d53-84cb-30b9dc4bcfe8 admin admin] Publish callbacks ['neutron.plugins.ml2.ovo_rpc._ObjectChangeHandler.handle_event-1992434', 'neutron.api.rpc.agentnotifiers.dhcp_rpc_agent_api.DhcpAgentNotifyAPI._native_event_send_dhcp_notification-1642251'] for subnet (5422dec5-33c8-419c-9cc0-fa59412d1166), after_create {{(pid=104476) _notify_loop /usr/local/lib/python3.8/dist-packages/neutron_lib/callbacks/manager.py:176}}
Oct 31 19:21:28.045513 dv-cinder-863097-1-iscsi neutron-server[104475]: INFO neutron.db.l3_db [None req-3f25a0f8-0ad4-45d5-8a00-1a782202333e tempest-AttachVolumeShelveTestJSON-1845869762 tempest-AttachVolumeShelveTestJSON-1845869762-project] Floating IP fcaff8b7-c34e-4aae-8f2d-9b42743f478b associated. External IP: 172.27.0.142, port: 3807af14-6f9a-4bcc-86d0-c9961d4697ae.
Oct 31 19:21:28.099590 dv-cinder-863097-1-iscsi neutron-server[104476]: DEBUG neutron.api.rpc.handlers.resources_rpc [None req-f6077b7c-02c4-4d53-84cb-30b9dc4bcfe8 admin admin] Pushing event updated for resources: {'Subnet': ['ID=5422dec5-33c8-419c-9cc0-fa59412d1166,revision_number=0']} {{(pid=104476) push /opt/stack/neutron/neutron/api/rpc/handlers/resources_rpc.py:237}}
Oct 31 19:21:28.115223 dv-cinder-863097-1-iscsi neutron-server[104476]: DEBUG neutron.plugins.ml2.drivers.mech_agent [None req-f6077b7c-02c4-4d53-84cb-30b9dc4bcfe8 admin admin] Checking segment: {'id': '0d920474-791e-4dad-a5f5-d439929357c4', 'network_type': 'vlan', 'physical_network': 'physnet1', 'segmentation_id': 352, 'network_id': '879ac472-c3fe-4f45-8a11-6f01b0e8b162'} for mappings: {'physnet1': 'br-data'} with network types: ['local', 'flat', 'vlan'] {{(pid=104476) check_segment_for_agent /opt/stack/neutron/neutron/plugins/ml2/drivers/mech_agent.py:399}}
Oct 31 19:21:28.115223 dv-cinder-863097-1-iscsi neutron-server[104476]: DEBUG neutron.scheduler.dhcp_agent_scheduler [None req-f6077b7c-02c4-4d53-84cb-30b9dc4bcfe8 admin admin] Network hostable DHCP agents. Network: 879ac472-c3fe-4f45-8a11-6f01b0e8b162, hostable agents: ['12d3e1f0-0839-40ca-b5f6-cbe6012b488c'], hosted agents: [] {{(pid=104476) _get_network_hostable_dhcp_agents /opt/stack/neutron/neutron/scheduler/dhcp_agent_scheduler.py:329}}
Oct 31 19:21:28.137378 dv-cinder-863097-1-iscsi neutron-server[104476]: DEBUG neutron.scheduler.dhcp_agent_scheduler [None req-f6077b7c-02c4-4d53-84cb-30b9dc4bcfe8 admin admin] Network 879ac472-c3fe-4f45-8a11-6f01b0e8b162 is scheduled to be hosted by DHCP agent 12d3e1f0-0839-40ca-b5f6-cbe6012b488c with binding_index 1 {{(pid=104476) bind /opt/stack/neutron/neutron/scheduler/dhcp_agent_scheduler.py:227}}
Oct 31 19:21:28.157459 dv-cinder-863097-1-iscsi neutron-server[104476]: DEBUG neutron.scheduler.base_scheduler [None req-f6077b7c-02c4-4d53-84cb-30b9dc4bcfe8 admin admin] Resources bound (agent type, host, resource id): (DHCP agent, dv-cinder-863097-1-iscsi, 879ac472-c3fe-4f45-8a11-6f01b0e8b162) {{(pid=104476) schedule /opt/stack/neutron/neutron/scheduler/base_scheduler.py:57}}
Oct 31 19:21:28.166592 dv-cinder-863097-1-iscsi neutron-server[104477]: DEBUG neutron.api.rpc.handlers.dhcp_rpc [None req-e508b5a3-d5ac-499d-ad9c-0f7febf3b784 None None] Network 879ac472-c3fe-4f45-8a11-6f01b0e8b162 requested from dv-cinder-863097-1-iscsi {{(pid=104477) get_network_info /opt/stack/neutron/neutron/api/rpc/handlers/dhcp_rpc.py:193}}
Oct 31 19:21:28.168450 dv-cinder-863097-1-iscsi neutron-server[104476]: DEBUG neutron.pecan_wsgi.hooks.policy_enforcement [None req-f6077b7c-02c4-4d53-84cb-30b9dc4bcfe8 admin admin] Attributes excluded by policy engine: ['standard_attr_id', 'shared', 'network'] {{(pid=104476) _exclude_attributes_by_policy /opt/stack/neutron/neutron/pecan_wsgi/hooks/policy_enforcement.py:259}}
Oct 31 19:21:28.169151 dv-cinder-863097-1-iscsi neutron-server[104476]: DEBUG neutron_lib.callbacks.manager [None req-f6077b7c-02c4-4d53-84cb-30b9dc4bcfe8 admin admin] Publish callbacks ['neutron.api.rpc.agentnotifiers.dhcp_rpc_agent_api.DhcpAgentNotifyAPI._send_dhcp_notification-1642265'] for subnet (None), before_response {{(pid=104476) _notify_loop /usr/local/lib/python3.8/dist-packages/neutron_lib/callbacks/manager.py:176}}
Oct 31 19:21:28.204614 dv-cinder-863097-1-iscsi neutron-server[104476]: INFO neutron.wsgi [None req-f6077b7c-02c4-4d53-84cb-30b9dc4bcfe8 admin admin] 10.222.0.16 "POST /networking/v2.0/subnets HTTP/1.1" status: 201 len: 846 time: 0.5216384
Oct 31 19:21:28.332338 dv-cinder-863097-1-iscsi neutron-server[104477]: DEBUG dbcounter [-] [104477] Writing DB stats neutron:SELECT=97,neutron:UPDATE=3 {{(pid=104477) stat_writer /usr/local/lib/python3.8/dist-packages/dbcounter.py:114}}
Oct 31 19:21:28.363663 dv-cinder-863097-1-iscsi neutron-server[104477]: DEBUG neutron.api.rpc.handlers.dhcp_rpc [None req-fe6f0814-d12e-47db-8354-b325895b542a None None] Network 879ac472-c3fe-4f45-8a11-6f01b0e8b162 requested from dv-cinder-863097-1-iscsi {{(pid=104477) get_network_info /opt/stack/neutron/neutron/api/rpc/handlers/dhcp_rpc.py:193}}
Oct 31 19:21:28.407761 dv-cinder-863097-1-iscsi neutron-server[104475]: DEBUG neutron.scheduler.l3_agent_scheduler [None req-3f25a0f8-0ad4-45d5-8a00-1a782202333e tempest-AttachVolumeShelveTestJSON-1845869762 tempest-AttachVolumeShelveTestJSON-1845869762-project] Router cd72204a-f0b9-409d-b626-32885e0fe833 has already been hosted by L3 agent bfda5fc7-44c9-487b-820a-926a116c23db {{(pid=104475) _get_candidates /opt/stack/neutron/neutron/scheduler/l3_agent_scheduler.py:126}}
Oct 31 19:21:28.437076 dv-cinder-863097-1-iscsi neutron-server[104475]: DEBUG neutron.pecan_wsgi.hooks.policy_enforcement [req-62d927ad-d4fd-4e58-9c07-bbec7d903a86 req-0810476c-1d07-4354-b5a3-d0377d70bddd tempest-ServerRescueNegativeTestJSON-466281787 tempest-ServerRescueNegativeTestJSON-466281787-project] Attributes excluded by policy engine: ['standard_attr_id', 'binding:profile', 'binding:host_id', 'binding:vif_type', 'binding:vif_details'] {{(pid=104475) _exclude_attributes_by_policy /opt/stack/neutron/neutron/pecan_wsgi/hooks/policy_enforcement.py:259}}
Oct 31 19:21:28.438783 dv-cinder-863097-1-iscsi neutron-server[104475]: INFO neutron.wsgi [req-62d927ad-d4fd-4e58-9c07-bbec7d903a86 req-0810476c-1d07-4354-b5a3-d0377d70bddd tempest-ServerRescueNegativeTestJSON-466281787 tempest-ServerRescueNegativeTestJSON-466281787-project] 10.222.0.16 "GET /networking/v2.0/ports?device_id=37698c73-94da-4904-a8d5-636936092fba HTTP/1.1" status: 200 len: 945 time: 0.1050494
Oct 31 19:21:28.598362 dv-cinder-863097-1-iscsi neutron-server[104475]: DEBUG neutron.api.rpc.agentnotifiers.l3_rpc_agent_api [None req-3f25a0f8-0ad4-45d5-8a00-1a782202333e tempest-AttachVolumeShelveTestJSON-1845869762 tempest-AttachVolumeShelveTestJSON-1845869762-project] Notify agent at l3_agent.dv-cinder-863097-1-iscsi the message routers_updated {{(pid=104475) _agent_notification /opt/stack/neutron/neutron/api/rpc/agentnotifiers/l3_rpc_agent_api.py:65}}
Oct 31 19:21:28.603859 dv-cinder-863097-1-iscsi neutron-server[104475]: DEBUG neutron_lib.callbacks.manager [None req-3f25a0f8-0ad4-45d5-8a00-1a782202333e tempest-AttachVolumeShelveTestJSON-1845869762 tempest-AttachVolumeShelveTestJSON-1845869762-project] Publish callbacks ['neutron.notifiers.nova.Notifier._send_nova_notification-411824'] for floatingip (None), before_response {{(pid=104475) _notify_loop /usr/local/lib/python3.8/dist-packages/neutron_lib/callbacks/manager.py:176}}
Oct 31 19:21:28.610102 dv-cinder-863097-1-iscsi neutron-server[104475]: INFO neutron.wsgi [req-62d927ad-d4fd-4e58-9c07-bbec7d903a86 req-28458202-66c0-46b2-8929-3180d2577906 tempest-ServerRescueNegativeTestJSON-466281787 tempest-ServerRescueNegativeTestJSON-466281787-project] 10.222.0.16 "GET /networking/v2.0/security-groups?id=799f8da6-422d-4735-83cf-1657b2610f74&fields=id&fields=name HTTP/1.1" status: 200 len: 286 time: 0.1302450
Oct 31 19:21:28.626042 dv-cinder-863097-1-iscsi neutron-server[104478]: DEBUG neutron.api.rpc.handlers.l3_rpc [None req-71e02df7-e234-4577-9aa3-116b489be959 None None] Sync routers for ids ['cd72204a-f0b9-409d-b626-32885e0fe833'] in dv-cinder-863097-1-iscsi {{(pid=104478) sync_routers /opt/stack/neutron/neutron/api/rpc/handlers/l3_rpc.py:125}}
Oct 31 19:21:28.642657 dv-cinder-863097-1-iscsi neutron-server[104475]: INFO neutron.wsgi [None req-3f25a0f8-0ad4-45d5-8a00-1a782202333e tempest-AttachVolumeShelveTestJSON-1845869762 tempest-AttachVolumeShelveTestJSON-1845869762-project] 10.222.0.16 "PUT /networking/v2.0/floatingips/fcaff8b7-c34e-4aae-8f2d-9b42743f478b HTTP/1.1" status: 200 len: 991 time: 2.0384061
Oct 31 19:21:28.642657 dv-cinder-863097-1-iscsi neutron-server[104475]: DEBUG neutron.notifiers.nova [-] Sending events: [{'name': 'network-changed', 'server_uuid': '24ad6e3e-6043-4eff-afb4-0c6039e825fa', 'tag': '3807af14-6f9a-4bcc-86d0-c9961d4697ae'}] {{(pid=104475) send_events /opt/stack/neutron/neutron/notifiers/nova.py:279}}
Oct 31 19:21:28.643885 dv-cinder-863097-1-iscsi neutron-server[104475]: DEBUG novaclient.v2.client [-] REQ: curl -g -i --cacert "/opt/stack/data/ca-bundle.pem" -X POST http://10.222.0.16/compute/v2.1/os-server-external-events -H "Accept: application/json" -H "Content-Type: application/json" -H "User-Agent: python-novaclient" -H "X-Auth-Token: {SHA256}4641ccb5b7368cae747da79c1f80ef90798031770edece59280071dbd3b246d7" -H "X-OpenStack-Nova-API-Version: 2.1" -H "X-OpenStack-Request-ID: req-0fbbbf2e-d369-4269-a3f7-90f027775dc4" -d '{"events": [{"name": "network-changed", "server_uuid": "24ad6e3e-6043-4eff-afb4-0c6039e825fa", "tag": "3807af14-6f9a-4bcc-86d0-c9961d4697ae"}]}' {{(pid=104475) _http_log_request /usr/local/lib/python3.8/dist-packages/keystoneauth1/session.py:519}}
Oct 31 19:21:28.654360 dv-cinder-863097-1-iscsi neutron-server[104478]: DEBUG neutron.db.l3_dvrscheduler_db [None req-71e02df7-e234-4577-9aa3-116b489be959 None None] Routers {'cd72204a-f0b9-409d-b626-32885e0fe833'} bound to L3 agent in host dv-cinder-863097-1-iscsi {{(pid=104478) _get_router_ids_for_agent /opt/stack/neutron/neutron/db/l3_dvrscheduler_db.py:426}}
Oct 31 19:21:28.655025 dv-cinder-863097-1-iscsi neutron-server[104478]: DEBUG neutron.db.l3_hamode_db [None req-71e02df7-e234-4577-9aa3-116b489be959 None None] neutron.services.l3_router.l3_router_plugin.L3RouterPlugin method get_ha_sync_data_for_host called with arguments (, 'dv-cinder-863097-1-iscsi', Agent(admin_state_up=True,agent_type='L3 agent',availability_zone='nova',binary='neutron-l3-agent',configurations={"agent_mode": "legacy", "ex_gw_ports": 5, "extensions": [], "floating_ips": 0, "handle_internal_only_routers": true, "interface_driver": "openvswitch", "interfaces": 5, "log_agent_heartbeats": false, "routers": 5},created_at=2022-10-31T19:12:34Z,description=,heartbeat_timestamp=2022-10-31T19:21:04Z,host='dv-cinder-863097-1-iscsi',id=bfda5fc7-44c9-487b-820a-926a116c23db,load=0,resource_versions=,resources_synced=,started_at=2022-10-31T19:12:34Z,topic='l3_agent')) {'router_ids': ['cd72204a-f0b9-409d-b626-32885e0fe833'], 'active': True} {{(pid=104478) wrapper /usr/local/lib/python3.8/dist-packages/oslo_log/helpers.py:65}}
Oct 31 19:21:28.693195 dv-cinder-863097-1-iscsi neutron-server[104475]: DEBUG novaclient.v2.client [-] RESP: [200] Connection: close Content-Length: 179 Content-Type: application/json Date: Mon, 31 Oct 2022 19:21:28 GMT OpenStack-API-Version: compute 2.1 Server: Apache/2.4.41 (Ubuntu) Vary: OpenStack-API-Version,X-OpenStack-Nova-API-Version X-OpenStack-Nova-API-Version: 2.1 x-compute-request-id: req-74c8a09b-737a-460f-8ed1-06719b7e4a80 x-openstack-request-id: req-74c8a09b-737a-460f-8ed1-06719b7e4a80 {{(pid=104475) _http_log_response /usr/local/lib/python3.8/dist-packages/keystoneauth1/session.py:550}}
Oct 31 19:21:28.693479 dv-cinder-863097-1-iscsi neutron-server[104475]: DEBUG novaclient.v2.client [-] RESP BODY: {"events": [{"name": "network-changed", "server_uuid": "24ad6e3e-6043-4eff-afb4-0c6039e825fa", "tag": "3807af14-6f9a-4bcc-86d0-c9961d4697ae", "status": "completed", "code": 200}]} {{(pid=104475) _http_log_response /usr/local/lib/python3.8/dist-packages/keystoneauth1/session.py:582}}
Oct 31 19:21:28.693975 dv-cinder-863097-1-iscsi neutron-server[104475]: DEBUG novaclient.v2.client [-] POST call to compute for http://10.222.0.16/compute/v2.1/os-server-external-events used request id req-74c8a09b-737a-460f-8ed1-06719b7e4a80 {{(pid=104475) request /usr/local/lib/python3.8/dist-packages/keystoneauth1/session.py:954}}
Oct 31 19:21:28.694357 dv-cinder-863097-1-iscsi neutron-server[104475]: INFO neutron.notifiers.nova [-] Nova event matching ['req-74c8a09b-737a-460f-8ed1-06719b7e4a80'] response: {'name': 'network-changed', 'server_uuid': '24ad6e3e-6043-4eff-afb4-0c6039e825fa', 'tag': '3807af14-6f9a-4bcc-86d0-c9961d4697ae', 'status': 'completed', 'code': 200}
Oct 31 19:21:28.722131 dv-cinder-863097-1-iscsi neutron-server[104476]: DEBUG neutron.pecan_wsgi.hooks.policy_enforcement [req-36c4beea-85be-40cf-8e1f-5b2797010fe0 req-2160146c-1d04-4cfd-8e05-f241bd2ece21 tempest-AttachVolumeTestJSON-190527948 tempest-AttachVolumeTestJSON-190527948-project] Attributes excluded by policy engine: ['standard_attr_id', 'binding:profile', 'binding:host_id', 'binding:vif_type', 'binding:vif_details'] {{(pid=104476) _exclude_attributes_by_policy /opt/stack/neutron/neutron/pecan_wsgi/hooks/policy_enforcement.py:259}}
Oct 31 19:21:28.724980 dv-cinder-863097-1-iscsi neutron-server[104476]: INFO neutron.wsgi [req-36c4beea-85be-40cf-8e1f-5b2797010fe0 req-2160146c-1d04-4cfd-8e05-f241bd2ece21 tempest-AttachVolumeTestJSON-190527948 tempest-AttachVolumeTestJSON-190527948-project] 10.222.0.16 "GET /networking/v2.0/ports?device_id=0a122a08-bc0f-40fd-8139-74c9e8a70ebe HTTP/1.1" status: 200 len: 946 time: 0.0859475
Oct 31 19:21:28.806783 dv-cinder-863097-1-iscsi neutron-server[104478]: DEBUG neutron.db.l3_dvr_db [None req-71e02df7-e234-4577-9aa3-116b489be959 None None] Set router cd72204a-f0b9-409d-b626-32885e0fe833 gateway port host: dv-cinder-863097-1-iscsi {{(pid=104478) _build_routers_list /opt/stack/neutron/neutron/db/l3_dvr_db.py:907}}
Oct 31 19:21:28.817539 dv-cinder-863097-1-iscsi neutron-server[104476]: INFO neutron.wsgi [req-36c4beea-85be-40cf-8e1f-5b2797010fe0 req-810135aa-fb8c-452b-890f-1e2570887a3a tempest-AttachVolumeTestJSON-190527948 tempest-AttachVolumeTestJSON-190527948-project] 10.222.0.16 "GET /networking/v2.0/security-groups?id=dc7ffa67-2b23-4574-9c77-71cf38bc18a9&fields=id&fields=name HTTP/1.1" status: 200 len: 312 time: 0.0845280
Oct 31 19:21:29.078798 dv-cinder-863097-1-iscsi neutron-server[104476]: DEBUG neutron.pecan_wsgi.hooks.policy_enforcement [req-eb7aa2dc-5057-412f-9e57-86177657a243 req-f8407833-5ee0-4d02-82a1-883d1d748b29 tempest-ServerRescueNegativeTestJSON-466281787 tempest-ServerRescueNegativeTestJSON-466281787-project] Attributes excluded by policy engine: ['standard_attr_id', 'binding:profile', 'binding:host_id', 'binding:vif_type', 'binding:vif_details'] {{(pid=104476) _exclude_attributes_by_policy /opt/stack/neutron/neutron/pecan_wsgi/hooks/policy_enforcement.py:259}}
Oct 31 19:21:29.080390 dv-cinder-863097-1-iscsi neutron-server[104476]: INFO neutron.wsgi [req-eb7aa2dc-5057-412f-9e57-86177657a243 req-f8407833-5ee0-4d02-82a1-883d1d748b29 tempest-ServerRescueNegativeTestJSON-466281787 tempest-ServerRescueNegativeTestJSON-466281787-project] 10.222.0.16 "GET /networking/v2.0/ports?device_id=37698c73-94da-4904-a8d5-636936092fba HTTP/1.1" status: 200 len: 945 time: 0.0493350
Oct 31 19:21:29.109152 dv-cinder-863097-1-iscsi neutron-server[104475]: DEBUG neutron.pecan_wsgi.hooks.policy_enforcement [req-8ef23781-39fe-4354-a911-5d8df7c1da24 req-fd2a7148-89c5-4759-b766-ca9282903c9e tempest-DeleteServersTestJSON-1267500742 tempest-DeleteServersTestJSON-1267500742-project] Attributes excluded by policy engine: ['standard_attr_id', 'binding:profile', 'binding:host_id', 'binding:vif_type', 'binding:vif_details'] {{(pid=104475) _exclude_attributes_by_policy /opt/stack/neutron/neutron/pecan_wsgi/hooks/policy_enforcement.py:259}}
Oct 31 19:21:29.110693 dv-cinder-863097-1-iscsi neutron-server[104475]: INFO neutron.wsgi [req-8ef23781-39fe-4354-a911-5d8df7c1da24 req-fd2a7148-89c5-4759-b766-ca9282903c9e tempest-DeleteServersTestJSON-1267500742 tempest-DeleteServersTestJSON-1267500742-project] 10.222.0.16 "GET /networking/v2.0/ports?device_id=98a9a544-4553-4083-aa26-1dc327369d54 HTTP/1.1" status: 200 len: 945 time: 0.0513380
Oct 31 19:21:29.131123 dv-cinder-863097-1-iscsi neutron-server[104476]: INFO neutron.wsgi [req-eb7aa2dc-5057-412f-9e57-86177657a243 req-db36c1ec-d6ff-4f22-a0bc-807ac0db8866 tempest-ServerRescueNegativeTestJSON-466281787 tempest-ServerRescueNegativeTestJSON-466281787-project] 10.222.0.16 "GET /networking/v2.0/security-groups?id=799f8da6-422d-4735-83cf-1657b2610f74&fields=id&fields=name HTTP/1.1" status: 200 len: 286 time: 0.0441067
