Oct 27 17:31:28.540409 dv-cinder-862831-1-smb neutron-server[104507]: INFO neutron.wsgi [req-891e2ab2-facd-4ad1-93ac-d3e350fe5460 req-49fc2d9e-4e95-46eb-b105-176164b1e935 tempest-ServerRescueNegativeTestJSON-336895332 tempest-ServerRescueNegativeTestJSON-336895332-project] 10.222.0.26 "GET /networking/v2.0/ports?device_id=8eca7d79-3716-4c14-8243-34eafceecd29 HTTP/1.1" status: 200 len: 945 time: 0.3110476
Oct 27 17:31:28.561584 dv-cinder-862831-1-smb neutron-server[104506]: INFO neutron.wsgi [req-d63d326c-639a-4321-b439-5025425080e2 req-af76eadb-5dad-4d5f-a629-902117b86c16 tempest-AttachVolumeTestJSON-1971699376 tempest-AttachVolumeTestJSON-1971699376-project] 10.222.0.13 "GET /networking/v2.0/security-groups?fields=id&fields=name&tenant_id=232f6c27848f4297beb623c0c1fcdb24 HTTP/1.1" status: 200 len: 379 time: 0.1835656
Oct 27 17:31:28.565931 dv-cinder-862831-1-smb neutron-server[104507]: INFO neutron.wsgi [req-7cc0d9df-bb62-420e-a06b-5afb0cdc0aba req-841885be-089c-47cc-9b38-6e48a0e1c15a service neutron] 10.222.0.13 "GET /networking/v2.0/networks/52e8a90f-751a-49fa-85b4-69c8d43d5e3c?fields=segments HTTP/1.1" status: 200 len: 212 time: 0.6417501
Oct 27 17:31:28.577348 dv-cinder-862831-1-smb neutron-server[104506]: DEBUG neutron.api.v2.base [req-d63d326c-639a-4321-b439-5025425080e2 req-957598c4-2de8-412f-b886-ea3e9401256e tempest-AttachVolumeTestJSON-1971699376 tempest-AttachVolumeTestJSON-1971699376-project] Request body: {'port': {'device_id': 'e5d678cc-b362-437a-8cf3-57b093528ab4', 'network_id': '1ec7a40f-0326-4152-90f1-f75dc296871a', 'admin_state_up': True, 'tenant_id': '232f6c27848f4297beb623c0c1fcdb24', 'security_groups': ['56071c97-90df-4145-a82f-3ad7927dd70b']}} {{(pid=104506) prepare_request_body /opt/stack/neutron/neutron/api/v2/base.py:730}}
Oct 27 17:31:28.623115 dv-cinder-862831-1-smb neutron-server[104507]: DEBUG neutron.wsgi [-] (104507) accepted ('10.222.0.26', 38658) {{(pid=104507) server /usr/local/lib/python3.8/dist-packages/eventlet/wsgi.py:1004}}
Oct 27 17:31:28.638163 dv-cinder-862831-1-smb neutron-server[104507]: DEBUG dbcounter [-] [104507] Writing DB stats neutron:SELECT=98,neutron:INSERT=2 {{(pid=104507) stat_writer /usr/local/lib/python3.8/dist-packages/dbcounter.py:114}}
Oct 27 17:31:28.667600 dv-cinder-862831-1-smb neutron-server[104509]: DEBUG neutron_lib.callbacks.manager [None req-db67466c-b588-4db8-8299-7535eef54f72 None None] Publish callbacks ['neutron.plugins.ml2.plugin.SecurityGroupServerNotifierRpcMixin._notify_sg_on_port_change-16049786', 'neutron.plugins.ml2.ovo_rpc._ObjectChangeHandler.handle_event-133744', 'neutron.api.rpc.agentnotifiers.dhcp_rpc_agent_api.DhcpAgentNotifyAPI._native_event_send_dhcp_notification-16189716', 'neutron.db.l3_db.L3RpcNotifierMixin._notify_gateway_port_ip_changed-8747782897017', 'neutron.db.l3_dvrscheduler_db._notify_l3_agent_port_update-8747782520715', 'neutron.db.l3_hascheduler_db._notify_l3_agent_ha_port_update-8747782520733'] for port (471a9f24-1f21-4415-baea-cc07ae6c5835), after_update {{(pid=104509) _notify_loop /usr/local/lib/python3.8/dist-packages/neutron_lib/callbacks/manager.py:176}}
Oct 27 17:31:28.694332 dv-cinder-862831-1-smb neutron-server[104507]: DEBUG neutron.pecan_wsgi.hooks.quota_enforcement [req-0e665e44-ad2a-4f0c-a63d-39fb493a73bc req-be4f2069-e5fc-4168-8f3c-593fadfca5bd tempest-AttachVolumeShelveTestJSON-1830796779 tempest-AttachVolumeShelveTestJSON-1830796779-project] Made reservation on behalf of 3e929f79479c4608b753c95b8e465b5a for: {'port': 1} {{(pid=104507) before /opt/stack/neutron/neutron/pecan_wsgi/hooks/quota_enforcement.py:53}}
Oct 27 17:31:28.698429 dv-cinder-862831-1-smb neutron-server[104507]: DEBUG neutron_lib.callbacks.manager [req-0e665e44-ad2a-4f0c-a63d-39fb493a73bc req-be4f2069-e5fc-4168-8f3c-593fadfca5bd tempest-AttachVolumeShelveTestJSON-1830796779 tempest-AttachVolumeShelveTestJSON-1830796779-project] Publish callbacks ['neutron.plugins.ml2.plugin.SecurityGroupDbMixin._ensure_default_security_group_handler-16049725'] for port (None), before_create {{(pid=104507) _notify_loop /usr/local/lib/python3.8/dist-packages/neutron_lib/callbacks/manager.py:176}}
Oct 27 17:31:28.700800 dv-cinder-862831-1-smb neutron-server[104507]: DEBUG neutron_lib.callbacks.manager [None req-f74d5190-562b-425a-9c7c-a9b933b28236 admin admin] Publish callbacks [] for security_group (None), before_create {{(pid=104507) _notify_loop /usr/local/lib/python3.8/dist-packages/neutron_lib/callbacks/manager.py:176}}
Oct 27 17:31:28.720454 dv-cinder-862831-1-smb neutron-server[104506]: DEBUG neutron.pecan_wsgi.hooks.quota_enforcement [req-d63d326c-639a-4321-b439-5025425080e2 req-957598c4-2de8-412f-b886-ea3e9401256e tempest-AttachVolumeTestJSON-1971699376 tempest-AttachVolumeTestJSON-1971699376-project] Made reservation on behalf of 232f6c27848f4297beb623c0c1fcdb24 for: {'port': 1} {{(pid=104506) before /opt/stack/neutron/neutron/pecan_wsgi/hooks/quota_enforcement.py:53}}
Oct 27 17:31:28.726530 dv-cinder-862831-1-smb neutron-server[104506]: DEBUG neutron_lib.callbacks.manager [req-d63d326c-639a-4321-b439-5025425080e2 req-957598c4-2de8-412f-b886-ea3e9401256e tempest-AttachVolumeTestJSON-1971699376 tempest-AttachVolumeTestJSON-1971699376-project] Publish callbacks ['neutron.plugins.ml2.plugin.SecurityGroupDbMixin._ensure_default_security_group_handler-16049725'] for port (None), before_create {{(pid=104506) _notify_loop /usr/local/lib/python3.8/dist-packages/neutron_lib/callbacks/manager.py:176}}
Oct 27 17:31:28.730338 dv-cinder-862831-1-smb neutron-server[104509]: DEBUG neutron.plugins.ml2.plugin [None req-db67466c-b588-4db8-8299-7535eef54f72 None None] Current status of the port a4eaff43-4a24-4fd8-8e92-4bf042e562f9 is: DOWN; New status is: BUILD {{(pid=104509) _update_individual_port_db_status /opt/stack/neutron/neutron/plugins/ml2/plugin.py:2333}}
Oct 27 17:31:28.730740 dv-cinder-862831-1-smb neutron-server[104509]: DEBUG neutron_lib.callbacks.manager [None req-db67466c-b588-4db8-8299-7535eef54f72 None None] Publish callbacks ['neutron.plugins.ml2.plugin.SecurityGroupDbMixin._ensure_default_security_group_handler-16049725'] for port (a4eaff43-4a24-4fd8-8e92-4bf042e562f9), before_update {{(pid=104509) _notify_loop /usr/local/lib/python3.8/dist-packages/neutron_lib/callbacks/manager.py:176}}
Oct 27 17:31:28.749620 dv-cinder-862831-1-smb neutron-server[104507]: INFO neutron.wsgi [req-891e2ab2-facd-4ad1-93ac-d3e350fe5460 req-ef81ae56-b7f8-4c38-8b29-3aac548fe470 tempest-ServerRescueNegativeTestJSON-336895332 tempest-ServerRescueNegativeTestJSON-336895332-project] 10.222.0.26 "GET /networking/v2.0/security-groups?id=5a0c859c-5621-44bc-bcf9-52e2b6924fee&fields=id&fields=name HTTP/1.1" status: 200 len: 286 time: 0.1866510
Oct 27 17:31:28.820077 dv-cinder-862831-1-smb neutron-server[104509]: DEBUG neutron.notifiers.nova [None req-db67466c-b588-4db8-8299-7535eef54f72 None None] Ignoring state change previous_port_status: DOWN current_port_status: BUILD port_id a4eaff43-4a24-4fd8-8e92-4bf042e562f9 {{(pid=104509) record_port_status_changed /opt/stack/neutron/neutron/notifiers/nova.py:235}}
Oct 27 17:31:28.851153 dv-cinder-862831-1-smb neutron-server[104507]: INFO neutron.wsgi [req-7cc0d9df-bb62-420e-a06b-5afb0cdc0aba req-acf8e3e5-01ea-448d-a7fb-db40153571bb service neutron] 10.222.0.13 "GET /networking/v2.0/networks/52e8a90f-751a-49fa-85b4-69c8d43d5e3c?fields=provider%3Aphysical_network&fields=provider%3Anetwork_type HTTP/1.1" status: 200 len: 281 time: 0.2725971
Oct 27 17:31:28.856441 dv-cinder-862831-1-smb neutron-server[104507]: DEBUG dbcounter [-] [104507] Writing DB stats neutron:SELECT=98,neutron:INSERT=2 {{(pid=104507) stat_writer /usr/local/lib/python3.8/dist-packages/dbcounter.py:114}}
Oct 27 17:31:28.944891 dv-cinder-862831-1-smb neutron-server[104509]: DEBUG neutron.api.rpc.handlers.resources_rpc [None req-db67466c-b588-4db8-8299-7535eef54f72 None None] Pushing event updated for resources: {'Port': ['ID=471a9f24-1f21-4415-baea-cc07ae6c5835,revision_number=5']} {{(pid=104509) push /opt/stack/neutron/neutron/api/rpc/handlers/resources_rpc.py:237}}
Oct 27 17:31:28.972778 dv-cinder-862831-1-smb neutron-server[104509]: DEBUG neutron.plugins.ml2.db [None req-db67466c-b588-4db8-8299-7535eef54f72 None None] For port a4eaff43-4a24-4fd8-8e92-4bf042e562f9, host hv-cinder-86283, got binding levels [PortBindingLevel(driver='hyperv',host='hv-cinder-86283',level=0,port_id=a4eaff43-4a24-4fd8-8e92-4bf042e562f9,segment=NetworkSegment(c8d27d4f-4acd-4989-aa1e-db3febe1fc7f),segment_id=c8d27d4f-4acd-4989-aa1e-db3febe1fc7f)] {{(pid=104509) get_binding_level_objs /opt/stack/neutron/neutron/plugins/ml2/db.py:74}}
Oct 27 17:31:28.980544 dv-cinder-862831-1-smb neutron-server[104507]: DEBUG neutron.db.db_base_plugin_common [req-0e665e44-ad2a-4f0c-a63d-39fb493a73bc req-be4f2069-e5fc-4168-8f3c-593fadfca5bd tempest-AttachVolumeShelveTestJSON-1830796779 tempest-AttachVolumeShelveTestJSON-1830796779-project] Allocated IP 172.20.0.7 (2be7d9c7-c63b-45be-9047-767c547cb7a0/1a828eef-dfd9-4382-9e60-ceb59cbd0f4f/102ce9d3-1e7e-45af-ac42-4eaa70e4a46f) {{(pid=104507) _store_ip_allocation /opt/stack/neutron/neutron/db/db_base_plugin_common.py:131}}
Oct 27 17:31:28.982746 dv-cinder-862831-1-smb neutron-server[104509]: DEBUG neutron_lib.callbacks.manager [None req-db67466c-b588-4db8-8299-7535eef54f72 None None] Publish callbacks ['neutron.plugins.ml2.plugin.SecurityGroupServerNotifierRpcMixin._notify_sg_on_port_change-16049786', 'neutron.plugins.ml2.ovo_rpc._ObjectChangeHandler.handle_event-133744', 'neutron.api.rpc.agentnotifiers.dhcp_rpc_agent_api.DhcpAgentNotifyAPI._native_event_send_dhcp_notification-16189716', 'neutron.db.l3_db.L3RpcNotifierMixin._notify_gateway_port_ip_changed-8747782897017', 'neutron.db.l3_dvrscheduler_db._notify_l3_agent_port_update-8747782520715', 'neutron.db.l3_hascheduler_db._notify_l3_agent_ha_port_update-8747782520733'] for port (a4eaff43-4a24-4fd8-8e92-4bf042e562f9), after_update {{(pid=104509) _notify_loop /usr/local/lib/python3.8/dist-packages/neutron_lib/callbacks/manager.py:176}}
Oct 27 17:31:28.983864 dv-cinder-862831-1-smb neutron-server[104507]: DEBUG neutron_lib.callbacks.manager [None req-f74d5190-562b-425a-9c7c-a9b933b28236 admin admin] Publish callbacks [] for security_group (ff98eb27-8b72-48e8-b20c-93b5077de86e), precommit_create {{(pid=104507) _notify_loop /usr/local/lib/python3.8/dist-packages/neutron_lib/callbacks/manager.py:176}}
Oct 27 17:31:28.985053 dv-cinder-862831-1-smb neutron-server[104509]: DEBUG neutron.plugins.ml2.rpc [None req-db67466c-b588-4db8-8299-7535eef54f72 None None] Device 78e03ad7-22b5-479f-9e16-a4d048e7f486 details requested by agent hyperv_hv-cinder-86283 with host hv-cinder-86283 {{(pid=104509) get_device_details /opt/stack/neutron/neutron/plugins/ml2/rpc.py:102}}
Oct 27 17:31:28.994687 dv-cinder-862831-1-smb neutron-server[104507]: DEBUG neutron_lib.callbacks.manager [None req-f74d5190-562b-425a-9c7c-a9b933b28236 admin admin] Publish callbacks ['neutron.plugins.ml2.ovo_rpc._ObjectChangeHandler.handle_event-401418'] for security_group (ff98eb27-8b72-48e8-b20c-93b5077de86e), after_create {{(pid=104507) _notify_loop /usr/local/lib/python3.8/dist-packages/neutron_lib/callbacks/manager.py:176}}
Oct 27 17:31:29.102575 dv-cinder-862831-1-smb neutron-server[104509]: DEBUG dbcounter [-] [104509] Writing DB stats neutron:SELECT=99,neutron:UPDATE=1 {{(pid=104509) stat_writer /usr/local/lib/python3.8/dist-packages/dbcounter.py:114}}
Oct 27 17:31:29.121903 dv-cinder-862831-1-smb neutron-server[104507]: DEBUG neutron.api.rpc.handlers.resources_rpc [None req-f74d5190-562b-425a-9c7c-a9b933b28236 admin admin] Pushing event updated for resources: {'SecurityGroup': ['ID=ff98eb27-8b72-48e8-b20c-93b5077de86e,revision_number=1']} {{(pid=104507) push /opt/stack/neutron/neutron/api/rpc/handlers/resources_rpc.py:237}}
Oct 27 17:31:29.144629 dv-cinder-862831-1-smb neutron-server[104509]: DEBUG novaclient.v2.client [-] REQ: curl -g -i --cacert "/opt/stack/data/ca-bundle.pem" -X POST http://10.222.0.26/compute/v2.1/os-server-external-events -H "Accept: application/json" -H "Content-Type: application/json" -H "User-Agent: python-novaclient" -H "X-Auth-Token: {SHA256}86e8f5ee9e977352f49c69d93f2f89d4e536cef1132b05b8c84ae224f0e29a41" -H "X-OpenStack-Nova-API-Version: 2.1" -H "X-OpenStack-Request-ID: req-4a8cfce3-a62b-44f0-80bc-3b8036a393b8" -d '{"events": [{"server_uuid": "8eca7d79-3716-4c14-8243-34eafceecd29", "name": "network-vif-plugged", "status": "completed", "tag": "471a9f24-1f21-4415-baea-cc07ae6c5835"}]}' {{(pid=104509) _http_log_request /usr/local/lib/python3.8/dist-packages/keystoneauth1/session.py:519}}
Oct 27 17:31:29.149113 dv-cinder-862831-1-smb neutron-server[104507]: INFO neutron.wsgi [None req-f74d5190-562b-425a-9c7c-a9b933b28236 admin admin] 10.222.0.26 "GET /networking/v2.0/security-groups?tenant_id=bd418bc189894aeca212e8639aeaa3b7&name=default HTTP/1.1" status: 200 len: 2996 time: 0.5215833
Oct 27 17:31:29.161322 dv-cinder-862831-1-smb neutron-server[104506]: DEBUG dbcounter [-] [104506] Writing DB stats neutron:SELECT=93,neutron:INSERT=6,neutron:UPDATE=1 {{(pid=104506) stat_writer /usr/local/lib/python3.8/dist-packages/dbcounter.py:114}}
Oct 27 17:31:29.174534 dv-cinder-862831-1-smb neutron-server[104506]: DEBUG neutron.wsgi [-] (104506) accepted ('10.222.0.26', 38688) {{(pid=104506) server /usr/local/lib/python3.8/dist-packages/eventlet/wsgi.py:1004}}
Oct 27 17:31:29.177038 dv-cinder-862831-1-smb neutron-server[104506]: INFO neutron.wsgi [req-6dd5029a-21a5-4704-a195-80124060d358 req-2d9fde68-8528-499d-8810-5a1d045ea4e3 tempest-AttachVolumeShelveTestJSON-1830796779 tempest-AttachVolumeShelveTestJSON-1830796779-project] 10.222.0.26 "GET /networking/v2.0/ports?device_id=b4265810-a93b-4d8d-8709-b52303c93d6c HTTP/1.1" status: 200 len: 210 time: 0.1172681
Oct 27 17:31:29.210932 dv-cinder-862831-1-smb neutron-server[104507]: INFO neutron.wsgi [req-3a83e210-4d17-46d5-927f-5831b7c7a16c req-f4879cb0-59c2-4cc8-a10d-628afd7f9991 tempest-AttachVolumeTestJSON-1971699376 tempest-AttachVolumeTestJSON-1971699376-project] 10.222.0.26 "GET /networking/v2.0/ports?device_id=e5d678cc-b362-437a-8cf3-57b093528ab4 HTTP/1.1" status: 200 len: 210 time: 0.1514938
Oct 27 17:31:29.264269 dv-cinder-862831-1-smb neutron-server[104509]: DEBUG neutron.api.rpc.handlers.resources_rpc [None req-db67466c-b588-4db8-8299-7535eef54f72 None None] Pushing event updated for resources: {'Port': ['ID=a4eaff43-4a24-4fd8-8e92-4bf042e562f9,revision_number=4']} {{(pid=104509) push /opt/stack/neutron/neutron/api/rpc/handlers/resources_rpc.py:237}}
Oct 27 17:31:29.269067 dv-cinder-862831-1-smb neutron-server[104506]: DEBUG neutron.db.db_base_plugin_common [req-d63d326c-639a-4321-b439-5025425080e2 req-957598c4-2de8-412f-b886-ea3e9401256e tempest-AttachVolumeTestJSON-1971699376 tempest-AttachVolumeTestJSON-1971699376-project] Allocated IP 172.20.0.5 (1ec7a40f-0326-4152-90f1-f75dc296871a/ce2971b1-71fe-4d11-ad6c-f6dd1890b571/41d96bf2-a74f-40f0-8533-10bdf41c554d) {{(pid=104506) _store_ip_allocation /opt/stack/neutron/neutron/db/db_base_plugin_common.py:131}}
Oct 27 17:31:29.361842 dv-cinder-862831-1-smb neutron-server[104506]: DEBUG neutron_lib.callbacks.manager [None req-99203d00-7198-48b2-a9d0-14c8172af07e admin admin] Publish callbacks [] for security_group (ff98eb27-8b72-48e8-b20c-93b5077de86e), before_delete {{(pid=104506) _notify_loop /usr/local/lib/python3.8/dist-packages/neutron_lib/callbacks/manager.py:176}}
Oct 27 17:31:29.384571 dv-cinder-862831-1-smb neutron-server[104509]: DEBUG dbcounter [-] [104509] Writing DB stats neutron:SELECT=96,neutron:DELETE=1,neutron:UPDATE=3 {{(pid=104509) stat_writer /usr/local/lib/python3.8/dist-packages/dbcounter.py:114}}
Oct 27 17:31:29.427088 dv-cinder-862831-1-smb neutron-server[104507]: DEBUG neutron_lib.callbacks.manager [req-0e665e44-ad2a-4f0c-a63d-39fb493a73bc req-be4f2069-e5fc-4168-8f3c-593fadfca5bd tempest-AttachVolumeShelveTestJSON-1830796779 tempest-AttachVolumeShelveTestJSON-1830796779-project] Publish callbacks [] for port (102ce9d3-1e7e-45af-ac42-4eaa70e4a46f), precommit_create {{(pid=104507) _notify_loop /usr/local/lib/python3.8/dist-packages/neutron_lib/callbacks/manager.py:176}}
Oct 27 17:31:29.440206 dv-cinder-862831-1-smb neutron-server[104509]: DEBUG neutron.plugins.ml2.db [None req-db67466c-b588-4db8-8299-7535eef54f72 None None] For port 78e03ad7-22b5-479f-9e16-a4d048e7f486, host hv-cinder-86283, got binding levels [PortBindingLevel(driver='hyperv',host='hv-cinder-86283',level=0,port_id=78e03ad7-22b5-479f-9e16-a4d048e7f486,segment=NetworkSegment(d35b0eb5-8921-4d08-8226-d7177a013cc8),segment_id=d35b0eb5-8921-4d08-8226-d7177a013cc8)] {{(pid=104509) get_binding_level_objs /opt/stack/neutron/neutron/plugins/ml2/db.py:74}}
Oct 27 17:31:29.446761 dv-cinder-862831-1-smb neutron-server[104506]: DEBUG neutron_lib.callbacks.manager [None req-99203d00-7198-48b2-a9d0-14c8172af07e admin admin] Publish callbacks [] for security_group (ff98eb27-8b72-48e8-b20c-93b5077de86e), precommit_delete {{(pid=104506) _notify_loop /usr/local/lib/python3.8/dist-packages/neutron_lib/callbacks/manager.py:176}}
Oct 27 17:31:29.450875 dv-cinder-862831-1-smb neutron-server[104506]: DEBUG dbcounter [-] [104506] Writing DB stats neutron:SELECT=88,neutron:DELETE=4,neutron:INSERT=6,neutron:UPDATE=2 {{(pid=104506) stat_writer /usr/local/lib/python3.8/dist-packages/dbcounter.py:114}}
Oct 27 17:31:29.478543 dv-cinder-862831-1-smb neutron-server[104507]: DEBUG neutron_lib.callbacks.manager [req-0e665e44-ad2a-4f0c-a63d-39fb493a73bc req-be4f2069-e5fc-4168-8f3c-593fadfca5bd tempest-AttachVolumeShelveTestJSON-1830796779 tempest-AttachVolumeShelveTestJSON-1830796779-project] Publish callbacks ['neutron.plugins.ml2.plugin.SecurityGroupServerNotifierRpcMixin._notify_sg_on_port_change-16049786', 'neutron.plugins.ml2.ovo_rpc._ObjectChangeHandler.handle_event-133744', 'neutron.api.rpc.agentnotifiers.dhcp_rpc_agent_api.DhcpAgentNotifyAPI._native_event_send_dhcp_notification-16189716', 'neutron.db.l3_dvrscheduler_db._notify_l3_agent_new_port-8747782520697', 'neutron.services.segments.plugin.NovaSegmentNotifier._notify_port_created_or_deleted-3059656'] for port (102ce9d3-1e7e-45af-ac42-4eaa70e4a46f), after_create {{(pid=104507) _notify_loop /usr/local/lib/python3.8/dist-packages/neutron_lib/callbacks/manager.py:176}}
Oct 27 17:31:29.481794 dv-cinder-862831-1-smb neutron-server[104509]: DEBUG neutron.plugins.ml2.rpc [None req-db67466c-b588-4db8-8299-7535eef54f72 None None] Returning: {'device': '78e03ad7-22b5-479f-9e16-a4d048e7f486', 'network_id': '52e8a90f-751a-49fa-85b4-69c8d43d5e3c', 'port_id': '78e03ad7-22b5-479f-9e16-a4d048e7f486', 'mac_address': 'fa:16:3e:17:92:e7', 'admin_state_up': True, 'network_type': 'vlan', 'segmentation_id': 331, 'physical_network': 'physnet1', 'mtu': 1500, 'fixed_ips': [{'subnet_id': '64efabf4-cc07-4732-8e48-00bf53eb2302', 'ip_address': '172.20.0.9'}], 'device_owner': 'compute:nova', 'allowed_address_pairs': [], 'port_security_enabled': True, 'qos_policy_id': None, 'qos_network_policy_id': None, 'profile': {}, 'propagate_uplink_status': False} {{(pid=104509) _get_device_details /opt/stack/neutron/neutron/plugins/ml2/rpc.py:184}}
Oct 27 17:31:29.561181 dv-cinder-862831-1-smb neutron-server[104509]: DEBUG neutron.plugins.ml2.plugin [None req-db67466c-b588-4db8-8299-7535eef54f72 None None] Current status of the port 78e03ad7-22b5-479f-9e16-a4d048e7f486 is: DOWN; New status is: BUILD {{(pid=104509) _update_individual_port_db_status /opt/stack/neutron/neutron/plugins/ml2/plugin.py:2333}}
Oct 27 17:31:29.561578 dv-cinder-862831-1-smb neutron-server[104509]: DEBUG neutron_lib.callbacks.manager [None req-db67466c-b588-4db8-8299-7535eef54f72 None None] Publish callbacks ['neutron.plugins.ml2.plugin.SecurityGroupDbMixin._ensure_default_security_group_handler-16049725'] for port (78e03ad7-22b5-479f-9e16-a4d048e7f486), before_update {{(pid=104509) _notify_loop /usr/local/lib/python3.8/dist-packages/neutron_lib/callbacks/manager.py:176}}
Oct 27 17:31:29.591091 dv-cinder-862831-1-smb neutron-server[104507]: DEBUG neutron.scheduler.dhcp_agent_scheduler [req-0e665e44-ad2a-4f0c-a63d-39fb493a73bc req-be4f2069-e5fc-4168-8f3c-593fadfca5bd tempest-AttachVolumeShelveTestJSON-1830796779 tempest-AttachVolumeShelveTestJSON-1830796779-project] Network 2be7d9c7-c63b-45be-9047-767c547cb7a0 is already hosted by enough agents. {{(pid=104507) _get_dhcp_agents_hosting_network /opt/stack/neutron/neutron/scheduler/dhcp_agent_scheduler.py:275}}
Oct 27 17:31:29.593681 dv-cinder-862831-1-smb neutron-server[104509]: DEBUG neutron.notifiers.nova [None req-db67466c-b588-4db8-8299-7535eef54f72 None None] Ignoring state change previous_port_status: DOWN current_port_status: BUILD port_id 78e03ad7-22b5-479f-9e16-a4d048e7f486 {{(pid=104509) record_port_status_changed /opt/stack/neutron/neutron/notifiers/nova.py:235}}
Oct 27 17:31:29.599405 dv-cinder-862831-1-smb neutron-server[104507]: DEBUG neutron.scheduler.base_scheduler [req-0e665e44-ad2a-4f0c-a63d-39fb493a73bc req-be4f2069-e5fc-4168-8f3c-593fadfca5bd tempest-AttachVolumeShelveTestJSON-1830796779 tempest-AttachVolumeShelveTestJSON-1830796779-project] Resources bound (agent type, host, resource id): {{(pid=104507) schedule /opt/stack/neutron/neutron/scheduler/base_scheduler.py:57}}
Oct 27 17:31:29.615668 dv-cinder-862831-1-smb neutron-server[104507]: DEBUG neutron.db.l3_dvrscheduler_db [req-0e665e44-ad2a-4f0c-a63d-39fb493a73bc req-be4f2069-e5fc-4168-8f3c-593fadfca5bd tempest-AttachVolumeShelveTestJSON-1830796779 tempest-AttachVolumeShelveTestJSON-1830796779-project] Received port after_create {{(pid=104507) _notify_l3_agent_new_port /opt/stack/neutron/neutron/db/l3_dvrscheduler_db.py:542}}
Oct 27 17:31:29.622976 dv-cinder-862831-1-smb neutron-server[104509]: DEBUG novaclient.v2.client [-] RESP: [200] Connection: close Content-Length: 183 Content-Type: application/json Date: Thu, 27 Oct 2022 17:31:29 GMT OpenStack-API-Version: compute 2.1 Server: Apache/2.4.41 (Ubuntu) Vary: OpenStack-API-Version,X-OpenStack-Nova-API-Version X-OpenStack-Nova-API-Version: 2.1 x-compute-request-id: req-e99be93f-79e2-4b71-bb55-1d55737a3318 x-openstack-request-id: req-e99be93f-79e2-4b71-bb55-1d55737a3318 {{(pid=104509) _http_log_response /usr/local/lib/python3.8/dist-packages/keystoneauth1/session.py:550}}
Oct 27 17:31:29.623275 dv-cinder-862831-1-smb neutron-server[104509]: DEBUG novaclient.v2.client [-] RESP BODY: {"events": [{"server_uuid": "8eca7d79-3716-4c14-8243-34eafceecd29", "name": "network-vif-plugged", "status": "completed", "tag": "471a9f24-1f21-4415-baea-cc07ae6c5835", "code": 200}]} {{(pid=104509) _http_log_response /usr/local/lib/python3.8/dist-packages/keystoneauth1/session.py:582}}
Oct 27 17:31:29.626206 dv-cinder-862831-1-smb neutron-server[104509]: DEBUG novaclient.v2.client [-] POST call to compute for http://10.222.0.26/compute/v2.1/os-server-external-events used request id req-e99be93f-79e2-4b71-bb55-1d55737a3318 {{(pid=104509) request /usr/local/lib/python3.8/dist-packages/keystoneauth1/session.py:954}}
Oct 27 17:31:29.626873 dv-cinder-862831-1-smb neutron-server[104509]: INFO neutron.notifiers.nova [-] Nova event matching ['req-e99be93f-79e2-4b71-bb55-1d55737a3318'] response: {'server_uuid': '8eca7d79-3716-4c14-8243-34eafceecd29', 'name': 'network-vif-plugged', 'status': 'completed', 'tag': '471a9f24-1f21-4415-baea-cc07ae6c5835', 'code': 200}
Oct 27 17:31:29.673292 dv-cinder-862831-1-smb neutron-server[104509]: DEBUG neutron.plugins.ml2.db [None req-db67466c-b588-4db8-8299-7535eef54f72 None None] For port 78e03ad7-22b5-479f-9e16-a4d048e7f486, host hv-cinder-86283, got binding levels [PortBindingLevel(driver='hyperv',host='hv-cinder-86283',level=0,port_id=78e03ad7-22b5-479f-9e16-a4d048e7f486,segment=NetworkSegment(d35b0eb5-8921-4d08-8226-d7177a013cc8),segment_id=d35b0eb5-8921-4d08-8226-d7177a013cc8)] {{(pid=104509) get_binding_level_objs /opt/stack/neutron/neutron/plugins/ml2/db.py:74}}
Oct 27 17:31:29.691868 dv-cinder-862831-1-smb neutron-server[104509]: DEBUG neutron_lib.callbacks.manager [None req-db67466c-b588-4db8-8299-7535eef54f72 None None] Publish callbacks ['neutron.plugins.ml2.plugin.SecurityGroupServerNotifierRpcMixin._notify_sg_on_port_change-16049786', 'neutron.plugins.ml2.ovo_rpc._ObjectChangeHandler.handle_event-133744', 'neutron.api.rpc.agentnotifiers.dhcp_rpc_agent_api.DhcpAgentNotifyAPI._native_event_send_dhcp_notification-16189716', 'neutron.db.l3_db.L3RpcNotifierMixin._notify_gateway_port_ip_changed-8747782897017', 'neutron.db.l3_dvrscheduler_db._notify_l3_agent_port_update-8747782520715', 'neutron.db.l3_hascheduler_db._notify_l3_agent_ha_port_update-8747782520733'] for port (78e03ad7-22b5-479f-9e16-a4d048e7f486), after_update {{(pid=104509) _notify_loop /usr/local/lib/python3.8/dist-packages/neutron_lib/callbacks/manager.py:176}}
Oct 27 17:31:29.765560 dv-cinder-862831-1-smb neutron-server[104507]: DEBUG neutron.api.rpc.handlers.resources_rpc [None req-be4f2069-e5fc-4168-8f3c-593fadfca5bd tempest-AttachVolumeShelveTestJSON-1830796779 tempest-AttachVolumeShelveTestJSON-1830796779-project] Pushing event updated for resources: {'Port': ['ID=102ce9d3-1e7e-45af-ac42-4eaa70e4a46f,revision_number=1']} {{(pid=104507) push /opt/stack/neutron/neutron/api/rpc/handlers/resources_rpc.py:237}}
Oct 27 17:31:29.822039 dv-cinder-862831-1-smb neutron-server[104506]: DEBUG neutron.wsgi [-] (104506) accepted ('10.222.0.26', 38712) {{(pid=104506) server /usr/local/lib/python3.8/dist-packages/eventlet/wsgi.py:1004}}
Oct 27 17:31:29.836579 dv-cinder-862831-1-smb neutron-server[104506]: DEBUG neutron_lib.callbacks.manager [None req-99203d00-7198-48b2-a9d0-14c8172af07e admin admin] Publish callbacks ['neutron.plugins.ml2.ovo_rpc._ObjectChangeHandler.handle_event-401418'] for security_group (ff98eb27-8b72-48e8-b20c-93b5077de86e), after_delete {{(pid=104506) _notify_loop /usr/local/lib/python3.8/dist-packages/neutron_lib/callbacks/manager.py:176}}
Oct 27 17:31:29.839974 dv-cinder-862831-1-smb neutron-server[104506]: DEBUG neutron_lib.callbacks.manager [None req-99203d00-7198-48b2-a9d0-14c8172af07e admin admin] Publish callbacks [] for security_group (None), before_response {{(pid=104506) _notify_loop /usr/local/lib/python3.8/dist-packages/neutron_lib/callbacks/manager.py:176}}
Oct 27 17:31:29.841303 dv-cinder-862831-1-smb neutron-server[104506]: INFO neutron.wsgi [None req-99203d00-7198-48b2-a9d0-14c8172af07e admin admin] 10.222.0.26 "DELETE /networking/v2.0/security-groups/ff98eb27-8b72-48e8-b20c-93b5077de86e HTTP/1.1" status: 204 len: 168 time: 0.6633811
Oct 27 17:31:29.863513 dv-cinder-862831-1-smb neutron-server[104509]: DEBUG neutron.api.rpc.handlers.resources_rpc [None req-db67466c-b588-4db8-8299-7535eef54f72 None None] Pushing event updated for resources: {'Port': ['ID=78e03ad7-22b5-479f-9e16-a4d048e7f486,revision_number=4']} {{(pid=104509) push /opt/stack/neutron/neutron/api/rpc/handlers/resources_rpc.py:237}}
Oct 27 17:31:29.888763 dv-cinder-862831-1-smb neutron-server[104506]: DEBUG neutron.api.rpc.handlers.resources_rpc [None req-99203d00-7198-48b2-a9d0-14c8172af07e admin admin] Pushing event deleted for resources: {'SecurityGroup': ['ID=ff98eb27-8b72-48e8-b20c-93b5077de86e,revision_number=None']} {{(pid=104506) push /opt/stack/neutron/neutron/api/rpc/handlers/resources_rpc.py:237}}
Oct 27 17:31:29.927475 dv-cinder-862831-1-smb neutron-server[104506]: DEBUG neutron_lib.callbacks.manager [req-d63d326c-639a-4321-b439-5025425080e2 req-957598c4-2de8-412f-b886-ea3e9401256e tempest-AttachVolumeTestJSON-1971699376 tempest-AttachVolumeTestJSON-1971699376-project] Publish callbacks [] for port (41d96bf2-a74f-40f0-8533-10bdf41c554d), precommit_create {{(pid=104506) _notify_loop /usr/local/lib/python3.8/dist-packages/neutron_lib/callbacks/manager.py:176}}
Oct 27 17:31:29.939128 dv-cinder-862831-1-smb neutron-server[104507]: DEBUG neutron.pecan_wsgi.hooks.policy_enforcement [req-0e665e44-ad2a-4f0c-a63d-39fb493a73bc req-be4f2069-e5fc-4168-8f3c-593fadfca5bd tempest-AttachVolumeShelveTestJSON-1830796779 tempest-AttachVolumeShelveTestJSON-1830796779-project] Attributes excluded by policy engine: ['standard_attr_id', 'binding:profile', 'binding:host_id', 'binding:vif_type', 'binding:vif_details', 'network'] {{(pid=104507) _exclude_attributes_by_policy /opt/stack/neutron/neutron/pecan_wsgi/hooks/policy_enforcement.py:259}}
Oct 27 17:31:29.939942 dv-cinder-862831-1-smb neutron-server[104507]: DEBUG neutron_lib.callbacks.manager [req-0e665e44-ad2a-4f0c-a63d-39fb493a73bc req-be4f2069-e5fc-4168-8f3c-593fadfca5bd tempest-AttachVolumeShelveTestJSON-1830796779 tempest-AttachVolumeShelveTestJSON-1830796779-project] Publish callbacks ['neutron.notifiers.nova.Notifier._send_nova_notification-16649151', 'neutron.api.rpc.agentnotifiers.dhcp_rpc_agent_api.DhcpAgentNotifyAPI._send_dhcp_notification-16189702'] for port (None), before_response {{(pid=104507) _notify_loop /usr/local/lib/python3.8/dist-packages/neutron_lib/callbacks/manager.py:176}}
Oct 27 17:31:29.976728 dv-cinder-862831-1-smb neutron-server[104507]: DEBUG neutron.pecan_wsgi.hooks.policy_enforcement [req-6ed1a8f0-fb35-4f47-9ad7-6b85bccc5a62 req-506f79a2-1811-4fe9-b5c8-ae51c3003907 tempest-DeleteServersTestJSON-1935098141 tempest-DeleteServersTestJSON-1935098141-project] Attributes excluded by policy engine: ['standard_attr_id', 'binding:profile', 'binding:host_id', 'binding:vif_type', 'binding:vif_details'] {{(pid=104507) _exclude_attributes_by_policy /opt/stack/neutron/neutron/pecan_wsgi/hooks/policy_enforcement.py:259}}
Oct 27 17:31:29.986659 dv-cinder-862831-1-smb neutron-server[104507]: INFO neutron.wsgi [req-6ed1a8f0-fb35-4f47-9ad7-6b85bccc5a62 req-506f79a2-1811-4fe9-b5c8-ae51c3003907 tempest-DeleteServersTestJSON-1935098141 tempest-DeleteServersTestJSON-1935098141-project] 10.222.0.26 "GET /networking/v2.0/ports?device_id=a672860b-3af6-43cf-85e9-a94f403915f1 HTTP/1.1" status: 200 len: 944 time: 0.2755189
Oct 27 17:31:30.024582 dv-cinder-862831-1-smb neutron-server[104507]: INFO neutron.wsgi [req-0e665e44-ad2a-4f0c-a63d-39fb493a73bc req-be4f2069-e5fc-4168-8f3c-593fadfca5bd tempest-AttachVolumeShelveTestJSON-1830796779 tempest-AttachVolumeShelveTestJSON-1830796779-project] 10.222.0.13 "POST /networking/v2.0/ports HTTP/1.1" status: 201 len: 933 time: 2.0845745
Oct 27 17:31:30.041063 dv-cinder-862831-1-smb neutron-server[104506]: DEBUG neutron.pecan_wsgi.hooks.policy_enforcement [req-75a35075-748e-4157-8262-d93ba594c288 req-96368cbe-cc27-4025-82f3-524542f248fe tempest-ServerRescueNegativeTestJSON-336895332 tempest-ServerRescueNegativeTestJSON-336895332-project] Attributes excluded by policy engine: ['standard_attr_id', 'binding:profile', 'binding:host_id', 'binding:vif_type', 'binding:vif_details'] {{(pid=104506) _exclude_attributes_by_policy /opt/stack/neutron/neutron/pecan_wsgi/hooks/policy_enforcement.py:259}}
Oct 27 17:31:30.043361 dv-cinder-862831-1-smb neutron-server[104506]: INFO neutron.wsgi [req-75a35075-748e-4157-8262-d93ba594c288 req-96368cbe-cc27-4025-82f3-524542f248fe tempest-ServerRescueNegativeTestJSON-336895332 tempest-ServerRescueNegativeTestJSON-336895332-project] 10.222.0.26 "GET /networking/v2.0/ports?device_id=8eca7d79-3716-4c14-8243-34eafceecd29 HTTP/1.1" status: 200 len: 946 time: 0.0989590
Oct 27 17:31:30.044598 dv-cinder-862831-1-smb neutron-server[104506]: DEBUG neutron_lib.callbacks.manager [req-d63d326c-639a-4321-b439-5025425080e2 req-957598c4-2de8-412f-b886-ea3e9401256e tempest-AttachVolumeTestJSON-1971699376 tempest-AttachVolumeTestJSON-1971699376-project] Publish callbacks ['neutron.plugins.ml2.plugin.SecurityGroupServerNotifierRpcMixin._notify_sg_on_port_change-16049786', 'neutron.plugins.ml2.ovo_rpc._ObjectChangeHandler.handle_event-133744', 'neutron.api.rpc.agentnotifiers.dhcp_rpc_agent_api.DhcpAgentNotifyAPI._native_event_send_dhcp_notification-16189716', 'neutron.db.l3_dvrscheduler_db._notify_l3_agent_new_port-8747782520697', 'neutron.services.segments.plugin.NovaSegmentNotifier._notify_port_created_or_deleted-2955641'] for port (41d96bf2-a74f-40f0-8533-10bdf41c554d), after_create {{(pid=104506) _notify_loop /usr/local/lib/python3.8/dist-packages/neutron_lib/callbacks/manager.py:176}}
Oct 27 17:31:30.056171 dv-cinder-862831-1-smb neutron-server[104509]: DEBUG neutron.plugins.ml2.db [None req-db67466c-b588-4db8-8299-7535eef54f72 None None] get_ports_and_sgs() called for port_ids ['a4eaff43-4a24-4fd8-8e92-4bf042e562f9'] {{(pid=104509) get_ports_and_sgs /opt/stack/neutron/neutron/plugins/ml2/db.py:163}}
Oct 27 17:31:30.101519 dv-cinder-862831-1-smb neutron-server[104507]: DEBUG neutron.api.v2.base [req-0e665e44-ad2a-4f0c-a63d-39fb493a73bc req-15150d8b-9996-48ff-9d0a-0d2db5266ddf service neutron] Request body: {'port': {'device_id': 'b4265810-a93b-4d8d-8709-b52303c93d6c', 'device_owner': 'compute:nova', 'binding:host_id': 'hv-cinder-86283'}} {{(pid=104507) prepare_request_body /opt/stack/neutron/neutron/api/v2/base.py:730}}
Oct 27 17:31:30.104740 dv-cinder-862831-1-smb neutron-server[104507]: DEBUG dbcounter [-] [104507] Writing DB stats neutron:SELECT=87,neutron:INSERT=9,neutron:UPDATE=2,neutron:DELETE=2 {{(pid=104507) stat_writer /usr/local/lib/python3.8/dist-packages/dbcounter.py:114}}
Oct 27 17:31:30.151609 dv-cinder-862831-1-smb neutron-server[104509]: DEBUG neutron.plugins.ml2.db [None req-db67466c-b588-4db8-8299-7535eef54f72 None None] get_ports_and_sgs() called for port_ids ['78e03ad7-22b5-479f-9e16-a4d048e7f486'] {{(pid=104509) get_ports_and_sgs /opt/stack/neutron/neutron/plugins/ml2/db.py:163}}
Oct 27 17:31:30.184022 dv-cinder-862831-1-smb neutron-server[104509]: DEBUG neutron.db.provisioning_blocks [None req-0c4d9c35-4ce1-4145-af25-75f6508c64d5 None None] Provisioning complete for port 102ce9d3-1e7e-45af-ac42-4eaa70e4a46f triggered by entity DHCP. {{(pid=104509) provisioning_complete /opt/stack/neutron/neutron/db/provisioning_blocks.py:144}}
Oct 27 17:31:30.184678 dv-cinder-862831-1-smb neutron-server[104509]: DEBUG neutron_lib.callbacks.manager [None req-0c4d9c35-4ce1-4145-af25-75f6508c64d5 None None] Publish callbacks ['neutron.plugins.ml2.plugin.Ml2Plugin._port_provisioned-16187521'] for port (102ce9d3-1e7e-45af-ac42-4eaa70e4a46f), provisioning_complete {{(pid=104509) _notify_loop /usr/local/lib/python3.8/dist-packages/neutron_lib/callbacks/manager.py:176}}
Oct 27 17:31:30.185657 dv-cinder-862831-1-smb neutron-server[104509]: INFO neutron.plugins.ml2.plugin [None req-0c4d9c35-4ce1-4145-af25-75f6508c64d5 None None] Attempt 1 to provision port 102ce9d3-1e7e-45af-ac42-4eaa70e4a46f
Oct 27 17:31:30.199729 dv-cinder-862831-1-smb neutron-server[104507]: DEBUG neutron.pecan_wsgi.hooks.policy_enforcement [req-7b2a2763-a98a-4671-984b-12ef5f12a692 req-04ca51f9-aaee-43ea-aa80-b8725527b26d service neutron] Attributes excluded by policy engine: ['standard_attr_id'] {{(pid=104507) _exclude_attributes_by_policy /opt/stack/neutron/neutron/pecan_wsgi/hooks/policy_enforcement.py:259}}
Oct 27 17:31:30.204206 dv-cinder-862831-1-smb neutron-server[104507]: INFO neutron.wsgi [req-7b2a2763-a98a-4671-984b-12ef5f12a692 req-04ca51f9-aaee-43ea-aa80-b8725527b26d service neutron] 10.222.0.13 "GET /networking/v2.0/ports?device_id=8eca7d79-3716-4c14-8243-34eafceecd29 HTTP/1.1" status: 200 len: 1130 time: 0.2849340
Oct 27 17:31:30.276627 dv-cinder-862831-1-smb neutron-server[104509]: DEBUG neutron.plugins.ml2.plugin [None req-0c4d9c35-4ce1-4145-af25-75f6508c64d5 None None] Port 102ce9d3-1e7e-45af-ac42-4eaa70e4a46f cannot update to ACTIVE because it is not bound. {{(pid=104509) _port_provisioned /opt/stack/neutron/neutron/plugins/ml2/plugin.py:359}}
Oct 27 17:31:30.305362 dv-cinder-862831-1-smb neutron-server[104507]: DEBUG neutron_lib.callbacks.manager [req-7b2a2763-a98a-4671-984b-12ef5f12a692 req-57f7964f-6335-4c1a-bba3-2a00b8190003 service neutron] Publish callbacks [] for security_group (None), before_create {{(pid=104507) _notify_loop /usr/local/lib/python3.8/dist-packages/neutron_lib/callbacks/manager.py:176}}
Oct 27 17:31:30.316192 dv-cinder-862831-1-smb neutron-server[104507]: INFO neutron.wsgi [req-6ed1a8f0-fb35-4f47-9ad7-6b85bccc5a62 req-9c42d03c-4893-47fd-aba8-ca437e852830 tempest-DeleteServersTestJSON-1935098141 tempest-DeleteServersTestJSON-1935098141-project] 10.222.0.26 "GET /networking/v2.0/security-groups?id=0e82f946-db72-4d51-9f03-762872e0324f&fields=id&fields=name HTTP/1.1" status: 200 len: 286 time: 0.3278241
Oct 27 17:31:30.342594 dv-cinder-862831-1-smb neutron-server[104507]: DEBUG neutron_lib.callbacks.manager [req-0e665e44-ad2a-4f0c-a63d-39fb493a73bc req-15150d8b-9996-48ff-9d0a-0d2db5266ddf service neutron] Publish callbacks ['neutron.plugins.ml2.plugin.SecurityGroupDbMixin._ensure_default_security_group_handler-16049725'] for port (102ce9d3-1e7e-45af-ac42-4eaa70e4a46f), before_update {{(pid=104507) _notify_loop /usr/local/lib/python3.8/dist-packages/neutron_lib/callbacks/manager.py:176}}
Oct 27 17:31:30.361884 dv-cinder-862831-1-smb neutron-server[104507]: DEBUG dbcounter [-] [104507] Writing DB stats neutron:UPDATE=3,neutron:SELECT=89,neutron:INSERT=8 {{(pid=104507) stat_writer /usr/local/lib/python3.8/dist-packages/dbcounter.py:114}}
Oct 27 17:31:30.371643 dv-cinder-862831-1-smb neutron-server[104506]: DEBUG neutron.scheduler.dhcp_agent_scheduler [req-d63d326c-639a-4321-b439-5025425080e2 req-957598c4-2de8-412f-b886-ea3e9401256e tempest-AttachVolumeTestJSON-1971699376 tempest-AttachVolumeTestJSON-1971699376-project] Network 1ec7a40f-0326-4152-90f1-f75dc296871a is already hosted by enough agents. {{(pid=104506) _get_dhcp_agents_hosting_network /opt/stack/neutron/neutron/scheduler/dhcp_agent_scheduler.py:275}}
Oct 27 17:31:30.373553 dv-cinder-862831-1-smb neutron-server[104506]: DEBUG neutron_lib.callbacks.manager [None req-5d9f2eee-967b-4dbb-8002-b25abb6838fa admin admin] Publish callbacks [] for security_group (None), before_create {{(pid=104506) _notify_loop /usr/local/lib/python3.8/dist-packages/neutron_lib/callbacks/manager.py:176}}
Oct 27 17:31:30.397065 dv-cinder-862831-1-smb neutron-server[104506]: DEBUG neutron.scheduler.base_scheduler [req-d63d326c-639a-4321-b439-5025425080e2 req-957598c4-2de8-412f-b886-ea3e9401256e tempest-AttachVolumeTestJSON-1971699376 tempest-AttachVolumeTestJSON-1971699376-project] Resources bound (agent type, host, resource id): {{(pid=104506) schedule /opt/stack/neutron/neutron/scheduler/base_scheduler.py:57}}
Oct 27 17:31:30.410081 dv-cinder-862831-1-smb neutron-server[104506]: DEBUG neutron.db.l3_dvrscheduler_db [req-d63d326c-639a-4321-b439-5025425080e2 req-957598c4-2de8-412f-b886-ea3e9401256e tempest-AttachVolumeTestJSON-1971699376 tempest-AttachVolumeTestJSON-1971699376-project] Received port after_create {{(pid=104506) _notify_l3_agent_new_port /opt/stack/neutron/neutron/db/l3_dvrscheduler_db.py:542}}
Oct 27 17:31:30.484567 dv-cinder-862831-1-smb neutron-server[104506]: INFO neutron.wsgi [req-75a35075-748e-4157-8262-d93ba594c288 req-9559aa6f-8e3d-4bd7-9563-ac713bdd4886 tempest-ServerRescueNegativeTestJSON-336895332 tempest-ServerRescueNegativeTestJSON-336895332-project] 10.222.0.26 "GET /networking/v2.0/security-groups?id=5a0c859c-5621-44bc-bcf9-52e2b6924fee&fields=id&fields=name HTTP/1.1" status: 200 len: 286 time: 0.4181275
Oct 27 17:31:30.500339 dv-cinder-862831-1-smb neutron-server[104506]: DEBUG neutron.api.rpc.handlers.resources_rpc [None req-957598c4-2de8-412f-b886-ea3e9401256e tempest-AttachVolumeTestJSON-1971699376 tempest-AttachVolumeTestJSON-1971699376-project] Pushing event updated for resources: {'Port': ['ID=41d96bf2-a74f-40f0-8533-10bdf41c554d,revision_number=1']} {{(pid=104506) push /opt/stack/neutron/neutron/api/rpc/handlers/resources_rpc.py:237}}
Oct 27 17:31:30.560406 dv-cinder-862831-1-smb neutron-server[104506]: DEBUG neutron.pecan_wsgi.hooks.policy_enforcement [req-d63d326c-639a-4321-b439-5025425080e2 req-957598c4-2de8-412f-b886-ea3e9401256e tempest-AttachVolumeTestJSON-1971699376 tempest-AttachVolumeTestJSON-1971699376-project] Attributes excluded by policy engine: ['standard_attr_id', 'binding:profile', 'binding:host_id', 'binding:vif_type', 'binding:vif_details', 'network'] {{(pid=104506) _exclude_attributes_by_policy /opt/stack/neutron/neutron/pecan_wsgi/hooks/policy_enforcement.py:259}}
Oct 27 17:31:30.561091 dv-cinder-862831-1-smb neutron-server[104506]: DEBUG neutron_lib.callbacks.manager [req-d63d326c-639a-4321-b439-5025425080e2 req-957598c4-2de8-412f-b886-ea3e9401256e tempest-AttachVolumeTestJSON-1971699376 tempest-AttachVolumeTestJSON-1971699376-project] Publish callbacks ['neutron.notifiers.nova.Notifier._send_nova_notification-16649151', 'neutron.api.rpc.agentnotifiers.dhcp_rpc_agent_api.DhcpAgentNotifyAPI._send_dhcp_notification-16189702'] for port (None), before_response {{(pid=104506) _notify_loop /usr/local/lib/python3.8/dist-packages/neutron_lib/callbacks/manager.py:176}}
Oct 27 17:31:30.602939 dv-cinder-862831-1-smb neutron-server[104506]: INFO neutron.wsgi [req-d63d326c-639a-4321-b439-5025425080e2 req-957598c4-2de8-412f-b886-ea3e9401256e tempest-AttachVolumeTestJSON-1971699376 tempest-AttachVolumeTestJSON-1971699376-project] 10.222.0.13 "POST /networking/v2.0/ports HTTP/1.1" status: 201 len: 933 time: 2.0310297
Oct 27 17:31:30.631384 dv-cinder-862831-1-smb neutron-server[104506]: DEBUG neutron.api.v2.base [req-d63d326c-639a-4321-b439-5025425080e2 req-a6614e80-4838-4848-b57b-9ab48033f39a service neutron] Request body: {'port': {'device_id': 'e5d678cc-b362-437a-8cf3-57b093528ab4', 'device_owner': 'compute:nova', 'binding:host_id': 'hv-cinder-86283'}} {{(pid=104506) prepare_request_body /opt/stack/neutron/neutron/api/v2/base.py:730}}
Oct 27 17:31:30.707346 dv-cinder-862831-1-smb neutron-server[104506]: DEBUG neutron.pecan_wsgi.hooks.policy_enforcement [req-40005a14-eb7d-4413-a0a8-1d98efe794cf req-a34a08e2-145a-4ee9-86ae-a910b09b3656 tempest-AttachVolumeTestJSON-1971699376 tempest-AttachVolumeTestJSON-1971699376-project] Attributes excluded by policy engine: ['standard_attr_id', 'binding:profile', 'binding:host_id', 'binding:vif_type', 'binding:vif_details'] {{(pid=104506) _exclude_attributes_by_policy /opt/stack/neutron/neutron/pecan_wsgi/hooks/policy_enforcement.py:259}}
Oct 27 17:31:30.715252 dv-cinder-862831-1-smb neutron-server[104506]: INFO neutron.wsgi [req-40005a14-eb7d-4413-a0a8-1d98efe794cf req-a34a08e2-145a-4ee9-86ae-a910b09b3656 tempest-AttachVolumeTestJSON-1971699376 tempest-AttachVolumeTestJSON-1971699376-project] 10.222.0.26 "GET /networking/v2.0/ports?device_id=e5d678cc-b362-437a-8cf3-57b093528ab4 HTTP/1.1" status: 200 len: 931 time: 0.1318526
Oct 27 17:31:30.739391 dv-cinder-862831-1-smb neutron-server[104506]: DEBUG dbcounter [-] [104506] Writing DB stats neutron:UPDATE=2,neutron:SELECT=88,neutron:INSERT=6,neutron:DELETE=4 {{(pid=104506) stat_writer /usr/local/lib/python3.8/dist-packages/dbcounter.py:114}}
Oct 27 17:31:30.782616 dv-cinder-862831-1-smb neutron-server[104506]: DEBUG neutron_lib.callbacks.manager [None req-5d9f2eee-967b-4dbb-8002-b25abb6838fa admin admin] Publish callbacks [] for security_group (04896057-e958-4e8c-a071-bda29efe0a4a), precommit_create {{(pid=104506) _notify_loop /usr/local/lib/python3.8/dist-packages/neutron_lib/callbacks/manager.py:176}}
Oct 27 17:31:30.797944 dv-cinder-862831-1-smb neutron-server[104506]: DEBUG neutron_lib.callbacks.manager [None req-5d9f2eee-967b-4dbb-8002-b25abb6838fa admin admin] Publish callbacks ['neutron.plugins.ml2.ovo_rpc._ObjectChangeHandler.handle_event-401418'] for security_group (04896057-e958-4e8c-a071-bda29efe0a4a), after_create {{(pid=104506) _notify_loop /usr/local/lib/python3.8/dist-packages/neutron_lib/callbacks/manager.py:176}}
Oct 27 17:31:30.813353 dv-cinder-862831-1-smb neutron-server[104509]: DEBUG neutron.db.provisioning_blocks [None req-fc73b4ae-894c-45b0-9090-6f3f7c4b6516 None None] Provisioning complete for port 41d96bf2-a74f-40f0-8533-10bdf41c554d triggered by entity DHCP. {{(pid=104509) provisioning_complete /opt/stack/neutron/neutron/db/provisioning_blocks.py:144}}
Oct 27 17:31:30.813827 dv-cinder-862831-1-smb neutron-server[104509]: DEBUG neutron_lib.callbacks.manager [None req-fc73b4ae-894c-45b0-9090-6f3f7c4b6516 None None] Publish callbacks ['neutron.plugins.ml2.plugin.Ml2Plugin._port_provisioned-16187521'] for port (41d96bf2-a74f-40f0-8533-10bdf41c554d), provisioning_complete {{(pid=104509) _notify_loop /usr/local/lib/python3.8/dist-packages/neutron_lib/callbacks/manager.py:176}}
Oct 27 17:31:30.814739 dv-cinder-862831-1-smb neutron-server[104509]: INFO neutron.plugins.ml2.plugin [None req-fc73b4ae-894c-45b0-9090-6f3f7c4b6516 None None] Attempt 1 to provision port 41d96bf2-a74f-40f0-8533-10bdf41c554d
Oct 27 17:31:30.857532 dv-cinder-862831-1-smb neutron-server[104506]: INFO neutron.wsgi [req-40005a14-eb7d-4413-a0a8-1d98efe794cf req-3ad6a680-5045-452d-8493-b4d2b6828a2e tempest-AttachVolumeTestJSON-1971699376 tempest-AttachVolumeTestJSON-1971699376-project] 10.222.0.26 "GET /networking/v2.0/security-groups?id=56071c97-90df-4145-a82f-3ad7927dd70b&fields=id&fields=name HTTP/1.1" status: 200 len: 312 time: 0.1378543
Oct 27 17:31:30.870327 dv-cinder-862831-1-smb neutron-server[104507]: DEBUG neutron.notifiers.nova [req-0e665e44-ad2a-4f0c-a63d-39fb493a73bc req-15150d8b-9996-48ff-9d0a-0d2db5266ddf service neutron] Ignoring state change previous_port_status: DOWN current_port_status: DOWN port_id 102ce9d3-1e7e-45af-ac42-4eaa70e4a46f {{(pid=104507) record_port_status_changed /opt/stack/neutron/neutron/notifiers/nova.py:235}}
Oct 27 17:31:30.874924 dv-cinder-862831-1-smb neutron-server[104506]: DEBUG neutron_lib.callbacks.manager [req-d63d326c-639a-4321-b439-5025425080e2 req-a6614e80-4838-4848-b57b-9ab48033f39a service neutron] Publish callbacks ['neutron.plugins.ml2.plugin.SecurityGroupDbMixin._ensure_default_security_group_handler-16049725'] for port (41d96bf2-a74f-40f0-8533-10bdf41c554d), before_update {{(pid=104506) _notify_loop /usr/local/lib/python3.8/dist-packages/neutron_lib/callbacks/manager.py:176}}
Oct 27 17:31:30.911631 dv-cinder-862831-1-smb neutron-server[104507]: DEBUG neutron_lib.callbacks.manager [req-0e665e44-ad2a-4f0c-a63d-39fb493a73bc req-15150d8b-9996-48ff-9d0a-0d2db5266ddf service neutron] Publish callbacks [] for port (102ce9d3-1e7e-45af-ac42-4eaa70e4a46f), precommit_update {{(pid=104507) _notify_loop /usr/local/lib/python3.8/dist-packages/neutron_lib/callbacks/manager.py:176}}
Oct 27 17:31:30.933640 dv-cinder-862831-1-smb neutron-server[104509]: DEBUG neutron.plugins.ml2.plugin [None req-fc73b4ae-894c-45b0-9090-6f3f7c4b6516 None None] Port 41d96bf2-a74f-40f0-8533-10bdf41c554d cannot update to ACTIVE because it is not bound. {{(pid=104509) _port_provisioned /opt/stack/neutron/neutron/plugins/ml2/plugin.py:359}}
Oct 27 17:31:30.937158 dv-cinder-862831-1-smb neutron-server[104506]: INFO neutron.wsgi [None req-5d9f2eee-967b-4dbb-8002-b25abb6838fa admin admin] 10.222.0.26 "GET /networking/v2.0/security-groups?tenant_id=c80049a755f44dc2be47e1062cbad7ad&name=default HTTP/1.1" status: 200 len: 2996 time: 1.1109359
Oct 27 17:31:30.943370 dv-cinder-862831-1-smb neutron-server[104507]: DEBUG neutron.pecan_wsgi.hooks.policy_enforcement [req-10635234-c16a-4cd7-82a7-46889515dc49 req-bfdb3e77-6d15-4dcf-b8a2-447a4d6d56ff tempest-AttachVolumeShelveTestJSON-1830796779 tempest-AttachVolumeShelveTestJSON-1830796779-project] Attributes excluded by policy engine: ['standard_attr_id', 'binding:profile', 'binding:host_id', 'binding:vif_type', 'binding:vif_details'] {{(pid=104507) _exclude_attributes_by_policy /opt/stack/neutron/neutron/pecan_wsgi/hooks/policy_enforcement.py:259}}
Oct 27 17:31:30.947280 dv-cinder-862831-1-smb neutron-server[104506]: DEBUG neutron.wsgi [-] (104506) accepted ('10.222.0.26', 38744) {{(pid=104506) server /usr/local/lib/python3.8/dist-packages/eventlet/wsgi.py:1004}}
Oct 27 17:31:30.951877 dv-cinder-862831-1-smb neutron-server[104507]: INFO neutron.wsgi [req-10635234-c16a-4cd7-82a7-46889515dc49 req-bfdb3e77-6d15-4dcf-b8a2-447a4d6d56ff tempest-AttachVolumeShelveTestJSON-1830796779 tempest-AttachVolumeShelveTestJSON-1830796779-project] 10.222.0.26 "GET /networking/v2.0/ports?device_id=b4265810-a93b-4d8d-8709-b52303c93d6c HTTP/1.1" status: 200 len: 931 time: 0.4512284
Oct 27 17:31:30.956770 dv-cinder-862831-1-smb neutron-server[104506]: DEBUG neutron.api.rpc.handlers.resources_rpc [None req-5d9f2eee-967b-4dbb-8002-b25abb6838fa admin admin] Pushing event updated for resources: {'SecurityGroup': ['ID=04896057-e958-4e8c-a071-bda29efe0a4a,revision_number=1']} {{(pid=104506) push /opt/stack/neutron/neutron/api/rpc/handlers/resources_rpc.py:237}}
Oct 27 17:31:30.961754 dv-cinder-862831-1-smb neutron-server[104507]: DEBUG neutron_lib.callbacks.manager [req-7b2a2763-a98a-4671-984b-12ef5f12a692 req-57f7964f-6335-4c1a-bba3-2a00b8190003 service neutron] Publish callbacks [] for security_group (9adc1600-cf2b-4482-b573-bbba229d6163), precommit_create {{(pid=104507) _notify_loop /usr/local/lib/python3.8/dist-packages/neutron_lib/callbacks/manager.py:176}}
Oct 27 17:31:30.980544 dv-cinder-862831-1-smb neutron-server[104507]: DEBUG neutron_lib.callbacks.manager [req-7b2a2763-a98a-4671-984b-12ef5f12a692 req-57f7964f-6335-4c1a-bba3-2a00b8190003 service neutron] Publish callbacks ['neutron.plugins.ml2.ovo_rpc._ObjectChangeHandler.handle_event-401418'] for security_group (9adc1600-cf2b-4482-b573-bbba229d6163), after_create {{(pid=104507) _notify_loop /usr/local/lib/python3.8/dist-packages/neutron_lib/callbacks/manager.py:176}}
Oct 27 17:31:31.035528 dv-cinder-862831-1-smb neutron-server[104507]: DEBUG neutron.db.provisioning_blocks [req-0e665e44-ad2a-4f0c-a63d-39fb493a73bc req-15150d8b-9996-48ff-9d0a-0d2db5266ddf service neutron] Transition to ACTIVE for port object 102ce9d3-1e7e-45af-ac42-4eaa70e4a46f will not be triggered until provisioned by entity L2. {{(pid=104507) add_provisioning_component /opt/stack/neutron/neutron/db/provisioning_blocks.py:74}}
