Oct 27 17:31:07.631282 dv-cinder-862831-1-iscsi devstack@c-api.service[111619]: DEBUG cinder.api.contrib.admin_actions [None req-86e202e3-4b7b-4686-8a2b-52ae7b8d22fc tempest-VolumesActionsTest-1658602546 tempest-VolumesActionsTest-1658602546-project-admin] Updating volume '0d54ed3e-d7ea-4c26-9ba0-2146e6a37326' with '{'status': 'creating'}' {{(pid=111619) _reset_status /opt/stack/cinder/cinder/api/contrib/admin_actions.py:200}}
Oct 27 17:31:07.811191 dv-cinder-862831-1-iscsi devstack@c-api.service[111619]: INFO cinder.api.openstack.wsgi [None req-86e202e3-4b7b-4686-8a2b-52ae7b8d22fc tempest-VolumesActionsTest-1658602546 tempest-VolumesActionsTest-1658602546-project-admin] http://10.222.0.36/volume/v3/1f7ca12d47ce429a952eeb556b594b40/volumes/0d54ed3e-d7ea-4c26-9ba0-2146e6a37326/action returned with HTTP 202
Oct 27 17:31:07.812303 dv-cinder-862831-1-iscsi devstack@c-api.service[111619]: [pid: 111619|app: 0|req: 112/229] 10.222.0.36 () {60 vars in 1367 bytes} [Thu Oct 27 17:31:07 2022] POST /volume/v3/1f7ca12d47ce429a952eeb556b594b40/volumes/0d54ed3e-d7ea-4c26-9ba0-2146e6a37326/action => generated 0 bytes in 243 msecs (HTTP/1.1 202) 7 headers in 289 bytes (2 switches on core 0)
Oct 27 17:31:07.817305 dv-cinder-862831-1-iscsi devstack@c-api.service[111620]: DEBUG cinder.api.middleware.request_id [None req-4554b6d6-fb50-4c85-8de1-bf8810b30abd None None] RequestId filter calling following filter/app {{(pid=111620) _context_setter /opt/stack/cinder/cinder/api/middleware/request_id.py:62}}
Oct 27 17:31:07.821155 dv-cinder-862831-1-iscsi devstack@c-api.service[111620]: INFO cinder.api.openstack.wsgi [None req-4554b6d6-fb50-4c85-8de1-bf8810b30abd tempest-VolumesActionsTest-98328278 tempest-VolumesActionsTest-98328278-project] GET http://10.222.0.36/volume/v3/228f90dd456d4100abee40757d969bba/volumes/0d54ed3e-d7ea-4c26-9ba0-2146e6a37326
Oct 27 17:31:07.821599 dv-cinder-862831-1-iscsi devstack@c-api.service[111620]: DEBUG cinder.api.openstack.wsgi [None req-4554b6d6-fb50-4c85-8de1-bf8810b30abd tempest-VolumesActionsTest-98328278 tempest-VolumesActionsTest-98328278-project] Empty body provided in request {{(pid=111620) get_body /opt/stack/cinder/cinder/api/openstack/wsgi.py:715}}
Oct 27 17:31:07.822054 dv-cinder-862831-1-iscsi devstack@c-api.service[111620]: DEBUG cinder.api.openstack.wsgi [None req-4554b6d6-fb50-4c85-8de1-bf8810b30abd tempest-VolumesActionsTest-98328278 tempest-VolumesActionsTest-98328278-project] Calling method 'show' {{(pid=111620) _process_stack /opt/stack/cinder/cinder/api/openstack/wsgi.py:868}}
Oct 27 17:31:07.836198 dv-cinder-862831-1-iscsi devstack@c-api.service[111620]: /usr/local/lib/python3.8/dist-packages/oslo_context/context.py:100: DeprecationWarning: Policy enforcement is depending on the value of is_admin. This key is deprecated. Please update your policy file to use the standard policy values.
Oct 27 17:31:07.836198 dv-cinder-862831-1-iscsi devstack@c-api.service[111620]: warnings.warn('Policy enforcement is depending on the value of '
Oct 27 17:31:07.845232 dv-cinder-862831-1-iscsi devstack@c-api.service[111620]: INFO cinder.volume.api [None req-4554b6d6-fb50-4c85-8de1-bf8810b30abd tempest-VolumesActionsTest-98328278 tempest-VolumesActionsTest-98328278-project] Volume info retrieved successfully.
Oct 27 17:31:07.856815 dv-cinder-862831-1-iscsi devstack@c-api.service[111620]: INFO cinder.api.openstack.wsgi [None req-4554b6d6-fb50-4c85-8de1-bf8810b30abd tempest-VolumesActionsTest-98328278 tempest-VolumesActionsTest-98328278-project] http://10.222.0.36/volume/v3/228f90dd456d4100abee40757d969bba/volumes/0d54ed3e-d7ea-4c26-9ba0-2146e6a37326 returned with HTTP 200
Oct 27 17:31:07.864200 dv-cinder-862831-1-iscsi devstack@c-api.service[111620]: [pid: 111620|app: 0|req: 118/230] 10.222.0.36 () {58 vars in 1325 bytes} [Thu Oct 27 17:31:07 2022] GET /volume/v3/228f90dd456d4100abee40757d969bba/volumes/0d54ed3e-d7ea-4c26-9ba0-2146e6a37326 => generated 910 bytes in 48 msecs (HTTP/1.1 200) 7 headers in 285 bytes (1 switches on core 0)
Oct 27 17:31:07.876046 dv-cinder-862831-1-iscsi devstack@c-api.service[111619]: DEBUG cinder.api.middleware.request_id [None req-25ad41db-cf30-43a7-babb-98a374b358ad None None] RequestId filter calling following filter/app {{(pid=111619) _context_setter /opt/stack/cinder/cinder/api/middleware/request_id.py:62}}
Oct 27 17:31:07.881692 dv-cinder-862831-1-iscsi devstack@c-api.service[111619]: INFO cinder.api.openstack.wsgi [None req-25ad41db-cf30-43a7-babb-98a374b358ad tempest-VolumesActionsTest-1658602546 tempest-VolumesActionsTest-1658602546-project-admin] POST http://10.222.0.36/volume/v3/1f7ca12d47ce429a952eeb556b594b40/volumes/0d54ed3e-d7ea-4c26-9ba0-2146e6a37326/action
Oct 27 17:31:07.882395 dv-cinder-862831-1-iscsi devstack@c-api.service[111619]: DEBUG cinder.api.openstack.wsgi [None req-25ad41db-cf30-43a7-babb-98a374b358ad tempest-VolumesActionsTest-1658602546 tempest-VolumesActionsTest-1658602546-project-admin] Action body: b'{"os-force_delete": {}}' {{(pid=111619) get_method /opt/stack/cinder/cinder/api/openstack/wsgi.py:983}}
Oct 27 17:31:07.883340 dv-cinder-862831-1-iscsi devstack@c-api.service[111619]: DEBUG cinder.api.openstack.wsgi [None req-25ad41db-cf30-43a7-babb-98a374b358ad tempest-VolumesActionsTest-1658602546 tempest-VolumesActionsTest-1658602546-project-admin] Action: 'action', calling method: _force_delete, body: {"os-force_delete": {}} {{(pid=111619) _process_stack /opt/stack/cinder/cinder/api/openstack/wsgi.py:866}}
Oct 27 17:31:07.902130 dv-cinder-862831-1-iscsi devstack@c-api.service[111619]: /usr/local/lib/python3.8/dist-packages/oslo_context/context.py:100: DeprecationWarning: Policy enforcement is depending on the value of is_admin. This key is deprecated. Please update your policy file to use the standard policy values.
Oct 27 17:31:07.902130 dv-cinder-862831-1-iscsi devstack@c-api.service[111619]: warnings.warn('Policy enforcement is depending on the value of '
Oct 27 17:31:07.903164 dv-cinder-862831-1-iscsi devstack@c-api.service[111619]: INFO cinder.volume.api [None req-25ad41db-cf30-43a7-babb-98a374b358ad tempest-VolumesActionsTest-1658602546 tempest-VolumesActionsTest-1658602546-project-admin] Volume info retrieved successfully.
Oct 27 17:31:07.941231 dv-cinder-862831-1-iscsi devstack@c-api.service[111619]: INFO cinder.volume.api [None req-25ad41db-cf30-43a7-babb-98a374b358ad tempest-VolumesActionsTest-1658602546 tempest-VolumesActionsTest-1658602546-project-admin] Delete volume request issued successfully.
Oct 27 17:31:07.941733 dv-cinder-862831-1-iscsi devstack@c-api.service[111619]: INFO cinder.api.openstack.wsgi [None req-25ad41db-cf30-43a7-babb-98a374b358ad tempest-VolumesActionsTest-1658602546 tempest-VolumesActionsTest-1658602546-project-admin] http://10.222.0.36/volume/v3/1f7ca12d47ce429a952eeb556b594b40/volumes/0d54ed3e-d7ea-4c26-9ba0-2146e6a37326/action returned with HTTP 202
Oct 27 17:31:07.943787 dv-cinder-862831-1-iscsi devstack@c-api.service[111619]: [pid: 111619|app: 0|req: 113/231] 10.222.0.36 () {60 vars in 1367 bytes} [Thu Oct 27 17:31:07 2022] POST /volume/v3/1f7ca12d47ce429a952eeb556b594b40/volumes/0d54ed3e-d7ea-4c26-9ba0-2146e6a37326/action => generated 0 bytes in 68 msecs (HTTP/1.1 202) 7 headers in 289 bytes (1 switches on core 0)
Oct 27 17:31:07.947321 dv-cinder-862831-1-iscsi devstack@c-api.service[111620]: DEBUG cinder.api.middleware.request_id [None req-3c424a4c-1cff-4d48-9cba-aef23e3e2798 None None] RequestId filter calling following filter/app {{(pid=111620) _context_setter /opt/stack/cinder/cinder/api/middleware/request_id.py:62}}
Oct 27 17:31:07.951207 dv-cinder-862831-1-iscsi devstack@c-api.service[111620]: INFO cinder.api.openstack.wsgi [None req-3c424a4c-1cff-4d48-9cba-aef23e3e2798 tempest-VolumesActionsTest-98328278 tempest-VolumesActionsTest-98328278-project] GET http://10.222.0.36/volume/v3/228f90dd456d4100abee40757d969bba/volumes/0d54ed3e-d7ea-4c26-9ba0-2146e6a37326
Oct 27 17:31:07.951868 dv-cinder-862831-1-iscsi devstack@c-api.service[111620]: DEBUG cinder.api.openstack.wsgi [None req-3c424a4c-1cff-4d48-9cba-aef23e3e2798 tempest-VolumesActionsTest-98328278 tempest-VolumesActionsTest-98328278-project] Empty body provided in request {{(pid=111620) get_body /opt/stack/cinder/cinder/api/openstack/wsgi.py:715}}
Oct 27 17:31:07.952453 dv-cinder-862831-1-iscsi devstack@c-api.service[111620]: DEBUG cinder.api.openstack.wsgi [None req-3c424a4c-1cff-4d48-9cba-aef23e3e2798 tempest-VolumesActionsTest-98328278 tempest-VolumesActionsTest-98328278-project] Calling method 'show' {{(pid=111620) _process_stack /opt/stack/cinder/cinder/api/openstack/wsgi.py:868}}
Oct 27 17:31:07.970187 dv-cinder-862831-1-iscsi devstack@c-api.service[111620]: /usr/local/lib/python3.8/dist-packages/oslo_context/context.py:100: DeprecationWarning: Policy enforcement is depending on the value of is_admin. This key is deprecated. Please update your policy file to use the standard policy values.
Oct 27 17:31:07.970187 dv-cinder-862831-1-iscsi devstack@c-api.service[111620]: warnings.warn('Policy enforcement is depending on the value of '
Oct 27 17:31:07.978146 dv-cinder-862831-1-iscsi devstack@c-api.service[111620]: INFO cinder.volume.api [None req-3c424a4c-1cff-4d48-9cba-aef23e3e2798 tempest-VolumesActionsTest-98328278 tempest-VolumesActionsTest-98328278-project] Volume info retrieved successfully.
Oct 27 17:31:07.990595 dv-cinder-862831-1-iscsi devstack@c-api.service[111620]: INFO cinder.api.openstack.wsgi [None req-3c424a4c-1cff-4d48-9cba-aef23e3e2798 tempest-VolumesActionsTest-98328278 tempest-VolumesActionsTest-98328278-project] http://10.222.0.36/volume/v3/228f90dd456d4100abee40757d969bba/volumes/0d54ed3e-d7ea-4c26-9ba0-2146e6a37326 returned with HTTP 200
Oct 27 17:31:07.991600 dv-cinder-862831-1-iscsi devstack@c-api.service[111620]: [pid: 111620|app: 0|req: 119/232] 10.222.0.36 () {58 vars in 1325 bytes} [Thu Oct 27 17:31:07 2022] GET /volume/v3/228f90dd456d4100abee40757d969bba/volumes/0d54ed3e-d7ea-4c26-9ba0-2146e6a37326 => generated 910 bytes in 45 msecs (HTTP/1.1 200) 7 headers in 285 bytes (1 switches on core 0)
Oct 27 17:31:08.193690 dv-cinder-862831-1-iscsi devstack@c-api.service[111619]: DEBUG cinder.api.middleware.request_id [None req-1c7b0f09-769b-44b5-903d-9b861e080a30 None None] RequestId filter calling following filter/app {{(pid=111619) _context_setter /opt/stack/cinder/cinder/api/middleware/request_id.py:62}}
Oct 27 17:31:08.197504 dv-cinder-862831-1-iscsi devstack@c-api.service[111619]: INFO cinder.api.openstack.wsgi [None req-1c7b0f09-769b-44b5-903d-9b861e080a30 tempest-GroupSnapshotsTest-1114220834 tempest-GroupSnapshotsTest-1114220834-project] GET http://10.222.0.36/volume/v3/02b8ba5942ca4cf5a4db373bd5282b11/volumes/6cb24aab-abff-4e17-a0a9-121d9ad90851
Oct 27 17:31:08.198205 dv-cinder-862831-1-iscsi devstack@c-api.service[111619]: DEBUG cinder.api.openstack.wsgi [None req-1c7b0f09-769b-44b5-903d-9b861e080a30 tempest-GroupSnapshotsTest-1114220834 tempest-GroupSnapshotsTest-1114220834-project] Empty body provided in request {{(pid=111619) get_body /opt/stack/cinder/cinder/api/openstack/wsgi.py:715}}
Oct 27 17:31:08.199301 dv-cinder-862831-1-iscsi devstack@c-api.service[111619]: DEBUG cinder.api.openstack.wsgi [None req-1c7b0f09-769b-44b5-903d-9b861e080a30 tempest-GroupSnapshotsTest-1114220834 tempest-GroupSnapshotsTest-1114220834-project] Calling method 'show' {{(pid=111619) _process_stack /opt/stack/cinder/cinder/api/openstack/wsgi.py:868}}
Oct 27 17:31:08.220958 dv-cinder-862831-1-iscsi devstack@c-api.service[111619]: INFO cinder.api.openstack.wsgi [None req-1c7b0f09-769b-44b5-903d-9b861e080a30 tempest-GroupSnapshotsTest-1114220834 tempest-GroupSnapshotsTest-1114220834-project] http://10.222.0.36/volume/v3/02b8ba5942ca4cf5a4db373bd5282b11/volumes/6cb24aab-abff-4e17-a0a9-121d9ad90851 returned with HTTP 404
Oct 27 17:31:08.223295 dv-cinder-862831-1-iscsi devstack@c-api.service[111619]: [pid: 111619|app: 0|req: 114/233] 10.222.0.36 () {60 vars in 1366 bytes} [Thu Oct 27 17:31:08 2022] GET /volume/v3/02b8ba5942ca4cf5a4db373bd5282b11/volumes/6cb24aab-abff-4e17-a0a9-121d9ad90851 => generated 109 bytes in 31 msecs (HTTP/1.1 404) 7 headers in 293 bytes (1 switches on core 0)
Oct 27 17:31:08.229892 dv-cinder-862831-1-iscsi devstack@c-api.service[111620]: DEBUG cinder.api.middleware.request_id [None req-1ab2ef97-b665-4237-af6a-d65f4fa45cf6 None None] RequestId filter calling following filter/app {{(pid=111620) _context_setter /opt/stack/cinder/cinder/api/middleware/request_id.py:62}}
Oct 27 17:31:08.244137 dv-cinder-862831-1-iscsi devstack@c-api.service[111620]: INFO cinder.api.openstack.wsgi [None req-1ab2ef97-b665-4237-af6a-d65f4fa45cf6 tempest-GroupSnapshotsTest-1114220834 tempest-GroupSnapshotsTest-1114220834-project] GET http://10.222.0.36/volume/v3/02b8ba5942ca4cf5a4db373bd5282b11/groups/13739483-4405-4aac-b2ec-8f17d089d1b5
Oct 27 17:31:08.245284 dv-cinder-862831-1-iscsi devstack@c-api.service[111620]: DEBUG cinder.api.openstack.wsgi [None req-1ab2ef97-b665-4237-af6a-d65f4fa45cf6 tempest-GroupSnapshotsTest-1114220834 tempest-GroupSnapshotsTest-1114220834-project] Empty body provided in request {{(pid=111620) get_body /opt/stack/cinder/cinder/api/openstack/wsgi.py:715}}
Oct 27 17:31:08.246720 dv-cinder-862831-1-iscsi devstack@c-api.service[111620]: DEBUG cinder.api.openstack.wsgi [None req-1ab2ef97-b665-4237-af6a-d65f4fa45cf6 tempest-GroupSnapshotsTest-1114220834 tempest-GroupSnapshotsTest-1114220834-project] Calling method 'version_select' {{(pid=111620) _process_stack /opt/stack/cinder/cinder/api/openstack/wsgi.py:868}}
Oct 27 17:31:08.247221 dv-cinder-862831-1-iscsi devstack@c-api.service[111620]: DEBUG cinder.api.v3.groups [None req-1ab2ef97-b665-4237-af6a-d65f4fa45cf6 tempest-GroupSnapshotsTest-1114220834 tempest-GroupSnapshotsTest-1114220834-project] show called for member 13739483-4405-4aac-b2ec-8f17d089d1b5 {{(pid=111620) show /opt/stack/cinder/cinder/api/v3/groups.py:58}}
Oct 27 17:31:08.253165 dv-cinder-862831-1-iscsi devstack@c-api.service[111620]: INFO cinder.api.openstack.wsgi [None req-1ab2ef97-b665-4237-af6a-d65f4fa45cf6 tempest-GroupSnapshotsTest-1114220834 tempest-GroupSnapshotsTest-1114220834-project] http://10.222.0.36/volume/v3/02b8ba5942ca4cf5a4db373bd5282b11/groups/13739483-4405-4aac-b2ec-8f17d089d1b5 returned with HTTP 404
Oct 27 17:31:08.254877 dv-cinder-862831-1-iscsi devstack@c-api.service[111620]: [pid: 111620|app: 0|req: 120/234] 10.222.0.36 () {60 vars in 1363 bytes} [Thu Oct 27 17:31:08 2022] GET /volume/v3/02b8ba5942ca4cf5a4db373bd5282b11/groups/13739483-4405-4aac-b2ec-8f17d089d1b5 => generated 108 bytes in 28 msecs (HTTP/1.1 404) 7 headers in 293 bytes (1 switches on core 0)
Oct 27 17:31:08.261977 dv-cinder-862831-1-iscsi devstack@c-api.service[111619]: DEBUG cinder.api.middleware.request_id [None req-2913c07e-8783-4a12-a6b2-802c4f2e9cef None None] RequestId filter calling following filter/app {{(pid=111619) _context_setter /opt/stack/cinder/cinder/api/middleware/request_id.py:62}}
Oct 27 17:31:08.268494 dv-cinder-862831-1-iscsi devstack@c-api.service[111619]: INFO cinder.api.openstack.wsgi [None req-2913c07e-8783-4a12-a6b2-802c4f2e9cef tempest-GroupSnapshotsTest-1114220834 tempest-GroupSnapshotsTest-1114220834-project] DELETE http://10.222.0.36/volume/v3/02b8ba5942ca4cf5a4db373bd5282b11/group_snapshots/99b18045-9a73-488b-832d-bc19a7b5832e
Oct 27 17:31:08.269762 dv-cinder-862831-1-iscsi devstack@c-api.service[111619]: DEBUG cinder.api.openstack.wsgi [None req-2913c07e-8783-4a12-a6b2-802c4f2e9cef tempest-GroupSnapshotsTest-1114220834 tempest-GroupSnapshotsTest-1114220834-project] Empty body provided in request {{(pid=111619) get_body /opt/stack/cinder/cinder/api/openstack/wsgi.py:715}}
Oct 27 17:31:08.270798 dv-cinder-862831-1-iscsi devstack@c-api.service[111619]: DEBUG cinder.api.openstack.wsgi [None req-2913c07e-8783-4a12-a6b2-802c4f2e9cef tempest-GroupSnapshotsTest-1114220834 tempest-GroupSnapshotsTest-1114220834-project] Calling method 'version_select' {{(pid=111619) _process_stack /opt/stack/cinder/cinder/api/openstack/wsgi.py:868}}
Oct 27 17:31:08.271938 dv-cinder-862831-1-iscsi devstack@c-api.service[111619]: DEBUG cinder.api.v3.group_snapshots [None req-2913c07e-8783-4a12-a6b2-802c4f2e9cef tempest-GroupSnapshotsTest-1114220834 tempest-GroupSnapshotsTest-1114220834-project] delete called for member 99b18045-9a73-488b-832d-bc19a7b5832e {{(pid=111619) delete /opt/stack/cinder/cinder/api/v3/group_snapshots.py:72}}
Oct 27 17:31:08.272319 dv-cinder-862831-1-iscsi devstack@c-api.service[111619]: INFO cinder.api.v3.group_snapshots [None req-2913c07e-8783-4a12-a6b2-802c4f2e9cef tempest-GroupSnapshotsTest-1114220834 tempest-GroupSnapshotsTest-1114220834-project] Delete group_snapshot with id: 99b18045-9a73-488b-832d-bc19a7b5832e
Oct 27 17:31:08.289275 dv-cinder-862831-1-iscsi devstack@c-api.service[111619]: /usr/local/lib/python3.8/dist-packages/oslo_context/context.py:100: DeprecationWarning: Policy enforcement is depending on the value of is_admin. This key is deprecated. Please update your policy file to use the standard policy values.
Oct 27 17:31:08.289275 dv-cinder-862831-1-iscsi devstack@c-api.service[111619]: warnings.warn('Policy enforcement is depending on the value of '
Oct 27 17:31:08.351004 dv-cinder-862831-1-iscsi devstack@c-api.service[111619]: INFO cinder.api.openstack.wsgi [None req-2913c07e-8783-4a12-a6b2-802c4f2e9cef tempest-GroupSnapshotsTest-1114220834 tempest-GroupSnapshotsTest-1114220834-project] http://10.222.0.36/volume/v3/02b8ba5942ca4cf5a4db373bd5282b11/group_snapshots/99b18045-9a73-488b-832d-bc19a7b5832e returned with HTTP 202
Oct 27 17:31:08.352016 dv-cinder-862831-1-iscsi devstack@c-api.service[111619]: [pid: 111619|app: 0|req: 115/235] 10.222.0.36 () {60 vars in 1393 bytes} [Thu Oct 27 17:31:08 2022] DELETE /volume/v3/02b8ba5942ca4cf5a4db373bd5282b11/group_snapshots/99b18045-9a73-488b-832d-bc19a7b5832e => generated 0 bytes in 92 msecs (HTTP/1.1 202) 6 headers in 234 bytes (1 switches on core 0)
Oct 27 17:31:08.357103 dv-cinder-862831-1-iscsi devstack@c-api.service[111620]: DEBUG cinder.api.middleware.request_id [None req-b6f031a5-5fd1-4457-9717-b6cd997831ba None None] RequestId filter calling following filter/app {{(pid=111620) _context_setter /opt/stack/cinder/cinder/api/middleware/request_id.py:62}}
Oct 27 17:31:08.360693 dv-cinder-862831-1-iscsi devstack@c-api.service[111620]: INFO cinder.api.openstack.wsgi [None req-b6f031a5-5fd1-4457-9717-b6cd997831ba tempest-GroupSnapshotsTest-1114220834 tempest-GroupSnapshotsTest-1114220834-project] GET http://10.222.0.36/volume/v3/02b8ba5942ca4cf5a4db373bd5282b11/volumes/detail
Oct 27 17:31:08.361307 dv-cinder-862831-1-iscsi devstack@c-api.service[111620]: DEBUG cinder.api.openstack.wsgi [None req-b6f031a5-5fd1-4457-9717-b6cd997831ba tempest-GroupSnapshotsTest-1114220834 tempest-GroupSnapshotsTest-1114220834-project] Empty body provided in request {{(pid=111620) get_body /opt/stack/cinder/cinder/api/openstack/wsgi.py:715}}
Oct 27 17:31:08.361765 dv-cinder-862831-1-iscsi devstack@c-api.service[111620]: DEBUG cinder.api.openstack.wsgi [None req-b6f031a5-5fd1-4457-9717-b6cd997831ba tempest-GroupSnapshotsTest-1114220834 tempest-GroupSnapshotsTest-1114220834-project] Calling method 'detail' {{(pid=111620) _process_stack /opt/stack/cinder/cinder/api/openstack/wsgi.py:868}}
Oct 27 17:31:08.362424 dv-cinder-862831-1-iscsi devstack@c-api.service[111620]: DEBUG cinder.api.api_utils [None req-b6f031a5-5fd1-4457-9717-b6cd997831ba tempest-GroupSnapshotsTest-1114220834 tempest-GroupSnapshotsTest-1114220834-project] Removing options '' from query. {{(pid=111620) remove_invalid_filter_options /opt/stack/cinder/cinder/api/api_utils.py:83}}
Oct 27 17:31:08.364895 dv-cinder-862831-1-iscsi devstack@c-api.service[111620]: DEBUG cinder.volume.api [None req-b6f031a5-5fd1-4457-9717-b6cd997831ba tempest-GroupSnapshotsTest-1114220834 tempest-GroupSnapshotsTest-1114220834-project] Searching by: MultiDict([('no_migration_targets', True)]). {{(pid=111620) get_all /opt/stack/cinder/cinder/volume/api.py:664}}
Oct 27 17:31:08.419190 dv-cinder-862831-1-iscsi devstack@c-api.service[111620]: INFO cinder.volume.api [None req-b6f031a5-5fd1-4457-9717-b6cd997831ba tempest-GroupSnapshotsTest-1114220834 tempest-GroupSnapshotsTest-1114220834-project] Get all volumes completed successfully.
Oct 27 17:31:08.420648 dv-cinder-862831-1-iscsi devstack@c-api.service[111620]: WARNING stevedore.named [None req-b6f031a5-5fd1-4457-9717-b6cd997831ba tempest-GroupSnapshotsTest-1114220834 tempest-GroupSnapshotsTest-1114220834-project] Could not load cinder.keymgr.conf_key_mgr.ConfKeyManager
Oct 27 17:31:08.421097 dv-cinder-862831-1-iscsi devstack@c-api.service[111620]: WARNING castellan.key_manager [None req-b6f031a5-5fd1-4457-9717-b6cd997831ba tempest-GroupSnapshotsTest-1114220834 tempest-GroupSnapshotsTest-1114220834-project] Deprecation Warning : cinder.keymgr.conf_key_mgr.ConfKeyManager is not a stevedore based driver, trying to load it as a class: stevedore.exception.NoMatches: No 'castellan.drivers' driver found, looking for 'cinder.keymgr.conf_key_mgr.ConfKeyManager'
Oct 27 17:31:08.428863 dv-cinder-862831-1-iscsi devstack@c-api.service[111620]: DEBUG oslo_db.sqlalchemy.engines [None req-b6f031a5-5fd1-4457-9717-b6cd997831ba tempest-GroupSnapshotsTest-1114220834 tempest-GroupSnapshotsTest-1114220834-project] MySQL server mode set to STRICT_TRANS_TABLES,STRICT_ALL_TABLES,NO_ZERO_IN_DATE,NO_ZERO_DATE,ERROR_FOR_DIVISION_BY_ZERO,TRADITIONAL,NO_ENGINE_SUBSTITUTION {{(pid=111620) _check_effective_sql_mode /usr/local/lib/python3.8/dist-packages/oslo_db/sqlalchemy/engines.py:326}}
Oct 27 17:31:08.434755 dv-cinder-862831-1-iscsi devstack@c-api.service[111620]: /usr/local/lib/python3.8/dist-packages/oslo_context/context.py:100: DeprecationWarning: Policy enforcement is depending on the value of is_admin. This key is deprecated. Please update your policy file to use the standard policy values.
Oct 27 17:31:08.434755 dv-cinder-862831-1-iscsi devstack@c-api.service[111620]: warnings.warn('Policy enforcement is depending on the value of '
Oct 27 17:31:08.452266 dv-cinder-862831-1-iscsi devstack@c-api.service[111620]: INFO cinder.api.openstack.wsgi [None req-b6f031a5-5fd1-4457-9717-b6cd997831ba tempest-GroupSnapshotsTest-1114220834 tempest-GroupSnapshotsTest-1114220834-project] http://10.222.0.36/volume/v3/02b8ba5942ca4cf5a4db373bd5282b11/volumes/detail returned with HTTP 200
Oct 27 17:31:08.453003 dv-cinder-862831-1-iscsi devstack@c-api.service[111620]: [pid: 111620|app: 0|req: 121/236] 10.222.0.36 () {60 vars in 1276 bytes} [Thu Oct 27 17:31:08 2022] GET /volume/v3/02b8ba5942ca4cf5a4db373bd5282b11/volumes/detail => generated 1002 bytes in 97 msecs (HTTP/1.1 200) 7 headers in 287 bytes (1 switches on core 0)
Oct 27 17:31:08.471659 dv-cinder-862831-1-iscsi devstack@c-api.service[111619]: DEBUG cinder.api.middleware.request_id [None req-dd9b02b6-9d28-4c66-a91b-c3b2d3a061e8 None None] RequestId filter calling following filter/app {{(pid=111619) _context_setter /opt/stack/cinder/cinder/api/middleware/request_id.py:62}}
Oct 27 17:31:08.476145 dv-cinder-862831-1-iscsi devstack@c-api.service[111619]: INFO cinder.api.openstack.wsgi [None req-dd9b02b6-9d28-4c66-a91b-c3b2d3a061e8 tempest-GroupSnapshotsTest-1114220834 tempest-GroupSnapshotsTest-1114220834-project] GET http://10.222.0.36/volume/v3/02b8ba5942ca4cf5a4db373bd5282b11/snapshots/detail
Oct 27 17:31:08.476668 dv-cinder-862831-1-iscsi devstack@c-api.service[111619]: DEBUG cinder.api.openstack.wsgi [None req-dd9b02b6-9d28-4c66-a91b-c3b2d3a061e8 tempest-GroupSnapshotsTest-1114220834 tempest-GroupSnapshotsTest-1114220834-project] Empty body provided in request {{(pid=111619) get_body /opt/stack/cinder/cinder/api/openstack/wsgi.py:715}}
Oct 27 17:31:08.477190 dv-cinder-862831-1-iscsi devstack@c-api.service[111619]: DEBUG cinder.api.openstack.wsgi [None req-dd9b02b6-9d28-4c66-a91b-c3b2d3a061e8 tempest-GroupSnapshotsTest-1114220834 tempest-GroupSnapshotsTest-1114220834-project] Calling method 'detail' {{(pid=111619) _process_stack /opt/stack/cinder/cinder/api/openstack/wsgi.py:868}}
Oct 27 17:31:08.477860 dv-cinder-862831-1-iscsi devstack@c-api.service[111619]: DEBUG cinder.api.api_utils [None req-dd9b02b6-9d28-4c66-a91b-c3b2d3a061e8 tempest-GroupSnapshotsTest-1114220834 tempest-GroupSnapshotsTest-1114220834-project] Removing options '' from query. {{(pid=111619) remove_invalid_filter_options /opt/stack/cinder/cinder/api/api_utils.py:83}}
Oct 27 17:31:08.478583 dv-cinder-862831-1-iscsi devstack@c-api.service[111619]: /usr/local/lib/python3.8/dist-packages/oslo_context/context.py:100: DeprecationWarning: Policy enforcement is depending on the value of is_admin. This key is deprecated. Please update your policy file to use the standard policy values.
Oct 27 17:31:08.478583 dv-cinder-862831-1-iscsi devstack@c-api.service[111619]: warnings.warn('Policy enforcement is depending on the value of '
Oct 27 17:31:08.480253 dv-cinder-862831-1-iscsi devstack@c-api.service[111619]: DEBUG cinder.db.sqlalchemy.api [None req-dd9b02b6-9d28-4c66-a91b-c3b2d3a061e8 tempest-GroupSnapshotsTest-1114220834 tempest-GroupSnapshotsTest-1114220834-project] Building query based on filter {{(pid=111619) _process_snaps_filters /opt/stack/cinder/cinder/db/sqlalchemy/api.py:3885}}
Oct 27 17:31:08.487985 dv-cinder-862831-1-iscsi devstack@c-api.service[111619]: INFO cinder.volume.api [None req-dd9b02b6-9d28-4c66-a91b-c3b2d3a061e8 tempest-GroupSnapshotsTest-1114220834 tempest-GroupSnapshotsTest-1114220834-project] Get all snapshots completed successfully.
Oct 27 17:31:08.488918 dv-cinder-862831-1-iscsi devstack@c-api.service[111619]: /usr/local/lib/python3.8/dist-packages/oslo_context/context.py:100: DeprecationWarning: Policy enforcement is depending on the value of is_admin. This key is deprecated. Please update your policy file to use the standard policy values.
Oct 27 17:31:08.488918 dv-cinder-862831-1-iscsi devstack@c-api.service[111619]: warnings.warn('Policy enforcement is depending on the value of '
Oct 27 17:31:08.490173 dv-cinder-862831-1-iscsi devstack@c-api.service[111619]: INFO cinder.api.openstack.wsgi [None req-dd9b02b6-9d28-4c66-a91b-c3b2d3a061e8 tempest-GroupSnapshotsTest-1114220834 tempest-GroupSnapshotsTest-1114220834-project] http://10.222.0.36/volume/v3/02b8ba5942ca4cf5a4db373bd5282b11/snapshots/detail returned with HTTP 200
Oct 27 17:31:08.491091 dv-cinder-862831-1-iscsi devstack@c-api.service[111619]: [pid: 111619|app: 0|req: 116/237] 10.222.0.36 () {58 vars in 1241 bytes} [Thu Oct 27 17:31:08 2022] GET /volume/v3/02b8ba5942ca4cf5a4db373bd5282b11/snapshots/detail => generated 453 bytes in 20 msecs (HTTP/1.1 200) 7 headers in 285 bytes (1 switches on core 0)
Oct 27 17:31:08.500714 dv-cinder-862831-1-iscsi devstack@c-api.service[111620]: DEBUG cinder.api.middleware.request_id [None req-cb5abdba-6958-4d8c-9601-fd29e8f3d644 None None] RequestId filter calling following filter/app {{(pid=111620) _context_setter /opt/stack/cinder/cinder/api/middleware/request_id.py:62}}
Oct 27 17:31:08.506559 dv-cinder-862831-1-iscsi devstack@c-api.service[111620]: INFO cinder.api.openstack.wsgi [None req-cb5abdba-6958-4d8c-9601-fd29e8f3d644 tempest-GroupSnapshotsTest-1114220834 tempest-GroupSnapshotsTest-1114220834-project] GET http://10.222.0.36/volume/v3/02b8ba5942ca4cf5a4db373bd5282b11/snapshots/40733718-5a29-47ec-96e4-2cc14b504102
Oct 27 17:31:08.507010 dv-cinder-862831-1-iscsi devstack@c-api.service[111620]: DEBUG cinder.api.openstack.wsgi [None req-cb5abdba-6958-4d8c-9601-fd29e8f3d644 tempest-GroupSnapshotsTest-1114220834 tempest-GroupSnapshotsTest-1114220834-project] Empty body provided in request {{(pid=111620) get_body /opt/stack/cinder/cinder/api/openstack/wsgi.py:715}}
Oct 27 17:31:08.507497 dv-cinder-862831-1-iscsi devstack@c-api.service[111620]: DEBUG cinder.api.openstack.wsgi [None req-cb5abdba-6958-4d8c-9601-fd29e8f3d644 tempest-GroupSnapshotsTest-1114220834 tempest-GroupSnapshotsTest-1114220834-project] Calling method 'show' {{(pid=111620) _process_stack /opt/stack/cinder/cinder/api/openstack/wsgi.py:868}}
Oct 27 17:31:08.544306 dv-cinder-862831-1-iscsi devstack@c-api.service[111620]: /usr/local/lib/python3.8/dist-packages/oslo_context/context.py:100: DeprecationWarning: Policy enforcement is depending on the value of is_admin. This key is deprecated. Please update your policy file to use the standard policy values.
Oct 27 17:31:08.544306 dv-cinder-862831-1-iscsi devstack@c-api.service[111620]: warnings.warn('Policy enforcement is depending on the value of '
Oct 27 17:31:08.545313 dv-cinder-862831-1-iscsi devstack@c-api.service[111620]: INFO cinder.volume.api [None req-cb5abdba-6958-4d8c-9601-fd29e8f3d644 tempest-GroupSnapshotsTest-1114220834 tempest-GroupSnapshotsTest-1114220834-project] Snapshot retrieved successfully.
Oct 27 17:31:08.547111 dv-cinder-862831-1-iscsi devstack@c-api.service[111620]: INFO cinder.api.openstack.wsgi [None req-cb5abdba-6958-4d8c-9601-fd29e8f3d644 tempest-GroupSnapshotsTest-1114220834 tempest-GroupSnapshotsTest-1114220834-project] http://10.222.0.36/volume/v3/02b8ba5942ca4cf5a4db373bd5282b11/snapshots/40733718-5a29-47ec-96e4-2cc14b504102 returned with HTTP 200
Oct 27 17:31:08.553644 dv-cinder-862831-1-iscsi devstack@c-api.service[111620]: [pid: 111620|app: 0|req: 122/238] 10.222.0.36 () {58 vars in 1331 bytes} [Thu Oct 27 17:31:08 2022] GET /volume/v3/02b8ba5942ca4cf5a4db373bd5282b11/snapshots/40733718-5a29-47ec-96e4-2cc14b504102 => generated 450 bytes in 54 msecs (HTTP/1.1 200) 7 headers in 285 bytes (1 switches on core 0)
Oct 27 17:31:09.009736 dv-cinder-862831-1-iscsi devstack@c-api.service[111619]: DEBUG cinder.api.middleware.request_id [None req-99df38a9-72f2-41d8-9bc7-ebde768089dc None None] RequestId filter calling following filter/app {{(pid=111619) _context_setter /opt/stack/cinder/cinder/api/middleware/request_id.py:62}}
Oct 27 17:31:09.014234 dv-cinder-862831-1-iscsi devstack@c-api.service[111619]: INFO cinder.api.openstack.wsgi [None req-99df38a9-72f2-41d8-9bc7-ebde768089dc tempest-VolumesActionsTest-98328278 tempest-VolumesActionsTest-98328278-project] GET http://10.222.0.36/volume/v3/228f90dd456d4100abee40757d969bba/volumes/0d54ed3e-d7ea-4c26-9ba0-2146e6a37326
Oct 27 17:31:09.014745 dv-cinder-862831-1-iscsi devstack@c-api.service[111619]: DEBUG cinder.api.openstack.wsgi [None req-99df38a9-72f2-41d8-9bc7-ebde768089dc tempest-VolumesActionsTest-98328278 tempest-VolumesActionsTest-98328278-project] Empty body provided in request {{(pid=111619) get_body /opt/stack/cinder/cinder/api/openstack/wsgi.py:715}}
Oct 27 17:31:09.015306 dv-cinder-862831-1-iscsi devstack@c-api.service[111619]: DEBUG cinder.api.openstack.wsgi [None req-99df38a9-72f2-41d8-9bc7-ebde768089dc tempest-VolumesActionsTest-98328278 tempest-VolumesActionsTest-98328278-project] Calling method 'show' {{(pid=111619) _process_stack /opt/stack/cinder/cinder/api/openstack/wsgi.py:868}}
Oct 27 17:31:09.030547 dv-cinder-862831-1-iscsi devstack@c-api.service[111619]: INFO cinder.api.openstack.wsgi [None req-99df38a9-72f2-41d8-9bc7-ebde768089dc tempest-VolumesActionsTest-98328278 tempest-VolumesActionsTest-98328278-project] http://10.222.0.36/volume/v3/228f90dd456d4100abee40757d969bba/volumes/0d54ed3e-d7ea-4c26-9ba0-2146e6a37326 returned with HTTP 404
Oct 27 17:31:09.031501 dv-cinder-862831-1-iscsi devstack@c-api.service[111619]: [pid: 111619|app: 0|req: 117/239] 10.222.0.36 () {58 vars in 1325 bytes} [Thu Oct 27 17:31:09 2022] GET /volume/v3/228f90dd456d4100abee40757d969bba/volumes/0d54ed3e-d7ea-4c26-9ba0-2146e6a37326 => generated 109 bytes in 23 msecs (HTTP/1.1 404) 7 headers in 292 bytes (1 switches on core 0)
Oct 27 17:31:09.038190 dv-cinder-862831-1-iscsi devstack@c-api.service[111620]: DEBUG cinder.api.middleware.request_id [None req-460b3cb4-10bf-40a9-ac88-a4d76559b343 None None] RequestId filter calling following filter/app {{(pid=111620) _context_setter /opt/stack/cinder/cinder/api/middleware/request_id.py:62}}
Oct 27 17:31:09.042231 dv-cinder-862831-1-iscsi devstack@c-api.service[111620]: INFO cinder.api.openstack.wsgi [None req-460b3cb4-10bf-40a9-ac88-a4d76559b343 tempest-VolumesActionsTest-98328278 tempest-VolumesActionsTest-98328278-project] POST http://10.222.0.36/volume/v3/228f90dd456d4100abee40757d969bba/volumes
Oct 27 17:31:09.043888 dv-cinder-862831-1-iscsi devstack@c-api.service[111620]: DEBUG cinder.api.openstack.wsgi [None req-460b3cb4-10bf-40a9-ac88-a4d76559b343 tempest-VolumesActionsTest-98328278 tempest-VolumesActionsTest-98328278-project] Action: 'create', calling method: create, body: {"volume": {"size": 1, "name": "tempest-VolumesActionsTest-Volume-1998846323"}} {{(pid=111620) _process_stack /opt/stack/cinder/cinder/api/openstack/wsgi.py:866}}
Oct 27 17:31:09.046497 dv-cinder-862831-1-iscsi devstack@c-api.service[111620]: DEBUG cinder.api.v3.volumes [None req-460b3cb4-10bf-40a9-ac88-a4d76559b343 tempest-VolumesActionsTest-98328278 tempest-VolumesActionsTest-98328278-project] Create volume request body: {'volume': {'size': 1, 'name': 'tempest-VolumesActionsTest-Volume-1998846323'}} {{(pid=111620) create /opt/stack/cinder/cinder/api/v3/volumes.py:298}}
Oct 27 17:31:09.046984 dv-cinder-862831-1-iscsi devstack@c-api.service[111620]: INFO cinder.api.v3.volumes [None req-460b3cb4-10bf-40a9-ac88-a4d76559b343 tempest-VolumesActionsTest-98328278 tempest-VolumesActionsTest-98328278-project] Create volume of 1 GB
Oct 27 17:31:09.058573 dv-cinder-862831-1-iscsi devstack@c-api.service[111620]: INFO cinder.volume.api [None req-460b3cb4-10bf-40a9-ac88-a4d76559b343 tempest-VolumesActionsTest-98328278 tempest-VolumesActionsTest-98328278-project] Availability Zones retrieved successfully.
Oct 27 17:31:09.073535 dv-cinder-862831-1-iscsi devstack@c-api.service[111620]: DEBUG cinder.volume.api [None req-460b3cb4-10bf-40a9-ac88-a4d76559b343 tempest-VolumesActionsTest-98328278 tempest-VolumesActionsTest-98328278-project] Flow 'volume_create_api' (4a8d486f-bae3-4f21-9de5-65070a854b94) transitioned into state 'RUNNING' from state 'PENDING' {{(pid=111620) _flow_receiver /usr/local/lib/python3.8/dist-packages/taskflow/listeners/logging.py:141}}
Oct 27 17:31:09.076194 dv-cinder-862831-1-iscsi devstack@c-api.service[111620]: DEBUG cinder.volume.api [None req-460b3cb4-10bf-40a9-ac88-a4d76559b343 tempest-VolumesActionsTest-98328278 tempest-VolumesActionsTest-98328278-project] Task 'cinder.volume.flows.api.create_volume.ExtractVolumeRequestTask;volume:create' (435eb5ca-955d-458f-bf31-d8df05ca8230) transitioned into state 'RUNNING' from state 'PENDING' {{(pid=111620) _task_receiver /usr/local/lib/python3.8/dist-packages/taskflow/listeners/logging.py:190}}
Oct 27 17:31:09.078805 dv-cinder-862831-1-iscsi devstack@c-api.service[111620]: DEBUG cinder.volume.flows.api.create_volume [None req-460b3cb4-10bf-40a9-ac88-a4d76559b343 tempest-VolumesActionsTest-98328278 tempest-VolumesActionsTest-98328278-project] Validating volume size '1' using validate_int {{(pid=111620) _extract_size /opt/stack/cinder/cinder/volume/flows/api/create_volume.py:228}}
Oct 27 17:31:09.099704 dv-cinder-862831-1-iscsi devstack@c-api.service[111620]: DEBUG dbcounter [-] [111620] Writing DB stats cinder:SELECT=86,cinder:UPDATE=14 {{(pid=111620) stat_writer /usr/local/lib/python3.8/dist-packages/dbcounter.py:114}}
Oct 27 17:31:09.124671 dv-cinder-862831-1-iscsi devstack@c-api.service[111620]: DEBUG cinder.volume.api [None req-460b3cb4-10bf-40a9-ac88-a4d76559b343 tempest-VolumesActionsTest-98328278 tempest-VolumesActionsTest-98328278-project] Task 'cinder.volume.flows.api.create_volume.ExtractVolumeRequestTask;volume:create' (435eb5ca-955d-458f-bf31-d8df05ca8230) transitioned into state 'SUCCESS' from state 'RUNNING' with result '{'size': 1, 'snapshot_id': None, 'source_volid': None, 'volume_type': VolumeType(created_at=2022-10-27T17:20:40Z,deleted=False,deleted_at=None,description='Default Volume Type',extra_specs={},id=ede45df0-8569-4eda-9616-df589e757d71,is_public=True,name='__DEFAULT__',projects=[],qos_specs=,qos_specs_id=None,updated_at=2022-10-27T17:20:40Z), 'volume_type_id': 'ede45df0-8569-4eda-9616-df589e757d71', 'encryption_key_id': None, 'qos_specs': None, 'consistencygroup_id': None, 'cgsnapshot_id': None, 'group_id': None, 'replication_status': 'disabled', 'refresh_az': False, 'backup_id': None, 'multiattach': False, 'availability_zones': ['nova']}' {{(pid=111620) _task_receiver /usr/local/lib/python3.8/dist-packages/taskflow/listeners/logging.py:178}}
Oct 27 17:31:09.127615 dv-cinder-862831-1-iscsi devstack@c-api.service[111620]: DEBUG cinder.volume.api [None req-460b3cb4-10bf-40a9-ac88-a4d76559b343 tempest-VolumesActionsTest-98328278 tempest-VolumesActionsTest-98328278-project] Task 'cinder.volume.flows.api.create_volume.QuotaReserveTask;volume:create' (fd1f5d6c-8014-483e-b281-b4b47db1c5f1) transitioned into state 'RUNNING' from state 'PENDING' {{(pid=111620) _task_receiver /usr/local/lib/python3.8/dist-packages/taskflow/listeners/logging.py:190}}
Oct 27 17:31:09.141182 dv-cinder-862831-1-iscsi devstack@c-api.service[111619]: DEBUG cinder.api.middleware.request_id [None req-32135f5a-786a-441a-8e17-896c78941818 None None] RequestId filter calling following filter/app {{(pid=111619) _context_setter /opt/stack/cinder/cinder/api/middleware/request_id.py:62}}
Oct 27 17:31:09.180874 dv-cinder-862831-1-iscsi devstack@c-api.service[111620]: DEBUG cinder.quota [None req-460b3cb4-10bf-40a9-ac88-a4d76559b343 tempest-VolumesActionsTest-98328278 tempest-VolumesActionsTest-98328278-project] Created reservations ['53f4afb0-42fc-452c-8eb7-23e8206a31d6', 'e7e72566-edec-43c7-acfd-2c66d3087438', '64352fa0-b4d2-48a6-860e-356f6bc0631f', '1f2c7782-e7b3-491d-81b6-cb428e532c4d'] {{(pid=111620) reserve /opt/stack/cinder/cinder/quota.py:755}}
Oct 27 17:31:09.182651 dv-cinder-862831-1-iscsi devstack@c-api.service[111620]: DEBUG cinder.volume.api [None req-460b3cb4-10bf-40a9-ac88-a4d76559b343 tempest-VolumesActionsTest-98328278 tempest-VolumesActionsTest-98328278-project] Task 'cinder.volume.flows.api.create_volume.QuotaReserveTask;volume:create' (fd1f5d6c-8014-483e-b281-b4b47db1c5f1) transitioned into state 'SUCCESS' from state 'RUNNING' with result '{'reservations': ['53f4afb0-42fc-452c-8eb7-23e8206a31d6', 'e7e72566-edec-43c7-acfd-2c66d3087438', '64352fa0-b4d2-48a6-860e-356f6bc0631f', '1f2c7782-e7b3-491d-81b6-cb428e532c4d']}' {{(pid=111620) _task_receiver /usr/local/lib/python3.8/dist-packages/taskflow/listeners/logging.py:178}}
Oct 27 17:31:09.184619 dv-cinder-862831-1-iscsi devstack@c-api.service[111620]: DEBUG cinder.volume.api [None req-460b3cb4-10bf-40a9-ac88-a4d76559b343 tempest-VolumesActionsTest-98328278 tempest-VolumesActionsTest-98328278-project] Task 'cinder.volume.flows.api.create_volume.EntryCreateTask;volume:create' (d647a2ca-5bbb-42ed-bd42-8e145f0bb8b8) transitioned into state 'RUNNING' from state 'PENDING' {{(pid=111620) _task_receiver /usr/local/lib/python3.8/dist-packages/taskflow/listeners/logging.py:190}}
Oct 27 17:31:09.206107 dv-cinder-862831-1-iscsi devstack@c-api.service[111620]: DEBUG cinder.volume.api [None req-460b3cb4-10bf-40a9-ac88-a4d76559b343 tempest-VolumesActionsTest-98328278 tempest-VolumesActionsTest-98328278-project] Task 'cinder.volume.flows.api.create_volume.EntryCreateTask;volume:create' (d647a2ca-5bbb-42ed-bd42-8e145f0bb8b8) transitioned into state 'SUCCESS' from state 'RUNNING' with result '{'volume_id': 'e326df95-5387-443c-b385-1d6992cafe66', 'volume_properties': VolumeProperties(attach_status='detached',availability_zone='nova',cgsnapshot_id=None,consistencygroup_id=None,display_description=None,display_name='tempest-VolumesActionsTest-Volume-1998846323',encryption_key_id=None,group_id=None,group_type_id=,metadata={},multiattach=False,project_id='228f90dd456d4100abee40757d969bba',qos_specs=None,replication_status=,reservations=['53f4afb0-42fc-452c-8eb7-23e8206a31d6','e7e72566-edec-43c7-acfd-2c66d3087438','64352fa0-b4d2-48a6-860e-356f6bc0631f','1f2c7782-e7b3-491d-81b6-cb428e532c4d'],size=1,snapshot_id=None,source_replicaid=,source_volid=None,status='creating',user_id='f32b205fec39445a9a9f0edbad3f9f65',volume_type_id=ede45df0-8569-4eda-9616-df589e757d71), 'volume': Volume(_name_id=None,admin_metadata=,attach_status='detached',availability_zone='nova',bootable=False,cluster=,cluster_name=None,consistencygroup=,consistencygroup_id=None,created_at=2022-10-27T17:31:09Z,deleted=False,deleted_at=None,display_description=None,display_name='tempest-VolumesActionsTest-Volume-1998846323',ec2_id=None,encryption_key_id=None,glance_metadata=,group=,group_id=None,host=None,id=e326df95-5387-443c-b385-1d6992cafe66,launched_at=None,metadata={},migration_status=None,multiattach=False,previous_status=None,project_id='228f90dd456d4100abee40757d969bba',provider_auth=None,provider_geometry=None,provider_id=None,provider_location=None,replication_driver_data=None,replication_extended_status=None,replication_status=None,scheduled_at=None,service_uuid=None,shared_targets=True,size=1,snapshot_id=None,snapshots=,source_volid=None,status='creating',terminated_at=None,updated_at=None,use_quota=True,user_id='f32b205fec39445a9a9f0edbad3f9f65',volume_attachment=VolumeAttachmentList,volume_type=VolumeType(ede45df0-8569-4eda-9616-df589e757d71),volume_type_id=ede45df0-8569-4eda-9616-df589e757d71)}' {{(pid=111620) _task_receiver /usr/local/lib/python3.8/dist-packages/taskflow/listeners/logging.py:178}}
Oct 27 17:31:09.208558 dv-cinder-862831-1-iscsi devstack@c-api.service[111620]: DEBUG cinder.volume.api [None req-460b3cb4-10bf-40a9-ac88-a4d76559b343 tempest-VolumesActionsTest-98328278 tempest-VolumesActionsTest-98328278-project] Task 'cinder.volume.flows.api.create_volume.QuotaCommitTask;volume:create' (aaee63fa-8c07-497f-889c-33d939b4f623) transitioned into state 'RUNNING' from state 'PENDING' {{(pid=111620) _task_receiver /usr/local/lib/python3.8/dist-packages/taskflow/listeners/logging.py:190}}
Oct 27 17:31:09.233772 dv-cinder-862831-1-iscsi devstack@c-api.service[111620]: DEBUG cinder.volume.api [None req-460b3cb4-10bf-40a9-ac88-a4d76559b343 tempest-VolumesActionsTest-98328278 tempest-VolumesActionsTest-98328278-project] Task 'cinder.volume.flows.api.create_volume.QuotaCommitTask;volume:create' (aaee63fa-8c07-497f-889c-33d939b4f623) transitioned into state 'SUCCESS' from state 'RUNNING' with result '{'volume_properties': VolumeProperties(attach_status='detached',availability_zone='nova',cgsnapshot_id=None,consistencygroup_id=None,display_description=None,display_name='tempest-VolumesActionsTest-Volume-1998846323',encryption_key_id=None,group_id=None,group_type_id=,metadata={},multiattach=False,project_id='228f90dd456d4100abee40757d969bba',qos_specs=None,replication_status=,reservations=['53f4afb0-42fc-452c-8eb7-23e8206a31d6','e7e72566-edec-43c7-acfd-2c66d3087438','64352fa0-b4d2-48a6-860e-356f6bc0631f','1f2c7782-e7b3-491d-81b6-cb428e532c4d'],size=1,snapshot_id=None,source_replicaid=,source_volid=None,status='creating',user_id='f32b205fec39445a9a9f0edbad3f9f65',volume_type_id=ede45df0-8569-4eda-9616-df589e757d71)}' {{(pid=111620) _task_receiver /usr/local/lib/python3.8/dist-packages/taskflow/listeners/logging.py:178}}
Oct 27 17:31:09.235543 dv-cinder-862831-1-iscsi devstack@c-api.service[111620]: DEBUG cinder.volume.api [None req-460b3cb4-10bf-40a9-ac88-a4d76559b343 tempest-VolumesActionsTest-98328278 tempest-VolumesActionsTest-98328278-project] Task 'cinder.volume.flows.api.create_volume.VolumeCastTask;volume:create' (ba4d1dd4-31cf-47fc-b93e-45233288ccf8) transitioned into state 'RUNNING' from state 'PENDING' {{(pid=111620) _task_receiver /usr/local/lib/python3.8/dist-packages/taskflow/listeners/logging.py:190}}
Oct 27 17:31:09.244922 dv-cinder-862831-1-iscsi devstack@c-api.service[111619]: INFO cinder.api.openstack.wsgi [None req-32135f5a-786a-441a-8e17-896c78941818 tempest-VolumeServicesNegativeTest-1479225077 tempest-VolumeServicesNegativeTest-1479225077-project-admin] GET http://10.222.0.36/volume/v3/c132e9a6a0a4461ab1b978a87fbec174/os-services
Oct 27 17:31:09.245377 dv-cinder-862831-1-iscsi devstack@c-api.service[111619]: DEBUG cinder.api.openstack.wsgi [None req-32135f5a-786a-441a-8e17-896c78941818 tempest-VolumeServicesNegativeTest-1479225077 tempest-VolumeServicesNegativeTest-1479225077-project-admin] Empty body provided in request {{(pid=111619) get_body /opt/stack/cinder/cinder/api/openstack/wsgi.py:715}}
Oct 27 17:31:09.245828 dv-cinder-862831-1-iscsi devstack@c-api.service[111619]: DEBUG cinder.api.openstack.wsgi [None req-32135f5a-786a-441a-8e17-896c78941818 tempest-VolumeServicesNegativeTest-1479225077 tempest-VolumeServicesNegativeTest-1479225077-project-admin] Calling method 'index' {{(pid=111619) _process_stack /opt/stack/cinder/cinder/api/openstack/wsgi.py:868}}
Oct 27 17:31:09.251614 dv-cinder-862831-1-iscsi devstack@c-api.service[111620]: DEBUG cinder.volume.api [None req-460b3cb4-10bf-40a9-ac88-a4d76559b343 tempest-VolumesActionsTest-98328278 tempest-VolumesActionsTest-98328278-project] Task 'cinder.volume.flows.api.create_volume.VolumeCastTask;volume:create' (ba4d1dd4-31cf-47fc-b93e-45233288ccf8) transitioned into state 'SUCCESS' from state 'RUNNING' with result 'None' {{(pid=111620) _task_receiver /usr/local/lib/python3.8/dist-packages/taskflow/listeners/logging.py:178}}
Oct 27 17:31:09.254123 dv-cinder-862831-1-iscsi devstack@c-api.service[111619]: INFO cinder.api.openstack.wsgi [None req-32135f5a-786a-441a-8e17-896c78941818 tempest-VolumeServicesNegativeTest-1479225077 tempest-VolumeServicesNegativeTest-1479225077-project-admin] http://10.222.0.36/volume/v3/c132e9a6a0a4461ab1b978a87fbec174/os-services returned with HTTP 200
Oct 27 17:31:09.254501 dv-cinder-862831-1-iscsi devstack@c-api.service[111620]: DEBUG cinder.volume.api [None req-460b3cb4-10bf-40a9-ac88-a4d76559b343 tempest-VolumesActionsTest-98328278 tempest-VolumesActionsTest-98328278-project] Flow 'volume_create_api' (4a8d486f-bae3-4f21-9de5-65070a854b94) transitioned into state 'SUCCESS' from state 'RUNNING' {{(pid=111620) _flow_receiver /usr/local/lib/python3.8/dist-packages/taskflow/listeners/logging.py:141}}
Oct 27 17:31:09.262651 dv-cinder-862831-1-iscsi devstack@c-api.service[111619]: [pid: 111619|app: 0|req: 118/240] 10.222.0.36 () {58 vars in 1226 bytes} [Thu Oct 27 17:31:09 2022] GET /volume/v3/c132e9a6a0a4461ab1b978a87fbec174/os-services => generated 642 bytes in 115 msecs (HTTP/1.1 200) 7 headers in 285 bytes (2 switches on core 0)
Oct 27 17:31:09.262821 dv-cinder-862831-1-iscsi devstack@c-api.service[111620]: INFO cinder.volume.api [None req-460b3cb4-10bf-40a9-ac88-a4d76559b343 tempest-VolumesActionsTest-98328278 tempest-VolumesActionsTest-98328278-project] Create volume request issued successfully.
Oct 27 17:31:09.262821 dv-cinder-862831-1-iscsi devstack@c-api.service[111620]: INFO cinder.api.openstack.wsgi [None req-460b3cb4-10bf-40a9-ac88-a4d76559b343 tempest-VolumesActionsTest-98328278 tempest-VolumesActionsTest-98328278-project] http://10.222.0.36/volume/v3/228f90dd456d4100abee40757d969bba/volumes returned with HTTP 202
Oct 27 17:31:09.262821 dv-cinder-862831-1-iscsi devstack@c-api.service[111620]: [pid: 111620|app: 0|req: 123/241] 10.222.0.36 () {60 vars in 1235 bytes} [Thu Oct 27 17:31:09 2022] POST /volume/v3/228f90dd456d4100abee40757d969bba/volumes => generated 818 bytes in 220 msecs (HTTP/1.1 202) 7 headers in 291 bytes (1 switches on core 0)
Oct 27 17:31:09.272632 dv-cinder-862831-1-iscsi devstack@c-api.service[111619]: DEBUG cinder.api.middleware.request_id [None req-770205b0-3164-4e6b-9e27-247d4a562013 None None] RequestId filter calling following filter/app {{(pid=111619) _context_setter /opt/stack/cinder/cinder/api/middleware/request_id.py:62}}
Oct 27 17:31:09.272917 dv-cinder-862831-1-iscsi devstack@c-api.service[111620]: DEBUG cinder.api.middleware.request_id [None req-33d55c0d-b63f-4bf9-b397-e54e991a6ab0 None None] RequestId filter calling following filter/app {{(pid=111620) _context_setter /opt/stack/cinder/cinder/api/middleware/request_id.py:62}}
Oct 27 17:31:09.276750 dv-cinder-862831-1-iscsi devstack@c-api.service[111620]: INFO cinder.api.openstack.wsgi [None req-33d55c0d-b63f-4bf9-b397-e54e991a6ab0 tempest-VolumesActionsTest-98328278 tempest-VolumesActionsTest-98328278-project] GET http://10.222.0.36/volume/v3/228f90dd456d4100abee40757d969bba/volumes/e326df95-5387-443c-b385-1d6992cafe66
Oct 27 17:31:09.277209 dv-cinder-862831-1-iscsi devstack@c-api.service[111619]: INFO cinder.api.openstack.wsgi [None req-770205b0-3164-4e6b-9e27-247d4a562013 tempest-VolumeServicesNegativeTest-1479225077 tempest-VolumeServicesNegativeTest-1479225077-project-admin] PUT http://10.222.0.36/volume/v3/c132e9a6a0a4461ab1b978a87fbec174/os-services/disable-log-reason
Oct 27 17:31:09.277325 dv-cinder-862831-1-iscsi devstack@c-api.service[111620]: DEBUG cinder.api.openstack.wsgi [None req-33d55c0d-b63f-4bf9-b397-e54e991a6ab0 tempest-VolumesActionsTest-98328278 tempest-VolumesActionsTest-98328278-project] Empty body provided in request {{(pid=111620) get_body /opt/stack/cinder/cinder/api/openstack/wsgi.py:715}}
Oct 27 17:31:09.277689 dv-cinder-862831-1-iscsi devstack@c-api.service[111620]: DEBUG cinder.api.openstack.wsgi [None req-33d55c0d-b63f-4bf9-b397-e54e991a6ab0 tempest-VolumesActionsTest-98328278 tempest-VolumesActionsTest-98328278-project] Calling method 'show' {{(pid=111620) _process_stack /opt/stack/cinder/cinder/api/openstack/wsgi.py:868}}
Oct 27 17:31:09.277891 dv-cinder-862831-1-iscsi devstack@c-api.service[111619]: DEBUG cinder.api.openstack.wsgi [None req-770205b0-3164-4e6b-9e27-247d4a562013 tempest-VolumeServicesNegativeTest-1479225077 tempest-VolumeServicesNegativeTest-1479225077-project-admin] Action: 'update', calling method: update, body: {"host": "dv-cinder-862831-1-iscsi", "binary": "cinder-scheduler", "disabled_reason": null} {{(pid=111619) _process_stack /opt/stack/cinder/cinder/api/openstack/wsgi.py:866}}
